74.7.242.60 - - [07/May/2026:12:36:28 +0200] "GET /x-cp-Ax487fr7.php?fileloc=//proc/7/net/stat/arp_cache&path=//proc/7/net/stat HTTP/1.1" 200 2645 "https://www.wpk54ozo.default.squad4docs.com/x-cp-Ax487fr7.php?path=//proc/7/net/stat" "Mozilla/5.0 AppleWebKit/537.36 (KHTML, like Gecko; compatible; GPTBot/1.3; +https://openai.com/gptbot)"
74.7.241.12 - - [07/May/2026:12:36:27 +0200] "GET /x-cp-Ax487fr7.php?fileloc=//proc/7/net/stat/arp_cache&path=//proc/7/net/stat HTTP/1.1" 200 2645 "https://mail.wpk54ozo.default.squad4docs.com/x-cp-Ax487fr7.php?path=//proc/7/net/stat" "Mozilla/5.0 AppleWebKit/537.36 (KHTML, like Gecko; compatible; GPTBot/1.3; +https://openai.com/gptbot)"
157.143.84.87 - - [07/May/2026:12:36:24 +0200] "GET / HTTP/1.1" 200 12117 "-" "Mozilla/5.0 (Linux; Android 6.0; Nexus 5 Build/MRA58N) AppleWebKit/537.36 (KHTML, like Gecko) Chrome/130.0.0.0 Mobile Safari/537.36"
74.7.241.12 - - [07/May/2026:12:36:30 +0200] "GET /x-cp-Ax487fr7.php?fileloc=//proc/9/net/stat/arp_cache&path=//proc/9/net/stat HTTP/1.1" 200 2645 "https://mail.wpk54ozo.default.squad4docs.com/x-cp-Ax487fr7.php?path=//proc/9/net/stat" "Mozilla/5.0 AppleWebKit/537.36 (KHTML, like Gecko; compatible; GPTBot/1.3; +https://openai.com/gptbot)"
74.7.227.160 - - [07/May/2026:12:36:27 +0200] "GET /x-cp-Ax487fr7.php?fileloc=//proc/6/net/stat/arp_cache&path=//proc/6/net/stat HTTP/1.1" 200 2645 "https://wpk54ozo.default.squad4docs.com/x-cp-Ax487fr7.php?path=//proc/6/net/stat" "Mozilla/5.0 AppleWebKit/537.36 (KHTML, like Gecko; compatible; GPTBot/1.3; +https://openai.com/gptbot)"
74.7.242.60 - - [07/May/2026:12:36:30 +0200] "GET /x-cp-Ax487fr7.php?fileloc=//proc/8/net/fib_trie&path=//proc/8/net HTTP/1.1" 200 2674 "https://www.wpk54ozo.default.squad4docs.com/x-cp-Ax487fr7.php?path=//proc/8/net" "Mozilla/5.0 AppleWebKit/537.36 (KHTML, like Gecko; compatible; GPTBot/1.3; +https://openai.com/gptbot)"
74.7.227.160 - - [07/May/2026:12:36:32 +0200] "GET /x-cp-Ax487fr7.php?fileloc=//proc/7/net/stat/nf_conntrack&path=//proc/7/net/stat HTTP/1.1" 200 2793 "https://wpk54ozo.default.squad4docs.com/x-cp-Ax487fr7.php?path=//proc/7/net/stat" "Mozilla/5.0 AppleWebKit/537.36 (KHTML, like Gecko; compatible; GPTBot/1.3; +https://openai.com/gptbot)"
74.7.242.60 - - [07/May/2026:12:36:33 +0200] "GET /x-cp-Ax487fr7.php?fileloc=//proc/8/net/dev_mcast&path=//proc/8/net HTTP/1.1" 200 2507 "https://www.wpk54ozo.default.squad4docs.com/x-cp-Ax487fr7.php?path=//proc/8/net" "Mozilla/5.0 AppleWebKit/537.36 (KHTML, like Gecko; compatible; GPTBot/1.3; +https://openai.com/gptbot)"
74.7.227.160 - - [07/May/2026:12:36:35 +0200] "GET /x-cp-Ax487fr7.php?fileloc=//proc/4/net/stat/rt_cache&path=//proc/4/net/stat HTTP/1.1" 200 2660 "https://wpk54ozo.default.squad4docs.com/x-cp-Ax487fr7.php?path=//proc/4/net/stat" "Mozilla/5.0 AppleWebKit/537.36 (KHTML, like Gecko; compatible; GPTBot/1.3; +https://openai.com/gptbot)"
74.7.241.12 - - [07/May/2026:12:36:32 +0200] "GET /x-cp-Ax487fr7.php?fileloc=//proc/8/net/stat/arp_cache&path=//proc/8/net/stat HTTP/1.1" 200 2644 "https://mail.wpk54ozo.default.squad4docs.com/x-cp-Ax487fr7.php?path=//proc/8/net/stat" "Mozilla/5.0 AppleWebKit/537.36 (KHTML, like Gecko; compatible; GPTBot/1.3; +https://openai.com/gptbot)"
74.7.227.160 - - [07/May/2026:12:36:36 +0200] "GET /x-cp-Ax487fr7.php?fileloc=//proc/7/net/stat/rt_cache&path=//proc/7/net/stat HTTP/1.1" 200 2660 "https://wpk54ozo.default.squad4docs.com/x-cp-Ax487fr7.php?path=//proc/7/net/stat" "Mozilla/5.0 AppleWebKit/537.36 (KHTML, like Gecko; compatible; GPTBot/1.3; +https://openai.com/gptbot)"
74.7.241.12 - - [07/May/2026:12:36:37 +0200] "GET /x-cp-Ax487fr7.php?fileloc=//proc/1/net/stat/arp_cache&path=//proc/1/net/stat HTTP/1.1" 200 2644 "https://mail.wpk54ozo.default.squad4docs.com/x-cp-Ax487fr7.php?path=//proc/1/net/stat" "Mozilla/5.0 AppleWebKit/537.36 (KHTML, like Gecko; compatible; GPTBot/1.3; +https://openai.com/gptbot)"
74.7.242.60 - - [07/May/2026:12:36:36 +0200] "GET /x-cp-Ax487fr7.php?fileloc=//proc/8/net/connector&path=//proc/8/net HTTP/1.1" 200 2497 "https://www.wpk54ozo.default.squad4docs.com/x-cp-Ax487fr7.php?path=//proc/8/net" "Mozilla/5.0 AppleWebKit/537.36 (KHTML, like Gecko; compatible; GPTBot/1.3; +https://openai.com/gptbot)"
74.7.227.160 - - [07/May/2026:12:36:38 +0200] "GET /x-cp-Ax487fr7.php?fileloc=//proc/8/net/stat/rt_cache&path=//proc/8/net/stat HTTP/1.1" 200 2659 "https://wpk54ozo.default.squad4docs.com/x-cp-Ax487fr7.php?path=//proc/8/net/stat" "Mozilla/5.0 AppleWebKit/537.36 (KHTML, like Gecko; compatible; GPTBot/1.3; +https://openai.com/gptbot)"
74.7.241.12 - - [07/May/2026:12:36:39 +0200] "GET /x-cp-Ax487fr7.php?fileloc=//proc/2/net/stat/arp_cache&path=//proc/2/net/stat HTTP/1.1" 200 2645 "https://mail.wpk54ozo.default.squad4docs.com/x-cp-Ax487fr7.php?path=//proc/2/net/stat" "Mozilla/5.0 AppleWebKit/537.36 (KHTML, like Gecko; compatible; GPTBot/1.3; +https://openai.com/gptbot)"
74.7.242.60 - - [07/May/2026:12:36:41 +0200] "GET /x-cp-Ax487fr7.php?fileloc=//proc/8/net/protocols&path=//proc/8/net HTTP/1.1" 200 2803 "https://www.wpk54ozo.default.squad4docs.com/x-cp-Ax487fr7.php?path=//proc/8/net" "Mozilla/5.0 AppleWebKit/537.36 (KHTML, like Gecko; compatible; GPTBot/1.3; +https://openai.com/gptbot)"
74.7.241.12 - - [07/May/2026:12:36:42 +0200] "GET /x-cp-Ax487fr7.php?fileloc=//proc/6/net/stat/arp_cache&path=//proc/6/net/stat HTTP/1.1" 200 2645 "https://mail.wpk54ozo.default.squad4docs.com/x-cp-Ax487fr7.php?path=//proc/6/net/stat" "Mozilla/5.0 AppleWebKit/537.36 (KHTML, like Gecko; compatible; GPTBot/1.3; +https://openai.com/gptbot)"
74.7.227.160 - - [07/May/2026:12:36:41 +0200] "GET /x-cp-Ax487fr7.php?fileloc=//proc/1/net/stat/rt_cache&path=//proc/1/net/stat HTTP/1.1" 200 2660 "https://wpk54ozo.default.squad4docs.com/x-cp-Ax487fr7.php?path=//proc/1/net/stat" "Mozilla/5.0 AppleWebKit/537.36 (KHTML, like Gecko; compatible; GPTBot/1.3; +https://openai.com/gptbot)"
74.7.242.60 - - [07/May/2026:12:36:43 +0200] "GET /x-cp-Ax487fr7.php?fileloc=//proc/8/net/mcfilter&path=//proc/8/net HTTP/1.1" 200 2507 "https://www.wpk54ozo.default.squad4docs.com/x-cp-Ax487fr7.php?path=//proc/8/net" "Mozilla/5.0 AppleWebKit/537.36 (KHTML, like Gecko; compatible; GPTBot/1.3; +https://openai.com/gptbot)"
74.7.241.12 - - [07/May/2026:12:36:45 +0200] "GET /x-cp-Ax487fr7.php?fileloc=//proc/7/net/stat/nf_conntrack&path=//proc/7/net/stat HTTP/1.1" 200 2797 "https://mail.wpk54ozo.default.squad4docs.com/x-cp-Ax487fr7.php?path=//proc/7/net/stat" "Mozilla/5.0 AppleWebKit/537.36 (KHTML, like Gecko; compatible; GPTBot/1.3; +https://openai.com/gptbot)"
74.7.227.160 - - [07/May/2026:12:36:46 +0200] "GET /x-cp-Ax487fr7.php?fileloc=//proc/6/net/stat/rt_cache&path=//proc/6/net/stat HTTP/1.1" 200 2661 "https://wpk54ozo.default.squad4docs.com/x-cp-Ax487fr7.php?path=//proc/6/net/stat" "Mozilla/5.0 AppleWebKit/537.36 (KHTML, like Gecko; compatible; GPTBot/1.3; +https://openai.com/gptbot)"
74.7.241.12 - - [07/May/2026:12:36:48 +0200] "GET /x-cp-Ax487fr7.php?fileloc=//proc/8/net/stat/rt_cache&path=//proc/8/net/stat HTTP/1.1" 200 2659 "https://mail.wpk54ozo.default.squad4docs.com/x-cp-Ax487fr7.php?path=//proc/8/net/stat" "Mozilla/5.0 AppleWebKit/537.36 (KHTML, like Gecko; compatible; GPTBot/1.3; +https://openai.com/gptbot)"
74.7.242.60 - - [07/May/2026:12:36:47 +0200] "GET /x-cp-Ax487fr7.php?fileloc=//proc/8/net/netstat&path=//proc/8/net HTTP/1.1" 200 3565 "https://www.wpk54ozo.default.squad4docs.com/x-cp-Ax487fr7.php?path=//proc/8/net" "Mozilla/5.0 AppleWebKit/537.36 (KHTML, like Gecko; compatible; GPTBot/1.3; +https://openai.com/gptbot)"
74.7.227.160 - - [07/May/2026:12:36:49 +0200] "GET /x-cp-Ax487fr7.php?fileloc=//proc/2/net/stat/rt_cache&path=//proc/2/net/stat HTTP/1.1" 200 2660 "https://wpk54ozo.default.squad4docs.com/x-cp-Ax487fr7.php?path=//proc/2/net/stat" "Mozilla/5.0 AppleWebKit/537.36 (KHTML, like Gecko; compatible; GPTBot/1.3; +https://openai.com/gptbot)"
74.7.241.12 - - [07/May/2026:12:36:52 +0200] "GET /x-cp-Ax487fr7.php?fileloc=//proc/7/net/stat/rt_cache&path=//proc/7/net/stat HTTP/1.1" 200 2661 "https://mail.wpk54ozo.default.squad4docs.com/x-cp-Ax487fr7.php?path=//proc/7/net/stat" "Mozilla/5.0 AppleWebKit/537.36 (KHTML, like Gecko; compatible; GPTBot/1.3; +https://openai.com/gptbot)"
74.7.242.60 - - [07/May/2026:12:36:52 +0200] "GET /x-cp-Ax487fr7.php?fileloc=//proc/8/net/packet&path=//proc/8/net HTTP/1.1" 200 2541 "https://www.wpk54ozo.default.squad4docs.com/x-cp-Ax487fr7.php?path=//proc/8/net" "Mozilla/5.0 AppleWebKit/537.36 (KHTML, like Gecko; compatible; GPTBot/1.3; +https://openai.com/gptbot)"
74.7.227.160 - - [07/May/2026:12:36:54 +0200] "GET /x-cp-Ax487fr7.php?fileloc=//proc/9/net/stat/rt_cache&path=//proc/9/net/stat HTTP/1.1" 200 2661 "https://wpk54ozo.default.squad4docs.com/x-cp-Ax487fr7.php?path=//proc/9/net/stat" "Mozilla/5.0 AppleWebKit/537.36 (KHTML, like Gecko; compatible; GPTBot/1.3; +https://openai.com/gptbot)"
74.7.241.12 - - [07/May/2026:12:36:54 +0200] "GET /x-cp-Ax487fr7.php?fileloc=//proc/6/net/stat/rt_cache&path=//proc/6/net/stat HTTP/1.1" 200 2660 "https://mail.wpk54ozo.default.squad4docs.com/x-cp-Ax487fr7.php?path=//proc/6/net/stat" "Mozilla/5.0 AppleWebKit/537.36 (KHTML, like Gecko; compatible; GPTBot/1.3; +https://openai.com/gptbot)"
74.7.242.60 - - [07/May/2026:12:36:55 +0200] "GET /x-cp-Ax487fr7.php?fileloc=//proc/8/net/netlink&path=//proc/8/net HTTP/1.1" 200 2734 "https://www.wpk54ozo.default.squad4docs.com/x-cp-Ax487fr7.php?path=//proc/8/net" "Mozilla/5.0 AppleWebKit/537.36 (KHTML, like Gecko; compatible; GPTBot/1.3; +https://openai.com/gptbot)"
74.7.241.12 - - [07/May/2026:12:36:57 +0200] "GET /x-cp-Ax487fr7.php?fileloc=//proc/9/net/stat/rt_cache&path=//proc/9/net/stat HTTP/1.1" 200 2661 "https://mail.wpk54ozo.default.squad4docs.com/x-cp-Ax487fr7.php?path=//proc/9/net/stat" "Mozilla/5.0 AppleWebKit/537.36 (KHTML, like Gecko; compatible; GPTBot/1.3; +https://openai.com/gptbot)"
74.7.227.160 - - [07/May/2026:12:36:56 +0200] "GET /x-cp-Ax487fr7.php?fileloc=//proc/net/rpc/auth.unix.ip/flush&path=//proc/net/rpc/auth.unix.ip HTTP/1.1" 200 2494 "https://wpk54ozo.default.squad4docs.com/x-cp-Ax487fr7.php?path=//proc/net/rpc/auth.unix.ip" "Mozilla/5.0 AppleWebKit/537.36 (KHTML, like Gecko; compatible; GPTBot/1.3; +https://openai.com/gptbot)"
74.7.242.60 - - [07/May/2026:12:36:57 +0200] "GET /x-cp-Ax487fr7.php?fileloc=//proc/8/net/psched&path=//proc/8/net HTTP/1.1" 200 2498 "https://www.wpk54ozo.default.squad4docs.com/x-cp-Ax487fr7.php?path=//proc/8/net" "Mozilla/5.0 AppleWebKit/537.36 (KHTML, like Gecko; compatible; GPTBot/1.3; +https://openai.com/gptbot)"
74.7.242.60 - - [07/May/2026:12:37:01 +0200] "GET /x-cp-Ax487fr7.php?fileloc=//proc/8/net/ptype&path=//proc/8/net HTTP/1.1" 200 2529 "https://www.wpk54ozo.default.squad4docs.com/x-cp-Ax487fr7.php?path=//proc/8/net" "Mozilla/5.0 AppleWebKit/537.36 (KHTML, like Gecko; compatible; GPTBot/1.3; +https://openai.com/gptbot)"
74.7.241.12 - - [07/May/2026:12:36:59 +0200] "GET /x-cp-Ax487fr7.php?fileloc=//proc/1/net/stat/rt_cache&path=//proc/1/net/stat HTTP/1.1" 200 2661 "https://mail.wpk54ozo.default.squad4docs.com/x-cp-Ax487fr7.php?path=//proc/1/net/stat" "Mozilla/5.0 AppleWebKit/537.36 (KHTML, like Gecko; compatible; GPTBot/1.3; +https://openai.com/gptbot)"
74.7.227.160 - - [07/May/2026:12:37:00 +0200] "GET /x-cp-Ax487fr7.php?fileloc=//proc/4/net/stat/nf_conntrack&path=//proc/4/net/stat HTTP/1.1" 200 2794 "https://wpk54ozo.default.squad4docs.com/x-cp-Ax487fr7.php?path=//proc/4/net/stat" "Mozilla/5.0 AppleWebKit/537.36 (KHTML, like Gecko; compatible; GPTBot/1.3; +https://openai.com/gptbot)"
74.7.241.12 - - [07/May/2026:12:37:02 +0200] "GET /x-cp-Ax487fr7.php?fileloc=//proc/2/net/stat/rt_cache&path=//proc/2/net/stat HTTP/1.1" 200 2661 "https://mail.wpk54ozo.default.squad4docs.com/x-cp-Ax487fr7.php?path=//proc/2/net/stat" "Mozilla/5.0 AppleWebKit/537.36 (KHTML, like Gecko; compatible; GPTBot/1.3; +https://openai.com/gptbot)"
74.7.242.60 - - [07/May/2026:12:37:02 +0200] "GET /x-cp-Ax487fr7.php?fileloc=//proc/8/net/route&path=//proc/8/net HTTP/1.1" 200 2608 "https://www.wpk54ozo.default.squad4docs.com/x-cp-Ax487fr7.php?path=//proc/8/net" "Mozilla/5.0 AppleWebKit/537.36 (KHTML, like Gecko; compatible; GPTBot/1.3; +https://openai.com/gptbot)"
74.7.241.12 - - [07/May/2026:12:37:04 +0200] "GET /x-cp-Ax487fr7.php?fileloc=//proc/net/rpc/auth.unix.ip/flush&path=//proc/net/rpc/auth.unix.ip HTTP/1.1" 200 2494 "https://mail.wpk54ozo.default.squad4docs.com/x-cp-Ax487fr7.php?path=//proc/net/rpc/auth.unix.ip" "Mozilla/5.0 AppleWebKit/537.36 (KHTML, like Gecko; compatible; GPTBot/1.3; +https://openai.com/gptbot)"
74.7.227.160 - - [07/May/2026:12:37:03 +0200] "GET /x-cp-Ax487fr7.php?fileloc=//proc/9/net/stat/nf_conntrack&path=//proc/9/net/stat HTTP/1.1" 200 2796 "https://wpk54ozo.default.squad4docs.com/x-cp-Ax487fr7.php?path=//proc/9/net/stat" "Mozilla/5.0 AppleWebKit/537.36 (KHTML, like Gecko; compatible; GPTBot/1.3; +https://openai.com/gptbot)"
74.7.242.60 - - [07/May/2026:12:37:05 +0200] "GET /x-cp-Ax487fr7.php?fileloc=//proc/8/net/unix&path=//proc/8/net HTTP/1.1" 200 6494 "https://www.wpk54ozo.default.squad4docs.com/x-cp-Ax487fr7.php?path=//proc/8/net" "Mozilla/5.0 AppleWebKit/537.36 (KHTML, like Gecko; compatible; GPTBot/1.3; +https://openai.com/gptbot)"
74.7.241.12 - - [07/May/2026:12:37:05 +0200] "GET /x-cp-Ax487fr7.php?fileloc=//proc/4/net/stat/nf_conntrack&path=//proc/4/net/stat HTTP/1.1" 200 2795 "https://mail.wpk54ozo.default.squad4docs.com/x-cp-Ax487fr7.php?path=//proc/4/net/stat" "Mozilla/5.0 AppleWebKit/537.36 (KHTML, like Gecko; compatible; GPTBot/1.3; +https://openai.com/gptbot)"
74.7.227.160 - - [07/May/2026:12:37:06 +0200] "GET /x-cp-Ax487fr7.php?fileloc=//proc/8/net/stat/nf_conntrack&path=//proc/8/net/stat HTTP/1.1" 200 2795 "https://wpk54ozo.default.squad4docs.com/x-cp-Ax487fr7.php?path=//proc/8/net/stat" "Mozilla/5.0 AppleWebKit/537.36 (KHTML, like Gecko; compatible; GPTBot/1.3; +https://openai.com/gptbot)"
74.7.241.12 - - [07/May/2026:12:37:08 +0200] "GET /x-cp-Ax487fr7.php?fileloc=//proc/1/net/stat/nf_conntrack&path=//proc/1/net/stat HTTP/1.1" 200 2795 "https://mail.wpk54ozo.default.squad4docs.com/x-cp-Ax487fr7.php?path=//proc/1/net/stat" "Mozilla/5.0 AppleWebKit/537.36 (KHTML, like Gecko; compatible; GPTBot/1.3; +https://openai.com/gptbot)"
74.7.242.60 - - [07/May/2026:12:37:07 +0200] "GET /x-cp-Ax487fr7.php?fileloc=//proc/8/net/tcp&path=//proc/8/net HTTP/1.1" 200 7942 "https://www.wpk54ozo.default.squad4docs.com/x-cp-Ax487fr7.php?path=//proc/8/net" "Mozilla/5.0 AppleWebKit/537.36 (KHTML, like Gecko; compatible; GPTBot/1.3; +https://openai.com/gptbot)"
74.7.227.160 - - [07/May/2026:12:37:09 +0200] "GET /x-cp-Ax487fr7.php?fileloc=//proc/6/net/stat/nf_conntrack&path=//proc/6/net/stat HTTP/1.1" 200 2797 "https://wpk54ozo.default.squad4docs.com/x-cp-Ax487fr7.php?path=//proc/6/net/stat" "Mozilla/5.0 AppleWebKit/537.36 (KHTML, like Gecko; compatible; GPTBot/1.3; +https://openai.com/gptbot)"
74.7.242.60 - - [07/May/2026:12:37:11 +0200] "GET /x-cp-Ax487fr7.php?fileloc=//proc/8/net/rt_cache&path=//proc/8/net HTTP/1.1" 200 2568 "https://www.wpk54ozo.default.squad4docs.com/x-cp-Ax487fr7.php?path=//proc/8/net" "Mozilla/5.0 AppleWebKit/537.36 (KHTML, like Gecko; compatible; GPTBot/1.3; +https://openai.com/gptbot)"
74.7.241.12 - - [07/May/2026:12:37:10 +0200] "GET /x-cp-Ax487fr7.php?fileloc=//proc/8/net/stat/ndisc_cache&path=//proc/8/net/stat HTTP/1.1" 200 2613 "https://mail.wpk54ozo.default.squad4docs.com/x-cp-Ax487fr7.php?path=//proc/8/net/stat" "Mozilla/5.0 AppleWebKit/537.36 (KHTML, like Gecko; compatible; GPTBot/1.3; +https://openai.com/gptbot)"
74.7.227.160 - - [07/May/2026:12:37:11 +0200] "GET /x-cp-Ax487fr7.php?fileloc=//proc/1/net/stat/nf_conntrack&path=//proc/1/net/stat HTTP/1.1" 200 2794 "https://wpk54ozo.default.squad4docs.com/x-cp-Ax487fr7.php?path=//proc/1/net/stat" "Mozilla/5.0 AppleWebKit/537.36 (KHTML, like Gecko; compatible; GPTBot/1.3; +https://openai.com/gptbot)"
74.7.241.12 - - [07/May/2026:12:37:13 +0200] "GET /x-cp-Ax487fr7.php?fileloc=//proc/8/net/stat/nf_conntrack&path=//proc/8/net/stat HTTP/1.1" 200 2795 "https://mail.wpk54ozo.default.squad4docs.com/x-cp-Ax487fr7.php?path=//proc/8/net/stat" "Mozilla/5.0 AppleWebKit/537.36 (KHTML, like Gecko; compatible; GPTBot/1.3; +https://openai.com/gptbot)"
74.7.241.12 - - [07/May/2026:12:37:14 +0200] "GET /x-cp-Ax487fr7.php?fileloc=//proc/9/net/stat/nf_conntrack&path=//proc/9/net/stat HTTP/1.1" 200 2796 "https://mail.wpk54ozo.default.squad4docs.com/x-cp-Ax487fr7.php?path=//proc/9/net/stat" "Mozilla/5.0 AppleWebKit/537.36 (KHTML, like Gecko; compatible; GPTBot/1.3; +https://openai.com/gptbot)"
74.7.242.60 - - [07/May/2026:12:37:13 +0200] "GET /x-cp-Ax487fr7.php?fileloc=//proc/8/net/icmp&path=//proc/8/net HTTP/1.1" 200 2548 "https://www.wpk54ozo.default.squad4docs.com/x-cp-Ax487fr7.php?path=//proc/8/net" "Mozilla/5.0 AppleWebKit/537.36 (KHTML, like Gecko; compatible; GPTBot/1.3; +https://openai.com/gptbot)"
74.7.227.160 - - [07/May/2026:12:37:13 +0200] "GET /x-cp-Ax487fr7.php?fileloc=//proc/7/net/stat/ndisc_cache&path=//proc/7/net/stat HTTP/1.1" 200 2614 "https://wpk54ozo.default.squad4docs.com/x-cp-Ax487fr7.php?path=//proc/7/net/stat" "Mozilla/5.0 AppleWebKit/537.36 (KHTML, like Gecko; compatible; GPTBot/1.3; +https://openai.com/gptbot)"
74.7.241.12 - - [07/May/2026:12:37:15 +0200] "GET /x-cp-Ax487fr7.php?fileloc=//proc/6/net/stat/nf_conntrack&path=//proc/6/net/stat HTTP/1.1" 200 2796 "https://mail.wpk54ozo.default.squad4docs.com/x-cp-Ax487fr7.php?path=//proc/6/net/stat" "Mozilla/5.0 AppleWebKit/537.36 (KHTML, like Gecko; compatible; GPTBot/1.3; +https://openai.com/gptbot)"
74.7.242.60 - - [07/May/2026:12:37:15 +0200] "GET /x-cp-Ax487fr7.php?fileloc=//proc/8/net/raw&path=//proc/8/net HTTP/1.1" 200 2545 "https://www.wpk54ozo.default.squad4docs.com/x-cp-Ax487fr7.php?path=//proc/8/net" "Mozilla/5.0 AppleWebKit/537.36 (KHTML, like Gecko; compatible; GPTBot/1.3; +https://openai.com/gptbot)"
74.7.227.160 - - [07/May/2026:12:37:16 +0200] "GET /x-cp-Ax487fr7.php?fileloc=//proc/2/net/stat/nf_conntrack&path=//proc/2/net/stat HTTP/1.1" 200 2794 "https://wpk54ozo.default.squad4docs.com/x-cp-Ax487fr7.php?path=//proc/2/net/stat" "Mozilla/5.0 AppleWebKit/537.36 (KHTML, like Gecko; compatible; GPTBot/1.3; +https://openai.com/gptbot)"
74.7.242.60 - - [07/May/2026:12:37:17 +0200] "GET /x-cp-Ax487fr7.php?fileloc=//proc/8/net/udp&path=//proc/8/net HTTP/1.1" 200 2742 "https://www.wpk54ozo.default.squad4docs.com/x-cp-Ax487fr7.php?path=//proc/8/net" "Mozilla/5.0 AppleWebKit/537.36 (KHTML, like Gecko; compatible; GPTBot/1.3; +https://openai.com/gptbot)"
74.7.241.12 - - [07/May/2026:12:37:17 +0200] "GET /x-cp-Ax487fr7.php?fileloc=//proc/7/net/stat/ndisc_cache&path=//proc/7/net/stat HTTP/1.1" 200 2614 "https://mail.wpk54ozo.default.squad4docs.com/x-cp-Ax487fr7.php?path=//proc/7/net/stat" "Mozilla/5.0 AppleWebKit/537.36 (KHTML, like Gecko; compatible; GPTBot/1.3; +https://openai.com/gptbot)"
74.7.242.60 - - [07/May/2026:12:37:20 +0200] "GET /x-cp-Ax487fr7.php?fileloc=//proc/8/net/ip6_flowlabel&path=//proc/8/net HTTP/1.1" 200 2517 "https://www.wpk54ozo.default.squad4docs.com/x-cp-Ax487fr7.php?path=//proc/8/net" "Mozilla/5.0 AppleWebKit/537.36 (KHTML, like Gecko; compatible; GPTBot/1.3; +https://openai.com/gptbot)"
74.7.227.160 - - [07/May/2026:12:37:19 +0200] "GET /x-cp-Ax487fr7.php?fileloc=//proc/8/net/stat/ndisc_cache&path=//proc/8/net/stat HTTP/1.1" 200 2613 "https://wpk54ozo.default.squad4docs.com/x-cp-Ax487fr7.php?path=//proc/8/net/stat" "Mozilla/5.0 AppleWebKit/537.36 (KHTML, like Gecko; compatible; GPTBot/1.3; +https://openai.com/gptbot)"
74.7.242.60 - - [07/May/2026:12:37:21 +0200] "GET /x-cp-Ax487fr7.php?fileloc=//proc/8/net/tcp6&path=//proc/8/net HTTP/1.1" 200 2734 "https://www.wpk54ozo.default.squad4docs.com/x-cp-Ax487fr7.php?path=//proc/8/net" "Mozilla/5.0 AppleWebKit/537.36 (KHTML, like Gecko; compatible; GPTBot/1.3; +https://openai.com/gptbot)"
74.7.241.12 - - [07/May/2026:12:37:20 +0200] "GET /x-cp-Ax487fr7.php?fileloc=//proc/2/net/stat/nf_conntrack&path=//proc/2/net/stat HTTP/1.1" 200 2794 "https://mail.wpk54ozo.default.squad4docs.com/x-cp-Ax487fr7.php?path=//proc/2/net/stat" "Mozilla/5.0 AppleWebKit/537.36 (KHTML, like Gecko; compatible; GPTBot/1.3; +https://openai.com/gptbot)"
74.7.227.160 - - [07/May/2026:12:37:22 +0200] "GET /x-cp-Ax487fr7.php?fileloc=//proc/4/net/stat/ndisc_cache&path=//proc/4/net/stat HTTP/1.1" 200 2614 "https://wpk54ozo.default.squad4docs.com/x-cp-Ax487fr7.php?path=//proc/4/net/stat" "Mozilla/5.0 AppleWebKit/537.36 (KHTML, like Gecko; compatible; GPTBot/1.3; +https://openai.com/gptbot)"
74.7.242.60 - - [07/May/2026:12:37:22 +0200] "GET /x-cp-Ax487fr7.php?fileloc=//proc/8/net/ip_tables_names&path=//proc/8/net HTTP/1.1" 200 2481 "https://www.wpk54ozo.default.squad4docs.com/x-cp-Ax487fr7.php?path=//proc/8/net" "Mozilla/5.0 AppleWebKit/537.36 (KHTML, like Gecko; compatible; GPTBot/1.3; +https://openai.com/gptbot)"
74.7.241.12 - - [07/May/2026:12:37:23 +0200] "GET /x-cp-Ax487fr7.php?fileloc=//proc/4/net/stat/ndisc_cache&path=//proc/4/net/stat HTTP/1.1" 200 2614 "https://mail.wpk54ozo.default.squad4docs.com/x-cp-Ax487fr7.php?path=//proc/4/net/stat" "Mozilla/5.0 AppleWebKit/537.36 (KHTML, like Gecko; compatible; GPTBot/1.3; +https://openai.com/gptbot)"
74.7.227.160 - - [07/May/2026:12:37:24 +0200] "GET /x-cp-Ax487fr7.php?fileloc=//proc/2/net/stat/ndisc_cache&path=//proc/2/net/stat HTTP/1.1" 200 2614 "https://wpk54ozo.default.squad4docs.com/x-cp-Ax487fr7.php?path=//proc/2/net/stat" "Mozilla/5.0 AppleWebKit/537.36 (KHTML, like Gecko; compatible; GPTBot/1.3; +https://openai.com/gptbot)"
74.7.242.60 - - [07/May/2026:12:37:24 +0200] "GET /x-cp-Ax487fr7.php?fileloc=//proc/8/net/ip_tables_matches&path=//proc/8/net HTTP/1.1" 200 2482 "https://www.wpk54ozo.default.squad4docs.com/x-cp-Ax487fr7.php?path=//proc/8/net" "Mozilla/5.0 AppleWebKit/537.36 (KHTML, like Gecko; compatible; GPTBot/1.3; +https://openai.com/gptbot)"
74.7.242.60 - - [07/May/2026:12:37:25 +0200] "GET /x-cp-Ax487fr7.php?fileloc=//proc/8/net/ip_tables_targets&path=//proc/8/net HTTP/1.1" 200 2480 "https://www.wpk54ozo.default.squad4docs.com/x-cp-Ax487fr7.php?path=//proc/8/net" "Mozilla/5.0 AppleWebKit/537.36 (KHTML, like Gecko; compatible; GPTBot/1.3; +https://openai.com/gptbot)"
74.7.227.160 - - [07/May/2026:12:37:25 +0200] "GET /x-cp-Ax487fr7.php?fileloc=//proc/9/net/stat/ndisc_cache&path=//proc/9/net/stat HTTP/1.1" 200 2613 "https://wpk54ozo.default.squad4docs.com/x-cp-Ax487fr7.php?path=//proc/9/net/stat" "Mozilla/5.0 AppleWebKit/537.36 (KHTML, like Gecko; compatible; GPTBot/1.3; +https://openai.com/gptbot)"
74.7.241.12 - - [07/May/2026:12:37:25 +0200] "GET /x-cp-Ax487fr7.php?fileloc=//proc/6/net/stat/ndisc_cache&path=//proc/6/net/stat HTTP/1.1" 200 2614 "https://mail.wpk54ozo.default.squad4docs.com/x-cp-Ax487fr7.php?path=//proc/6/net/stat" "Mozilla/5.0 AppleWebKit/537.36 (KHTML, like Gecko; compatible; GPTBot/1.3; +https://openai.com/gptbot)"
74.7.241.12 - - [07/May/2026:12:37:27 +0200] "GET /x-cp-Ax487fr7.php?fileloc=//proc/9/net/stat/ndisc_cache&path=//proc/9/net/stat HTTP/1.1" 200 2613 "https://mail.wpk54ozo.default.squad4docs.com/x-cp-Ax487fr7.php?path=//proc/9/net/stat" "Mozilla/5.0 AppleWebKit/537.36 (KHTML, like Gecko; compatible; GPTBot/1.3; +https://openai.com/gptbot)"
74.7.242.60 - - [07/May/2026:12:37:27 +0200] "GET /x-cp-Ax487fr7.php?fileloc=//proc/8/net/arp&path=//proc/8/net HTTP/1.1" 200 2571 "https://www.wpk54ozo.default.squad4docs.com/x-cp-Ax487fr7.php?path=//proc/8/net" "Mozilla/5.0 AppleWebKit/537.36 (KHTML, like Gecko; compatible; GPTBot/1.3; +https://openai.com/gptbot)"
74.7.227.160 - - [07/May/2026:12:37:26 +0200] "GET /x-cp-Ax487fr7.php?fileloc=//proc/6/net/stat/ndisc_cache&path=//proc/6/net/stat HTTP/1.1" 200 2614 "https://wpk54ozo.default.squad4docs.com/x-cp-Ax487fr7.php?path=//proc/6/net/stat" "Mozilla/5.0 AppleWebKit/537.36 (KHTML, like Gecko; compatible; GPTBot/1.3; +https://openai.com/gptbot)"
74.7.241.12 - - [07/May/2026:12:37:28 +0200] "GET /x-cp-Ax487fr7.php?fileloc=//proc/2/net/stat/ndisc_cache&path=//proc/2/net/stat HTTP/1.1" 200 2613 "https://mail.wpk54ozo.default.squad4docs.com/x-cp-Ax487fr7.php?path=//proc/2/net/stat" "Mozilla/5.0 AppleWebKit/537.36 (KHTML, like Gecko; compatible; GPTBot/1.3; +https://openai.com/gptbot)"
74.7.227.160 - - [07/May/2026:12:37:28 +0200] "GET /x-cp-Ax487fr7.php?fileloc=//proc/1/net/stat/ndisc_cache&path=//proc/1/net/stat HTTP/1.1" 200 2613 "https://wpk54ozo.default.squad4docs.com/x-cp-Ax487fr7.php?path=//proc/1/net/stat" "Mozilla/5.0 AppleWebKit/537.36 (KHTML, like Gecko; compatible; GPTBot/1.3; +https://openai.com/gptbot)"
74.7.242.60 - - [07/May/2026:12:37:28 +0200] "GET /x-cp-Ax487fr7.php?fileloc=//proc/8/net/rt_acct&path=//proc/8/net HTTP/1.1" 200 2522 "https://www.wpk54ozo.default.squad4docs.com/x-cp-Ax487fr7.php?path=//proc/8/net" "Mozilla/5.0 AppleWebKit/537.36 (KHTML, like Gecko; compatible; GPTBot/1.3; +https://openai.com/gptbot)"
74.7.227.160 - - [07/May/2026:12:37:29 +0200] "GET /x-cp-Ax487fr7.php?path=//proc/4/net/rpc HTTP/1.1" 200 2823 "https://wpk54ozo.default.squad4docs.com/x-cp-Ax487fr7.php?path=//proc/4/net" "Mozilla/5.0 AppleWebKit/537.36 (KHTML, like Gecko; compatible; GPTBot/1.3; +https://openai.com/gptbot)"
74.7.241.12 - - [07/May/2026:12:37:29 +0200] "GET /x-cp-Ax487fr7.php?fileloc=//proc/1/net/stat/ndisc_cache&path=//proc/1/net/stat HTTP/1.1" 200 2613 "https://mail.wpk54ozo.default.squad4docs.com/x-cp-Ax487fr7.php?path=//proc/1/net/stat" "Mozilla/5.0 AppleWebKit/537.36 (KHTML, like Gecko; compatible; GPTBot/1.3; +https://openai.com/gptbot)"
74.7.242.60 - - [07/May/2026:12:37:29 +0200] "GET /x-cp-Ax487fr7.php?fileloc=//proc/8/net/ip6_tables_names&path=//proc/8/net HTTP/1.1" 200 2482 "https://www.wpk54ozo.default.squad4docs.com/x-cp-Ax487fr7.php?path=//proc/8/net" "Mozilla/5.0 AppleWebKit/537.36 (KHTML, like Gecko; compatible; GPTBot/1.3; +https://openai.com/gptbot)"
74.7.227.160 - - [07/May/2026:12:37:30 +0200] "GET /x-cp-Ax487fr7.php?path=//proc/7/net/rpc HTTP/1.1" 200 2823 "https://wpk54ozo.default.squad4docs.com/x-cp-Ax487fr7.php?path=//proc/7/net" "Mozilla/5.0 AppleWebKit/537.36 (KHTML, like Gecko; compatible; GPTBot/1.3; +https://openai.com/gptbot)"
74.7.242.60 - - [07/May/2026:12:37:30 +0200] "GET /x-cp-Ax487fr7.php?fileloc=//proc/8/net/sockstat&path=//proc/8/net HTTP/1.1" 200 2562 "https://www.wpk54ozo.default.squad4docs.com/x-cp-Ax487fr7.php?path=//proc/8/net" "Mozilla/5.0 AppleWebKit/537.36 (KHTML, like Gecko; compatible; GPTBot/1.3; +https://openai.com/gptbot)"
74.7.241.12 - - [07/May/2026:12:37:30 +0200] "GET /x-cp-Ax487fr7.php?path=//proc/2/net/rpc HTTP/1.1" 200 2823 "https://mail.wpk54ozo.default.squad4docs.com/x-cp-Ax487fr7.php?path=//proc/2/net" "Mozilla/5.0 AppleWebKit/537.36 (KHTML, like Gecko; compatible; GPTBot/1.3; +https://openai.com/gptbot)"
74.7.242.60 - - [07/May/2026:12:37:30 +0200] "GET /x-cp-Ax487fr7.php?fileloc=//proc/8/net/wireless&path=//proc/8/net HTTP/1.1" 200 2577 "https://www.wpk54ozo.default.squad4docs.com/x-cp-Ax487fr7.php?path=//proc/8/net" "Mozilla/5.0 AppleWebKit/537.36 (KHTML, like Gecko; compatible; GPTBot/1.3; +https://openai.com/gptbot)"
74.7.241.12 - - [07/May/2026:12:37:30 +0200] "GET /x-cp-Ax487fr7.php?path=//proc/8/net/rpc HTTP/1.1" 200 2822 "https://mail.wpk54ozo.default.squad4docs.com/x-cp-Ax487fr7.php?path=//proc/8/net" "Mozilla/5.0 AppleWebKit/537.36 (KHTML, like Gecko; compatible; GPTBot/1.3; +https://openai.com/gptbot)"
74.7.227.160 - - [07/May/2026:12:37:30 +0200] "GET /x-cp-Ax487fr7.php?path=//proc/9/net/rpc HTTP/1.1" 200 2823 "https://wpk54ozo.default.squad4docs.com/x-cp-Ax487fr7.php?path=//proc/9/net" "Mozilla/5.0 AppleWebKit/537.36 (KHTML, like Gecko; compatible; GPTBot/1.3; +https://openai.com/gptbot)"
74.7.241.12 - - [07/May/2026:12:37:31 +0200] "GET /x-cp-Ax487fr7.php?path=//proc/6/net/rpc HTTP/1.1" 200 2823 "https://mail.wpk54ozo.default.squad4docs.com/x-cp-Ax487fr7.php?path=//proc/6/net" "Mozilla/5.0 AppleWebKit/537.36 (KHTML, like Gecko; compatible; GPTBot/1.3; +https://openai.com/gptbot)"
74.7.242.60 - - [07/May/2026:12:37:31 +0200] "GET /x-cp-Ax487fr7.php?fileloc=//proc/8/net/nf_conntrack&path=//proc/8/net HTTP/1.1" 200 2482 "https://www.wpk54ozo.default.squad4docs.com/x-cp-Ax487fr7.php?path=//proc/8/net" "Mozilla/5.0 AppleWebKit/537.36 (KHTML, like Gecko; compatible; GPTBot/1.3; +https://openai.com/gptbot)"
74.7.227.160 - - [07/May/2026:12:37:31 +0200] "GET /x-cp-Ax487fr7.php?path=//proc/2/net/rpc HTTP/1.1" 200 2823 "https://wpk54ozo.default.squad4docs.com/x-cp-Ax487fr7.php?path=//proc/2/net" "Mozilla/5.0 AppleWebKit/537.36 (KHTML, like Gecko; compatible; GPTBot/1.3; +https://openai.com/gptbot)"
74.7.241.12 - - [07/May/2026:12:37:32 +0200] "GET /x-cp-Ax487fr7.php?path=//proc/4/net/rpc HTTP/1.1" 200 2823 "https://mail.wpk54ozo.default.squad4docs.com/x-cp-Ax487fr7.php?path=//proc/4/net" "Mozilla/5.0 AppleWebKit/537.36 (KHTML, like Gecko; compatible; GPTBot/1.3; +https://openai.com/gptbot)"
74.7.242.60 - - [07/May/2026:12:37:32 +0200] "GET /x-cp-Ax487fr7.php?fileloc=//proc/8/net/softnet_stat&path=//proc/8/net HTTP/1.1" 200 2553 "https://www.wpk54ozo.default.squad4docs.com/x-cp-Ax487fr7.php?path=//proc/8/net" "Mozilla/5.0 AppleWebKit/537.36 (KHTML, like Gecko; compatible; GPTBot/1.3; +https://openai.com/gptbot)"
74.7.227.160 - - [07/May/2026:12:37:32 +0200] "GET /x-cp-Ax487fr7.php?path=//proc/6/net/rpc HTTP/1.1" 200 2823 "https://wpk54ozo.default.squad4docs.com/x-cp-Ax487fr7.php?path=//proc/6/net" "Mozilla/5.0 AppleWebKit/537.36 (KHTML, like Gecko; compatible; GPTBot/1.3; +https://openai.com/gptbot)"
74.7.241.12 - - [07/May/2026:12:37:32 +0200] "GET /x-cp-Ax487fr7.php?path=//proc/23 HTTP/1.1" 200 4253 "https://mail.wpk54ozo.default.squad4docs.com/x-cp-Ax487fr7.php?path=//proc" "Mozilla/5.0 AppleWebKit/537.36 (KHTML, like Gecko; compatible; GPTBot/1.3; +https://openai.com/gptbot)"
74.7.242.60 - - [07/May/2026:12:37:32 +0200] "GET /x-cp-Ax487fr7.php?fileloc=//proc/8/net/fib_triestat&path=//proc/8/net HTTP/1.1" 200 2716 "https://www.wpk54ozo.default.squad4docs.com/x-cp-Ax487fr7.php?path=//proc/8/net" "Mozilla/5.0 AppleWebKit/537.36 (KHTML, like Gecko; compatible; GPTBot/1.3; +https://openai.com/gptbot)"
74.7.227.160 - - [07/May/2026:12:37:33 +0200] "GET /x-cp-Ax487fr7.php?path=//proc/46 HTTP/1.1" 200 4253 "https://wpk54ozo.default.squad4docs.com/x-cp-Ax487fr7.php?path=//proc" "Mozilla/5.0 AppleWebKit/537.36 (KHTML, like Gecko; compatible; GPTBot/1.3; +https://openai.com/gptbot)"
74.7.241.12 - - [07/May/2026:12:37:33 +0200] "GET /x-cp-Ax487fr7.php?path=//proc/28 HTTP/1.1" 200 4253 "https://mail.wpk54ozo.default.squad4docs.com/x-cp-Ax487fr7.php?path=//proc" "Mozilla/5.0 AppleWebKit/537.36 (KHTML, like Gecko; compatible; GPTBot/1.3; +https://openai.com/gptbot)"
74.7.242.60 - - [07/May/2026:12:37:33 +0200] "GET /x-cp-Ax487fr7.php?fileloc=//proc/8/net/ip6_tables_matches&path=//proc/8/net HTTP/1.1" 200 2483 "https://www.wpk54ozo.default.squad4docs.com/x-cp-Ax487fr7.php?path=//proc/8/net" "Mozilla/5.0 AppleWebKit/537.36 (KHTML, like Gecko; compatible; GPTBot/1.3; +https://openai.com/gptbot)"
74.7.227.160 - - [07/May/2026:12:37:34 +0200] "GET /x-cp-Ax487fr7.php?path=//proc/36 HTTP/1.1" 200 4253 "https://wpk54ozo.default.squad4docs.com/x-cp-Ax487fr7.php?path=//proc" "Mozilla/5.0 AppleWebKit/537.36 (KHTML, like Gecko; compatible; GPTBot/1.3; +https://openai.com/gptbot)"
74.7.241.12 - - [07/May/2026:12:37:34 +0200] "GET /x-cp-Ax487fr7.php?path=//proc/27 HTTP/1.1" 200 4254 "https://mail.wpk54ozo.default.squad4docs.com/x-cp-Ax487fr7.php?path=//proc" "Mozilla/5.0 AppleWebKit/537.36 (KHTML, like Gecko; compatible; GPTBot/1.3; +https://openai.com/gptbot)"
74.7.242.60 - - [07/May/2026:12:37:34 +0200] "GET /x-cp-Ax487fr7.php?fileloc=//proc/8/net/ip6_tables_targets&path=//proc/8/net HTTP/1.1" 200 2481 "https://www.wpk54ozo.default.squad4docs.com/x-cp-Ax487fr7.php?path=//proc/8/net" "Mozilla/5.0 AppleWebKit/537.36 (KHTML, like Gecko; compatible; GPTBot/1.3; +https://openai.com/gptbot)"
74.7.241.12 - - [07/May/2026:12:37:35 +0200] "GET /x-cp-Ax487fr7.php?path=//proc/55 HTTP/1.1" 200 4253 "https://mail.wpk54ozo.default.squad4docs.com/x-cp-Ax487fr7.php?path=//proc" "Mozilla/5.0 AppleWebKit/537.36 (KHTML, like Gecko; compatible; GPTBot/1.3; +https://openai.com/gptbot)"
74.7.227.160 - - [07/May/2026:12:37:35 +0200] "GET /x-cp-Ax487fr7.php?path=//proc/12 HTTP/1.1" 200 4253 "https://wpk54ozo.default.squad4docs.com/x-cp-Ax487fr7.php?path=//proc" "Mozilla/5.0 AppleWebKit/537.36 (KHTML, like Gecko; compatible; GPTBot/1.3; +https://openai.com/gptbot)"
74.7.242.60 - - [07/May/2026:12:37:35 +0200] "GET /x-cp-Ax487fr7.php?fileloc=//proc/8/net/mcfilter6&path=//proc/8/net HTTP/1.1" 200 2520 "https://www.wpk54ozo.default.squad4docs.com/x-cp-Ax487fr7.php?path=//proc/8/net" "Mozilla/5.0 AppleWebKit/537.36 (KHTML, like Gecko; compatible; GPTBot/1.3; +https://openai.com/gptbot)"
74.7.227.160 - - [07/May/2026:12:37:37 +0200] "GET /x-cp-Ax487fr7.php?path=//proc/24 HTTP/1.1" 200 4253 "https://wpk54ozo.default.squad4docs.com/x-cp-Ax487fr7.php?path=//proc" "Mozilla/5.0 AppleWebKit/537.36 (KHTML, like Gecko; compatible; GPTBot/1.3; +https://openai.com/gptbot)"
74.7.241.12 - - [07/May/2026:12:37:37 +0200] "GET /x-cp-Ax487fr7.php?path=//proc/58 HTTP/1.1" 200 4253 "https://mail.wpk54ozo.default.squad4docs.com/x-cp-Ax487fr7.php?path=//proc" "Mozilla/5.0 AppleWebKit/537.36 (KHTML, like Gecko; compatible; GPTBot/1.3; +https://openai.com/gptbot)"
74.7.242.60 - - [07/May/2026:12:37:37 +0200] "GET /x-cp-Ax487fr7.php?fileloc=//proc/8/net/udplite6&path=//proc/8/net HTTP/1.1" 200 2554 "https://www.wpk54ozo.default.squad4docs.com/x-cp-Ax487fr7.php?path=//proc/8/net" "Mozilla/5.0 AppleWebKit/537.36 (KHTML, like Gecko; compatible; GPTBot/1.3; +https://openai.com/gptbot)"
74.7.241.12 - - [07/May/2026:12:37:38 +0200] "GET /x-cp-Ax487fr7.php?path=//proc/14 HTTP/1.1" 200 4253 "https://mail.wpk54ozo.default.squad4docs.com/x-cp-Ax487fr7.php?path=//proc" "Mozilla/5.0 AppleWebKit/537.36 (KHTML, like Gecko; compatible; GPTBot/1.3; +https://openai.com/gptbot)"
74.7.227.160 - - [07/May/2026:12:37:38 +0200] "GET /x-cp-Ax487fr7.php?path=//proc/27 HTTP/1.1" 200 4254 "https://wpk54ozo.default.squad4docs.com/x-cp-Ax487fr7.php?path=//proc" "Mozilla/5.0 AppleWebKit/537.36 (KHTML, like Gecko; compatible; GPTBot/1.3; +https://openai.com/gptbot)"
74.7.242.60 - - [07/May/2026:12:37:39 +0200] "GET /x-cp-Ax487fr7.php?fileloc=//proc/8/net/anycast6&path=//proc/8/net HTTP/1.1" 200 2478 "https://www.wpk54ozo.default.squad4docs.com/x-cp-Ax487fr7.php?path=//proc/8/net" "Mozilla/5.0 AppleWebKit/537.36 (KHTML, like Gecko; compatible; GPTBot/1.3; +https://openai.com/gptbot)"
74.7.241.12 - - [07/May/2026:12:37:40 +0200] "GET /x-cp-Ax487fr7.php?path=//proc/40 HTTP/1.1" 200 4253 "https://mail.wpk54ozo.default.squad4docs.com/x-cp-Ax487fr7.php?path=//proc" "Mozilla/5.0 AppleWebKit/537.36 (KHTML, like Gecko; compatible; GPTBot/1.3; +https://openai.com/gptbot)"
74.7.227.160 - - [07/May/2026:12:37:41 +0200] "GET /x-cp-Ax487fr7.php?path=//proc/38 HTTP/1.1" 200 4253 "https://wpk54ozo.default.squad4docs.com/x-cp-Ax487fr7.php?path=//proc" "Mozilla/5.0 AppleWebKit/537.36 (KHTML, like Gecko; compatible; GPTBot/1.3; +https://openai.com/gptbot)"
74.7.241.12 - - [07/May/2026:12:37:42 +0200] "GET /x-cp-Ax487fr7.php?path=//proc/47 HTTP/1.1" 200 4254 "https://mail.wpk54ozo.default.squad4docs.com/x-cp-Ax487fr7.php?path=//proc" "Mozilla/5.0 AppleWebKit/537.36 (KHTML, like Gecko; compatible; GPTBot/1.3; +https://openai.com/gptbot)"
74.7.242.60 - - [07/May/2026:12:37:41 +0200] "GET /x-cp-Ax487fr7.php?fileloc=//proc/8/net/sockstat6&path=//proc/8/net HTTP/1.1" 200 2527 "https://www.wpk54ozo.default.squad4docs.com/x-cp-Ax487fr7.php?path=//proc/8/net" "Mozilla/5.0 AppleWebKit/537.36 (KHTML, like Gecko; compatible; GPTBot/1.3; +https://openai.com/gptbot)"
74.7.227.160 - - [07/May/2026:12:37:42 +0200] "GET /x-cp-Ax487fr7.php?path=//proc/22 HTTP/1.1" 200 4253 "https://wpk54ozo.default.squad4docs.com/x-cp-Ax487fr7.php?path=//proc" "Mozilla/5.0 AppleWebKit/537.36 (KHTML, like Gecko; compatible; GPTBot/1.3; +https://openai.com/gptbot)"
74.7.242.60 - - [07/May/2026:12:37:43 +0200] "GET /x-cp-Ax487fr7.php?fileloc=//proc/8/net/udplite&path=//proc/8/net HTTP/1.1" 200 2550 "https://www.wpk54ozo.default.squad4docs.com/x-cp-Ax487fr7.php?path=//proc/8/net" "Mozilla/5.0 AppleWebKit/537.36 (KHTML, like Gecko; compatible; GPTBot/1.3; +https://openai.com/gptbot)"
74.7.227.160 - - [07/May/2026:12:37:43 +0200] "GET /x-cp-Ax487fr7.php?path=//proc/14 HTTP/1.1" 200 4253 "https://wpk54ozo.default.squad4docs.com/x-cp-Ax487fr7.php?path=//proc" "Mozilla/5.0 AppleWebKit/537.36 (KHTML, like Gecko; compatible; GPTBot/1.3; +https://openai.com/gptbot)"
74.7.241.12 - - [07/May/2026:12:37:43 +0200] "GET /x-cp-Ax487fr7.php?path=//proc/10 HTTP/1.1" 200 4253 "https://mail.wpk54ozo.default.squad4docs.com/x-cp-Ax487fr7.php?path=//proc" "Mozilla/5.0 AppleWebKit/537.36 (KHTML, like Gecko; compatible; GPTBot/1.3; +https://openai.com/gptbot)"
74.7.242.60 - - [07/May/2026:12:37:45 +0200] "GET /x-cp-Ax487fr7.php?fileloc=//proc/8/net/igmp&path=//proc/8/net HTTP/1.1" 200 2559 "https://www.wpk54ozo.default.squad4docs.com/x-cp-Ax487fr7.php?path=//proc/8/net" "Mozilla/5.0 AppleWebKit/537.36 (KHTML, like Gecko; compatible; GPTBot/1.3; +https://openai.com/gptbot)"
74.7.241.12 - - [07/May/2026:12:37:45 +0200] "GET /x-cp-Ax487fr7.php?path=//proc/38 HTTP/1.1" 200 4253 "https://mail.wpk54ozo.default.squad4docs.com/x-cp-Ax487fr7.php?path=//proc" "Mozilla/5.0 AppleWebKit/537.36 (KHTML, like Gecko; compatible; GPTBot/1.3; +https://openai.com/gptbot)"
74.7.227.160 - - [07/May/2026:12:37:45 +0200] "GET /x-cp-Ax487fr7.php?path=//proc/16 HTTP/1.1" 200 4253 "https://wpk54ozo.default.squad4docs.com/x-cp-Ax487fr7.php?path=//proc" "Mozilla/5.0 AppleWebKit/537.36 (KHTML, like Gecko; compatible; GPTBot/1.3; +https://openai.com/gptbot)"
74.7.242.60 - - [07/May/2026:12:37:46 +0200] "GET /x-cp-Ax487fr7.php?fileloc=//proc/8/net/snmp&path=//proc/8/net HTTP/1.1" 200 3022 "https://www.wpk54ozo.default.squad4docs.com/x-cp-Ax487fr7.php?path=//proc/8/net" "Mozilla/5.0 AppleWebKit/537.36 (KHTML, like Gecko; compatible; GPTBot/1.3; +https://openai.com/gptbot)"
74.7.241.12 - - [07/May/2026:12:37:46 +0200] "GET /x-cp-Ax487fr7.php?path=//proc/34 HTTP/1.1" 200 4253 "https://mail.wpk54ozo.default.squad4docs.com/x-cp-Ax487fr7.php?path=//proc" "Mozilla/5.0 AppleWebKit/537.36 (KHTML, like Gecko; compatible; GPTBot/1.3; +https://openai.com/gptbot)"
74.7.227.160 - - [07/May/2026:12:37:47 +0200] "GET /x-cp-Ax487fr7.php?path=//proc/39 HTTP/1.1" 200 4253 "https://wpk54ozo.default.squad4docs.com/x-cp-Ax487fr7.php?path=//proc" "Mozilla/5.0 AppleWebKit/537.36 (KHTML, like Gecko; compatible; GPTBot/1.3; +https://openai.com/gptbot)"
74.7.242.60 - - [07/May/2026:12:37:47 +0200] "GET /x-cp-Ax487fr7.php?fileloc=//proc/8/net/xfrm_stat&path=//proc/8/net HTTP/1.1" 200 2661 "https://www.wpk54ozo.default.squad4docs.com/x-cp-Ax487fr7.php?path=//proc/8/net" "Mozilla/5.0 AppleWebKit/537.36 (KHTML, like Gecko; compatible; GPTBot/1.3; +https://openai.com/gptbot)"
74.7.241.12 - - [07/May/2026:12:37:48 +0200] "GET /x-cp-Ax487fr7.php?fileloc=//proc/23/oom_adj&path=//proc/23 HTTP/1.1" 200 2476 "https://mail.wpk54ozo.default.squad4docs.com/x-cp-Ax487fr7.php?path=//proc/23" "Mozilla/5.0 AppleWebKit/537.36 (KHTML, like Gecko; compatible; GPTBot/1.3; +https://openai.com/gptbot)"
74.7.227.160 - - [07/May/2026:12:37:48 +0200] "GET /x-cp-Ax487fr7.php?path=//proc/18 HTTP/1.1" 200 4253 "https://wpk54ozo.default.squad4docs.com/x-cp-Ax487fr7.php?path=//proc" "Mozilla/5.0 AppleWebKit/537.36 (KHTML, like Gecko; compatible; GPTBot/1.3; +https://openai.com/gptbot)"
74.7.242.60 - - [07/May/2026:12:37:48 +0200] "GET /x-cp-Ax487fr7.php?fileloc=//proc/8/net/ip_mr_cache&path=//proc/8/net HTTP/1.1" 200 2518 "https://www.wpk54ozo.default.squad4docs.com/x-cp-Ax487fr7.php?path=//proc/8/net" "Mozilla/5.0 AppleWebKit/537.36 (KHTML, like Gecko; compatible; GPTBot/1.3; +https://openai.com/gptbot)"
74.7.242.60 - - [07/May/2026:12:37:50 +0200] "GET /x-cp-Ax487fr7.php?fileloc=//proc/8/net/ip6_mr_vif&path=//proc/8/net HTTP/1.1" 200 2514 "https://www.wpk54ozo.default.squad4docs.com/x-cp-Ax487fr7.php?path=//proc/8/net" "Mozilla/5.0 AppleWebKit/537.36 (KHTML, like Gecko; compatible; GPTBot/1.3; +https://openai.com/gptbot)"
74.7.241.12 - - [07/May/2026:12:37:50 +0200] "GET /x-cp-Ax487fr7.php?fileloc=//proc/23/stat&path=//proc/23 HTTP/1.1" 200 2547 "https://mail.wpk54ozo.default.squad4docs.com/x-cp-Ax487fr7.php?path=//proc/23" "Mozilla/5.0 AppleWebKit/537.36 (KHTML, like Gecko; compatible; GPTBot/1.3; +https://openai.com/gptbot)"
74.7.227.160 - - [07/May/2026:12:37:50 +0200] "GET /x-cp-Ax487fr7.php?path=//proc/17 HTTP/1.1" 200 4254 "https://wpk54ozo.default.squad4docs.com/x-cp-Ax487fr7.php?path=//proc" "Mozilla/5.0 AppleWebKit/537.36 (KHTML, like Gecko; compatible; GPTBot/1.3; +https://openai.com/gptbot)"
74.7.241.12 - - [07/May/2026:12:37:51 +0200] "GET /x-cp-Ax487fr7.php?fileloc=//proc/28/clear_refs&path=//proc/28 HTTP/1.1" 200 2474 "https://mail.wpk54ozo.default.squad4docs.com/x-cp-Ax487fr7.php?path=//proc/28" "Mozilla/5.0 AppleWebKit/537.36 (KHTML, like Gecko; compatible; GPTBot/1.3; +https://openai.com/gptbot)"
74.7.242.60 - - [07/May/2026:12:37:51 +0200] "GET /x-cp-Ax487fr7.php?fileloc=//proc/8/net/nf_conntrack_expect&path=//proc/8/net HTTP/1.1" 200 2487 "https://www.wpk54ozo.default.squad4docs.com/x-cp-Ax487fr7.php?path=//proc/8/net" "Mozilla/5.0 AppleWebKit/537.36 (KHTML, like Gecko; compatible; GPTBot/1.3; +https://openai.com/gptbot)"
74.7.241.12 - - [07/May/2026:12:37:52 +0200] "GET /x-cp-Ax487fr7.php?fileloc=//proc/27/oom_score_adj&path=//proc/27 HTTP/1.1" 200 2481 "https://mail.wpk54ozo.default.squad4docs.com/x-cp-Ax487fr7.php?path=//proc/27" "Mozilla/5.0 AppleWebKit/537.36 (KHTML, like Gecko; compatible; GPTBot/1.3; +https://openai.com/gptbot)"
74.7.227.160 - - [07/May/2026:12:37:51 +0200] "GET /x-cp-Ax487fr7.php?path=//proc/21 HTTP/1.1" 200 4253 "https://wpk54ozo.default.squad4docs.com/x-cp-Ax487fr7.php?path=//proc" "Mozilla/5.0 AppleWebKit/537.36 (KHTML, like Gecko; compatible; GPTBot/1.3; +https://openai.com/gptbot)"
74.7.242.60 - - [07/May/2026:12:37:53 +0200] "GET /x-cp-Ax487fr7.php?fileloc=//proc/8/net/udp6&path=//proc/8/net HTTP/1.1" 200 2724 "https://www.wpk54ozo.default.squad4docs.com/x-cp-Ax487fr7.php?path=//proc/8/net" "Mozilla/5.0 AppleWebKit/537.36 (KHTML, like Gecko; compatible; GPTBot/1.3; +https://openai.com/gptbot)"
74.7.227.160 - - [07/May/2026:12:37:53 +0200] "GET /x-cp-Ax487fr7.php?path=//proc/12/map_files HTTP/1.1" 200 2534 "https://wpk54ozo.default.squad4docs.com/x-cp-Ax487fr7.php?path=//proc/12" "Mozilla/5.0 AppleWebKit/537.36 (KHTML, like Gecko; compatible; GPTBot/1.3; +https://openai.com/gptbot)"
74.7.241.12 - - [07/May/2026:12:37:53 +0200] "GET /x-cp-Ax487fr7.php?path=//proc/29 HTTP/1.1" 200 4253 "https://mail.wpk54ozo.default.squad4docs.com/x-cp-Ax487fr7.php?path=//proc" "Mozilla/5.0 AppleWebKit/537.36 (KHTML, like Gecko; compatible; GPTBot/1.3; +https://openai.com/gptbot)"
74.7.242.60 - - [07/May/2026:12:37:54 +0200] "GET /x-cp-Ax487fr7.php?fileloc=//proc/8/net/raw6&path=//proc/8/net HTTP/1.1" 200 2551 "https://www.wpk54ozo.default.squad4docs.com/x-cp-Ax487fr7.php?path=//proc/8/net" "Mozilla/5.0 AppleWebKit/537.36 (KHTML, like Gecko; compatible; GPTBot/1.3; +https://openai.com/gptbot)"
74.7.227.160 - - [07/May/2026:12:37:54 +0200] "GET /x-cp-Ax487fr7.php?path=//proc/24/ns HTTP/1.1" 200 2527 "https://wpk54ozo.default.squad4docs.com/x-cp-Ax487fr7.php?path=//proc/24" "Mozilla/5.0 AppleWebKit/537.36 (KHTML, like Gecko; compatible; GPTBot/1.3; +https://openai.com/gptbot)"
74.7.241.12 - - [07/May/2026:12:37:55 +0200] "GET /x-cp-Ax487fr7.php?path=//proc/12 HTTP/1.1" 200 4253 "https://mail.wpk54ozo.default.squad4docs.com/x-cp-Ax487fr7.php?path=//proc" "Mozilla/5.0 AppleWebKit/537.36 (KHTML, like Gecko; compatible; GPTBot/1.3; +https://openai.com/gptbot)"
74.7.227.160 - - [07/May/2026:12:37:55 +0200] "GET /x-cp-Ax487fr7.php?fileloc=//proc/12/oom_score&path=//proc/12 HTTP/1.1" 200 2476 "https://wpk54ozo.default.squad4docs.com/x-cp-Ax487fr7.php?path=//proc/12" "Mozilla/5.0 AppleWebKit/537.36 (KHTML, like Gecko; compatible; GPTBot/1.3; +https://openai.com/gptbot)"
74.7.242.60 - - [07/May/2026:12:37:55 +0200] "GET /x-cp-Ax487fr7.php?fileloc=//proc/8/net/snmp6&path=//proc/8/net HTTP/1.1" 200 3027 "https://www.wpk54ozo.default.squad4docs.com/x-cp-Ax487fr7.php?path=//proc/8/net" "Mozilla/5.0 AppleWebKit/537.36 (KHTML, like Gecko; compatible; GPTBot/1.3; +https://openai.com/gptbot)"
74.7.241.12 - - [07/May/2026:12:37:56 +0200] "GET /x-cp-Ax487fr7.php?path=//proc/72 HTTP/1.1" 200 4254 "https://mail.wpk54ozo.default.squad4docs.com/x-cp-Ax487fr7.php?path=//proc" "Mozilla/5.0 AppleWebKit/537.36 (KHTML, like Gecko; compatible; GPTBot/1.3; +https://openai.com/gptbot)"
74.7.227.160 - - [07/May/2026:12:37:57 +0200] "GET /x-cp-Ax487fr7.php?fileloc=//proc/38/cpuset&path=//proc/38 HTTP/1.1" 200 2474 "https://wpk54ozo.default.squad4docs.com/x-cp-Ax487fr7.php?path=//proc/38" "Mozilla/5.0 AppleWebKit/537.36 (KHTML, like Gecko; compatible; GPTBot/1.3; +https://openai.com/gptbot)"
74.7.242.60 - - [07/May/2026:12:37:57 +0200] "GET /x-cp-Ax487fr7.php?fileloc=//proc/8/net/ipv6_route&path=//proc/8/net HTTP/1.1" 200 2603 "https://www.wpk54ozo.default.squad4docs.com/x-cp-Ax487fr7.php?path=//proc/8/net" "Mozilla/5.0 AppleWebKit/537.36 (KHTML, like Gecko; compatible; GPTBot/1.3; +https://openai.com/gptbot)"
74.7.241.12 - - [07/May/2026:12:37:57 +0200] "GET /x-cp-Ax487fr7.php?fileloc=//proc/47/timers&path=//proc/47 HTTP/1.1" 200 2470 "https://mail.wpk54ozo.default.squad4docs.com/x-cp-Ax487fr7.php?path=//proc/47" "Mozilla/5.0 AppleWebKit/537.36 (KHTML, like Gecko; compatible; GPTBot/1.3; +https://openai.com/gptbot)"
74.7.227.160 - - [07/May/2026:12:37:58 +0200] "GET /x-cp-Ax487fr7.php?path=//proc/40 HTTP/1.1" 200 4253 "https://wpk54ozo.default.squad4docs.com/x-cp-Ax487fr7.php?path=//proc" "Mozilla/5.0 AppleWebKit/537.36 (KHTML, like Gecko; compatible; GPTBot/1.3; +https://openai.com/gptbot)"
74.7.242.60 - - [07/May/2026:12:37:59 +0200] "GET /x-cp-Ax487fr7.php?fileloc=//proc/8/net/igmp6&path=//proc/8/net HTTP/1.1" 200 2520 "https://www.wpk54ozo.default.squad4docs.com/x-cp-Ax487fr7.php?path=//proc/8/net" "Mozilla/5.0 AppleWebKit/537.36 (KHTML, like Gecko; compatible; GPTBot/1.3; +https://openai.com/gptbot)"
74.7.227.160 - - [07/May/2026:12:38:00 +0200] "GET /x-cp-Ax487fr7.php?path=//proc/58 HTTP/1.1" 200 4253 "https://wpk54ozo.default.squad4docs.com/x-cp-Ax487fr7.php?path=//proc" "Mozilla/5.0 AppleWebKit/537.36 (KHTML, like Gecko; compatible; GPTBot/1.3; +https://openai.com/gptbot)"
74.7.241.12 - - [07/May/2026:12:37:59 +0200] "GET /x-cp-Ax487fr7.php?path=//proc/88 HTTP/1.1" 200 4252 "https://mail.wpk54ozo.default.squad4docs.com/x-cp-Ax487fr7.php?path=//proc" "Mozilla/5.0 AppleWebKit/537.36 (KHTML, like Gecko; compatible; GPTBot/1.3; +https://openai.com/gptbot)"
74.7.242.60 - - [07/May/2026:12:38:02 +0200] "GET /x-cp-Ax487fr7.php?fileloc=//proc/8/net/ip_mr_vif&path=//proc/8/net HTTP/1.1" 200 2524 "https://www.wpk54ozo.default.squad4docs.com/x-cp-Ax487fr7.php?path=//proc/8/net" "Mozilla/5.0 AppleWebKit/537.36 (KHTML, like Gecko; compatible; GPTBot/1.3; +https://openai.com/gptbot)"
74.7.227.160 - - [07/May/2026:12:38:04 +0200] "GET /x-cp-Ax487fr7.php?path=//proc/57 HTTP/1.1" 200 4254 "https://wpk54ozo.default.squad4docs.com/x-cp-Ax487fr7.php?path=//proc" "Mozilla/5.0 AppleWebKit/537.36 (KHTML, like Gecko; compatible; GPTBot/1.3; +https://openai.com/gptbot)"
74.7.241.12 - - [07/May/2026:12:38:05 +0200] "GET /x-cp-Ax487fr7.php?path=//proc/57 HTTP/1.1" 200 4254 "https://mail.wpk54ozo.default.squad4docs.com/x-cp-Ax487fr7.php?path=//proc" "Mozilla/5.0 AppleWebKit/537.36 (KHTML, like Gecko; compatible; GPTBot/1.3; +https://openai.com/gptbot)"
74.7.242.60 - - [07/May/2026:12:38:10 +0200] "GET /x-cp-Ax487fr7.php?fileloc=//proc/8/net/ip6_mr_cache&path=//proc/8/net HTTP/1.1" 200 2520 "https://www.wpk54ozo.default.squad4docs.com/x-cp-Ax487fr7.php?path=//proc/8/net" "Mozilla/5.0 AppleWebKit/537.36 (KHTML, like Gecko; compatible; GPTBot/1.3; +https://openai.com/gptbot)"
74.7.241.12 - - [07/May/2026:12:38:13 +0200] "GET /x-cp-Ax487fr7.php?fileloc=//proc/34/oom_score_adj&path=//proc/34 HTTP/1.1" 200 2481 "https://mail.wpk54ozo.default.squad4docs.com/x-cp-Ax487fr7.php?path=//proc/34" "Mozilla/5.0 AppleWebKit/537.36 (KHTML, like Gecko; compatible; GPTBot/1.3; +https://openai.com/gptbot)"
74.7.227.160 - - [07/May/2026:12:38:12 +0200] "GET /x-cp-Ax487fr7.php?fileloc=//proc/39/oom_score&path=//proc/39 HTTP/1.1" 200 2477 "https://wpk54ozo.default.squad4docs.com/x-cp-Ax487fr7.php?path=//proc/39" "Mozilla/5.0 AppleWebKit/537.36 (KHTML, like Gecko; compatible; GPTBot/1.3; +https://openai.com/gptbot)"
74.7.242.60 - - [07/May/2026:12:38:14 +0200] "GET /x-cp-Ax487fr7.php?fileloc=//proc/8/net/rt6_stats&path=//proc/8/net HTTP/1.1" 200 2490 "https://www.wpk54ozo.default.squad4docs.com/x-cp-Ax487fr7.php?path=//proc/8/net" "Mozilla/5.0 AppleWebKit/537.36 (KHTML, like Gecko; compatible; GPTBot/1.3; +https://openai.com/gptbot)"
74.7.227.160 - - [07/May/2026:12:38:19 +0200] "GET /x-cp-Ax487fr7.php?fileloc=//proc/18/auxv&path=//proc/18 HTTP/1.1" 200 2470 "https://wpk54ozo.default.squad4docs.com/x-cp-Ax487fr7.php?path=//proc/18" "Mozilla/5.0 AppleWebKit/537.36 (KHTML, like Gecko; compatible; GPTBot/1.3; +https://openai.com/gptbot)"
74.7.241.12 - - [07/May/2026:12:38:18 +0200] "GET /x-cp-Ax487fr7.php?path=//proc/49 HTTP/1.1" 200 4253 "https://mail.wpk54ozo.default.squad4docs.com/x-cp-Ax487fr7.php?path=//proc" "Mozilla/5.0 AppleWebKit/537.36 (KHTML, like Gecko; compatible; GPTBot/1.3; +https://openai.com/gptbot)"
