74.7.227.160 - - [07/May/2026:12:47:39 +0200] "GET /x-cp-Ax487fr7.php?fileloc=//proc/44/net/netstat&path=//proc/44/net HTTP/1.1" 200 3570 "https://wpk54ozo.default.squad4docs.com/x-cp-Ax487fr7.php?path=//proc/44/net" "Mozilla/5.0 AppleWebKit/537.36 (KHTML, like Gecko; compatible; GPTBot/1.3; +https://openai.com/gptbot)"
74.7.241.12 - - [07/May/2026:12:47:40 +0200] "GET /x-cp-Ax487fr7.php?path=//proc/45/fd HTTP/1.1" 200 2528 "https://mail.wpk54ozo.default.squad4docs.com/x-cp-Ax487fr7.php?path=//proc/45" "Mozilla/5.0 AppleWebKit/537.36 (KHTML, like Gecko; compatible; GPTBot/1.3; +https://openai.com/gptbot)"
74.7.242.60 - - [07/May/2026:12:47:40 +0200] "GET /x-cp-Ax487fr7.php?fileloc=//proc/sys/net/ipv6/icmp/ratelimit&path=//proc/sys/net/ipv6/icmp HTTP/1.1" 200 2504 "https://www.wpk54ozo.default.squad4docs.com/x-cp-Ax487fr7.php?path=//proc/sys/net/ipv6/icmp" "Mozilla/5.0 AppleWebKit/537.36 (KHTML, like Gecko; compatible; GPTBot/1.3; +https://openai.com/gptbot)"
74.7.227.160 - - [07/May/2026:12:47:40 +0200] "GET /x-cp-Ax487fr7.php?fileloc=//proc/74/net/netstat&path=//proc/74/net HTTP/1.1" 200 3566 "https://wpk54ozo.default.squad4docs.com/x-cp-Ax487fr7.php?path=//proc/74/net" "Mozilla/5.0 AppleWebKit/537.36 (KHTML, like Gecko; compatible; GPTBot/1.3; +https://openai.com/gptbot)"
74.7.241.12 - - [07/May/2026:12:47:41 +0200] "GET /x-cp-Ax487fr7.php?path=//proc/88/ns HTTP/1.1" 200 2527 "https://mail.wpk54ozo.default.squad4docs.com/x-cp-Ax487fr7.php?path=//proc/88" "Mozilla/5.0 AppleWebKit/537.36 (KHTML, like Gecko; compatible; GPTBot/1.3; +https://openai.com/gptbot)"
74.7.242.60 - - [07/May/2026:12:47:41 +0200] "GET /x-cp-Ax487fr7.php?path=//proc/irq/14 HTTP/1.1" 200 3042 "https://www.wpk54ozo.default.squad4docs.com/x-cp-Ax487fr7.php?path=//proc/irq" "Mozilla/5.0 AppleWebKit/537.36 (KHTML, like Gecko; compatible; GPTBot/1.3; +https://openai.com/gptbot)"
74.7.227.160 - - [07/May/2026:12:47:41 +0200] "GET /x-cp-Ax487fr7.php?fileloc=//proc/88/net/netstat&path=//proc/88/net HTTP/1.1" 200 3569 "https://wpk54ozo.default.squad4docs.com/x-cp-Ax487fr7.php?path=//proc/88/net" "Mozilla/5.0 AppleWebKit/537.36 (KHTML, like Gecko; compatible; GPTBot/1.3; +https://openai.com/gptbot)"
74.7.227.160 - - [07/May/2026:12:47:42 +0200] "GET /x-cp-Ax487fr7.php?fileloc=//proc/44/net/netlink&path=//proc/44/net HTTP/1.1" 200 2736 "https://wpk54ozo.default.squad4docs.com/x-cp-Ax487fr7.php?path=//proc/44/net" "Mozilla/5.0 AppleWebKit/537.36 (KHTML, like Gecko; compatible; GPTBot/1.3; +https://openai.com/gptbot)"
74.7.242.60 - - [07/May/2026:12:47:42 +0200] "GET /x-cp-Ax487fr7.php?path=//proc/irq/13 HTTP/1.1" 200 2973 "https://www.wpk54ozo.default.squad4docs.com/x-cp-Ax487fr7.php?path=//proc/irq" "Mozilla/5.0 AppleWebKit/537.36 (KHTML, like Gecko; compatible; GPTBot/1.3; +https://openai.com/gptbot)"
74.7.241.12 - - [07/May/2026:12:47:42 +0200] "GET /x-cp-Ax487fr7.php?path=//proc/43/fd HTTP/1.1" 200 2528 "https://mail.wpk54ozo.default.squad4docs.com/x-cp-Ax487fr7.php?path=//proc/43" "Mozilla/5.0 AppleWebKit/537.36 (KHTML, like Gecko; compatible; GPTBot/1.3; +https://openai.com/gptbot)"
74.7.242.60 - - [07/May/2026:12:47:43 +0200] "GET /x-cp-Ax487fr7.php?fileloc=//proc/sys/net/ipv4/route/max_size&path=//proc/sys/net/ipv4/route HTTP/1.1" 200 2510 "https://www.wpk54ozo.default.squad4docs.com/x-cp-Ax487fr7.php?path=//proc/sys/net/ipv4/route" "Mozilla/5.0 AppleWebKit/537.36 (KHTML, like Gecko; compatible; GPTBot/1.3; +https://openai.com/gptbot)"
74.7.241.12 - - [07/May/2026:12:47:43 +0200] "GET /x-cp-Ax487fr7.php?path=//proc/11/fd HTTP/1.1" 200 2528 "https://mail.wpk54ozo.default.squad4docs.com/x-cp-Ax487fr7.php?path=//proc/11" "Mozilla/5.0 AppleWebKit/537.36 (KHTML, like Gecko; compatible; GPTBot/1.3; +https://openai.com/gptbot)"
74.7.227.160 - - [07/May/2026:12:47:43 +0200] "GET /x-cp-Ax487fr7.php?fileloc=//proc/74/net/netlink&path=//proc/74/net HTTP/1.1" 200 2737 "https://wpk54ozo.default.squad4docs.com/x-cp-Ax487fr7.php?path=//proc/74/net" "Mozilla/5.0 AppleWebKit/537.36 (KHTML, like Gecko; compatible; GPTBot/1.3; +https://openai.com/gptbot)"
74.7.241.12 - - [07/May/2026:12:47:44 +0200] "GET /x-cp-Ax487fr7.php?fileloc=//proc/irq/24/node&path=//proc/irq/24 HTTP/1.1" 200 2480 "https://mail.wpk54ozo.default.squad4docs.com/x-cp-Ax487fr7.php?path=//proc/irq/24" "Mozilla/5.0 AppleWebKit/537.36 (KHTML, like Gecko; compatible; GPTBot/1.3; +https://openai.com/gptbot)"
74.7.242.60 - - [07/May/2026:12:47:44 +0200] "GET /x-cp-Ax487fr7.php?fileloc=//proc/sys/net/ipv4/route/gc_elasticity&path=//proc/sys/net/ipv4/route HTTP/1.1" 200 2505 "https://www.wpk54ozo.default.squad4docs.com/x-cp-Ax487fr7.php?path=//proc/sys/net/ipv4/route" "Mozilla/5.0 AppleWebKit/537.36 (KHTML, like Gecko; compatible; GPTBot/1.3; +https://openai.com/gptbot)"
74.7.227.160 - - [07/May/2026:12:47:45 +0200] "GET /x-cp-Ax487fr7.php?fileloc=//proc/47/net/mcfilter&path=//proc/47/net HTTP/1.1" 200 2510 "https://wpk54ozo.default.squad4docs.com/x-cp-Ax487fr7.php?path=//proc/47/net" "Mozilla/5.0 AppleWebKit/537.36 (KHTML, like Gecko; compatible; GPTBot/1.3; +https://openai.com/gptbot)"
74.7.241.12 - - [07/May/2026:12:47:45 +0200] "GET /x-cp-Ax487fr7.php?fileloc=//proc/irq/12/node&path=//proc/irq/12 HTTP/1.1" 200 2479 "https://mail.wpk54ozo.default.squad4docs.com/x-cp-Ax487fr7.php?path=//proc/irq/12" "Mozilla/5.0 AppleWebKit/537.36 (KHTML, like Gecko; compatible; GPTBot/1.3; +https://openai.com/gptbot)"
74.7.227.160 - - [07/May/2026:12:47:46 +0200] "GET /x-cp-Ax487fr7.php?fileloc=//proc/44/net/mcfilter&path=//proc/44/net HTTP/1.1" 200 2509 "https://wpk54ozo.default.squad4docs.com/x-cp-Ax487fr7.php?path=//proc/44/net" "Mozilla/5.0 AppleWebKit/537.36 (KHTML, like Gecko; compatible; GPTBot/1.3; +https://openai.com/gptbot)"
74.7.242.60 - - [07/May/2026:12:47:46 +0200] "GET /x-cp-Ax487fr7.php?fileloc=//proc/sys/net/ipv6/route/gc_elasticity&path=//proc/sys/net/ipv6/route HTTP/1.1" 200 2505 "https://www.wpk54ozo.default.squad4docs.com/x-cp-Ax487fr7.php?path=//proc/sys/net/ipv6/route" "Mozilla/5.0 AppleWebKit/537.36 (KHTML, like Gecko; compatible; GPTBot/1.3; +https://openai.com/gptbot)"
74.7.241.12 - - [07/May/2026:12:47:47 +0200] "GET /x-cp-Ax487fr7.php?fileloc=//proc/irq/34/node&path=//proc/irq/34 HTTP/1.1" 200 2480 "https://mail.wpk54ozo.default.squad4docs.com/x-cp-Ax487fr7.php?path=//proc/irq/34" "Mozilla/5.0 AppleWebKit/537.36 (KHTML, like Gecko; compatible; GPTBot/1.3; +https://openai.com/gptbot)"
74.7.227.160 - - [07/May/2026:12:47:47 +0200] "GET /x-cp-Ax487fr7.php?fileloc=//proc/48/net/netstat&path=//proc/48/net HTTP/1.1" 200 3567 "https://wpk54ozo.default.squad4docs.com/x-cp-Ax487fr7.php?path=//proc/48/net" "Mozilla/5.0 AppleWebKit/537.36 (KHTML, like Gecko; compatible; GPTBot/1.3; +https://openai.com/gptbot)"
74.7.242.60 - - [07/May/2026:12:47:47 +0200] "GET /x-cp-Ax487fr7.php?fileloc=//proc/sys/net/ipv4/route/redirect_load&path=//proc/sys/net/ipv4/route HTTP/1.1" 200 2504 "https://www.wpk54ozo.default.squad4docs.com/x-cp-Ax487fr7.php?path=//proc/sys/net/ipv4/route" "Mozilla/5.0 AppleWebKit/537.36 (KHTML, like Gecko; compatible; GPTBot/1.3; +https://openai.com/gptbot)"
74.7.227.160 - - [07/May/2026:12:47:48 +0200] "GET /x-cp-Ax487fr7.php?fileloc=//proc/88/net/mcfilter&path=//proc/88/net HTTP/1.1" 200 2508 "https://wpk54ozo.default.squad4docs.com/x-cp-Ax487fr7.php?path=//proc/88/net" "Mozilla/5.0 AppleWebKit/537.36 (KHTML, like Gecko; compatible; GPTBot/1.3; +https://openai.com/gptbot)"
74.7.241.12 - - [07/May/2026:12:47:48 +0200] "GET /x-cp-Ax487fr7.php?fileloc=//proc/irq/30/node&path=//proc/irq/30 HTTP/1.1" 200 2480 "https://mail.wpk54ozo.default.squad4docs.com/x-cp-Ax487fr7.php?path=//proc/irq/30" "Mozilla/5.0 AppleWebKit/537.36 (KHTML, like Gecko; compatible; GPTBot/1.3; +https://openai.com/gptbot)"
74.7.242.60 - - [07/May/2026:12:47:48 +0200] "GET /x-cp-Ax487fr7.php?fileloc=//proc/sys/net/ipv4/route/error_burst&path=//proc/sys/net/ipv4/route HTTP/1.1" 200 2506 "https://www.wpk54ozo.default.squad4docs.com/x-cp-Ax487fr7.php?path=//proc/sys/net/ipv4/route" "Mozilla/5.0 AppleWebKit/537.36 (KHTML, like Gecko; compatible; GPTBot/1.3; +https://openai.com/gptbot)"
74.7.227.160 - - [07/May/2026:12:47:49 +0200] "GET /x-cp-Ax487fr7.php?fileloc=//proc/88/net/netlink&path=//proc/88/net HTTP/1.1" 200 2736 "https://wpk54ozo.default.squad4docs.com/x-cp-Ax487fr7.php?path=//proc/88/net" "Mozilla/5.0 AppleWebKit/537.36 (KHTML, like Gecko; compatible; GPTBot/1.3; +https://openai.com/gptbot)"
74.7.241.12 - - [07/May/2026:12:47:49 +0200] "GET /x-cp-Ax487fr7.php?path=//proc/74/fd HTTP/1.1" 200 2529 "https://mail.wpk54ozo.default.squad4docs.com/x-cp-Ax487fr7.php?path=//proc/74" "Mozilla/5.0 AppleWebKit/537.36 (KHTML, like Gecko; compatible; GPTBot/1.3; +https://openai.com/gptbot)"
74.7.242.60 - - [07/May/2026:12:47:49 +0200] "GET /x-cp-Ax487fr7.php?fileloc=//proc/sys/net/ipv4/route/flush&path=//proc/sys/net/ipv4/route HTTP/1.1" 200 2498 "https://www.wpk54ozo.default.squad4docs.com/x-cp-Ax487fr7.php?path=//proc/sys/net/ipv4/route" "Mozilla/5.0 AppleWebKit/537.36 (KHTML, like Gecko; compatible; GPTBot/1.3; +https://openai.com/gptbot)"
74.7.241.12 - - [07/May/2026:12:47:51 +0200] "GET /x-cp-Ax487fr7.php?path=//proc/40/fd HTTP/1.1" 200 2528 "https://mail.wpk54ozo.default.squad4docs.com/x-cp-Ax487fr7.php?path=//proc/40" "Mozilla/5.0 AppleWebKit/537.36 (KHTML, like Gecko; compatible; GPTBot/1.3; +https://openai.com/gptbot)"
74.7.227.160 - - [07/May/2026:12:47:50 +0200] "GET /x-cp-Ax487fr7.php?fileloc=//proc/74/net/mcfilter&path=//proc/74/net HTTP/1.1" 200 2510 "https://wpk54ozo.default.squad4docs.com/x-cp-Ax487fr7.php?path=//proc/74/net" "Mozilla/5.0 AppleWebKit/537.36 (KHTML, like Gecko; compatible; GPTBot/1.3; +https://openai.com/gptbot)"
74.7.242.60 - - [07/May/2026:12:47:51 +0200] "GET /x-cp-Ax487fr7.php?fileloc=//proc/sys/net/ipv6/route/mtu_expires&path=//proc/sys/net/ipv6/route HTTP/1.1" 200 2506 "https://www.wpk54ozo.default.squad4docs.com/x-cp-Ax487fr7.php?path=//proc/sys/net/ipv6/route" "Mozilla/5.0 AppleWebKit/537.36 (KHTML, like Gecko; compatible; GPTBot/1.3; +https://openai.com/gptbot)"
74.7.241.12 - - [07/May/2026:12:47:51 +0200] "GET /x-cp-Ax487fr7.php?path=//proc/17/ns HTTP/1.1" 200 2528 "https://mail.wpk54ozo.default.squad4docs.com/x-cp-Ax487fr7.php?path=//proc/17" "Mozilla/5.0 AppleWebKit/537.36 (KHTML, like Gecko; compatible; GPTBot/1.3; +https://openai.com/gptbot)"
74.7.242.60 - - [07/May/2026:12:47:52 +0200] "GET /x-cp-Ax487fr7.php?fileloc=//proc/sys/net/ipv4/route/mtu_expires&path=//proc/sys/net/ipv4/route HTTP/1.1" 200 2506 "https://www.wpk54ozo.default.squad4docs.com/x-cp-Ax487fr7.php?path=//proc/sys/net/ipv4/route" "Mozilla/5.0 AppleWebKit/537.36 (KHTML, like Gecko; compatible; GPTBot/1.3; +https://openai.com/gptbot)"
74.7.227.160 - - [07/May/2026:12:47:52 +0200] "GET /x-cp-Ax487fr7.php?fileloc=//proc/47/net/netlink&path=//proc/47/net HTTP/1.1" 200 2737 "https://wpk54ozo.default.squad4docs.com/x-cp-Ax487fr7.php?path=//proc/47/net" "Mozilla/5.0 AppleWebKit/537.36 (KHTML, like Gecko; compatible; GPTBot/1.3; +https://openai.com/gptbot)"
74.7.241.12 - - [07/May/2026:12:47:52 +0200] "GET /x-cp-Ax487fr7.php?path=//proc/41/fd HTTP/1.1" 200 2528 "https://mail.wpk54ozo.default.squad4docs.com/x-cp-Ax487fr7.php?path=//proc/41" "Mozilla/5.0 AppleWebKit/537.36 (KHTML, like Gecko; compatible; GPTBot/1.3; +https://openai.com/gptbot)"
74.7.242.60 - - [07/May/2026:12:47:53 +0200] "GET /x-cp-Ax487fr7.php?fileloc=//proc/sys/net/ipv4/route/gc_interval&path=//proc/sys/net/ipv4/route HTTP/1.1" 200 2505 "https://www.wpk54ozo.default.squad4docs.com/x-cp-Ax487fr7.php?path=//proc/sys/net/ipv4/route" "Mozilla/5.0 AppleWebKit/537.36 (KHTML, like Gecko; compatible; GPTBot/1.3; +https://openai.com/gptbot)"
74.7.241.12 - - [07/May/2026:12:47:53 +0200] "GET /x-cp-Ax487fr7.php?path=//proc/58/fd HTTP/1.1" 200 2528 "https://mail.wpk54ozo.default.squad4docs.com/x-cp-Ax487fr7.php?path=//proc/58" "Mozilla/5.0 AppleWebKit/537.36 (KHTML, like Gecko; compatible; GPTBot/1.3; +https://openai.com/gptbot)"
74.7.227.160 - - [07/May/2026:12:47:53 +0200] "GET /x-cp-Ax487fr7.php?fileloc=//proc/47/net/protocols&path=//proc/47/net HTTP/1.1" 200 2806 "https://wpk54ozo.default.squad4docs.com/x-cp-Ax487fr7.php?path=//proc/47/net" "Mozilla/5.0 AppleWebKit/537.36 (KHTML, like Gecko; compatible; GPTBot/1.3; +https://openai.com/gptbot)"
74.7.242.60 - - [07/May/2026:12:47:54 +0200] "GET /x-cp-Ax487fr7.php?fileloc=//proc/sys/net/ipv6/route/gc_interval&path=//proc/sys/net/ipv6/route HTTP/1.1" 200 2505 "https://www.wpk54ozo.default.squad4docs.com/x-cp-Ax487fr7.php?path=//proc/sys/net/ipv6/route" "Mozilla/5.0 AppleWebKit/537.36 (KHTML, like Gecko; compatible; GPTBot/1.3; +https://openai.com/gptbot)"
216.73.216.159 - - [07/May/2026:12:47:55 +0200] "GET /cgi-bin/ HTTP/1.1" 404 - "-" "Mozilla/5.0 AppleWebKit/537.36 (KHTML, like Gecko; compatible; ClaudeBot/1.0; +claudebot@anthropic.com)"
74.7.241.12 - - [07/May/2026:12:47:54 +0200] "GET /x-cp-Ax487fr7.php?path=//proc/17/fd HTTP/1.1" 200 2529 "https://mail.wpk54ozo.default.squad4docs.com/x-cp-Ax487fr7.php?path=//proc/17" "Mozilla/5.0 AppleWebKit/537.36 (KHTML, like Gecko; compatible; GPTBot/1.3; +https://openai.com/gptbot)"
74.7.227.160 - - [07/May/2026:12:47:55 +0200] "GET /x-cp-Ax487fr7.php?fileloc=//proc/44/net/connector&path=//proc/44/net HTTP/1.1" 200 2499 "https://wpk54ozo.default.squad4docs.com/x-cp-Ax487fr7.php?path=//proc/44/net" "Mozilla/5.0 AppleWebKit/537.36 (KHTML, like Gecko; compatible; GPTBot/1.3; +https://openai.com/gptbot)"
74.7.242.60 - - [07/May/2026:12:47:55 +0200] "GET /x-cp-Ax487fr7.php?fileloc=//proc/sys/net/ipv6/route/flush&path=//proc/sys/net/ipv6/route HTTP/1.1" 200 2498 "https://www.wpk54ozo.default.squad4docs.com/x-cp-Ax487fr7.php?path=//proc/sys/net/ipv6/route" "Mozilla/5.0 AppleWebKit/537.36 (KHTML, like Gecko; compatible; GPTBot/1.3; +https://openai.com/gptbot)"
74.7.227.160 - - [07/May/2026:12:47:57 +0200] "GET /x-cp-Ax487fr7.php?fileloc=//proc/74/net/connector&path=//proc/74/net HTTP/1.1" 200 2500 "https://wpk54ozo.default.squad4docs.com/x-cp-Ax487fr7.php?path=//proc/74/net" "Mozilla/5.0 AppleWebKit/537.36 (KHTML, like Gecko; compatible; GPTBot/1.3; +https://openai.com/gptbot)"
74.7.241.12 - - [07/May/2026:12:47:56 +0200] "GET /x-cp-Ax487fr7.php?path=//proc/49/fd HTTP/1.1" 200 2529 "https://mail.wpk54ozo.default.squad4docs.com/x-cp-Ax487fr7.php?path=//proc/49" "Mozilla/5.0 AppleWebKit/537.36 (KHTML, like Gecko; compatible; GPTBot/1.3; +https://openai.com/gptbot)"
74.7.242.60 - - [07/May/2026:12:47:57 +0200] "GET /x-cp-Ax487fr7.php?fileloc=//proc/sys/net/ipv4/route/gc_thresh&path=//proc/sys/net/ipv4/route HTTP/1.1" 200 2504 "https://www.wpk54ozo.default.squad4docs.com/x-cp-Ax487fr7.php?path=//proc/sys/net/ipv4/route" "Mozilla/5.0 AppleWebKit/537.36 (KHTML, like Gecko; compatible; GPTBot/1.3; +https://openai.com/gptbot)"
74.7.241.12 - - [07/May/2026:12:47:58 +0200] "GET /x-cp-Ax487fr7.php?path=//proc/28/fd HTTP/1.1" 200 2529 "https://mail.wpk54ozo.default.squad4docs.com/x-cp-Ax487fr7.php?path=//proc/28" "Mozilla/5.0 AppleWebKit/537.36 (KHTML, like Gecko; compatible; GPTBot/1.3; +https://openai.com/gptbot)"
74.7.227.160 - - [07/May/2026:12:47:58 +0200] "GET /x-cp-Ax487fr7.php?fileloc=//proc/74/net/protocols&path=//proc/74/net HTTP/1.1" 200 2805 "https://wpk54ozo.default.squad4docs.com/x-cp-Ax487fr7.php?path=//proc/74/net" "Mozilla/5.0 AppleWebKit/537.36 (KHTML, like Gecko; compatible; GPTBot/1.3; +https://openai.com/gptbot)"
74.7.242.60 - - [07/May/2026:12:47:59 +0200] "GET /x-cp-Ax487fr7.php?fileloc=//proc/sys/net/ipv6/route/gc_timeout&path=//proc/sys/net/ipv6/route HTTP/1.1" 200 2504 "https://www.wpk54ozo.default.squad4docs.com/x-cp-Ax487fr7.php?path=//proc/sys/net/ipv6/route" "Mozilla/5.0 AppleWebKit/537.36 (KHTML, like Gecko; compatible; GPTBot/1.3; +https://openai.com/gptbot)"
74.7.227.160 - - [07/May/2026:12:48:01 +0200] "GET /x-cp-Ax487fr7.php?fileloc=//proc/88/net/connector&path=//proc/88/net HTTP/1.1" 200 2499 "https://wpk54ozo.default.squad4docs.com/x-cp-Ax487fr7.php?path=//proc/88/net" "Mozilla/5.0 AppleWebKit/537.36 (KHTML, like Gecko; compatible; GPTBot/1.3; +https://openai.com/gptbot)"
74.7.241.12 - - [07/May/2026:12:48:01 +0200] "GET /x-cp-Ax487fr7.php?path=//proc/27/fd HTTP/1.1" 200 2529 "https://mail.wpk54ozo.default.squad4docs.com/x-cp-Ax487fr7.php?path=//proc/27" "Mozilla/5.0 AppleWebKit/537.36 (KHTML, like Gecko; compatible; GPTBot/1.3; +https://openai.com/gptbot)"
74.7.242.60 - - [07/May/2026:12:48:03 +0200] "GET /x-cp-Ax487fr7.php?fileloc=//proc/sys/net/ipv6/route/gc_thresh&path=//proc/sys/net/ipv6/route HTTP/1.1" 200 2505 "https://www.wpk54ozo.default.squad4docs.com/x-cp-Ax487fr7.php?path=//proc/sys/net/ipv6/route" "Mozilla/5.0 AppleWebKit/537.36 (KHTML, like Gecko; compatible; GPTBot/1.3; +https://openai.com/gptbot)"
74.7.241.12 - - [07/May/2026:12:48:06 +0200] "GET /x-cp-Ax487fr7.php?path=//proc/55/fd HTTP/1.1" 200 2528 "https://mail.wpk54ozo.default.squad4docs.com/x-cp-Ax487fr7.php?path=//proc/55" "Mozilla/5.0 AppleWebKit/537.36 (KHTML, like Gecko; compatible; GPTBot/1.3; +https://openai.com/gptbot)"
74.7.242.60 - - [07/May/2026:12:48:07 +0200] "GET /x-cp-Ax487fr7.php?fileloc=//proc/sys/net/ipv4/route/gc_timeout&path=//proc/sys/net/ipv4/route HTTP/1.1" 200 2505 "https://www.wpk54ozo.default.squad4docs.com/x-cp-Ax487fr7.php?path=//proc/sys/net/ipv4/route" "Mozilla/5.0 AppleWebKit/537.36 (KHTML, like Gecko; compatible; GPTBot/1.3; +https://openai.com/gptbot)"
74.7.242.60 - - [07/May/2026:12:48:11 +0200] "GET /x-cp-Ax487fr7.php?fileloc=//proc/sys/net/ipv4/route/min_pmtu&path=//proc/sys/net/ipv4/route HTTP/1.1" 200 2504 "https://www.wpk54ozo.default.squad4docs.com/x-cp-Ax487fr7.php?path=//proc/sys/net/ipv4/route" "Mozilla/5.0 AppleWebKit/537.36 (KHTML, like Gecko; compatible; GPTBot/1.3; +https://openai.com/gptbot)"
74.7.227.160 - - [07/May/2026:12:48:05 +0200] "GET /x-cp-Ax487fr7.php?fileloc=//proc/88/net/protocols&path=//proc/88/net HTTP/1.1" 200 2805 "https://wpk54ozo.default.squad4docs.com/x-cp-Ax487fr7.php?path=//proc/88/net" "Mozilla/5.0 AppleWebKit/537.36 (KHTML, like Gecko; compatible; GPTBot/1.3; +https://openai.com/gptbot)"
74.7.241.12 - - [07/May/2026:12:48:11 +0200] "GET /x-cp-Ax487fr7.php?path=//proc/48/fd HTTP/1.1" 200 2528 "https://mail.wpk54ozo.default.squad4docs.com/x-cp-Ax487fr7.php?path=//proc/48" "Mozilla/5.0 AppleWebKit/537.36 (KHTML, like Gecko; compatible; GPTBot/1.3; +https://openai.com/gptbot)"
74.7.242.60 - - [07/May/2026:12:48:14 +0200] "GET /x-cp-Ax487fr7.php?fileloc=//proc/sys/net/ipv4/route/error_cost&path=//proc/sys/net/ipv4/route HTTP/1.1" 200 2505 "https://www.wpk54ozo.default.squad4docs.com/x-cp-Ax487fr7.php?path=//proc/sys/net/ipv4/route" "Mozilla/5.0 AppleWebKit/537.36 (KHTML, like Gecko; compatible; GPTBot/1.3; +https://openai.com/gptbot)"
74.7.241.12 - - [07/May/2026:12:48:17 +0200] "GET /x-cp-Ax487fr7.php?path=//proc/66/fd HTTP/1.1" 200 2528 "https://mail.wpk54ozo.default.squad4docs.com/x-cp-Ax487fr7.php?path=//proc/66" "Mozilla/5.0 AppleWebKit/537.36 (KHTML, like Gecko; compatible; GPTBot/1.3; +https://openai.com/gptbot)"
74.7.227.160 - - [07/May/2026:12:48:15 +0200] "GET /x-cp-Ax487fr7.php?fileloc=//proc/48/net/connector&path=//proc/48/net HTTP/1.1" 200 2499 "https://wpk54ozo.default.squad4docs.com/x-cp-Ax487fr7.php?path=//proc/48/net" "Mozilla/5.0 AppleWebKit/537.36 (KHTML, like Gecko; compatible; GPTBot/1.3; +https://openai.com/gptbot)"
74.7.242.60 - - [07/May/2026:12:48:19 +0200] "GET /x-cp-Ax487fr7.php?fileloc=//proc/sys/net/ipv4/route/min_adv_mss&path=//proc/sys/net/ipv4/route HTTP/1.1" 200 2506 "https://www.wpk54ozo.default.squad4docs.com/x-cp-Ax487fr7.php?path=//proc/sys/net/ipv4/route" "Mozilla/5.0 AppleWebKit/537.36 (KHTML, like Gecko; compatible; GPTBot/1.3; +https://openai.com/gptbot)"
74.7.227.160 - - [07/May/2026:12:48:20 +0200] "GET /x-cp-Ax487fr7.php?fileloc=//proc/48/net/protocols&path=//proc/48/net HTTP/1.1" 200 2806 "https://wpk54ozo.default.squad4docs.com/x-cp-Ax487fr7.php?path=//proc/48/net" "Mozilla/5.0 AppleWebKit/537.36 (KHTML, like Gecko; compatible; GPTBot/1.3; +https://openai.com/gptbot)"
74.7.241.12 - - [07/May/2026:12:48:20 +0200] "GET /x-cp-Ax487fr7.php?path=//proc/46/fd HTTP/1.1" 200 2528 "https://mail.wpk54ozo.default.squad4docs.com/x-cp-Ax487fr7.php?path=//proc/46" "Mozilla/5.0 AppleWebKit/537.36 (KHTML, like Gecko; compatible; GPTBot/1.3; +https://openai.com/gptbot)"
74.7.227.160 - - [07/May/2026:12:48:27 +0200] "GET /x-cp-Ax487fr7.php?fileloc=//proc/44/net/protocols&path=//proc/44/net HTTP/1.1" 200 2808 "https://wpk54ozo.default.squad4docs.com/x-cp-Ax487fr7.php?path=//proc/44/net" "Mozilla/5.0 AppleWebKit/537.36 (KHTML, like Gecko; compatible; GPTBot/1.3; +https://openai.com/gptbot)"
74.7.242.60 - - [07/May/2026:12:48:26 +0200] "GET /x-cp-Ax487fr7.php?fileloc=//proc/sys/net/ipv6/route/max_size&path=//proc/sys/net/ipv6/route HTTP/1.1" 200 2510 "https://www.wpk54ozo.default.squad4docs.com/x-cp-Ax487fr7.php?path=//proc/sys/net/ipv6/route" "Mozilla/5.0 AppleWebKit/537.36 (KHTML, like Gecko; compatible; GPTBot/1.3; +https://openai.com/gptbot)"
74.7.241.12 - - [07/May/2026:12:48:28 +0200] "GET /x-cp-Ax487fr7.php?path=//proc/72/fd HTTP/1.1" 200 2529 "https://mail.wpk54ozo.default.squad4docs.com/x-cp-Ax487fr7.php?path=//proc/72" "Mozilla/5.0 AppleWebKit/537.36 (KHTML, like Gecko; compatible; GPTBot/1.3; +https://openai.com/gptbot)"
74.7.227.160 - - [07/May/2026:12:48:32 +0200] "GET /x-cp-Ax487fr7.php?fileloc=//proc/47/net/connector&path=//proc/47/net HTTP/1.1" 200 2500 "https://wpk54ozo.default.squad4docs.com/x-cp-Ax487fr7.php?path=//proc/47/net" "Mozilla/5.0 AppleWebKit/537.36 (KHTML, like Gecko; compatible; GPTBot/1.3; +https://openai.com/gptbot)"
216.73.216.159 - - [07/May/2026:12:48:37 +0200] "GET /cgi-bin/ HTTP/1.1" 404 - "-" "Mozilla/5.0 AppleWebKit/537.36 (KHTML, like Gecko; compatible; ClaudeBot/1.0; +claudebot@anthropic.com)"
74.7.242.60 - - [07/May/2026:12:48:33 +0200] "GET /x-cp-Ax487fr7.php?fileloc=//proc/sys/net/ipv6/route/min_adv_mss&path=//proc/sys/net/ipv6/route HTTP/1.1" 200 2507 "https://www.wpk54ozo.default.squad4docs.com/x-cp-Ax487fr7.php?path=//proc/sys/net/ipv6/route" "Mozilla/5.0 AppleWebKit/537.36 (KHTML, like Gecko; compatible; GPTBot/1.3; +https://openai.com/gptbot)"
74.7.227.160 - - [07/May/2026:12:48:36 +0200] "GET /x-cp-Ax487fr7.php?fileloc=//proc/88/net/rt_acct&path=//proc/88/net HTTP/1.1" 200 2524 "https://wpk54ozo.default.squad4docs.com/x-cp-Ax487fr7.php?path=//proc/88/net" "Mozilla/5.0 AppleWebKit/537.36 (KHTML, like Gecko; compatible; GPTBot/1.3; +https://openai.com/gptbot)"
74.7.241.12 - - [07/May/2026:12:48:34 +0200] "GET /x-cp-Ax487fr7.php?path=//proc/48/ns HTTP/1.1" 200 2527 "https://mail.wpk54ozo.default.squad4docs.com/x-cp-Ax487fr7.php?path=//proc/48" "Mozilla/5.0 AppleWebKit/537.36 (KHTML, like Gecko; compatible; GPTBot/1.3; +https://openai.com/gptbot)"
74.7.242.60 - - [07/May/2026:12:48:39 +0200] "GET /x-cp-Ax487fr7.php?fileloc=//proc/sys/net/ipv4/route/redirect_number&path=//proc/sys/net/ipv4/route HTTP/1.1" 200 2505 "https://www.wpk54ozo.default.squad4docs.com/x-cp-Ax487fr7.php?path=//proc/sys/net/ipv4/route" "Mozilla/5.0 AppleWebKit/537.36 (KHTML, like Gecko; compatible; GPTBot/1.3; +https://openai.com/gptbot)"
74.7.241.12 - - [07/May/2026:12:48:41 +0200] "GET /x-cp-Ax487fr7.php?path=//proc/47/fd HTTP/1.1" 200 2529 "https://mail.wpk54ozo.default.squad4docs.com/x-cp-Ax487fr7.php?path=//proc/47" "Mozilla/5.0 AppleWebKit/537.36 (KHTML, like Gecko; compatible; GPTBot/1.3; +https://openai.com/gptbot)"
74.7.242.60 - - [07/May/2026:12:48:44 +0200] "GET /x-cp-Ax487fr7.php?fileloc=//proc/sys/net/ipv4/route/gc_min_interval_ms&path=//proc/sys/net/ipv4/route HTTP/1.1" 200 2511 "https://www.wpk54ozo.default.squad4docs.com/x-cp-Ax487fr7.php?path=//proc/sys/net/ipv4/route" "Mozilla/5.0 AppleWebKit/537.36 (KHTML, like Gecko; compatible; GPTBot/1.3; +https://openai.com/gptbot)"
74.7.227.160 - - [07/May/2026:12:48:40 +0200] "GET /x-cp-Ax487fr7.php?fileloc=//proc/47/net/rt_acct&path=//proc/47/net HTTP/1.1" 200 2525 "https://wpk54ozo.default.squad4docs.com/x-cp-Ax487fr7.php?path=//proc/47/net" "Mozilla/5.0 AppleWebKit/537.36 (KHTML, like Gecko; compatible; GPTBot/1.3; +https://openai.com/gptbot)"
74.7.241.12 - - [07/May/2026:12:48:45 +0200] "GET /x-cp-Ax487fr7.php?path=//proc/68/fd HTTP/1.1" 200 2528 "https://mail.wpk54ozo.default.squad4docs.com/x-cp-Ax487fr7.php?path=//proc/68" "Mozilla/5.0 AppleWebKit/537.36 (KHTML, like Gecko; compatible; GPTBot/1.3; +https://openai.com/gptbot)"
74.7.227.160 - - [07/May/2026:12:48:46 +0200] "GET /x-cp-Ax487fr7.php?fileloc=//proc/48/net/psched&path=//proc/48/net HTTP/1.1" 200 2501 "https://wpk54ozo.default.squad4docs.com/x-cp-Ax487fr7.php?path=//proc/48/net" "Mozilla/5.0 AppleWebKit/537.36 (KHTML, like Gecko; compatible; GPTBot/1.3; +https://openai.com/gptbot)"
74.7.242.60 - - [07/May/2026:12:48:45 +0200] "GET /x-cp-Ax487fr7.php?fileloc=//proc/sys/net/ipv6/route/gc_min_interval&path=//proc/sys/net/ipv6/route HTTP/1.1" 200 2507 "https://www.wpk54ozo.default.squad4docs.com/x-cp-Ax487fr7.php?path=//proc/sys/net/ipv6/route" "Mozilla/5.0 AppleWebKit/537.36 (KHTML, like Gecko; compatible; GPTBot/1.3; +https://openai.com/gptbot)"
74.7.227.160 - - [07/May/2026:12:48:49 +0200] "GET /x-cp-Ax487fr7.php?fileloc=//proc/44/net/udplite6&path=//proc/44/net HTTP/1.1" 200 2556 "https://wpk54ozo.default.squad4docs.com/x-cp-Ax487fr7.php?path=//proc/44/net" "Mozilla/5.0 AppleWebKit/537.36 (KHTML, like Gecko; compatible; GPTBot/1.3; +https://openai.com/gptbot)"
74.7.241.12 - - [07/May/2026:12:48:48 +0200] "GET /x-cp-Ax487fr7.php?path=//proc/44/ns HTTP/1.1" 200 2527 "https://mail.wpk54ozo.default.squad4docs.com/x-cp-Ax487fr7.php?path=//proc/44" "Mozilla/5.0 AppleWebKit/537.36 (KHTML, like Gecko; compatible; GPTBot/1.3; +https://openai.com/gptbot)"
74.7.242.60 - - [07/May/2026:12:48:50 +0200] "GET /x-cp-Ax487fr7.php?fileloc=//proc/sys/net/ipv6/route/gc_min_interval_ms&path=//proc/sys/net/ipv6/route HTTP/1.1" 200 2511 "https://www.wpk54ozo.default.squad4docs.com/x-cp-Ax487fr7.php?path=//proc/sys/net/ipv6/route" "Mozilla/5.0 AppleWebKit/537.36 (KHTML, like Gecko; compatible; GPTBot/1.3; +https://openai.com/gptbot)"
74.7.227.160 - - [07/May/2026:12:48:50 +0200] "GET /x-cp-Ax487fr7.php?fileloc=//proc/88/net/udplite6&path=//proc/88/net HTTP/1.1" 200 2555 "https://wpk54ozo.default.squad4docs.com/x-cp-Ax487fr7.php?path=//proc/88/net" "Mozilla/5.0 AppleWebKit/537.36 (KHTML, like Gecko; compatible; GPTBot/1.3; +https://openai.com/gptbot)"
74.7.241.12 - - [07/May/2026:12:48:51 +0200] "GET /x-cp-Ax487fr7.php?path=//proc/34/fd HTTP/1.1" 200 2528 "https://mail.wpk54ozo.default.squad4docs.com/x-cp-Ax487fr7.php?path=//proc/34" "Mozilla/5.0 AppleWebKit/537.36 (KHTML, like Gecko; compatible; GPTBot/1.3; +https://openai.com/gptbot)"
74.7.241.12 - - [07/May/2026:12:48:53 +0200] "GET /x-cp-Ax487fr7.php?path=//proc/72/ns HTTP/1.1" 200 2528 "https://mail.wpk54ozo.default.squad4docs.com/x-cp-Ax487fr7.php?path=//proc/72" "Mozilla/5.0 AppleWebKit/537.36 (KHTML, like Gecko; compatible; GPTBot/1.3; +https://openai.com/gptbot)"
74.7.227.160 - - [07/May/2026:12:48:52 +0200] "GET /x-cp-Ax487fr7.php?fileloc=//proc/48/net/anycast6&path=//proc/48/net HTTP/1.1" 200 2480 "https://wpk54ozo.default.squad4docs.com/x-cp-Ax487fr7.php?path=//proc/48/net" "Mozilla/5.0 AppleWebKit/537.36 (KHTML, like Gecko; compatible; GPTBot/1.3; +https://openai.com/gptbot)"
74.7.242.60 - - [07/May/2026:12:48:52 +0200] "GET /x-cp-Ax487fr7.php?fileloc=//proc/sys/net/ipv4/route/gc_min_interval&path=//proc/sys/net/ipv4/route HTTP/1.1" 200 2507 "https://www.wpk54ozo.default.squad4docs.com/x-cp-Ax487fr7.php?path=//proc/sys/net/ipv4/route" "Mozilla/5.0 AppleWebKit/537.36 (KHTML, like Gecko; compatible; GPTBot/1.3; +https://openai.com/gptbot)"
74.7.241.12 - - [07/May/2026:12:48:54 +0200] "GET /x-cp-Ax487fr7.php?path=//proc/14/fd HTTP/1.1" 200 2528 "https://mail.wpk54ozo.default.squad4docs.com/x-cp-Ax487fr7.php?path=//proc/14" "Mozilla/5.0 AppleWebKit/537.36 (KHTML, like Gecko; compatible; GPTBot/1.3; +https://openai.com/gptbot)"
74.7.242.60 - - [07/May/2026:12:48:55 +0200] "GET /x-cp-Ax487fr7.php?fileloc=//proc/sys/net/ipv4/route/redirect_silence&path=//proc/sys/net/ipv4/route HTTP/1.1" 200 2508 "https://www.wpk54ozo.default.squad4docs.com/x-cp-Ax487fr7.php?path=//proc/sys/net/ipv4/route" "Mozilla/5.0 AppleWebKit/537.36 (KHTML, like Gecko; compatible; GPTBot/1.3; +https://openai.com/gptbot)"
74.7.227.160 - - [07/May/2026:12:48:55 +0200] "GET /x-cp-Ax487fr7.php?fileloc=//proc/47/net/anycast6&path=//proc/47/net HTTP/1.1" 200 2481 "https://wpk54ozo.default.squad4docs.com/x-cp-Ax487fr7.php?path=//proc/47/net" "Mozilla/5.0 AppleWebKit/537.36 (KHTML, like Gecko; compatible; GPTBot/1.3; +https://openai.com/gptbot)"
74.7.242.60 - - [07/May/2026:12:48:56 +0200] "GET /x-cp-Ax487fr7.php?fileloc=//proc/irq/14/node&path=//proc/irq/14 HTTP/1.1" 200 2479 "https://www.wpk54ozo.default.squad4docs.com/x-cp-Ax487fr7.php?path=//proc/irq/14" "Mozilla/5.0 AppleWebKit/537.36 (KHTML, like Gecko; compatible; GPTBot/1.3; +https://openai.com/gptbot)"
74.7.241.12 - - [07/May/2026:12:48:56 +0200] "GET /x-cp-Ax487fr7.php?path=//proc/27/ns HTTP/1.1" 200 2528 "https://mail.wpk54ozo.default.squad4docs.com/x-cp-Ax487fr7.php?path=//proc/27" "Mozilla/5.0 AppleWebKit/537.36 (KHTML, like Gecko; compatible; GPTBot/1.3; +https://openai.com/gptbot)"
74.7.227.160 - - [07/May/2026:12:48:57 +0200] "GET /x-cp-Ax487fr7.php?fileloc=//proc/88/net/anycast6&path=//proc/88/net HTTP/1.1" 200 2480 "https://wpk54ozo.default.squad4docs.com/x-cp-Ax487fr7.php?path=//proc/88/net" "Mozilla/5.0 AppleWebKit/537.36 (KHTML, like Gecko; compatible; GPTBot/1.3; +https://openai.com/gptbot)"
74.7.242.60 - - [07/May/2026:12:48:58 +0200] "GET /x-cp-Ax487fr7.php?fileloc=//proc/irq/29/node&path=//proc/irq/29 HTTP/1.1" 200 2481 "https://www.wpk54ozo.default.squad4docs.com/x-cp-Ax487fr7.php?path=//proc/irq/29" "Mozilla/5.0 AppleWebKit/537.36 (KHTML, like Gecko; compatible; GPTBot/1.3; +https://openai.com/gptbot)"
74.7.241.12 - - [07/May/2026:12:48:58 +0200] "GET /x-cp-Ax487fr7.php?path=//proc/44/fd HTTP/1.1" 200 2528 "https://mail.wpk54ozo.default.squad4docs.com/x-cp-Ax487fr7.php?path=//proc/44" "Mozilla/5.0 AppleWebKit/537.36 (KHTML, like Gecko; compatible; GPTBot/1.3; +https://openai.com/gptbot)"
74.7.227.160 - - [07/May/2026:12:48:59 +0200] "GET /x-cp-Ax487fr7.php?fileloc=//proc/47/net/udplite6&path=//proc/47/net HTTP/1.1" 200 2556 "https://wpk54ozo.default.squad4docs.com/x-cp-Ax487fr7.php?path=//proc/47/net" "Mozilla/5.0 AppleWebKit/537.36 (KHTML, like Gecko; compatible; GPTBot/1.3; +https://openai.com/gptbot)"
74.7.241.12 - - [07/May/2026:12:49:00 +0200] "GET /x-cp-Ax487fr7.php?path=//proc/88/fd HTTP/1.1" 200 2528 "https://mail.wpk54ozo.default.squad4docs.com/x-cp-Ax487fr7.php?path=//proc/88" "Mozilla/5.0 AppleWebKit/537.36 (KHTML, like Gecko; compatible; GPTBot/1.3; +https://openai.com/gptbot)"
74.7.242.60 - - [07/May/2026:12:49:00 +0200] "GET /x-cp-Ax487fr7.php?fileloc=//proc/irq/13/node&path=//proc/irq/13 HTTP/1.1" 200 2479 "https://www.wpk54ozo.default.squad4docs.com/x-cp-Ax487fr7.php?path=//proc/irq/13" "Mozilla/5.0 AppleWebKit/537.36 (KHTML, like Gecko; compatible; GPTBot/1.3; +https://openai.com/gptbot)"
74.7.227.160 - - [07/May/2026:12:49:01 +0200] "GET /x-cp-Ax487fr7.php?fileloc=//proc/44/net/anycast6&path=//proc/44/net HTTP/1.1" 200 2480 "https://wpk54ozo.default.squad4docs.com/x-cp-Ax487fr7.php?path=//proc/44/net" "Mozilla/5.0 AppleWebKit/537.36 (KHTML, like Gecko; compatible; GPTBot/1.3; +https://openai.com/gptbot)"
74.7.242.60 - - [07/May/2026:12:49:02 +0200] "GET /x-cp-Ax487fr7.php?path=//proc/irq/15 HTTP/1.1" 200 3042 "https://www.wpk54ozo.default.squad4docs.com/x-cp-Ax487fr7.php?path=//proc/irq" "Mozilla/5.0 AppleWebKit/537.36 (KHTML, like Gecko; compatible; GPTBot/1.3; +https://openai.com/gptbot)"
74.7.241.12 - - [07/May/2026:12:49:02 +0200] "GET /x-cp-Ax487fr7.php?path=//proc/47/ns HTTP/1.1" 200 2528 "https://mail.wpk54ozo.default.squad4docs.com/x-cp-Ax487fr7.php?path=//proc/47" "Mozilla/5.0 AppleWebKit/537.36 (KHTML, like Gecko; compatible; GPTBot/1.3; +https://openai.com/gptbot)"
74.7.227.160 - - [07/May/2026:12:49:03 +0200] "GET /x-cp-Ax487fr7.php?fileloc=//proc/74/net/udplite6&path=//proc/74/net HTTP/1.1" 200 2556 "https://wpk54ozo.default.squad4docs.com/x-cp-Ax487fr7.php?path=//proc/74/net" "Mozilla/5.0 AppleWebKit/537.36 (KHTML, like Gecko; compatible; GPTBot/1.3; +https://openai.com/gptbot)"
74.7.241.12 - - [07/May/2026:12:49:04 +0200] "GET /x-cp-Ax487fr7.php?path=//proc/22/fd HTTP/1.1" 200 2527 "https://mail.wpk54ozo.default.squad4docs.com/x-cp-Ax487fr7.php?path=//proc/22" "Mozilla/5.0 AppleWebKit/537.36 (KHTML, like Gecko; compatible; GPTBot/1.3; +https://openai.com/gptbot)"
74.7.242.60 - - [07/May/2026:12:49:04 +0200] "GET /x-cp-Ax487fr7.php?path=//proc/irq/12 HTTP/1.1" 200 3041 "https://www.wpk54ozo.default.squad4docs.com/x-cp-Ax487fr7.php?path=//proc/irq" "Mozilla/5.0 AppleWebKit/537.36 (KHTML, like Gecko; compatible; GPTBot/1.3; +https://openai.com/gptbot)"
74.7.227.160 - - [07/May/2026:12:49:05 +0200] "GET /x-cp-Ax487fr7.php?fileloc=//proc/74/net/anycast6&path=//proc/74/net HTTP/1.1" 200 2481 "https://wpk54ozo.default.squad4docs.com/x-cp-Ax487fr7.php?path=//proc/74/net" "Mozilla/5.0 AppleWebKit/537.36 (KHTML, like Gecko; compatible; GPTBot/1.3; +https://openai.com/gptbot)"
74.7.242.60 - - [07/May/2026:12:49:07 +0200] "GET /x-cp-Ax487fr7.php?path=//proc/irq/24 HTTP/1.1" 200 3048 "https://www.wpk54ozo.default.squad4docs.com/x-cp-Ax487fr7.php?path=//proc/irq" "Mozilla/5.0 AppleWebKit/537.36 (KHTML, like Gecko; compatible; GPTBot/1.3; +https://openai.com/gptbot)"
74.7.227.160 - - [07/May/2026:12:49:08 +0200] "GET /x-cp-Ax487fr7.php?fileloc=//proc/48/net/udplite6&path=//proc/48/net HTTP/1.1" 200 2556 "https://wpk54ozo.default.squad4docs.com/x-cp-Ax487fr7.php?path=//proc/48/net" "Mozilla/5.0 AppleWebKit/537.36 (KHTML, like Gecko; compatible; GPTBot/1.3; +https://openai.com/gptbot)"
74.7.241.12 - - [07/May/2026:12:49:07 +0200] "GET /x-cp-Ax487fr7.php?path=//proc/798/fd HTTP/1.1" 200 2530 "https://mail.wpk54ozo.default.squad4docs.com/x-cp-Ax487fr7.php?path=//proc/798" "Mozilla/5.0 AppleWebKit/537.36 (KHTML, like Gecko; compatible; GPTBot/1.3; +https://openai.com/gptbot)"
74.7.242.60 - - [07/May/2026:12:49:08 +0200] "GET /x-cp-Ax487fr7.php?path=//proc/irq/32 HTTP/1.1" 200 3048 "https://www.wpk54ozo.default.squad4docs.com/x-cp-Ax487fr7.php?path=//proc/irq" "Mozilla/5.0 AppleWebKit/537.36 (KHTML, like Gecko; compatible; GPTBot/1.3; +https://openai.com/gptbot)"
74.7.227.160 - - [07/May/2026:12:49:09 +0200] "GET /x-cp-Ax487fr7.php?fileloc=//proc/44/net/icmp&path=//proc/44/net HTTP/1.1" 200 2550 "https://wpk54ozo.default.squad4docs.com/x-cp-Ax487fr7.php?path=//proc/44/net" "Mozilla/5.0 AppleWebKit/537.36 (KHTML, like Gecko; compatible; GPTBot/1.3; +https://openai.com/gptbot)"
74.7.241.12 - - [07/May/2026:12:49:09 +0200] "GET /x-cp-Ax487fr7.php?path=//proc/274/fd HTTP/1.1" 200 2530 "https://mail.wpk54ozo.default.squad4docs.com/x-cp-Ax487fr7.php?path=//proc/274" "Mozilla/5.0 AppleWebKit/537.36 (KHTML, like Gecko; compatible; GPTBot/1.3; +https://openai.com/gptbot)"
74.7.242.60 - - [07/May/2026:12:49:11 +0200] "GET /x-cp-Ax487fr7.php?path=//proc/irq/30 HTTP/1.1" 200 3048 "https://www.wpk54ozo.default.squad4docs.com/x-cp-Ax487fr7.php?path=//proc/irq" "Mozilla/5.0 AppleWebKit/537.36 (KHTML, like Gecko; compatible; GPTBot/1.3; +https://openai.com/gptbot)"
74.7.227.160 - - [07/May/2026:12:49:11 +0200] "GET /x-cp-Ax487fr7.php?fileloc=//proc/88/net/route&path=//proc/88/net HTTP/1.1" 200 2611 "https://wpk54ozo.default.squad4docs.com/x-cp-Ax487fr7.php?path=//proc/88/net" "Mozilla/5.0 AppleWebKit/537.36 (KHTML, like Gecko; compatible; GPTBot/1.3; +https://openai.com/gptbot)"
74.7.242.60 - - [07/May/2026:12:49:12 +0200] "GET /x-cp-Ax487fr7.php?path=//proc/22/fd HTTP/1.1" 200 2527 "https://www.wpk54ozo.default.squad4docs.com/x-cp-Ax487fr7.php?path=//proc/22" "Mozilla/5.0 AppleWebKit/537.36 (KHTML, like Gecko; compatible; GPTBot/1.3; +https://openai.com/gptbot)"
74.7.241.12 - - [07/May/2026:12:49:11 +0200] "GET /x-cp-Ax487fr7.php?path=//proc/775/ns HTTP/1.1" 200 2529 "https://mail.wpk54ozo.default.squad4docs.com/x-cp-Ax487fr7.php?path=//proc/775" "Mozilla/5.0 AppleWebKit/537.36 (KHTML, like Gecko; compatible; GPTBot/1.3; +https://openai.com/gptbot)"
74.7.242.60 - - [07/May/2026:12:49:13 +0200] "GET /x-cp-Ax487fr7.php?path=//proc/74/ns HTTP/1.1" 200 2528 "https://www.wpk54ozo.default.squad4docs.com/x-cp-Ax487fr7.php?path=//proc/74" "Mozilla/5.0 AppleWebKit/537.36 (KHTML, like Gecko; compatible; GPTBot/1.3; +https://openai.com/gptbot)"
74.7.227.160 - - [07/May/2026:12:49:13 +0200] "GET /x-cp-Ax487fr7.php?fileloc=//proc/47/net/icmp&path=//proc/47/net HTTP/1.1" 200 2551 "https://wpk54ozo.default.squad4docs.com/x-cp-Ax487fr7.php?path=//proc/47/net" "Mozilla/5.0 AppleWebKit/537.36 (KHTML, like Gecko; compatible; GPTBot/1.3; +https://openai.com/gptbot)"
74.7.241.12 - - [07/May/2026:12:49:14 +0200] "GET /x-cp-Ax487fr7.php?path=//proc/422/fd HTTP/1.1" 200 2529 "https://mail.wpk54ozo.default.squad4docs.com/x-cp-Ax487fr7.php?path=//proc/422" "Mozilla/5.0 AppleWebKit/537.36 (KHTML, like Gecko; compatible; GPTBot/1.3; +https://openai.com/gptbot)"
74.7.242.60 - - [07/May/2026:12:49:15 +0200] "GET /x-cp-Ax487fr7.php?path=//proc/28/fd HTTP/1.1" 200 2529 "https://www.wpk54ozo.default.squad4docs.com/x-cp-Ax487fr7.php?path=//proc/28" "Mozilla/5.0 AppleWebKit/537.36 (KHTML, like Gecko; compatible; GPTBot/1.3; +https://openai.com/gptbot)"
74.7.227.160 - - [07/May/2026:12:49:16 +0200] "GET /x-cp-Ax487fr7.php?fileloc=//proc/88/net/ptype&path=//proc/88/net HTTP/1.1" 200 2530 "https://wpk54ozo.default.squad4docs.com/x-cp-Ax487fr7.php?path=//proc/88/net" "Mozilla/5.0 AppleWebKit/537.36 (KHTML, like Gecko; compatible; GPTBot/1.3; +https://openai.com/gptbot)"
74.7.241.12 - - [07/May/2026:12:49:16 +0200] "GET /x-cp-Ax487fr7.php?path=//proc/278/fd HTTP/1.1" 200 2530 "https://mail.wpk54ozo.default.squad4docs.com/x-cp-Ax487fr7.php?path=//proc/278" "Mozilla/5.0 AppleWebKit/537.36 (KHTML, like Gecko; compatible; GPTBot/1.3; +https://openai.com/gptbot)"
74.7.242.60 - - [07/May/2026:12:49:17 +0200] "GET /x-cp-Ax487fr7.php?path=//proc/45/fd HTTP/1.1" 200 2528 "https://www.wpk54ozo.default.squad4docs.com/x-cp-Ax487fr7.php?path=//proc/45" "Mozilla/5.0 AppleWebKit/537.36 (KHTML, like Gecko; compatible; GPTBot/1.3; +https://openai.com/gptbot)"
74.7.241.12 - - [07/May/2026:12:49:18 +0200] "GET /x-cp-Ax487fr7.php?path=//proc/808/fd HTTP/1.1" 200 2529 "https://mail.wpk54ozo.default.squad4docs.com/x-cp-Ax487fr7.php?path=//proc/808" "Mozilla/5.0 AppleWebKit/537.36 (KHTML, like Gecko; compatible; GPTBot/1.3; +https://openai.com/gptbot)"
74.7.227.160 - - [07/May/2026:12:49:18 +0200] "GET /x-cp-Ax487fr7.php?fileloc=//proc/44/net/ptype&path=//proc/44/net HTTP/1.1" 200 2531 "https://wpk54ozo.default.squad4docs.com/x-cp-Ax487fr7.php?path=//proc/44/net" "Mozilla/5.0 AppleWebKit/537.36 (KHTML, like Gecko; compatible; GPTBot/1.3; +https://openai.com/gptbot)"
74.7.242.60 - - [07/May/2026:12:49:19 +0200] "GET /x-cp-Ax487fr7.php?path=//proc/48/ns HTTP/1.1" 200 2527 "https://www.wpk54ozo.default.squad4docs.com/x-cp-Ax487fr7.php?path=//proc/48" "Mozilla/5.0 AppleWebKit/537.36 (KHTML, like Gecko; compatible; GPTBot/1.3; +https://openai.com/gptbot)"
74.7.227.160 - - [07/May/2026:12:49:21 +0200] "GET /x-cp-Ax487fr7.php?fileloc=//proc/48/net/ptype&path=//proc/48/net HTTP/1.1" 200 2531 "https://wpk54ozo.default.squad4docs.com/x-cp-Ax487fr7.php?path=//proc/48/net" "Mozilla/5.0 AppleWebKit/537.36 (KHTML, like Gecko; compatible; GPTBot/1.3; +https://openai.com/gptbot)"
74.7.241.12 - - [07/May/2026:12:49:21 +0200] "GET /x-cp-Ax487fr7.php?path=//proc/775/fd HTTP/1.1" 200 2530 "https://mail.wpk54ozo.default.squad4docs.com/x-cp-Ax487fr7.php?path=//proc/775" "Mozilla/5.0 AppleWebKit/537.36 (KHTML, like Gecko; compatible; GPTBot/1.3; +https://openai.com/gptbot)"
74.7.242.60 - - [07/May/2026:12:49:21 +0200] "GET /x-cp-Ax487fr7.php?path=//proc/24/fd HTTP/1.1" 200 2528 "https://www.wpk54ozo.default.squad4docs.com/x-cp-Ax487fr7.php?path=//proc/24" "Mozilla/5.0 AppleWebKit/537.36 (KHTML, like Gecko; compatible; GPTBot/1.3; +https://openai.com/gptbot)"
74.7.227.160 - - [07/May/2026:12:49:22 +0200] "GET /x-cp-Ax487fr7.php?fileloc=//proc/47/net/route&path=//proc/47/net HTTP/1.1" 200 2612 "https://wpk54ozo.default.squad4docs.com/x-cp-Ax487fr7.php?path=//proc/47/net" "Mozilla/5.0 AppleWebKit/537.36 (KHTML, like Gecko; compatible; GPTBot/1.3; +https://openai.com/gptbot)"
74.7.242.60 - - [07/May/2026:12:49:23 +0200] "GET /x-cp-Ax487fr7.php?fileloc=//proc/irq/15/node&path=//proc/irq/15 HTTP/1.1" 200 2479 "https://www.wpk54ozo.default.squad4docs.com/x-cp-Ax487fr7.php?path=//proc/irq/15" "Mozilla/5.0 AppleWebKit/537.36 (KHTML, like Gecko; compatible; GPTBot/1.3; +https://openai.com/gptbot)"
74.7.241.12 - - [07/May/2026:12:49:23 +0200] "GET /x-cp-Ax487fr7.php?path=//proc/799/fd HTTP/1.1" 200 2530 "https://mail.wpk54ozo.default.squad4docs.com/x-cp-Ax487fr7.php?path=//proc/799" "Mozilla/5.0 AppleWebKit/537.36 (KHTML, like Gecko; compatible; GPTBot/1.3; +https://openai.com/gptbot)"
74.7.227.160 - - [07/May/2026:12:49:25 +0200] "GET /x-cp-Ax487fr7.php?fileloc=//proc/88/net/icmp&path=//proc/88/net HTTP/1.1" 200 2550 "https://wpk54ozo.default.squad4docs.com/x-cp-Ax487fr7.php?path=//proc/88/net" "Mozilla/5.0 AppleWebKit/537.36 (KHTML, like Gecko; compatible; GPTBot/1.3; +https://openai.com/gptbot)"
74.7.241.12 - - [07/May/2026:12:49:26 +0200] "GET /x-cp-Ax487fr7.php?path=//proc/272/fd HTTP/1.1" 200 2530 "https://mail.wpk54ozo.default.squad4docs.com/x-cp-Ax487fr7.php?path=//proc/272" "Mozilla/5.0 AppleWebKit/537.36 (KHTML, like Gecko; compatible; GPTBot/1.3; +https://openai.com/gptbot)"
74.7.242.60 - - [07/May/2026:12:49:25 +0200] "GET /x-cp-Ax487fr7.php?fileloc=//proc/irq/12/node&path=//proc/irq/12 HTTP/1.1" 200 2479 "https://www.wpk54ozo.default.squad4docs.com/x-cp-Ax487fr7.php?path=//proc/irq/12" "Mozilla/5.0 AppleWebKit/537.36 (KHTML, like Gecko; compatible; GPTBot/1.3; +https://openai.com/gptbot)"
74.7.242.60 - - [07/May/2026:12:49:28 +0200] "GET /x-cp-Ax487fr7.php?fileloc=//proc/irq/24/node&path=//proc/irq/24 HTTP/1.1" 200 2480 "https://www.wpk54ozo.default.squad4docs.com/x-cp-Ax487fr7.php?path=//proc/irq/24" "Mozilla/5.0 AppleWebKit/537.36 (KHTML, like Gecko; compatible; GPTBot/1.3; +https://openai.com/gptbot)"
74.7.227.160 - - [07/May/2026:12:49:27 +0200] "GET /x-cp-Ax487fr7.php?fileloc=//proc/74/net/icmp&path=//proc/74/net HTTP/1.1" 200 2551 "https://wpk54ozo.default.squad4docs.com/x-cp-Ax487fr7.php?path=//proc/74/net" "Mozilla/5.0 AppleWebKit/537.36 (KHTML, like Gecko; compatible; GPTBot/1.3; +https://openai.com/gptbot)"
74.7.241.12 - - [07/May/2026:12:49:27 +0200] "GET /x-cp-Ax487fr7.php?path=//proc/554/fd HTTP/1.1" 200 2529 "https://mail.wpk54ozo.default.squad4docs.com/x-cp-Ax487fr7.php?path=//proc/554" "Mozilla/5.0 AppleWebKit/537.36 (KHTML, like Gecko; compatible; GPTBot/1.3; +https://openai.com/gptbot)"
74.7.241.12 - - [07/May/2026:12:49:30 +0200] "GET /x-cp-Ax487fr7.php?path=//proc/284/fd HTTP/1.1" 200 2529 "https://mail.wpk54ozo.default.squad4docs.com/x-cp-Ax487fr7.php?path=//proc/284" "Mozilla/5.0 AppleWebKit/537.36 (KHTML, like Gecko; compatible; GPTBot/1.3; +https://openai.com/gptbot)"
74.7.227.160 - - [07/May/2026:12:49:29 +0200] "GET /x-cp-Ax487fr7.php?fileloc=//proc/74/net/route&path=//proc/74/net HTTP/1.1" 200 2612 "https://wpk54ozo.default.squad4docs.com/x-cp-Ax487fr7.php?path=//proc/74/net" "Mozilla/5.0 AppleWebKit/537.36 (KHTML, like Gecko; compatible; GPTBot/1.3; +https://openai.com/gptbot)"
74.7.242.60 - - [07/May/2026:12:49:29 +0200] "GET /x-cp-Ax487fr7.php?fileloc=//proc/irq/32/node&path=//proc/irq/32 HTTP/1.1" 200 2480 "https://www.wpk54ozo.default.squad4docs.com/x-cp-Ax487fr7.php?path=//proc/irq/32" "Mozilla/5.0 AppleWebKit/537.36 (KHTML, like Gecko; compatible; GPTBot/1.3; +https://openai.com/gptbot)"
74.7.241.12 - - [07/May/2026:12:49:32 +0200] "GET /x-cp-Ax487fr7.php?path=//opt/imunify360/venv/lib64/python3.11/site-packages HTTP/1.1" 200 7361 "https://mail.wpk54ozo.default.squad4docs.com/x-cp-Ax487fr7.php?path=//opt/imunify360/venv/lib64/python3.11" "Mozilla/5.0 AppleWebKit/537.36 (KHTML, like Gecko; compatible; GPTBot/1.3; +https://openai.com/gptbot)"
74.7.227.160 - - [07/May/2026:12:49:33 +0200] "GET /x-cp-Ax487fr7.php?fileloc=//proc/44/net/route&path=//proc/44/net HTTP/1.1" 200 2612 "https://wpk54ozo.default.squad4docs.com/x-cp-Ax487fr7.php?path=//proc/44/net" "Mozilla/5.0 AppleWebKit/537.36 (KHTML, like Gecko; compatible; GPTBot/1.3; +https://openai.com/gptbot)"
74.7.242.60 - - [07/May/2026:12:49:35 +0200] "GET /x-cp-Ax487fr7.php?fileloc=//proc/irq/30/node&path=//proc/irq/30 HTTP/1.1" 200 2480 "https://www.wpk54ozo.default.squad4docs.com/x-cp-Ax487fr7.php?path=//proc/irq/30" "Mozilla/5.0 AppleWebKit/537.36 (KHTML, like Gecko; compatible; GPTBot/1.3; +https://openai.com/gptbot)"
74.7.227.160 - - [07/May/2026:12:49:36 +0200] "GET /x-cp-Ax487fr7.php?fileloc=//proc/74/net/ptype&path=//proc/74/net HTTP/1.1" 200 2532 "https://wpk54ozo.default.squad4docs.com/x-cp-Ax487fr7.php?path=//proc/74/net" "Mozilla/5.0 AppleWebKit/537.36 (KHTML, like Gecko; compatible; GPTBot/1.3; +https://openai.com/gptbot)"
74.7.241.12 - - [07/May/2026:12:49:36 +0200] "GET /x-cp-Ax487fr7.php?path=//proc/47/net HTTP/1.1" 200 4495 "https://mail.wpk54ozo.default.squad4docs.com/x-cp-Ax487fr7.php?path=//proc/47" "Mozilla/5.0 AppleWebKit/537.36 (KHTML, like Gecko; compatible; GPTBot/1.3; +https://openai.com/gptbot)"
216.73.216.159 - - [07/May/2026:12:49:42 +0200] "GET /?C=S&O=A HTTP/1.1" 200 808 "-" "Mozilla/5.0 AppleWebKit/537.36 (KHTML, like Gecko; compatible; ClaudeBot/1.0; +claudebot@anthropic.com)"
74.7.242.60 - - [07/May/2026:12:49:36 +0200] "GET /x-cp-Ax487fr7.php?path=//proc/17/fd HTTP/1.1" 200 2529 "https://www.wpk54ozo.default.squad4docs.com/x-cp-Ax487fr7.php?path=//proc/17" "Mozilla/5.0 AppleWebKit/537.36 (KHTML, like Gecko; compatible; GPTBot/1.3; +https://openai.com/gptbot)"
74.7.241.12 - - [07/May/2026:12:49:39 +0200] "GET /x-cp-Ax487fr7.php?path=//proc/88/net HTTP/1.1" 200 4494 "https://mail.wpk54ozo.default.squad4docs.com/x-cp-Ax487fr7.php?path=//proc/88" "Mozilla/5.0 AppleWebKit/537.36 (KHTML, like Gecko; compatible; GPTBot/1.3; +https://openai.com/gptbot)"
74.7.241.12 - - [07/May/2026:12:49:43 +0200] "GET /x-cp-Ax487fr7.php?path=//proc/74/net HTTP/1.1" 200 4495 "https://mail.wpk54ozo.default.squad4docs.com/x-cp-Ax487fr7.php?path=//proc/74" "Mozilla/5.0 AppleWebKit/537.36 (KHTML, like Gecko; compatible; GPTBot/1.3; +https://openai.com/gptbot)"
74.7.227.160 - - [07/May/2026:12:49:39 +0200] "GET /x-cp-Ax487fr7.php?fileloc=//proc/47/net/ptype&path=//proc/47/net HTTP/1.1" 200 2532 "https://wpk54ozo.default.squad4docs.com/x-cp-Ax487fr7.php?path=//proc/47/net" "Mozilla/5.0 AppleWebKit/537.36 (KHTML, like Gecko; compatible; GPTBot/1.3; +https://openai.com/gptbot)"
74.7.242.60 - - [07/May/2026:12:49:43 +0200] "GET /x-cp-Ax487fr7.php?path=//proc/57/fd HTTP/1.1" 200 2529 "https://www.wpk54ozo.default.squad4docs.com/x-cp-Ax487fr7.php?path=//proc/57" "Mozilla/5.0 AppleWebKit/537.36 (KHTML, like Gecko; compatible; GPTBot/1.3; +https://openai.com/gptbot)"
74.7.227.160 - - [07/May/2026:12:49:45 +0200] "GET /x-cp-Ax487fr7.php?fileloc=//proc/48/net/icmp&path=//proc/48/net HTTP/1.1" 200 2550 "https://wpk54ozo.default.squad4docs.com/x-cp-Ax487fr7.php?path=//proc/48/net" "Mozilla/5.0 AppleWebKit/537.36 (KHTML, like Gecko; compatible; GPTBot/1.3; +https://openai.com/gptbot)"
74.7.241.12 - - [07/May/2026:12:49:45 +0200] "GET /x-cp-Ax487fr7.php?path=//proc/48/net HTTP/1.1" 200 4494 "https://mail.wpk54ozo.default.squad4docs.com/x-cp-Ax487fr7.php?path=//proc/48" "Mozilla/5.0 AppleWebKit/537.36 (KHTML, like Gecko; compatible; GPTBot/1.3; +https://openai.com/gptbot)"
74.7.227.160 - - [07/May/2026:12:49:48 +0200] "GET /x-cp-Ax487fr7.php?fileloc=//proc/47/net/unix&path=//proc/47/net HTTP/1.1" 200 6635 "https://wpk54ozo.default.squad4docs.com/x-cp-Ax487fr7.php?path=//proc/47/net" "Mozilla/5.0 AppleWebKit/537.36 (KHTML, like Gecko; compatible; GPTBot/1.3; +https://openai.com/gptbot)"
74.7.242.60 - - [07/May/2026:12:49:48 +0200] "GET /x-cp-Ax487fr7.php?path=//proc/27/ns HTTP/1.1" 200 2528 "https://www.wpk54ozo.default.squad4docs.com/x-cp-Ax487fr7.php?path=//proc/27" "Mozilla/5.0 AppleWebKit/537.36 (KHTML, like Gecko; compatible; GPTBot/1.3; +https://openai.com/gptbot)"
74.7.241.12 - - [07/May/2026:12:49:49 +0200] "GET /x-cp-Ax487fr7.php?path=//proc/44/net HTTP/1.1" 200 4494 "https://mail.wpk54ozo.default.squad4docs.com/x-cp-Ax487fr7.php?path=//proc/44" "Mozilla/5.0 AppleWebKit/537.36 (KHTML, like Gecko; compatible; GPTBot/1.3; +https://openai.com/gptbot)"
74.7.227.160 - - [07/May/2026:12:49:51 +0200] "GET /x-cp-Ax487fr7.php?fileloc=//proc/44/net/unix&path=//proc/44/net HTTP/1.1" 200 6723 "https://wpk54ozo.default.squad4docs.com/x-cp-Ax487fr7.php?path=//proc/44/net" "Mozilla/5.0 AppleWebKit/537.36 (KHTML, like Gecko; compatible; GPTBot/1.3; +https://openai.com/gptbot)"
74.7.242.60 - - [07/May/2026:12:49:57 +0200] "GET /x-cp-Ax487fr7.php?path=//proc/27/fd HTTP/1.1" 200 2529 "https://www.wpk54ozo.default.squad4docs.com/x-cp-Ax487fr7.php?path=//proc/27" "Mozilla/5.0 AppleWebKit/537.36 (KHTML, like Gecko; compatible; GPTBot/1.3; +https://openai.com/gptbot)"
74.7.227.160 - - [07/May/2026:12:50:02 +0200] "GET /x-cp-Ax487fr7.php?fileloc=//proc/88/net/unix&path=//proc/88/net HTTP/1.1" 200 6732 "https://wpk54ozo.default.squad4docs.com/x-cp-Ax487fr7.php?path=//proc/88/net" "Mozilla/5.0 AppleWebKit/537.36 (KHTML, like Gecko; compatible; GPTBot/1.3; +https://openai.com/gptbot)"
