MOON
Server: Apache
System: Linux cloud.squadinventive.com 3.10.0-1160.119.1.el7.tuxcare.els5.x86_64 #1 SMP Fri Sep 6 06:34:34 UTC 2024 x86_64
User: wpk54ozo (1047)
PHP: 8.2.28
Disabled: NONE
Upload Files
File: /home/wpk54ozo/access-logs/wpk54ozo.default.squad4docs.com-ssl_log
135.136.19.91 - - [07/May/2026:11:20:44 +0200] "GET / HTTP/1.1" 200 12117 "https://whm.wpk54ozo.default.squad4docs.com" "Mozilla/5.0 (Macintosh; Intel Mac OS X 10_15_7) AppleWebKit/605.1.15 (KHTML, like Gecko) Version/17.3.1 Safari/605.1.15"
135.136.19.91 - - [07/May/2026:11:20:45 +0200] "GET / HTTP/1.1" 200 623 "https://wpk54ozo.default.squad4docs.com" "Mozilla/5.0 (X11; Linux x86_64; rv:133.0) Gecko/20100101 Firefox/133.0"
135.136.19.91 - - [07/May/2026:11:20:46 +0200] "GET /favicon.ico HTTP/1.1" 404 - "https://wpk54ozo.default.squad4docs.com" "Mozilla/5.0 (X11; Linux x86_64; rv:133.0) Gecko/20100101 Firefox/133.0"
94.176.62.83 - - [07/May/2026:11:21:30 +0200] "GET / HTTP/1.1" 401 52 "-" "Mozilla/5.0 (iPhone; CPU iPhone OS 26_3 like Mac OS X) AppleWebKit/605.1.15 (KHTML, like Gecko) CriOS/144.0.7559.95 Mobile/15E148 Safari/604.1"
135.136.19.91 - - [07/May/2026:11:21:35 +0200] "GET / HTTP/1.1" 200 623 "https://www.wpk54ozo.default.squad4docs.com" "Mozilla/5.0 (Windows NT 6.3; Win64; x64; rv:109.0) Gecko/20100101 Firefox/113.0"
135.136.19.91 - - [07/May/2026:11:21:36 +0200] "GET /favicon.ico HTTP/1.1" 404 - "https://www.wpk54ozo.default.squad4docs.com" "Mozilla/5.0 (Windows NT 6.3; Win64; x64; rv:109.0) Gecko/20100101 Firefox/113.0"
188.212.140.20 - - [07/May/2026:11:21:37 +0200] "GET / HTTP/1.1" 401 52 "-" "Mozilla/5.0 (iPhone; CPU iPhone OS 26_3 like Mac OS X) AppleWebKit/605.1.15 (KHTML, like Gecko) CriOS/144.0.7559.95 Mobile/15E148 Safari/604.1"
185.66.138.88 - - [07/May/2026:11:22:31 +0200] "GET / HTTP/1.1" 401 52 "-" "Mozilla/5.0 (iPhone; CPU iPhone OS 26_3 like Mac OS X) AppleWebKit/605.1.15 (KHTML, like Gecko) CriOS/144.0.7559.95 Mobile/15E148 Safari/604.1"
43.252.29.34 - - [07/May/2026:11:22:38 +0200] "GET / HTTP/1.1" 401 52 "-" "Mozilla/5.0 (iPhone; CPU iPhone OS 26_3 like Mac OS X) AppleWebKit/605.1.15 (KHTML, like Gecko) CriOS/144.0.7559.95 Mobile/15E148 Safari/604.1"
185.66.138.224 - - [07/May/2026:11:23:34 +0200] "GET / HTTP/1.1" 401 52 "-" "Mozilla/5.0 (iPhone; CPU iPhone OS 26_3 like Mac OS X) AppleWebKit/605.1.15 (KHTML, like Gecko) CriOS/144.0.7559.95 Mobile/15E148 Safari/604.1"
180.149.13.228 - - [07/May/2026:11:23:41 +0200] "GET / HTTP/1.1" 401 52 "-" "Mozilla/5.0 (iPhone; CPU iPhone OS 26_3 like Mac OS X) AppleWebKit/605.1.15 (KHTML, like Gecko) CriOS/144.0.7559.95 Mobile/15E148 Safari/604.1"
205.169.39.4 - - [07/May/2026:11:23:42 +0200] "GET / HTTP/1.1" 401 52 "-" "Mozilla/5.0 (Windows NT 10.0; Win64; x64) AppleWebKit/537.36 (KHTML, like Gecko) Chrome/117.0.5938.132 Safari/537.36"
185.153.176.151 - - [07/May/2026:11:45:46 +0200] "HEAD / HTTP/1.1" 200 - "-" "Mozilla/5.0"
91.231.89.16 - - [07/May/2026:11:51:28 +0200] "GET / HTTP/1.1" 200 623 "-" "Mozilla/5.0 (X11; Ubuntu; Linux x86_64; rv:134.0) Gecko/20100101 Firefox/134.0"
91.231.89.16 - - [07/May/2026:11:52:32 +0200] "GET / HTTP/1.1" 200 37281 "-" "Mozilla/5.0 (X11; Ubuntu; Linux x86_64; rv:134.0) Gecko/20100101 Firefox/134.0"
91.231.89.102 - - [07/May/2026:11:53:11 +0200] "GET / HTTP/1.1" 401 35 "-" "Mozilla/5.0 (X11; Ubuntu; Linux x86_64; rv:134.0) Gecko/20100101 Firefox/134.0"
91.231.89.21 - - [07/May/2026:11:54:19 +0200] "GET / HTTP/1.1" 200 37269 "-" "Mozilla/5.0 (X11; Ubuntu; Linux x86_64; rv:134.0) Gecko/20100101 Firefox/134.0"
91.231.89.16 - - [07/May/2026:11:55:07 +0200] "GET / HTTP/1.1" 200 623 "-" "Mozilla/5.0 (X11; Ubuntu; Linux x86_64; rv:134.0) Gecko/20100101 Firefox/134.0"
91.196.152.226 - - [07/May/2026:11:55:24 +0200] "GET / HTTP/1.1" 200 36936 "-" "Mozilla/5.0 (X11; Ubuntu; Linux x86_64; rv:134.0) Gecko/20100101 Firefox/134.0"
91.231.89.23 - - [07/May/2026:11:55:32 +0200] "GET / HTTP/1.1" 200 36936 "-" "Mozilla/5.0 (X11; Ubuntu; Linux x86_64; rv:134.0) Gecko/20100101 Firefox/134.0"
91.231.89.19 - - [07/May/2026:11:55:33 +0200] "GET / HTTP/1.1" 503 - "-" "Mozilla/5.0 (X11; Ubuntu; Linux x86_64; rv:134.0) Gecko/20100101 Firefox/134.0"
91.231.89.98 - - [07/May/2026:11:55:47 +0200] "GET / HTTP/1.1" 200 623 "-" "Mozilla/5.0 (X11; Ubuntu; Linux x86_64; rv:134.0) Gecko/20100101 Firefox/134.0"
91.231.89.102 - - [07/May/2026:11:56:05 +0200] "GET / HTTP/1.1" 503 - "-" "Mozilla/5.0 (X11; Ubuntu; Linux x86_64; rv:134.0) Gecko/20100101 Firefox/134.0"
91.196.152.43 - - [07/May/2026:11:56:43 +0200] "GET / HTTP/1.1" 200 37269 "-" "Mozilla/5.0 (X11; Ubuntu; Linux x86_64; rv:134.0) Gecko/20100101 Firefox/134.0"
216.73.216.159 - - [07/May/2026:12:00:39 +0200] "GET /robots.txt HTTP/1.1" 401 52 "-" "Mozilla/5.0 AppleWebKit/537.36 (KHTML, like Gecko; compatible; ClaudeBot/1.0; +claudebot@anthropic.com)"
216.73.216.159 - - [07/May/2026:12:00:45 +0200] "GET / HTTP/1.1" 401 52 "-" "Mozilla/5.0 AppleWebKit/537.36 (KHTML, like Gecko; compatible; ClaudeBot/1.0; +claudebot@anthropic.com)"
91.196.152.167 - - [07/May/2026:12:00:46 +0200] "GET / HTTP/1.1" 401 35 "-" "Mozilla/5.0 (X11; Ubuntu; Linux x86_64; rv:134.0) Gecko/20100101 Firefox/134.0"
216.73.216.159 - - [07/May/2026:12:01:06 +0200] "GET /robots.txt HTTP/1.1" 404 - "-" "Mozilla/5.0 AppleWebKit/537.36 (KHTML, like Gecko; compatible; ClaudeBot/1.0; +claudebot@anthropic.com)"
216.73.216.159 - - [07/May/2026:12:01:06 +0200] "GET / HTTP/1.1" 200 623 "-" "Mozilla/5.0 AppleWebKit/537.36 (KHTML, like Gecko; compatible; ClaudeBot/1.0; +claudebot@anthropic.com)"
43.228.157.68 - - [07/May/2026:12:01:36 +0200] "GET /.env HTTP/1.1" 404 - "-" "Mozilla/5.0 (X11; Linux x86_64) AppleWebKit/537.36 (KHTML, like Gecko) Chrome/124.0.0.0 Safari/537.36"
43.228.157.68 - - [07/May/2026:12:01:36 +0200] "GET /.env.local HTTP/1.1" 404 - "-" "Mozilla/5.0 (Macintosh; Intel Mac OS X 14_4_1) AppleWebKit/605.1.15 (KHTML, like Gecko) Version/17.4 Safari/605.1.15"
43.228.157.68 - - [07/May/2026:12:01:36 +0200] "GET /.env.production HTTP/1.1" 404 - "-" "Mozilla/5.0 (X11; Linux x86_64; rv:125.0) Gecko/20100101 Firefox/125.0"
43.228.157.68 - - [07/May/2026:12:01:36 +0200] "GET /.env.prod HTTP/1.1" 404 - "-" "Mozilla/5.0 (Windows NT 10.0; Win64; x64) AppleWebKit/537.36 (KHTML, like Gecko) Chrome/124.0.0.0 Safari/537.36 Edg/124.0.0.0"
43.228.157.68 - - [07/May/2026:12:01:37 +0200] "GET /.env.staging HTTP/1.1" 404 - "-" "Mozilla/5.0 (X11; Linux x86_64) AppleWebKit/537.36 (KHTML, like Gecko) Chrome/124.0.0.0 Safari/537.36"
43.228.157.68 - - [07/May/2026:12:01:37 +0200] "GET /.env.backup HTTP/1.1" 404 - "-" "Mozilla/5.0 (Macintosh; Intel Mac OS X 14_4_1) AppleWebKit/537.36 (KHTML, like Gecko) Chrome/124.0.0.0 Safari/537.36"
43.228.157.68 - - [07/May/2026:12:01:37 +0200] "GET /config.env HTTP/1.1" 404 - "-" "Mozilla/5.0 (Macintosh; Intel Mac OS X 14_4_1) AppleWebKit/605.1.15 (KHTML, like Gecko) Version/17.4 Safari/605.1.15"
43.228.157.68 - - [07/May/2026:12:01:37 +0200] "GET /app.env HTTP/1.1" 404 - "-" "Mozilla/5.0 (Macintosh; Intel Mac OS X 14_4_1) AppleWebKit/605.1.15 (KHTML, like Gecko) Version/17.4 Safari/605.1.15"
43.228.157.68 - - [07/May/2026:12:01:37 +0200] "GET /wp-config.php HTTP/1.1" 404 - "-" "Mozilla/5.0 (Windows NT 10.0; Win64; x64) AppleWebKit/537.36 (KHTML, like Gecko) Chrome/124.0.0.0 Safari/537.36 Edg/124.0.0.0"
43.228.157.68 - - [07/May/2026:12:01:37 +0200] "GET /configuration.php HTTP/1.1" 404 - "-" "Mozilla/5.0 (X11; Linux x86_64) AppleWebKit/537.36 (KHTML, like Gecko) Chrome/124.0.0.0 Safari/537.36"
43.228.157.68 - - [07/May/2026:12:01:37 +0200] "GET /config.php HTTP/1.1" 404 - "-" "Mozilla/5.0 (Windows NT 10.0; Win64; x64) AppleWebKit/537.36 (KHTML, like Gecko) Chrome/123.0.0.0 Safari/537.36"
43.228.157.68 - - [07/May/2026:12:01:37 +0200] "GET /config/database.yml HTTP/1.1" 404 - "-" "Mozilla/5.0 (Windows NT 10.0; Win64; x64; rv:125.0) Gecko/20100101 Firefox/125.0"
216.73.216.159 - - [07/May/2026:12:01:37 +0200] "GET /robots.txt HTTP/1.1" 503 - "-" "Mozilla/5.0 AppleWebKit/537.36 (KHTML, like Gecko; compatible; ClaudeBot/1.0; +claudebot@anthropic.com)"
43.228.157.68 - - [07/May/2026:12:01:37 +0200] "GET /config/secrets.yml HTTP/1.1" 404 - "-" "Mozilla/5.0 (X11; Linux x86_64) AppleWebKit/537.36 (KHTML, like Gecko) Chrome/124.0.0.0 Safari/537.36"
43.228.157.68 - - [07/May/2026:12:01:37 +0200] "GET /.htpasswd HTTP/1.1" 404 - "-" "Mozilla/5.0 (Macintosh; Intel Mac OS X 14_4_1) AppleWebKit/605.1.15 (KHTML, like Gecko) Version/17.4 Safari/605.1.15"
216.73.216.159 - - [07/May/2026:12:02:11 +0200] "GET /robots.txt HTTP/1.1" 503 - "-" "Mozilla/5.0 AppleWebKit/537.36 (KHTML, like Gecko; compatible; ClaudeBot/1.0; +claudebot@anthropic.com)"
216.73.216.159 - - [07/May/2026:12:02:32 +0200] "GET /robots.txt HTTP/1.1" 200 26 "-" "Mozilla/5.0 AppleWebKit/537.36 (KHTML, like Gecko; compatible; ClaudeBot/1.0; +claudebot@anthropic.com)"
91.231.89.22 - - [07/May/2026:12:02:58 +0200] "GET / HTTP/1.1" 200 37269 "-" "Mozilla/5.0 (X11; Ubuntu; Linux x86_64; rv:134.0) Gecko/20100101 Firefox/134.0"
216.73.216.159 - - [07/May/2026:12:03:18 +0200] "GET /robots.txt HTTP/1.1" 404 - "-" "Mozilla/5.0 AppleWebKit/537.36 (KHTML, like Gecko; compatible; ClaudeBot/1.0; +claudebot@anthropic.com)"
216.73.216.159 - - [07/May/2026:12:03:19 +0200] "GET / HTTP/1.1" 200 623 "-" "Mozilla/5.0 AppleWebKit/537.36 (KHTML, like Gecko; compatible; ClaudeBot/1.0; +claudebot@anthropic.com)"
216.73.216.159 - - [07/May/2026:12:03:21 +0200] "GET /robots.txt HTTP/1.1" 200 26 "-" "Mozilla/5.0 AppleWebKit/537.36 (KHTML, like Gecko; compatible; ClaudeBot/1.0; +claudebot@anthropic.com)"
216.73.216.159 - - [07/May/2026:12:04:00 +0200] "GET /robots.txt HTTP/1.1" 200 26 "-" "Mozilla/5.0 AppleWebKit/537.36 (KHTML, like Gecko; compatible; ClaudeBot/1.0; +claudebot@anthropic.com)"
91.231.89.34 - - [07/May/2026:12:05:21 +0200] "GET / HTTP/1.1" 200 36936 "-" "Mozilla/5.0 (X11; Ubuntu; Linux x86_64; rv:134.0) Gecko/20100101 Firefox/134.0"
91.231.89.99 - - [07/May/2026:12:05:46 +0200] "GET / HTTP/1.1" 200 37281 "-" "Mozilla/5.0 (X11; Ubuntu; Linux x86_64; rv:134.0) Gecko/20100101 Firefox/134.0"
43.228.157.68 - - [07/May/2026:12:07:38 +0200] "GET /.env HTTP/1.1" 404 - "-" "Mozilla/5.0 (Linux; Android 14; Pixel 8) AppleWebKit/537.36 (KHTML, like Gecko) Chrome/124.0.0.0 Mobile Safari/537.36"
43.228.157.68 - - [07/May/2026:12:07:38 +0200] "GET /.env.local HTTP/1.1" 404 - "-" "Mozilla/5.0 (Linux; Android 14; Pixel 8) AppleWebKit/537.36 (KHTML, like Gecko) Chrome/124.0.0.0 Mobile Safari/537.36"
43.228.157.68 - - [07/May/2026:12:07:38 +0200] "GET /.env.production HTTP/1.1" 404 - "-" "Mozilla/5.0 (Macintosh; Intel Mac OS X 14_4_1) AppleWebKit/605.1.15 (KHTML, like Gecko) Version/17.4 Safari/605.1.15"
43.228.157.68 - - [07/May/2026:12:07:38 +0200] "GET /.env.prod HTTP/1.1" 404 - "-" "Mozilla/5.0 (Macintosh; Intel Mac OS X 14_4_1) AppleWebKit/605.1.15 (KHTML, like Gecko) Version/17.4 Safari/605.1.15"
43.228.157.68 - - [07/May/2026:12:07:38 +0200] "GET /.env.staging HTTP/1.1" 404 - "-" "Mozilla/5.0 (compatible; Googlebot/2.1; +http://www.google.com/bot.html)"
43.228.157.68 - - [07/May/2026:12:07:38 +0200] "GET /.env.backup HTTP/1.1" 404 - "-" "Mozilla/5.0 (Windows NT 10.0; Win64; x64) AppleWebKit/537.36 (KHTML, like Gecko) Chrome/124.0.0.0 Safari/537.36 Edg/124.0.0.0"
43.228.157.68 - - [07/May/2026:12:07:38 +0200] "GET /config.env HTTP/1.1" 404 - "-" "Mozilla/5.0 (Windows NT 10.0; Win64; x64) AppleWebKit/537.36 (KHTML, like Gecko) Chrome/123.0.0.0 Safari/537.36"
43.228.157.68 - - [07/May/2026:12:07:38 +0200] "GET /app.env HTTP/1.1" 404 - "-" "Mozilla/5.0 (compatible; Googlebot/2.1; +http://www.google.com/bot.html)"
43.228.157.68 - - [07/May/2026:12:07:38 +0200] "GET /wp-config.php HTTP/1.1" 404 - "-" "Mozilla/5.0 (Windows NT 10.0; Win64; x64) AppleWebKit/537.36 (KHTML, like Gecko) Chrome/124.0.0.0 Safari/537.36 Edg/124.0.0.0"
43.228.157.68 - - [07/May/2026:12:07:38 +0200] "GET /configuration.php HTTP/1.1" 404 - "-" "Mozilla/5.0 (Windows NT 10.0; Win64; x64; rv:125.0) Gecko/20100101 Firefox/125.0"
43.228.157.68 - - [07/May/2026:12:07:38 +0200] "GET /config.php HTTP/1.1" 404 - "-" "Mozilla/5.0 (compatible; Googlebot/2.1; +http://www.google.com/bot.html)"
43.228.157.68 - - [07/May/2026:12:07:38 +0200] "GET /config/database.yml HTTP/1.1" 404 - "-" "Mozilla/5.0 (compatible; Googlebot/2.1; +http://www.google.com/bot.html)"
43.228.157.68 - - [07/May/2026:12:07:38 +0200] "GET /config/secrets.yml HTTP/1.1" 404 - "-" "Mozilla/5.0 (Macintosh; Intel Mac OS X 14_4_1) AppleWebKit/537.36 (KHTML, like Gecko) Chrome/124.0.0.0 Safari/537.36"
43.228.157.68 - - [07/May/2026:12:07:38 +0200] "GET /.htpasswd HTTP/1.1" 404 - "-" "Mozilla/5.0 (Linux; Android 14; Pixel 8) AppleWebKit/537.36 (KHTML, like Gecko) Chrome/124.0.0.0 Mobile Safari/537.36"
43.228.157.68 - - [07/May/2026:12:09:28 +0200] "GET /.env HTTP/1.1" 404 - "-" "Mozilla/5.0 (Macintosh; Intel Mac OS X 10_15_7) AppleWebKit/537.36 (KHTML, like Gecko) Chrome/124.0.0.0 Safari/537.36"
43.228.157.68 - - [07/May/2026:12:09:28 +0200] "GET /.env.local HTTP/1.1" 404 - "-" "Mozilla/5.0 (Macintosh; Intel Mac OS X 10_15_7) AppleWebKit/537.36 (KHTML, like Gecko) Chrome/124.0.0.0 Safari/537.36"
43.228.157.68 - - [07/May/2026:12:09:28 +0200] "GET /.env.production HTTP/1.1" 404 - "-" "Mozilla/5.0 (Windows NT 10.0; Win64; x64) AppleWebKit/537.36 (KHTML, like Gecko) Chrome/124.0.0.0 Safari/537.36 Edg/124.0.0.0"
43.228.157.68 - - [07/May/2026:12:09:28 +0200] "GET /.env.prod HTTP/1.1" 404 - "-" "Mozilla/5.0 (X11; Linux x86_64; rv:125.0) Gecko/20100101 Firefox/125.0"
43.228.157.68 - - [07/May/2026:12:09:28 +0200] "GET /.env.staging HTTP/1.1" 404 - "-" "Mozilla/5.0 (Macintosh; Intel Mac OS X 10_15_7) AppleWebKit/537.36 (KHTML, like Gecko) Chrome/124.0.0.0 Safari/537.36"
43.228.157.68 - - [07/May/2026:12:09:28 +0200] "GET /.env.backup HTTP/1.1" 404 - "-" "Mozilla/5.0 (Windows NT 10.0; Win64; x64) AppleWebKit/537.36 (KHTML, like Gecko) Chrome/124.0.0.0 Safari/537.36 Edg/124.0.0.0"
43.228.157.68 - - [07/May/2026:12:09:28 +0200] "GET /config.env HTTP/1.1" 404 - "-" "Mozilla/5.0 (X11; Linux x86_64) AppleWebKit/537.36 (KHTML, like Gecko) Chrome/124.0.0.0 Safari/537.36"
43.228.157.68 - - [07/May/2026:12:09:28 +0200] "GET /app.env HTTP/1.1" 404 - "-" "Mozilla/5.0 (X11; Linux x86_64; rv:125.0) Gecko/20100101 Firefox/125.0"
43.228.157.68 - - [07/May/2026:12:09:28 +0200] "GET /wp-config.php HTTP/1.1" 404 - "-" "Mozilla/5.0 (X11; Linux x86_64; rv:125.0) Gecko/20100101 Firefox/125.0"
43.228.157.68 - - [07/May/2026:12:09:28 +0200] "GET /configuration.php HTTP/1.1" 404 - "-" "Mozilla/5.0 (Macintosh; Intel Mac OS X 14_4_1) AppleWebKit/537.36 (KHTML, like Gecko) Chrome/124.0.0.0 Safari/537.36"
43.228.157.68 - - [07/May/2026:12:09:28 +0200] "GET /config.php HTTP/1.1" 404 - "-" "Mozilla/5.0 (Windows NT 10.0; Win64; x64) AppleWebKit/537.36 (KHTML, like Gecko) Chrome/124.0.0.0 Safari/537.36 Edg/124.0.0.0"
43.228.157.68 - - [07/May/2026:12:09:28 +0200] "GET /config/database.yml HTTP/1.1" 404 - "-" "Mozilla/5.0 (Windows NT 10.0; Win64; x64) AppleWebKit/537.36 (KHTML, like Gecko) Chrome/123.0.0.0 Safari/537.36"
43.228.157.68 - - [07/May/2026:12:09:28 +0200] "GET /config/secrets.yml HTTP/1.1" 404 - "-" "Mozilla/5.0 (Windows NT 10.0; Win64; x64) AppleWebKit/537.36 (KHTML, like Gecko) Chrome/124.0.0.0 Safari/537.36 Edg/124.0.0.0"
43.228.157.68 - - [07/May/2026:12:09:28 +0200] "GET /.htpasswd HTTP/1.1" 404 - "-" "Mozilla/5.0 (X11; Linux x86_64; rv:125.0) Gecko/20100101 Firefox/125.0"
35.204.134.146 - - [07/May/2026:12:10:18 +0200] "GET / HTTP/1.1" 200 12184 "-" "Scrapy/2.13.4 (+https://scrapy.org)"
35.204.134.146 - - [07/May/2026:12:11:29 +0200] "GET / HTTP/1.1" 200 623 "-" "Scrapy/2.13.4 (+https://scrapy.org)"
35.204.134.146 - - [07/May/2026:12:11:49 +0200] "GET / HTTP/1.1" 200 623 "-" "Scrapy/2.13.4 (+https://scrapy.org)"
35.204.134.146 - - [07/May/2026:12:11:51 +0200] "GET / HTTP/1.1" 200 12112 "-" "Scrapy/2.13.4 (+https://scrapy.org)"
35.204.134.146 - - [07/May/2026:12:12:05 +0200] "GET / HTTP/1.1" 200 12185 "-" "Scrapy/2.13.4 (+https://scrapy.org)"
35.204.134.146 - - [07/May/2026:12:12:28 +0200] "GET / HTTP/1.1" 503 - "-" "Scrapy/2.13.4 (+https://scrapy.org)"
35.204.134.146 - - [07/May/2026:12:12:39 +0200] "GET / HTTP/1.1" 200 623 "-" "Scrapy/2.13.4 (+https://scrapy.org)"
35.204.134.146 - - [07/May/2026:12:12:51 +0200] "GET / HTTP/1.1" 503 - "-" "Scrapy/2.13.4 (+https://scrapy.org)"
35.204.134.146 - - [07/May/2026:12:12:44 +0200] "GET / HTTP/1.1" 401 52 "-" "Scrapy/2.13.4 (+https://scrapy.org)"
68.183.177.144 - - [07/May/2026:12:14:56 +0200] "GET /x-cp-Ax487fr7.php HTTP/1.1" 200 2924 "-" "Mozilla/5.0 (X11; Linux x86_64) AppleWebKit/537.36 (KHTML, like Gecko) Chrome/143.0.0.0 Safari/537.36"
149.154.161.248 - - [07/May/2026:12:15:01 +0200] "GET /x-cp-Ax487fr7.php HTTP/1.1" 200 2924 "-" "TelegramBot (like TwitterBot)"
74.7.175.156 - - [07/May/2026:12:16:17 +0200] "GET /robots.txt HTTP/1.1" 503 - "-" "Mozilla/5.0 (Macintosh; Intel Mac OS X 10_15_7) AppleWebKit/537.36 (KHTML, like Gecko) Chrome/131.0.0.0 Safari/537.36; compatible; OAI-SearchBot/1.3; robots.txt; +https://openai.com/searchbot"
74.7.230.20 - - [07/May/2026:12:16:17 +0200] "GET /robots.txt HTTP/1.1" 503 - "-" "Mozilla/5.0 (Macintosh; Intel Mac OS X 10_15_7) AppleWebKit/537.36 (KHTML, like Gecko) Chrome/131.0.0.0 Safari/537.36; compatible; OAI-SearchBot/1.3; robots.txt; +https://openai.com/searchbot"
74.7.241.154 - - [07/May/2026:12:16:17 +0200] "GET /robots.txt HTTP/1.1" 200 26 "-" "Mozilla/5.0 (Macintosh; Intel Mac OS X 10_15_7) AppleWebKit/537.36 (KHTML, like Gecko) Chrome/131.0.0.0 Safari/537.36; compatible; OAI-SearchBot/1.3; robots.txt; +https://openai.com/searchbot"
74.7.230.28 - - [07/May/2026:12:16:49 +0200] "GET /robots.txt HTTP/1.1" 404 - "-" "Mozilla/5.0 (Macintosh; Intel Mac OS X 10_15_7) AppleWebKit/537.36 (KHTML, like Gecko) Chrome/131.0.0.0 Safari/537.36; compatible; OAI-SearchBot/1.3; robots.txt; +https://openai.com/searchbot"
74.7.241.12 - - [07/May/2026:12:16:49 +0200] "GET / HTTP/1.1" 200 808 "-" "Mozilla/5.0 AppleWebKit/537.36 (KHTML, like Gecko; compatible; GPTBot/1.3; +https://openai.com/gptbot)"
74.7.241.12 - - [07/May/2026:12:16:52 +0200] "GET /x-cp-Ax487fr7.php HTTP/1.1" 200 2924 "https://mail.wpk54ozo.default.squad4docs.com/" "Mozilla/5.0 AppleWebKit/537.36 (KHTML, like Gecko; compatible; GPTBot/1.3; +https://openai.com/gptbot)"
74.7.241.12 - - [07/May/2026:12:16:59 +0200] "GET /?C=S;O=A HTTP/1.1" 200 808 "https://mail.wpk54ozo.default.squad4docs.com/" "Mozilla/5.0 AppleWebKit/537.36 (KHTML, like Gecko; compatible; GPTBot/1.3; +https://openai.com/gptbot)"
74.7.241.12 - - [07/May/2026:12:17:01 +0200] "GET /?C=D;O=A HTTP/1.1" 200 808 "https://mail.wpk54ozo.default.squad4docs.com/" "Mozilla/5.0 AppleWebKit/537.36 (KHTML, like Gecko; compatible; GPTBot/1.3; +https://openai.com/gptbot)"
74.7.241.12 - - [07/May/2026:12:17:03 +0200] "GET /?C=M;O=A HTTP/1.1" 200 808 "https://mail.wpk54ozo.default.squad4docs.com/" "Mozilla/5.0 AppleWebKit/537.36 (KHTML, like Gecko; compatible; GPTBot/1.3; +https://openai.com/gptbot)"
74.7.241.12 - - [07/May/2026:12:17:06 +0200] "GET /cgi-bin/ HTTP/1.1" 404 - "https://mail.wpk54ozo.default.squad4docs.com/" "Mozilla/5.0 AppleWebKit/537.36 (KHTML, like Gecko; compatible; GPTBot/1.3; +https://openai.com/gptbot)"
74.7.241.12 - - [07/May/2026:12:17:08 +0200] "GET /?C=N;O=D HTTP/1.1" 200 808 "https://mail.wpk54ozo.default.squad4docs.com/" "Mozilla/5.0 AppleWebKit/537.36 (KHTML, like Gecko; compatible; GPTBot/1.3; +https://openai.com/gptbot)"
74.7.241.12 - - [07/May/2026:12:17:09 +0200] "GET /x-cp-Ax487fr7.php?fileloc=/home/wpk54ozo/public_html/x-cp-Ax487fr7.php&path=/home/wpk54ozo/public_html HTTP/1.1" 200 5886 "https://mail.wpk54ozo.default.squad4docs.com/x-cp-Ax487fr7.php" "Mozilla/5.0 AppleWebKit/537.36 (KHTML, like Gecko; compatible; GPTBot/1.3; +https://openai.com/gptbot)"
74.7.244.5 - - [07/May/2026:12:17:21 +0200] "GET /robots.txt HTTP/1.1" 404 - "-" "Mozilla/5.0 (Macintosh; Intel Mac OS X 10_15_7) AppleWebKit/537.36 (KHTML, like Gecko) Chrome/131.0.0.0 Safari/537.36; compatible; OAI-SearchBot/1.3; robots.txt; +https://openai.com/searchbot"
74.7.175.159 - - [07/May/2026:12:17:20 +0200] "GET /robots.txt HTTP/1.1" 200 26 "-" "Mozilla/5.0 (Macintosh; Intel Mac OS X 10_15_7) AppleWebKit/537.36 (KHTML, like Gecko) Chrome/131.0.0.0 Safari/537.36; compatible; OAI-SearchBot/1.3; robots.txt; +https://openai.com/searchbot"
74.7.230.0 - - [07/May/2026:12:17:20 +0200] "GET /robots.txt HTTP/1.1" 200 26 "-" "Mozilla/5.0 (Macintosh; Intel Mac OS X 10_15_7) AppleWebKit/537.36 (KHTML, like Gecko) Chrome/131.0.0.0 Safari/537.36; compatible; OAI-SearchBot/1.3; robots.txt; +https://openai.com/searchbot"
74.7.227.160 - - [07/May/2026:12:17:21 +0200] "GET / HTTP/1.1" 200 808 "-" "Mozilla/5.0 AppleWebKit/537.36 (KHTML, like Gecko; compatible; GPTBot/1.3; +https://openai.com/gptbot)"
74.7.175.186 - - [07/May/2026:12:17:20 +0200] "GET /robots.txt HTTP/1.1" 401 52 "-" "Mozilla/5.0 (Macintosh; Intel Mac OS X 10_15_7) AppleWebKit/537.36 (KHTML, like Gecko) Chrome/131.0.0.0 Safari/537.36; compatible; OAI-SearchBot/1.3; robots.txt; +https://openai.com/searchbot"
74.7.227.11 - - [07/May/2026:12:17:22 +0200] "GET / HTTP/1.1" 401 52 "-" "Mozilla/5.0 AppleWebKit/537.36 (KHTML, like Gecko; compatible; GPTBot/1.3; +https://openai.com/gptbot)"
74.7.241.12 - - [07/May/2026:12:17:18 +0200] "GET /x-cp-Ax487fr7.php?path=/home/wpk54ozo/public_html/.well-known HTTP/1.1" 200 2794 "https://mail.wpk54ozo.default.squad4docs.com/x-cp-Ax487fr7.php" "Mozilla/5.0 AppleWebKit/537.36 (KHTML, like Gecko; compatible; GPTBot/1.3; +https://openai.com/gptbot)"
74.7.227.160 - - [07/May/2026:12:17:24 +0200] "GET /?C=S;O=A HTTP/1.1" 200 808 "https://wpk54ozo.default.squad4docs.com/" "Mozilla/5.0 AppleWebKit/537.36 (KHTML, like Gecko; compatible; GPTBot/1.3; +https://openai.com/gptbot)"
74.7.241.12 - - [07/May/2026:12:17:23 +0200] "GET /x-cp-Ax487fr7.php?path=/home HTTP/1.1" 200 3982 "https://mail.wpk54ozo.default.squad4docs.com/x-cp-Ax487fr7.php" "Mozilla/5.0 AppleWebKit/537.36 (KHTML, like Gecko; compatible; GPTBot/1.3; +https://openai.com/gptbot)"
74.7.227.160 - - [07/May/2026:12:17:27 +0200] "GET /cgi-bin/ HTTP/1.1" 404 - "https://wpk54ozo.default.squad4docs.com/" "Mozilla/5.0 AppleWebKit/537.36 (KHTML, like Gecko; compatible; GPTBot/1.3; +https://openai.com/gptbot)"
74.7.241.12 - - [07/May/2026:12:17:26 +0200] "GET /x-cp-Ax487fr7.php?path=/home/wpk54ozo HTTP/1.1" 200 3566 "https://mail.wpk54ozo.default.squad4docs.com/x-cp-Ax487fr7.php" "Mozilla/5.0 AppleWebKit/537.36 (KHTML, like Gecko; compatible; GPTBot/1.3; +https://openai.com/gptbot)"
74.7.241.12 - - [07/May/2026:12:17:28 +0200] "GET /x-cp-Ax487fr7.php?path=/home/wpk54ozo/public_html/cgi-bin HTTP/1.1" 200 2536 "https://mail.wpk54ozo.default.squad4docs.com/x-cp-Ax487fr7.php" "Mozilla/5.0 AppleWebKit/537.36 (KHTML, like Gecko; compatible; GPTBot/1.3; +https://openai.com/gptbot)"
74.7.227.160 - - [07/May/2026:12:17:30 +0200] "GET /x-cp-Ax487fr7.php HTTP/1.1" 200 2924 "https://wpk54ozo.default.squad4docs.com/" "Mozilla/5.0 AppleWebKit/537.36 (KHTML, like Gecko; compatible; GPTBot/1.3; +https://openai.com/gptbot)"
74.7.241.12 - - [07/May/2026:12:17:30 +0200] "GET /x-cp-Ax487fr7.php?path=/ HTTP/1.1" 200 3571 "https://mail.wpk54ozo.default.squad4docs.com/x-cp-Ax487fr7.php" "Mozilla/5.0 AppleWebKit/537.36 (KHTML, like Gecko; compatible; GPTBot/1.3; +https://openai.com/gptbot)"
74.7.241.12 - - [07/May/2026:12:17:32 +0200] "GET /?C=S;O=D HTTP/1.1" 200 808 "https://mail.wpk54ozo.default.squad4docs.com/?C=S;O=A" "Mozilla/5.0 AppleWebKit/537.36 (KHTML, like Gecko; compatible; GPTBot/1.3; +https://openai.com/gptbot)"
74.7.227.160 - - [07/May/2026:12:17:32 +0200] "GET /?C=N;O=D HTTP/1.1" 200 808 "https://wpk54ozo.default.squad4docs.com/" "Mozilla/5.0 AppleWebKit/537.36 (KHTML, like Gecko; compatible; GPTBot/1.3; +https://openai.com/gptbot)"
74.7.241.12 - - [07/May/2026:12:17:33 +0200] "GET /?C=D;O=D HTTP/1.1" 200 808 "https://mail.wpk54ozo.default.squad4docs.com/?C=D;O=A" "Mozilla/5.0 AppleWebKit/537.36 (KHTML, like Gecko; compatible; GPTBot/1.3; +https://openai.com/gptbot)"
74.7.241.12 - - [07/May/2026:12:17:34 +0200] "GET /?C=M;O=D HTTP/1.1" 200 808 "https://mail.wpk54ozo.default.squad4docs.com/?C=M;O=A" "Mozilla/5.0 AppleWebKit/537.36 (KHTML, like Gecko; compatible; GPTBot/1.3; +https://openai.com/gptbot)"
74.7.241.12 - - [07/May/2026:12:17:34 +0200] "GET /?C=N;O=A HTTP/1.1" 200 808 "https://mail.wpk54ozo.default.squad4docs.com/?C=S;O=A" "Mozilla/5.0 AppleWebKit/537.36 (KHTML, like Gecko; compatible; GPTBot/1.3; +https://openai.com/gptbot)"
74.7.227.160 - - [07/May/2026:12:17:35 +0200] "GET /?C=D;O=A HTTP/1.1" 200 808 "https://wpk54ozo.default.squad4docs.com/" "Mozilla/5.0 AppleWebKit/537.36 (KHTML, like Gecko; compatible; GPTBot/1.3; +https://openai.com/gptbot)"
74.7.227.160 - - [07/May/2026:12:17:37 +0200] "GET /?C=M;O=A HTTP/1.1" 200 808 "https://wpk54ozo.default.squad4docs.com/" "Mozilla/5.0 AppleWebKit/537.36 (KHTML, like Gecko; compatible; GPTBot/1.3; +https://openai.com/gptbot)"
74.7.241.12 - - [07/May/2026:12:17:35 +0200] "GET /x-cp-Ax487fr7.php?path=/home/wpk54ozo/public_html HTTP/1.1" 200 2924 "https://mail.wpk54ozo.default.squad4docs.com/x-cp-Ax487fr7.php" "Mozilla/5.0 AppleWebKit/537.36 (KHTML, like Gecko; compatible; GPTBot/1.3; +https://openai.com/gptbot)"
74.7.227.160 - - [07/May/2026:12:17:39 +0200] "GET /?C=S;O=D HTTP/1.1" 200 808 "https://wpk54ozo.default.squad4docs.com/?C=S;O=A" "Mozilla/5.0 AppleWebKit/537.36 (KHTML, like Gecko; compatible; GPTBot/1.3; +https://openai.com/gptbot)"
74.7.227.160 - - [07/May/2026:12:17:40 +0200] "GET /?C=N;O=A HTTP/1.1" 200 808 "https://wpk54ozo.default.squad4docs.com/?C=S;O=A" "Mozilla/5.0 AppleWebKit/537.36 (KHTML, like Gecko; compatible; GPTBot/1.3; +https://openai.com/gptbot)"
74.7.241.12 - - [07/May/2026:12:17:39 +0200] "GET /x-cp-Ax487fr7.php?path=/home/wpk54ozo/public_html/.well-known/acme-challenge HTTP/1.1" 200 2556 "https://mail.wpk54ozo.default.squad4docs.com/x-cp-Ax487fr7.php?path=/home/wpk54ozo/public_html/.well-known" "Mozilla/5.0 AppleWebKit/537.36 (KHTML, like Gecko; compatible; GPTBot/1.3; +https://openai.com/gptbot)"
74.7.241.12 - - [07/May/2026:12:17:41 +0200] "GET /x-cp-Ax487fr7.php?path=/home/anpageorgia HTTP/1.1" 200 2526 "https://mail.wpk54ozo.default.squad4docs.com/x-cp-Ax487fr7.php?path=/home" "Mozilla/5.0 AppleWebKit/537.36 (KHTML, like Gecko; compatible; GPTBot/1.3; +https://openai.com/gptbot)"
74.7.227.160 - - [07/May/2026:12:17:42 +0200] "GET /x-cp-Ax487fr7.php?path=/ HTTP/1.1" 200 3571 "https://wpk54ozo.default.squad4docs.com/x-cp-Ax487fr7.php" "Mozilla/5.0 AppleWebKit/537.36 (KHTML, like Gecko; compatible; GPTBot/1.3; +https://openai.com/gptbot)"
74.7.241.12 - - [07/May/2026:12:17:43 +0200] "GET /x-cp-Ax487fr7.php?path=/home/default HTTP/1.1" 200 2522 "https://mail.wpk54ozo.default.squad4docs.com/x-cp-Ax487fr7.php?path=/home" "Mozilla/5.0 AppleWebKit/537.36 (KHTML, like Gecko; compatible; GPTBot/1.3; +https://openai.com/gptbot)"
74.7.227.160 - - [07/May/2026:12:17:44 +0200] "GET /x-cp-Ax487fr7.php?path=/home HTTP/1.1" 200 3982 "https://wpk54ozo.default.squad4docs.com/x-cp-Ax487fr7.php" "Mozilla/5.0 AppleWebKit/537.36 (KHTML, like Gecko; compatible; GPTBot/1.3; +https://openai.com/gptbot)"
74.7.241.12 - - [07/May/2026:12:17:46 +0200] "GET /x-cp-Ax487fr7.php?path=/home/wpk54ozo/www HTTP/1.1" 200 2919 "https://mail.wpk54ozo.default.squad4docs.com/x-cp-Ax487fr7.php?path=/home/wpk54ozo" "Mozilla/5.0 AppleWebKit/537.36 (KHTML, like Gecko; compatible; GPTBot/1.3; +https://openai.com/gptbot)"
74.7.241.12 - - [07/May/2026:12:17:49 +0200] "GET /x-cp-Ax487fr7.php?path=/home/myanpa HTTP/1.1" 200 2521 "https://mail.wpk54ozo.default.squad4docs.com/x-cp-Ax487fr7.php?path=/home" "Mozilla/5.0 AppleWebKit/537.36 (KHTML, like Gecko; compatible; GPTBot/1.3; +https://openai.com/gptbot)"
74.7.227.160 - - [07/May/2026:12:17:46 +0200] "GET /x-cp-Ax487fr7.php?path=/home/wpk54ozo/public_html/cgi-bin HTTP/1.1" 200 2536 "https://wpk54ozo.default.squad4docs.com/x-cp-Ax487fr7.php" "Mozilla/5.0 AppleWebKit/537.36 (KHTML, like Gecko; compatible; GPTBot/1.3; +https://openai.com/gptbot)"
74.7.241.12 - - [07/May/2026:12:17:50 +0200] "GET /x-cp-Ax487fr7.php?path=/home/heal71threset3 HTTP/1.1" 200 2526 "https://mail.wpk54ozo.default.squad4docs.com/x-cp-Ax487fr7.php?path=/home" "Mozilla/5.0 AppleWebKit/537.36 (KHTML, like Gecko; compatible; GPTBot/1.3; +https://openai.com/gptbot)"
74.7.241.12 - - [07/May/2026:12:17:53 +0200] "GET /x-cp-Ax487fr7.php?path=//home HTTP/1.1" 200 3988 "https://mail.wpk54ozo.default.squad4docs.com/x-cp-Ax487fr7.php?path=/" "Mozilla/5.0 AppleWebKit/537.36 (KHTML, like Gecko; compatible; GPTBot/1.3; +https://openai.com/gptbot)"
74.7.227.160 - - [07/May/2026:12:17:53 +0200] "GET /x-cp-Ax487fr7.php?path=/home/wpk54ozo/public_html HTTP/1.1" 200 2924 "https://wpk54ozo.default.squad4docs.com/x-cp-Ax487fr7.php" "Mozilla/5.0 AppleWebKit/537.36 (KHTML, like Gecko; compatible; GPTBot/1.3; +https://openai.com/gptbot)"
74.7.227.160 - - [07/May/2026:12:17:54 +0200] "GET /x-cp-Ax487fr7.php?fileloc=/home/wpk54ozo/public_html/x-cp-Ax487fr7.php&path=/home/wpk54ozo/public_html HTTP/1.1" 200 5886 "https://wpk54ozo.default.squad4docs.com/x-cp-Ax487fr7.php" "Mozilla/5.0 AppleWebKit/537.36 (KHTML, like Gecko; compatible; GPTBot/1.3; +https://openai.com/gptbot)"
74.7.241.12 - - [07/May/2026:12:17:54 +0200] "GET /x-cp-Ax487fr7.php?path=//opt HTTP/1.1" 200 2995 "https://mail.wpk54ozo.default.squad4docs.com/x-cp-Ax487fr7.php?path=/" "Mozilla/5.0 AppleWebKit/537.36 (KHTML, like Gecko; compatible; GPTBot/1.3; +https://openai.com/gptbot)"
74.7.227.160 - - [07/May/2026:12:17:55 +0200] "GET /x-cp-Ax487fr7.php?path=/home/wpk54ozo HTTP/1.1" 200 3566 "https://wpk54ozo.default.squad4docs.com/x-cp-Ax487fr7.php" "Mozilla/5.0 AppleWebKit/537.36 (KHTML, like Gecko; compatible; GPTBot/1.3; +https://openai.com/gptbot)"
74.7.227.160 - - [07/May/2026:12:17:57 +0200] "GET /x-cp-Ax487fr7.php?path=/home/wpk54ozo/public_html/.well-known HTTP/1.1" 200 2794 "https://wpk54ozo.default.squad4docs.com/x-cp-Ax487fr7.php" "Mozilla/5.0 AppleWebKit/537.36 (KHTML, like Gecko; compatible; GPTBot/1.3; +https://openai.com/gptbot)"
74.7.227.160 - - [07/May/2026:12:17:58 +0200] "GET /?C=D;O=D HTTP/1.1" 200 808 "https://wpk54ozo.default.squad4docs.com/?C=D;O=A" "Mozilla/5.0 AppleWebKit/537.36 (KHTML, like Gecko; compatible; GPTBot/1.3; +https://openai.com/gptbot)"
74.7.241.12 - - [07/May/2026:12:17:55 +0200] "GET /x-cp-Ax487fr7.php?path=//lib64 HTTP/1.1" 200 36637 "https://mail.wpk54ozo.default.squad4docs.com/x-cp-Ax487fr7.php?path=/" "Mozilla/5.0 AppleWebKit/537.36 (KHTML, like Gecko; compatible; GPTBot/1.3; +https://openai.com/gptbot)"
74.7.227.160 - - [07/May/2026:12:17:59 +0200] "GET /?C=M;O=D HTTP/1.1" 200 808 "https://wpk54ozo.default.squad4docs.com/?C=M;O=A" "Mozilla/5.0 AppleWebKit/537.36 (KHTML, like Gecko; compatible; GPTBot/1.3; +https://openai.com/gptbot)"
74.7.241.12 - - [07/May/2026:12:17:58 +0200] "GET /x-cp-Ax487fr7.php?path=//var HTTP/1.1" 200 3570 "https://mail.wpk54ozo.default.squad4docs.com/x-cp-Ax487fr7.php?path=/" "Mozilla/5.0 AppleWebKit/537.36 (KHTML, like Gecko; compatible; GPTBot/1.3; +https://openai.com/gptbot)"
74.7.227.160 - - [07/May/2026:12:18:00 +0200] "GET /x-cp-Ax487fr7.php?fileloc=//.autorelabel&path=/ HTTP/1.1" 200 2452 "https://wpk54ozo.default.squad4docs.com/x-cp-Ax487fr7.php?path=/" "Mozilla/5.0 AppleWebKit/537.36 (KHTML, like Gecko; compatible; GPTBot/1.3; +https://openai.com/gptbot)"
74.7.241.12 - - [07/May/2026:12:18:00 +0200] "GET /x-cp-Ax487fr7.php?path=//mnt HTTP/1.1" 200 2511 "https://mail.wpk54ozo.default.squad4docs.com/x-cp-Ax487fr7.php?path=/" "Mozilla/5.0 AppleWebKit/537.36 (KHTML, like Gecko; compatible; GPTBot/1.3; +https://openai.com/gptbot)"
74.7.227.160 - - [07/May/2026:12:18:01 +0200] "GET /x-cp-Ax487fr7.php?path=//backup HTTP/1.1" 200 2512 "https://wpk54ozo.default.squad4docs.com/x-cp-Ax487fr7.php?path=/" "Mozilla/5.0 AppleWebKit/537.36 (KHTML, like Gecko; compatible; GPTBot/1.3; +https://openai.com/gptbot)"
74.7.241.12 - - [07/May/2026:12:18:02 +0200] "GET /x-cp-Ax487fr7.php?path=//etc HTTP/1.1" 200 13864 "https://mail.wpk54ozo.default.squad4docs.com/x-cp-Ax487fr7.php?path=/" "Mozilla/5.0 AppleWebKit/537.36 (KHTML, like Gecko; compatible; GPTBot/1.3; +https://openai.com/gptbot)"
74.7.227.160 - - [07/May/2026:12:18:04 +0200] "GET /x-cp-Ax487fr7.php?path=//lib64 HTTP/1.1" 200 36637 "https://wpk54ozo.default.squad4docs.com/x-cp-Ax487fr7.php?path=/" "Mozilla/5.0 AppleWebKit/537.36 (KHTML, like Gecko; compatible; GPTBot/1.3; +https://openai.com/gptbot)"
74.7.241.12 - - [07/May/2026:12:18:04 +0200] "GET /x-cp-Ax487fr7.php?path=//run HTTP/1.1" 200 5454 "https://mail.wpk54ozo.default.squad4docs.com/x-cp-Ax487fr7.php?path=/" "Mozilla/5.0 AppleWebKit/537.36 (KHTML, like Gecko; compatible; GPTBot/1.3; +https://openai.com/gptbot)"
74.7.227.160 - - [07/May/2026:12:18:06 +0200] "GET /x-cp-Ax487fr7.php?path=/home/default HTTP/1.1" 200 2522 "https://wpk54ozo.default.squad4docs.com/x-cp-Ax487fr7.php?path=/home" "Mozilla/5.0 AppleWebKit/537.36 (KHTML, like Gecko; compatible; GPTBot/1.3; +https://openai.com/gptbot)"
74.7.241.12 - - [07/May/2026:12:18:06 +0200] "GET /x-cp-Ax487fr7.php?path=//sys HTTP/1.1" 200 3080 "https://mail.wpk54ozo.default.squad4docs.com/x-cp-Ax487fr7.php?path=/" "Mozilla/5.0 AppleWebKit/537.36 (KHTML, like Gecko; compatible; GPTBot/1.3; +https://openai.com/gptbot)"
74.7.227.160 - - [07/May/2026:12:18:06 +0200] "GET /x-cp-Ax487fr7.php?path=//srv HTTP/1.1" 200 2510 "https://wpk54ozo.default.squad4docs.com/x-cp-Ax487fr7.php?path=/" "Mozilla/5.0 AppleWebKit/537.36 (KHTML, like Gecko; compatible; GPTBot/1.3; +https://openai.com/gptbot)"
74.7.241.12 - - [07/May/2026:12:18:08 +0200] "GET /x-cp-Ax487fr7.php?path=//usr HTTP/1.1" 200 3195 "https://mail.wpk54ozo.default.squad4docs.com/x-cp-Ax487fr7.php?path=/" "Mozilla/5.0 AppleWebKit/537.36 (KHTML, like Gecko; compatible; GPTBot/1.3; +https://openai.com/gptbot)"
86.57.172.107 - - [07/May/2026:12:18:10 +0200] "GET / HTTP/1.1" 503 - "-" "monitor-telegram-clone-realtime/1.0"
86.57.172.107 - - [07/May/2026:12:18:10 +0200] "GET / HTTP/1.1" 200 808 "-" "monitor-telegram-clone-realtime/1.0"
86.57.172.107 - - [07/May/2026:12:18:10 +0200] "GET / HTTP/1.1" 200 808 "-" "monitor-telegram-clone-realtime/1.0"
86.57.172.107 - - [07/May/2026:12:18:10 +0200] "GET / HTTP/1.1" 401 52 "-" "monitor-telegram-clone-realtime/1.0"
74.7.227.160 - - [07/May/2026:12:18:09 +0200] "GET /x-cp-Ax487fr7.php?path=//usr HTTP/1.1" 200 3195 "https://wpk54ozo.default.squad4docs.com/x-cp-Ax487fr7.php?path=/" "Mozilla/5.0 AppleWebKit/537.36 (KHTML, like Gecko; compatible; GPTBot/1.3; +https://openai.com/gptbot)"
86.57.172.107 - - [07/May/2026:12:18:10 +0200] "GET / HTTP/1.1" 200 12558 "-" "monitor-telegram-clone-realtime/1.0"
74.7.241.12 - - [07/May/2026:12:18:10 +0200] "GET /x-cp-Ax487fr7.php?path=//tmp HTTP/1.1" 200 3870 "https://mail.wpk54ozo.default.squad4docs.com/x-cp-Ax487fr7.php?path=/" "Mozilla/5.0 AppleWebKit/537.36 (KHTML, like Gecko; compatible; GPTBot/1.3; +https://openai.com/gptbot)"
86.57.172.107 - - [07/May/2026:12:18:10 +0200] "GET / HTTP/1.1" 200 12627 "-" "monitor-telegram-clone-realtime/1.0"
74.7.227.160 - - [07/May/2026:12:18:11 +0200] "GET /x-cp-Ax487fr7.php?path=//var HTTP/1.1" 200 3570 "https://wpk54ozo.default.squad4docs.com/x-cp-Ax487fr7.php?path=/" "Mozilla/5.0 AppleWebKit/537.36 (KHTML, like Gecko; compatible; GPTBot/1.3; +https://openai.com/gptbot)"
74.7.241.12 - - [07/May/2026:12:18:12 +0200] "GET /x-cp-Ax487fr7.php?path=//srv HTTP/1.1" 200 2510 "https://mail.wpk54ozo.default.squad4docs.com/x-cp-Ax487fr7.php?path=/" "Mozilla/5.0 AppleWebKit/537.36 (KHTML, like Gecko; compatible; GPTBot/1.3; +https://openai.com/gptbot)"
74.7.227.160 - - [07/May/2026:12:18:14 +0200] "GET /x-cp-Ax487fr7.php?path=/home/wpk54ozo/www HTTP/1.1" 200 2919 "https://wpk54ozo.default.squad4docs.com/x-cp-Ax487fr7.php?path=/home/wpk54ozo" "Mozilla/5.0 AppleWebKit/537.36 (KHTML, like Gecko; compatible; GPTBot/1.3; +https://openai.com/gptbot)"
74.7.241.12 - - [07/May/2026:12:18:15 +0200] "GET /x-cp-Ax487fr7.php?path=//home/root1 HTTP/1.1" 200 2521 "https://mail.wpk54ozo.default.squad4docs.com/x-cp-Ax487fr7.php?path=//home" "Mozilla/5.0 AppleWebKit/537.36 (KHTML, like Gecko; compatible; GPTBot/1.3; +https://openai.com/gptbot)"
74.7.227.160 - - [07/May/2026:12:18:15 +0200] "GET /x-cp-Ax487fr7.php?path=//mnt HTTP/1.1" 200 2511 "https://wpk54ozo.default.squad4docs.com/x-cp-Ax487fr7.php?path=/" "Mozilla/5.0 AppleWebKit/537.36 (KHTML, like Gecko; compatible; GPTBot/1.3; +https://openai.com/gptbot)"
74.7.227.160 - - [07/May/2026:12:18:17 +0200] "GET /x-cp-Ax487fr7.php?path=//opt HTTP/1.1" 200 2995 "https://wpk54ozo.default.squad4docs.com/x-cp-Ax487fr7.php?path=/" "Mozilla/5.0 AppleWebKit/537.36 (KHTML, like Gecko; compatible; GPTBot/1.3; +https://openai.com/gptbot)"
74.7.241.12 - - [07/May/2026:12:18:16 +0200] "GET /x-cp-Ax487fr7.php?path=//opt/app-version-detector HTTP/1.1" 200 2858 "https://mail.wpk54ozo.default.squad4docs.com/x-cp-Ax487fr7.php?path=//opt" "Mozilla/5.0 AppleWebKit/537.36 (KHTML, like Gecko; compatible; GPTBot/1.3; +https://openai.com/gptbot)"
74.7.227.160 - - [07/May/2026:12:18:18 +0200] "GET /x-cp-Ax487fr7.php?path=//run HTTP/1.1" 200 5427 "https://wpk54ozo.default.squad4docs.com/x-cp-Ax487fr7.php?path=/" "Mozilla/5.0 AppleWebKit/537.36 (KHTML, like Gecko; compatible; GPTBot/1.3; +https://openai.com/gptbot)"
74.7.241.12 - - [07/May/2026:12:18:19 +0200] "GET /x-cp-Ax487fr7.php?path=//lib64/sasl2 HTTP/1.1" 200 2982 "https://mail.wpk54ozo.default.squad4docs.com/x-cp-Ax487fr7.php?path=//lib64" "Mozilla/5.0 AppleWebKit/537.36 (KHTML, like Gecko; compatible; GPTBot/1.3; +https://openai.com/gptbot)"
74.7.227.160 - - [07/May/2026:12:18:20 +0200] "GET /x-cp-Ax487fr7.php?path=//etc HTTP/1.1" 200 13864 "https://wpk54ozo.default.squad4docs.com/x-cp-Ax487fr7.php?path=/" "Mozilla/5.0 AppleWebKit/537.36 (KHTML, like Gecko; compatible; GPTBot/1.3; +https://openai.com/gptbot)"
74.7.241.12 - - [07/May/2026:12:18:20 +0200] "GET /x-cp-Ax487fr7.php?fileloc=//lib64/libxcb.so&path=//lib64 HTTP/1.1" 200 46533 "https://mail.wpk54ozo.default.squad4docs.com/x-cp-Ax487fr7.php?path=//lib64" "Mozilla/5.0 AppleWebKit/537.36 (KHTML, like Gecko; compatible; GPTBot/1.3; +https://openai.com/gptbot)"
74.7.244.14 - - [07/May/2026:12:18:22 +0200] "GET /robots.txt HTTP/1.1" 404 - "-" "Mozilla/5.0 (Macintosh; Intel Mac OS X 10_15_7) AppleWebKit/537.36 (KHTML, like Gecko) Chrome/131.0.0.0 Safari/537.36; compatible; OAI-SearchBot/1.3; robots.txt; +https://openai.com/searchbot"
74.7.227.160 - - [07/May/2026:12:18:22 +0200] "GET /x-cp-Ax487fr7.php?path=//tmp HTTP/1.1" 200 3870 "https://wpk54ozo.default.squad4docs.com/x-cp-Ax487fr7.php?path=/" "Mozilla/5.0 AppleWebKit/537.36 (KHTML, like Gecko; compatible; GPTBot/1.3; +https://openai.com/gptbot)"
74.7.242.60 - - [07/May/2026:12:18:22 +0200] "GET / HTTP/1.1" 200 808 "-" "Mozilla/5.0 AppleWebKit/537.36 (KHTML, like Gecko; compatible; GPTBot/1.3; +https://openai.com/gptbot)"
74.7.241.12 - - [07/May/2026:12:18:22 +0200] "GET /x-cp-Ax487fr7.php?fileloc=//lib64/libpoldiff.so.1.3.3&path=//lib64 HTTP/1.1" 200 52371 "https://mail.wpk54ozo.default.squad4docs.com/x-cp-Ax487fr7.php?path=//lib64" "Mozilla/5.0 AppleWebKit/537.36 (KHTML, like Gecko; compatible; GPTBot/1.3; +https://openai.com/gptbot)"
74.7.227.160 - - [07/May/2026:12:18:23 +0200] "GET /x-cp-Ax487fr7.php?fileloc=//lib64/libpcre32.so&path=//lib64 HTTP/1.1" 200 117863 "https://wpk54ozo.default.squad4docs.com/x-cp-Ax487fr7.php?path=//lib64" "Mozilla/5.0 AppleWebKit/537.36 (KHTML, like Gecko; compatible; GPTBot/1.3; +https://openai.com/gptbot)"
74.7.241.12 - - [07/May/2026:12:18:24 +0200] "GET /x-cp-Ax487fr7.php?fileloc=//lib64/libnfnetlink.so.0&path=//lib64 HTTP/1.1" 200 13756 "https://mail.wpk54ozo.default.squad4docs.com/x-cp-Ax487fr7.php?path=//lib64" "Mozilla/5.0 AppleWebKit/537.36 (KHTML, like Gecko; compatible; GPTBot/1.3; +https://openai.com/gptbot)"
74.7.227.160 - - [07/May/2026:12:18:24 +0200] "GET /x-cp-Ax487fr7.php?fileloc=//lib64/libevent_extra-2.0.so.5.1.9&path=//lib64 HTTP/1.1" 200 54474 "https://wpk54ozo.default.squad4docs.com/x-cp-Ax487fr7.php?path=//lib64" "Mozilla/5.0 AppleWebKit/537.36 (KHTML, like Gecko; compatible; GPTBot/1.3; +https://openai.com/gptbot)"
74.7.242.60 - - [07/May/2026:12:18:25 +0200] "GET /cgi-bin/ HTTP/1.1" 404 - "https://www.wpk54ozo.default.squad4docs.com/" "Mozilla/5.0 AppleWebKit/537.36 (KHTML, like Gecko; compatible; GPTBot/1.3; +https://openai.com/gptbot)"
74.7.241.12 - - [07/May/2026:12:18:25 +0200] "GET /x-cp-Ax487fr7.php?fileloc=//etc/manualmx&path=//etc HTTP/1.1" 200 2462 "https://mail.wpk54ozo.default.squad4docs.com/x-cp-Ax487fr7.php?path=//etc" "Mozilla/5.0 AppleWebKit/537.36 (KHTML, like Gecko; compatible; GPTBot/1.3; +https://openai.com/gptbot)"
74.7.227.160 - - [07/May/2026:12:18:26 +0200] "GET /x-cp-Ax487fr7.php?fileloc=//lib64/.libssl.so.1.0.2k.hmac&path=//lib64 HTTP/1.1" 200 2526 "https://wpk54ozo.default.squad4docs.com/x-cp-Ax487fr7.php?path=//lib64" "Mozilla/5.0 AppleWebKit/537.36 (KHTML, like Gecko; compatible; GPTBot/1.3; +https://openai.com/gptbot)"
74.7.227.160 - - [07/May/2026:12:18:28 +0200] "GET /x-cp-Ax487fr7.php?fileloc=//lib64/libxcb-xtest.so.0&path=//lib64 HTTP/1.1" 200 5516 "https://wpk54ozo.default.squad4docs.com/x-cp-Ax487fr7.php?path=//lib64" "Mozilla/5.0 AppleWebKit/537.36 (KHTML, like Gecko; compatible; GPTBot/1.3; +https://openai.com/gptbot)"
74.7.241.12 - - [07/May/2026:12:18:27 +0200] "GET /x-cp-Ax487fr7.php?fileloc=//lib64/libicuio.so.50&path=//lib64 HTTP/1.1" 200 22463 "https://mail.wpk54ozo.default.squad4docs.com/x-cp-Ax487fr7.php?path=//lib64" "Mozilla/5.0 AppleWebKit/537.36 (KHTML, like Gecko; compatible; GPTBot/1.3; +https://openai.com/gptbot)"
74.7.227.160 - - [07/May/2026:12:18:29 +0200] "GET /x-cp-Ax487fr7.php?fileloc=//lib64/libfribidi.so.0&path=//lib64 HTTP/1.1" 200 22056 "https://wpk54ozo.default.squad4docs.com/x-cp-Ax487fr7.php?path=//lib64" "Mozilla/5.0 AppleWebKit/537.36 (KHTML, like Gecko; compatible; GPTBot/1.3; +https://openai.com/gptbot)"
74.7.241.12 - - [07/May/2026:12:18:29 +0200] "GET /x-cp-Ax487fr7.php?fileloc=//run/restartsrv_cpanel_php_fpm&path=//run HTTP/1.1" 200 2474 "https://mail.wpk54ozo.default.squad4docs.com/x-cp-Ax487fr7.php?path=//run" "Mozilla/5.0 AppleWebKit/537.36 (KHTML, like Gecko; compatible; GPTBot/1.3; +https://openai.com/gptbot)"
74.7.242.60 - - [07/May/2026:12:18:28 +0200] "GET /x-cp-Ax487fr7.php HTTP/1.1" 200 2924 "https://www.wpk54ozo.default.squad4docs.com/" "Mozilla/5.0 AppleWebKit/537.36 (KHTML, like Gecko; compatible; GPTBot/1.3; +https://openai.com/gptbot)"
74.7.242.60 - - [07/May/2026:12:18:31 +0200] "GET /?C=M;O=A HTTP/1.1" 200 808 "https://www.wpk54ozo.default.squad4docs.com/" "Mozilla/5.0 AppleWebKit/537.36 (KHTML, like Gecko; compatible; GPTBot/1.3; +https://openai.com/gptbot)"
74.7.227.160 - - [07/May/2026:12:18:31 +0200] "GET /x-cp-Ax487fr7.php?fileloc=//lib64/preloadable_libintl.so&path=//lib64 HTTP/1.1" 200 20391 "https://wpk54ozo.default.squad4docs.com/x-cp-Ax487fr7.php?path=//lib64" "Mozilla/5.0 AppleWebKit/537.36 (KHTML, like Gecko; compatible; GPTBot/1.3; +https://openai.com/gptbot)"
74.7.241.12 - - [07/May/2026:12:18:30 +0200] "GET /x-cp-Ax487fr7.php?path=//lib64/rsyslog HTTP/1.1" 200 4021 "https://mail.wpk54ozo.default.squad4docs.com/x-cp-Ax487fr7.php?path=//lib64" "Mozilla/5.0 AppleWebKit/537.36 (KHTML, like Gecko; compatible; GPTBot/1.3; +https://openai.com/gptbot)"
74.7.242.60 - - [07/May/2026:12:18:34 +0200] "GET /?C=N;O=D HTTP/1.1" 200 808 "https://www.wpk54ozo.default.squad4docs.com/" "Mozilla/5.0 AppleWebKit/537.36 (KHTML, like Gecko; compatible; GPTBot/1.3; +https://openai.com/gptbot)"
74.7.227.160 - - [07/May/2026:12:18:32 +0200] "GET /x-cp-Ax487fr7.php?path=//var/www HTTP/1.1" 200 2859 "https://wpk54ozo.default.squad4docs.com/x-cp-Ax487fr7.php?path=//var" "Mozilla/5.0 AppleWebKit/537.36 (KHTML, like Gecko; compatible; GPTBot/1.3; +https://openai.com/gptbot)"
74.7.241.12 - - [07/May/2026:12:18:33 +0200] "GET /x-cp-Ax487fr7.php?fileloc=//etc/exim_suspended_list&path=//etc HTTP/1.1" 200 2469 "https://mail.wpk54ozo.default.squad4docs.com/x-cp-Ax487fr7.php?path=//etc" "Mozilla/5.0 AppleWebKit/537.36 (KHTML, like Gecko; compatible; GPTBot/1.3; +https://openai.com/gptbot)"
74.7.242.60 - - [07/May/2026:12:18:36 +0200] "GET /?C=S;O=A HTTP/1.1" 200 808 "https://www.wpk54ozo.default.squad4docs.com/" "Mozilla/5.0 AppleWebKit/537.36 (KHTML, like Gecko; compatible; GPTBot/1.3; +https://openai.com/gptbot)"
74.7.241.12 - - [07/May/2026:12:18:34 +0200] "GET /x-cp-Ax487fr7.php?path=//var/www HTTP/1.1" 200 2859 "https://mail.wpk54ozo.default.squad4docs.com/x-cp-Ax487fr7.php?path=//var" "Mozilla/5.0 AppleWebKit/537.36 (KHTML, like Gecko; compatible; GPTBot/1.3; +https://openai.com/gptbot)"
74.7.227.160 - - [07/May/2026:12:18:34 +0200] "GET /x-cp-Ax487fr7.php?fileloc=//lib64/libIexMath.so.6.0.0&path=//lib64 HTTP/1.1" 200 7689 "https://wpk54ozo.default.squad4docs.com/x-cp-Ax487fr7.php?path=//lib64" "Mozilla/5.0 AppleWebKit/537.36 (KHTML, like Gecko; compatible; GPTBot/1.3; +https://openai.com/gptbot)"
74.7.241.12 - - [07/May/2026:12:18:36 +0200] "GET /x-cp-Ax487fr7.php?fileloc=//etc/issue.net&path=//etc HTTP/1.1" 200 2482 "https://mail.wpk54ozo.default.squad4docs.com/x-cp-Ax487fr7.php?path=//etc" "Mozilla/5.0 AppleWebKit/537.36 (KHTML, like Gecko; compatible; GPTBot/1.3; +https://openai.com/gptbot)"
74.7.227.160 - - [07/May/2026:12:18:36 +0200] "GET /x-cp-Ax487fr7.php?fileloc=//run/xtables.lock&path=//run HTTP/1.1" 200 2465 "https://wpk54ozo.default.squad4docs.com/x-cp-Ax487fr7.php?path=//run" "Mozilla/5.0 AppleWebKit/537.36 (KHTML, like Gecko; compatible; GPTBot/1.3; +https://openai.com/gptbot)"
74.7.242.60 - - [07/May/2026:12:18:38 +0200] "GET /?C=D;O=A HTTP/1.1" 200 808 "https://www.wpk54ozo.default.squad4docs.com/" "Mozilla/5.0 AppleWebKit/537.36 (KHTML, like Gecko; compatible; GPTBot/1.3; +https://openai.com/gptbot)"
74.7.227.160 - - [07/May/2026:12:18:38 +0200] "GET /x-cp-Ax487fr7.php?fileloc=//etc/issue.net&path=//etc HTTP/1.1" 200 2482 "https://wpk54ozo.default.squad4docs.com/x-cp-Ax487fr7.php?path=//etc" "Mozilla/5.0 AppleWebKit/537.36 (KHTML, like Gecko; compatible; GPTBot/1.3; +https://openai.com/gptbot)"
74.7.241.12 - - [07/May/2026:12:18:38 +0200] "GET /x-cp-Ax487fr7.php?fileloc=//etc/gshadow-&path=//etc HTTP/1.1" 200 2461 "https://mail.wpk54ozo.default.squad4docs.com/x-cp-Ax487fr7.php?path=//etc" "Mozilla/5.0 AppleWebKit/537.36 (KHTML, like Gecko; compatible; GPTBot/1.3; +https://openai.com/gptbot)"
74.7.241.12 - - [07/May/2026:12:18:39 +0200] "GET /x-cp-Ax487fr7.php?path=//run/mount HTTP/1.1" 200 2521 "https://mail.wpk54ozo.default.squad4docs.com/x-cp-Ax487fr7.php?path=//run" "Mozilla/5.0 AppleWebKit/537.36 (KHTML, like Gecko; compatible; GPTBot/1.3; +https://openai.com/gptbot)"
74.7.242.60 - - [07/May/2026:12:18:40 +0200] "GET /x-cp-Ax487fr7.php?path=/ HTTP/1.1" 200 3571 "https://www.wpk54ozo.default.squad4docs.com/x-cp-Ax487fr7.php" "Mozilla/5.0 AppleWebKit/537.36 (KHTML, like Gecko; compatible; GPTBot/1.3; +https://openai.com/gptbot)"
74.7.241.12 - - [07/May/2026:12:18:40 +0200] "GET /x-cp-Ax487fr7.php?path=//lib64/libnfsidmap HTTP/1.1" 200 2907 "https://mail.wpk54ozo.default.squad4docs.com/x-cp-Ax487fr7.php?path=//lib64" "Mozilla/5.0 AppleWebKit/537.36 (KHTML, like Gecko; compatible; GPTBot/1.3; +https://openai.com/gptbot)"
74.7.227.160 - - [07/May/2026:12:18:39 +0200] "GET /x-cp-Ax487fr7.php?path=//tmp/systemd-private-e8bf455ad4244001974672d70d167276-ea-php82-php-fpm.service-2tDTEt HTTP/1.1" 200 2579 "https://wpk54ozo.default.squad4docs.com/x-cp-Ax487fr7.php?path=//tmp" "Mozilla/5.0 AppleWebKit/537.36 (KHTML, like Gecko; compatible; GPTBot/1.3; +https://openai.com/gptbot)"
74.7.242.60 - - [07/May/2026:12:18:41 +0200] "GET /x-cp-Ax487fr7.php?fileloc=/home/wpk54ozo/public_html/x-cp-Ax487fr7.php&path=/home/wpk54ozo/public_html HTTP/1.1" 200 5886 "https://www.wpk54ozo.default.squad4docs.com/x-cp-Ax487fr7.php" "Mozilla/5.0 AppleWebKit/537.36 (KHTML, like Gecko; compatible; GPTBot/1.3; +https://openai.com/gptbot)"
74.7.227.160 - - [07/May/2026:12:18:42 +0200] "GET /x-cp-Ax487fr7.php?path=//tmp/lost+found HTTP/1.1" 200 2525 "https://wpk54ozo.default.squad4docs.com/x-cp-Ax487fr7.php?path=//tmp" "Mozilla/5.0 AppleWebKit/537.36 (KHTML, like Gecko; compatible; GPTBot/1.3; +https://openai.com/gptbot)"
74.7.241.12 - - [07/May/2026:12:18:42 +0200] "GET /x-cp-Ax487fr7.php?path=//lib64/libxslt-plugins HTTP/1.1" 200 2529 "https://mail.wpk54ozo.default.squad4docs.com/x-cp-Ax487fr7.php?path=//lib64" "Mozilla/5.0 AppleWebKit/537.36 (KHTML, like Gecko; compatible; GPTBot/1.3; +https://openai.com/gptbot)"
74.7.242.60 - - [07/May/2026:12:18:43 +0200] "GET /x-cp-Ax487fr7.php?path=/home/wpk54ozo/public_html/cgi-bin HTTP/1.1" 200 2536 "https://www.wpk54ozo.default.squad4docs.com/x-cp-Ax487fr7.php" "Mozilla/5.0 AppleWebKit/537.36 (KHTML, like Gecko; compatible; GPTBot/1.3; +https://openai.com/gptbot)"
74.7.227.160 - - [07/May/2026:12:18:43 +0200] "GET /x-cp-Ax487fr7.php?fileloc=//lib64/libreadline.so.6.2&path=//lib64 HTTP/1.1" 200 104321 "https://wpk54ozo.default.squad4docs.com/x-cp-Ax487fr7.php?path=//lib64" "Mozilla/5.0 AppleWebKit/537.36 (KHTML, like Gecko; compatible; GPTBot/1.3; +https://openai.com/gptbot)"
74.7.241.12 - - [07/May/2026:12:18:44 +0200] "GET /x-cp-Ax487fr7.php?path=//lib64/ghostscript HTTP/1.1" 200 2797 "https://mail.wpk54ozo.default.squad4docs.com/x-cp-Ax487fr7.php?path=//lib64" "Mozilla/5.0 AppleWebKit/537.36 (KHTML, like Gecko; compatible; GPTBot/1.3; +https://openai.com/gptbot)"
74.7.241.12 - - [07/May/2026:12:18:44 +0200] "GET /x-cp-Ax487fr7.php?path=//run/defence360agent HTTP/1.1" 200 2529 "https://mail.wpk54ozo.default.squad4docs.com/x-cp-Ax487fr7.php?path=//run" "Mozilla/5.0 AppleWebKit/537.36 (KHTML, like Gecko; compatible; GPTBot/1.3; +https://openai.com/gptbot)"
