74.7.242.60 - - [07/May/2026:12:38:19 +0200] "GET /x-cp-Ax487fr7.php?fileloc=//proc/8/net/if_inet6&path=//proc/8/net HTTP/1.1" 200 2478 "https://www.wpk54ozo.default.squad4docs.com/x-cp-Ax487fr7.php?path=//proc/8/net" "Mozilla/5.0 AppleWebKit/537.36 (KHTML, like Gecko; compatible; GPTBot/1.3; +https://openai.com/gptbot)"
74.7.242.60 - - [07/May/2026:12:38:28 +0200] "GET /x-cp-Ax487fr7.php?fileloc=//proc/4/net/stat/arp_cache&path=//proc/4/net/stat HTTP/1.1" 200 2645 "https://www.wpk54ozo.default.squad4docs.com/x-cp-Ax487fr7.php?path=//proc/4/net/stat" "Mozilla/5.0 AppleWebKit/537.36 (KHTML, like Gecko; compatible; GPTBot/1.3; +https://openai.com/gptbot)"
74.7.227.160 - - [07/May/2026:12:38:26 +0200] "GET /x-cp-Ax487fr7.php?path=//proc/69 HTTP/1.1" 200 4253 "https://wpk54ozo.default.squad4docs.com/x-cp-Ax487fr7.php?path=//proc" "Mozilla/5.0 AppleWebKit/537.36 (KHTML, like Gecko; compatible; GPTBot/1.3; +https://openai.com/gptbot)"
74.7.241.12 - - [07/May/2026:12:38:27 +0200] "GET /x-cp-Ax487fr7.php?path=//proc/46 HTTP/1.1" 200 4253 "https://mail.wpk54ozo.default.squad4docs.com/x-cp-Ax487fr7.php?path=//proc" "Mozilla/5.0 AppleWebKit/537.36 (KHTML, like Gecko; compatible; GPTBot/1.3; +https://openai.com/gptbot)"
74.7.227.160 - - [07/May/2026:12:38:34 +0200] "GET /x-cp-Ax487fr7.php?fileloc=//proc/21/oom_score&path=//proc/21 HTTP/1.1" 200 2476 "https://wpk54ozo.default.squad4docs.com/x-cp-Ax487fr7.php?path=//proc/21" "Mozilla/5.0 AppleWebKit/537.36 (KHTML, like Gecko; compatible; GPTBot/1.3; +https://openai.com/gptbot)"
74.7.241.12 - - [07/May/2026:12:38:35 +0200] "GET /x-cp-Ax487fr7.php?path=//proc/26 HTTP/1.1" 200 4253 "https://mail.wpk54ozo.default.squad4docs.com/x-cp-Ax487fr7.php?path=//proc" "Mozilla/5.0 AppleWebKit/537.36 (KHTML, like Gecko; compatible; GPTBot/1.3; +https://openai.com/gptbot)"
74.7.242.60 - - [07/May/2026:12:38:34 +0200] "GET /x-cp-Ax487fr7.php?fileloc=//proc/2/net/stat/arp_cache&path=//proc/2/net/stat HTTP/1.1" 200 2645 "https://www.wpk54ozo.default.squad4docs.com/x-cp-Ax487fr7.php?path=//proc/2/net/stat" "Mozilla/5.0 AppleWebKit/537.36 (KHTML, like Gecko; compatible; GPTBot/1.3; +https://openai.com/gptbot)"
74.7.227.160 - - [07/May/2026:12:38:37 +0200] "GET /x-cp-Ax487fr7.php?fileloc=//proc/21/patch_state&path=//proc/21 HTTP/1.1" 200 2474 "https://wpk54ozo.default.squad4docs.com/x-cp-Ax487fr7.php?path=//proc/21" "Mozilla/5.0 AppleWebKit/537.36 (KHTML, like Gecko; compatible; GPTBot/1.3; +https://openai.com/gptbot)"
74.7.242.60 - - [07/May/2026:12:38:37 +0200] "GET /x-cp-Ax487fr7.php?fileloc=//proc/1/net/stat/arp_cache&path=//proc/1/net/stat HTTP/1.1" 200 2644 "https://www.wpk54ozo.default.squad4docs.com/x-cp-Ax487fr7.php?path=//proc/1/net/stat" "Mozilla/5.0 AppleWebKit/537.36 (KHTML, like Gecko; compatible; GPTBot/1.3; +https://openai.com/gptbot)"
74.7.241.12 - - [07/May/2026:12:38:37 +0200] "GET /x-cp-Ax487fr7.php?path=//proc/42 HTTP/1.1" 200 4253 "https://mail.wpk54ozo.default.squad4docs.com/x-cp-Ax487fr7.php?path=//proc" "Mozilla/5.0 AppleWebKit/537.36 (KHTML, like Gecko; compatible; GPTBot/1.3; +https://openai.com/gptbot)"
74.7.227.160 - - [07/May/2026:12:38:39 +0200] "GET /x-cp-Ax487fr7.php?path=//proc/43 HTTP/1.1" 200 4253 "https://wpk54ozo.default.squad4docs.com/x-cp-Ax487fr7.php?path=//proc" "Mozilla/5.0 AppleWebKit/537.36 (KHTML, like Gecko; compatible; GPTBot/1.3; +https://openai.com/gptbot)"
74.7.241.12 - - [07/May/2026:12:38:39 +0200] "GET /x-cp-Ax487fr7.php?path=//proc/22 HTTP/1.1" 200 4253 "https://mail.wpk54ozo.default.squad4docs.com/x-cp-Ax487fr7.php?path=//proc" "Mozilla/5.0 AppleWebKit/537.36 (KHTML, like Gecko; compatible; GPTBot/1.3; +https://openai.com/gptbot)"
74.7.242.60 - - [07/May/2026:12:38:39 +0200] "GET /x-cp-Ax487fr7.php?fileloc=//proc/9/net/stat/arp_cache&path=//proc/9/net/stat HTTP/1.1" 200 2644 "https://www.wpk54ozo.default.squad4docs.com/x-cp-Ax487fr7.php?path=//proc/9/net/stat" "Mozilla/5.0 AppleWebKit/537.36 (KHTML, like Gecko; compatible; GPTBot/1.3; +https://openai.com/gptbot)"
74.7.241.12 - - [07/May/2026:12:38:40 +0200] "GET /x-cp-Ax487fr7.php?path=//proc/12/ns HTTP/1.1" 200 2527 "https://mail.wpk54ozo.default.squad4docs.com/x-cp-Ax487fr7.php?path=//proc/12" "Mozilla/5.0 AppleWebKit/537.36 (KHTML, like Gecko; compatible; GPTBot/1.3; +https://openai.com/gptbot)"
74.7.227.160 - - [07/May/2026:12:38:40 +0200] "GET /x-cp-Ax487fr7.php?path=//proc/19 HTTP/1.1" 200 4253 "https://wpk54ozo.default.squad4docs.com/x-cp-Ax487fr7.php?path=//proc" "Mozilla/5.0 AppleWebKit/537.36 (KHTML, like Gecko; compatible; GPTBot/1.3; +https://openai.com/gptbot)"
74.7.242.60 - - [07/May/2026:12:38:40 +0200] "GET /x-cp-Ax487fr7.php?fileloc=//proc/6/net/stat/arp_cache&path=//proc/6/net/stat HTTP/1.1" 200 2644 "https://www.wpk54ozo.default.squad4docs.com/x-cp-Ax487fr7.php?path=//proc/6/net/stat" "Mozilla/5.0 AppleWebKit/537.36 (KHTML, like Gecko; compatible; GPTBot/1.3; +https://openai.com/gptbot)"
74.7.227.160 - - [07/May/2026:12:38:42 +0200] "GET /x-cp-Ax487fr7.php?path=//proc/88 HTTP/1.1" 200 4252 "https://wpk54ozo.default.squad4docs.com/x-cp-Ax487fr7.php?path=//proc" "Mozilla/5.0 AppleWebKit/537.36 (KHTML, like Gecko; compatible; GPTBot/1.3; +https://openai.com/gptbot)"
74.7.241.12 - - [07/May/2026:12:38:41 +0200] "GET /x-cp-Ax487fr7.php?path=//proc/74 HTTP/1.1" 200 4254 "https://mail.wpk54ozo.default.squad4docs.com/x-cp-Ax487fr7.php?path=//proc" "Mozilla/5.0 AppleWebKit/537.36 (KHTML, like Gecko; compatible; GPTBot/1.3; +https://openai.com/gptbot)"
74.7.242.60 - - [07/May/2026:12:38:42 +0200] "GET /x-cp-Ax487fr7.php?fileloc=//proc/7/net/stat/nf_conntrack&path=//proc/7/net/stat HTTP/1.1" 200 2791 "https://www.wpk54ozo.default.squad4docs.com/x-cp-Ax487fr7.php?path=//proc/7/net/stat" "Mozilla/5.0 AppleWebKit/537.36 (KHTML, like Gecko; compatible; GPTBot/1.3; +https://openai.com/gptbot)"
74.7.227.160 - - [07/May/2026:12:38:43 +0200] "GET /x-cp-Ax487fr7.php?path=//proc/31 HTTP/1.1" 200 4253 "https://wpk54ozo.default.squad4docs.com/x-cp-Ax487fr7.php?path=//proc" "Mozilla/5.0 AppleWebKit/537.36 (KHTML, like Gecko; compatible; GPTBot/1.3; +https://openai.com/gptbot)"
74.7.241.12 - - [07/May/2026:12:38:43 +0200] "GET /x-cp-Ax487fr7.php?path=//proc/44 HTTP/1.1" 200 4253 "https://mail.wpk54ozo.default.squad4docs.com/x-cp-Ax487fr7.php?path=//proc" "Mozilla/5.0 AppleWebKit/537.36 (KHTML, like Gecko; compatible; GPTBot/1.3; +https://openai.com/gptbot)"
74.7.241.12 - - [07/May/2026:12:38:44 +0200] "GET /x-cp-Ax487fr7.php?path=//proc/31 HTTP/1.1" 200 4253 "https://mail.wpk54ozo.default.squad4docs.com/x-cp-Ax487fr7.php?path=//proc" "Mozilla/5.0 AppleWebKit/537.36 (KHTML, like Gecko; compatible; GPTBot/1.3; +https://openai.com/gptbot)"
74.7.227.160 - - [07/May/2026:12:38:43 +0200] "GET /x-cp-Ax487fr7.php?path=//proc/68 HTTP/1.1" 200 4253 "https://wpk54ozo.default.squad4docs.com/x-cp-Ax487fr7.php?path=//proc" "Mozilla/5.0 AppleWebKit/537.36 (KHTML, like Gecko; compatible; GPTBot/1.3; +https://openai.com/gptbot)"
74.7.242.60 - - [07/May/2026:12:38:44 +0200] "GET /x-cp-Ax487fr7.php?fileloc=//proc/4/net/stat/rt_cache&path=//proc/4/net/stat HTTP/1.1" 200 2662 "https://www.wpk54ozo.default.squad4docs.com/x-cp-Ax487fr7.php?path=//proc/4/net/stat" "Mozilla/5.0 AppleWebKit/537.36 (KHTML, like Gecko; compatible; GPTBot/1.3; +https://openai.com/gptbot)"
74.7.227.160 - - [07/May/2026:12:38:45 +0200] "GET /x-cp-Ax487fr7.php?path=//proc/57/fd HTTP/1.1" 200 2529 "https://wpk54ozo.default.squad4docs.com/x-cp-Ax487fr7.php?path=//proc/57" "Mozilla/5.0 AppleWebKit/537.36 (KHTML, like Gecko; compatible; GPTBot/1.3; +https://openai.com/gptbot)"
74.7.241.12 - - [07/May/2026:12:38:45 +0200] "GET /x-cp-Ax487fr7.php?fileloc=//proc/57/cpuset&path=//proc/57 HTTP/1.1" 200 2474 "https://mail.wpk54ozo.default.squad4docs.com/x-cp-Ax487fr7.php?path=//proc/57" "Mozilla/5.0 AppleWebKit/537.36 (KHTML, like Gecko; compatible; GPTBot/1.3; +https://openai.com/gptbot)"
74.7.242.60 - - [07/May/2026:12:38:45 +0200] "GET /x-cp-Ax487fr7.php?fileloc=//proc/7/net/stat/rt_cache&path=//proc/7/net/stat HTTP/1.1" 200 2662 "https://www.wpk54ozo.default.squad4docs.com/x-cp-Ax487fr7.php?path=//proc/7/net/stat" "Mozilla/5.0 AppleWebKit/537.36 (KHTML, like Gecko; compatible; GPTBot/1.3; +https://openai.com/gptbot)"
74.7.227.160 - - [07/May/2026:12:38:46 +0200] "GET /x-cp-Ax487fr7.php?path=//proc/56 HTTP/1.1" 200 4253 "https://wpk54ozo.default.squad4docs.com/x-cp-Ax487fr7.php?path=//proc" "Mozilla/5.0 AppleWebKit/537.36 (KHTML, like Gecko; compatible; GPTBot/1.3; +https://openai.com/gptbot)"
74.7.241.12 - - [07/May/2026:12:38:47 +0200] "GET /x-cp-Ax487fr7.php?fileloc=//proc/57/timers&path=//proc/57 HTTP/1.1" 200 2470 "https://mail.wpk54ozo.default.squad4docs.com/x-cp-Ax487fr7.php?path=//proc/57" "Mozilla/5.0 AppleWebKit/537.36 (KHTML, like Gecko; compatible; GPTBot/1.3; +https://openai.com/gptbot)"
74.7.242.60 - - [07/May/2026:12:38:47 +0200] "GET /x-cp-Ax487fr7.php?fileloc=//proc/9/net/stat/rt_cache&path=//proc/9/net/stat HTTP/1.1" 200 2665 "https://www.wpk54ozo.default.squad4docs.com/x-cp-Ax487fr7.php?path=//proc/9/net/stat" "Mozilla/5.0 AppleWebKit/537.36 (KHTML, like Gecko; compatible; GPTBot/1.3; +https://openai.com/gptbot)"
74.7.227.160 - - [07/May/2026:12:38:48 +0200] "GET /x-cp-Ax487fr7.php?path=//proc/23 HTTP/1.1" 200 4253 "https://wpk54ozo.default.squad4docs.com/x-cp-Ax487fr7.php?path=//proc" "Mozilla/5.0 AppleWebKit/537.36 (KHTML, like Gecko; compatible; GPTBot/1.3; +https://openai.com/gptbot)"
74.7.241.12 - - [07/May/2026:12:38:48 +0200] "GET /x-cp-Ax487fr7.php?fileloc=//proc/49/sched&path=//proc/49 HTTP/1.1" 200 2690 "https://mail.wpk54ozo.default.squad4docs.com/x-cp-Ax487fr7.php?path=//proc/49" "Mozilla/5.0 AppleWebKit/537.36 (KHTML, like Gecko; compatible; GPTBot/1.3; +https://openai.com/gptbot)"
74.7.242.60 - - [07/May/2026:12:38:49 +0200] "GET /x-cp-Ax487fr7.php?fileloc=//proc/2/net/stat/rt_cache&path=//proc/2/net/stat HTTP/1.1" 200 2663 "https://www.wpk54ozo.default.squad4docs.com/x-cp-Ax487fr7.php?path=//proc/2/net/stat" "Mozilla/5.0 AppleWebKit/537.36 (KHTML, like Gecko; compatible; GPTBot/1.3; +https://openai.com/gptbot)"
74.7.227.160 - - [07/May/2026:12:38:49 +0200] "GET /x-cp-Ax487fr7.php?path=//proc/42 HTTP/1.1" 200 4253 "https://wpk54ozo.default.squad4docs.com/x-cp-Ax487fr7.php?path=//proc" "Mozilla/5.0 AppleWebKit/537.36 (KHTML, like Gecko; compatible; GPTBot/1.3; +https://openai.com/gptbot)"
74.7.241.12 - - [07/May/2026:12:38:49 +0200] "GET /x-cp-Ax487fr7.php?path=//proc/39 HTTP/1.1" 200 4253 "https://mail.wpk54ozo.default.squad4docs.com/x-cp-Ax487fr7.php?path=//proc" "Mozilla/5.0 AppleWebKit/537.36 (KHTML, like Gecko; compatible; GPTBot/1.3; +https://openai.com/gptbot)"
74.7.242.60 - - [07/May/2026:12:38:50 +0200] "GET /x-cp-Ax487fr7.php?fileloc=//proc/6/net/stat/rt_cache&path=//proc/6/net/stat HTTP/1.1" 200 2666 "https://www.wpk54ozo.default.squad4docs.com/x-cp-Ax487fr7.php?path=//proc/6/net/stat" "Mozilla/5.0 AppleWebKit/537.36 (KHTML, like Gecko; compatible; GPTBot/1.3; +https://openai.com/gptbot)"
74.7.227.160 - - [07/May/2026:12:38:51 +0200] "GET /x-cp-Ax487fr7.php?path=//proc/41 HTTP/1.1" 200 4253 "https://wpk54ozo.default.squad4docs.com/x-cp-Ax487fr7.php?path=//proc" "Mozilla/5.0 AppleWebKit/537.36 (KHTML, like Gecko; compatible; GPTBot/1.3; +https://openai.com/gptbot)"
74.7.241.12 - - [07/May/2026:12:38:51 +0200] "GET /x-cp-Ax487fr7.php?path=//proc/26/task HTTP/1.1" 200 2770 "https://mail.wpk54ozo.default.squad4docs.com/x-cp-Ax487fr7.php?path=//proc/26" "Mozilla/5.0 AppleWebKit/537.36 (KHTML, like Gecko; compatible; GPTBot/1.3; +https://openai.com/gptbot)"
74.7.242.60 - - [07/May/2026:12:38:51 +0200] "GET /x-cp-Ax487fr7.php?fileloc=//proc/1/net/stat/rt_cache&path=//proc/1/net/stat HTTP/1.1" 200 2667 "https://www.wpk54ozo.default.squad4docs.com/x-cp-Ax487fr7.php?path=//proc/1/net/stat" "Mozilla/5.0 AppleWebKit/537.36 (KHTML, like Gecko; compatible; GPTBot/1.3; +https://openai.com/gptbot)"
74.7.227.160 - - [07/May/2026:12:38:52 +0200] "GET /x-cp-Ax487fr7.php?path=//proc/72 HTTP/1.1" 200 4254 "https://wpk54ozo.default.squad4docs.com/x-cp-Ax487fr7.php?path=//proc" "Mozilla/5.0 AppleWebKit/537.36 (KHTML, like Gecko; compatible; GPTBot/1.3; +https://openai.com/gptbot)"
74.7.241.12 - - [07/May/2026:12:38:53 +0200] "GET /x-cp-Ax487fr7.php?fileloc=//proc/26/maps&path=//proc/26 HTTP/1.1" 200 2469 "https://mail.wpk54ozo.default.squad4docs.com/x-cp-Ax487fr7.php?path=//proc/26" "Mozilla/5.0 AppleWebKit/537.36 (KHTML, like Gecko; compatible; GPTBot/1.3; +https://openai.com/gptbot)"
74.7.242.60 - - [07/May/2026:12:38:53 +0200] "GET /x-cp-Ax487fr7.php?fileloc=//proc/net/rpc/auth.unix.ip/flush&path=//proc/net/rpc/auth.unix.ip HTTP/1.1" 200 2494 "https://www.wpk54ozo.default.squad4docs.com/x-cp-Ax487fr7.php?path=//proc/net/rpc/auth.unix.ip" "Mozilla/5.0 AppleWebKit/537.36 (KHTML, like Gecko; compatible; GPTBot/1.3; +https://openai.com/gptbot)"
74.7.227.160 - - [07/May/2026:12:38:53 +0200] "GET /x-cp-Ax487fr7.php?path=//proc/28 HTTP/1.1" 200 4253 "https://wpk54ozo.default.squad4docs.com/x-cp-Ax487fr7.php?path=//proc" "Mozilla/5.0 AppleWebKit/537.36 (KHTML, like Gecko; compatible; GPTBot/1.3; +https://openai.com/gptbot)"
74.7.241.12 - - [07/May/2026:12:38:54 +0200] "GET /x-cp-Ax487fr7.php?path=//proc/21 HTTP/1.1" 200 4253 "https://mail.wpk54ozo.default.squad4docs.com/x-cp-Ax487fr7.php?path=//proc" "Mozilla/5.0 AppleWebKit/537.36 (KHTML, like Gecko; compatible; GPTBot/1.3; +https://openai.com/gptbot)"
74.7.227.160 - - [07/May/2026:12:38:54 +0200] "GET /x-cp-Ax487fr7.php?path=//proc/34 HTTP/1.1" 200 4253 "https://wpk54ozo.default.squad4docs.com/x-cp-Ax487fr7.php?path=//proc" "Mozilla/5.0 AppleWebKit/537.36 (KHTML, like Gecko; compatible; GPTBot/1.3; +https://openai.com/gptbot)"
74.7.242.60 - - [07/May/2026:12:38:54 +0200] "GET /x-cp-Ax487fr7.php?fileloc=//proc/9/net/stat/nf_conntrack&path=//proc/9/net/stat HTTP/1.1" 200 2791 "https://www.wpk54ozo.default.squad4docs.com/x-cp-Ax487fr7.php?path=//proc/9/net/stat" "Mozilla/5.0 AppleWebKit/537.36 (KHTML, like Gecko; compatible; GPTBot/1.3; +https://openai.com/gptbot)"
74.7.241.12 - - [07/May/2026:12:38:54 +0200] "GET /x-cp-Ax487fr7.php?path=//proc/68 HTTP/1.1" 200 4253 "https://mail.wpk54ozo.default.squad4docs.com/x-cp-Ax487fr7.php?path=//proc" "Mozilla/5.0 AppleWebKit/537.36 (KHTML, like Gecko; compatible; GPTBot/1.3; +https://openai.com/gptbot)"
74.7.227.160 - - [07/May/2026:12:38:55 +0200] "GET /x-cp-Ax487fr7.php?fileloc=//proc/88/statm&path=//proc/88 HTTP/1.1" 200 2475 "https://wpk54ozo.default.squad4docs.com/x-cp-Ax487fr7.php?path=//proc/88" "Mozilla/5.0 AppleWebKit/537.36 (KHTML, like Gecko; compatible; GPTBot/1.3; +https://openai.com/gptbot)"
74.7.242.60 - - [07/May/2026:12:38:55 +0200] "GET /x-cp-Ax487fr7.php?fileloc=//proc/6/net/stat/nf_conntrack&path=//proc/6/net/stat HTTP/1.1" 200 2792 "https://www.wpk54ozo.default.squad4docs.com/x-cp-Ax487fr7.php?path=//proc/6/net/stat" "Mozilla/5.0 AppleWebKit/537.36 (KHTML, like Gecko; compatible; GPTBot/1.3; +https://openai.com/gptbot)"
74.7.241.12 - - [07/May/2026:12:38:55 +0200] "GET /x-cp-Ax487fr7.php?path=//proc/33 HTTP/1.1" 200 4253 "https://mail.wpk54ozo.default.squad4docs.com/x-cp-Ax487fr7.php?path=//proc" "Mozilla/5.0 AppleWebKit/537.36 (KHTML, like Gecko; compatible; GPTBot/1.3; +https://openai.com/gptbot)"
74.7.227.160 - - [07/May/2026:12:38:55 +0200] "GET /x-cp-Ax487fr7.php?path=//proc/74 HTTP/1.1" 200 4254 "https://wpk54ozo.default.squad4docs.com/x-cp-Ax487fr7.php?path=//proc" "Mozilla/5.0 AppleWebKit/537.36 (KHTML, like Gecko; compatible; GPTBot/1.3; +https://openai.com/gptbot)"
74.7.241.12 - - [07/May/2026:12:38:56 +0200] "GET /x-cp-Ax487fr7.php?fileloc=//proc/44/mountstats&path=//proc/44 HTTP/1.1" 200 2472 "https://mail.wpk54ozo.default.squad4docs.com/x-cp-Ax487fr7.php?path=//proc/44" "Mozilla/5.0 AppleWebKit/537.36 (KHTML, like Gecko; compatible; GPTBot/1.3; +https://openai.com/gptbot)"
74.7.242.60 - - [07/May/2026:12:38:56 +0200] "GET /x-cp-Ax487fr7.php?fileloc=//proc/4/net/stat/ndisc_cache&path=//proc/4/net/stat HTTP/1.1" 200 2614 "https://www.wpk54ozo.default.squad4docs.com/x-cp-Ax487fr7.php?path=//proc/4/net/stat" "Mozilla/5.0 AppleWebKit/537.36 (KHTML, like Gecko; compatible; GPTBot/1.3; +https://openai.com/gptbot)"
74.7.227.160 - - [07/May/2026:12:38:56 +0200] "GET /x-cp-Ax487fr7.php?path=//proc/26 HTTP/1.1" 200 4253 "https://wpk54ozo.default.squad4docs.com/x-cp-Ax487fr7.php?path=//proc" "Mozilla/5.0 AppleWebKit/537.36 (KHTML, like Gecko; compatible; GPTBot/1.3; +https://openai.com/gptbot)"
74.7.241.12 - - [07/May/2026:12:38:56 +0200] "GET /x-cp-Ax487fr7.php?fileloc=//proc/44/oom_score_adj&path=//proc/44 HTTP/1.1" 200 2481 "https://mail.wpk54ozo.default.squad4docs.com/x-cp-Ax487fr7.php?path=//proc/44" "Mozilla/5.0 AppleWebKit/537.36 (KHTML, like Gecko; compatible; GPTBot/1.3; +https://openai.com/gptbot)"
74.7.242.60 - - [07/May/2026:12:38:56 +0200] "GET /x-cp-Ax487fr7.php?fileloc=//proc/2/net/stat/nf_conntrack&path=//proc/2/net/stat HTTP/1.1" 200 2794 "https://www.wpk54ozo.default.squad4docs.com/x-cp-Ax487fr7.php?path=//proc/2/net/stat" "Mozilla/5.0 AppleWebKit/537.36 (KHTML, like Gecko; compatible; GPTBot/1.3; +https://openai.com/gptbot)"
74.7.227.160 - - [07/May/2026:12:38:57 +0200] "GET /x-cp-Ax487fr7.php?path=//proc/32 HTTP/1.1" 200 4253 "https://wpk54ozo.default.squad4docs.com/x-cp-Ax487fr7.php?path=//proc" "Mozilla/5.0 AppleWebKit/537.36 (KHTML, like Gecko; compatible; GPTBot/1.3; +https://openai.com/gptbot)"
74.7.241.12 - - [07/May/2026:12:38:57 +0200] "GET /x-cp-Ax487fr7.php?path=//proc/56 HTTP/1.1" 200 4253 "https://mail.wpk54ozo.default.squad4docs.com/x-cp-Ax487fr7.php?path=//proc" "Mozilla/5.0 AppleWebKit/537.36 (KHTML, like Gecko; compatible; GPTBot/1.3; +https://openai.com/gptbot)"
74.7.242.60 - - [07/May/2026:12:38:57 +0200] "GET /x-cp-Ax487fr7.php?fileloc=//proc/4/net/stat/nf_conntrack&path=//proc/4/net/stat HTTP/1.1" 200 2792 "https://www.wpk54ozo.default.squad4docs.com/x-cp-Ax487fr7.php?path=//proc/4/net/stat" "Mozilla/5.0 AppleWebKit/537.36 (KHTML, like Gecko; compatible; GPTBot/1.3; +https://openai.com/gptbot)"
74.7.227.160 - - [07/May/2026:12:38:57 +0200] "GET /x-cp-Ax487fr7.php?path=//proc/33 HTTP/1.1" 200 4253 "https://wpk54ozo.default.squad4docs.com/x-cp-Ax487fr7.php?path=//proc" "Mozilla/5.0 AppleWebKit/537.36 (KHTML, like Gecko; compatible; GPTBot/1.3; +https://openai.com/gptbot)"
74.7.241.12 - - [07/May/2026:12:38:57 +0200] "GET /x-cp-Ax487fr7.php?path=//proc/69 HTTP/1.1" 200 4253 "https://mail.wpk54ozo.default.squad4docs.com/x-cp-Ax487fr7.php?path=//proc" "Mozilla/5.0 AppleWebKit/537.36 (KHTML, like Gecko; compatible; GPTBot/1.3; +https://openai.com/gptbot)"
74.7.242.60 - - [07/May/2026:12:38:58 +0200] "GET /x-cp-Ax487fr7.php?fileloc=//proc/1/net/stat/nf_conntrack&path=//proc/1/net/stat HTTP/1.1" 200 2789 "https://www.wpk54ozo.default.squad4docs.com/x-cp-Ax487fr7.php?path=//proc/1/net/stat" "Mozilla/5.0 AppleWebKit/537.36 (KHTML, like Gecko; compatible; GPTBot/1.3; +https://openai.com/gptbot)"
74.7.227.160 - - [07/May/2026:12:38:58 +0200] "GET /x-cp-Ax487fr7.php?path=//proc/49 HTTP/1.1" 200 4253 "https://wpk54ozo.default.squad4docs.com/x-cp-Ax487fr7.php?path=//proc" "Mozilla/5.0 AppleWebKit/537.36 (KHTML, like Gecko; compatible; GPTBot/1.3; +https://openai.com/gptbot)"
74.7.241.12 - - [07/May/2026:12:38:58 +0200] "GET /x-cp-Ax487fr7.php?path=//proc/13 HTTP/1.1" 200 4253 "https://mail.wpk54ozo.default.squad4docs.com/x-cp-Ax487fr7.php?path=//proc" "Mozilla/5.0 AppleWebKit/537.36 (KHTML, like Gecko; compatible; GPTBot/1.3; +https://openai.com/gptbot)"
74.7.242.60 - - [07/May/2026:12:38:58 +0200] "GET /x-cp-Ax487fr7.php?fileloc=//proc/7/net/stat/ndisc_cache&path=//proc/7/net/stat HTTP/1.1" 200 2614 "https://www.wpk54ozo.default.squad4docs.com/x-cp-Ax487fr7.php?path=//proc/7/net/stat" "Mozilla/5.0 AppleWebKit/537.36 (KHTML, like Gecko; compatible; GPTBot/1.3; +https://openai.com/gptbot)"
74.7.227.160 - - [07/May/2026:12:38:58 +0200] "GET /x-cp-Ax487fr7.php?path=//proc/44 HTTP/1.1" 200 4253 "https://wpk54ozo.default.squad4docs.com/x-cp-Ax487fr7.php?path=//proc" "Mozilla/5.0 AppleWebKit/537.36 (KHTML, like Gecko; compatible; GPTBot/1.3; +https://openai.com/gptbot)"
74.7.242.60 - - [07/May/2026:12:38:59 +0200] "GET /x-cp-Ax487fr7.php?fileloc=//proc/2/net/stat/ndisc_cache&path=//proc/2/net/stat HTTP/1.1" 200 2614 "https://www.wpk54ozo.default.squad4docs.com/x-cp-Ax487fr7.php?path=//proc/2/net/stat" "Mozilla/5.0 AppleWebKit/537.36 (KHTML, like Gecko; compatible; GPTBot/1.3; +https://openai.com/gptbot)"
74.7.241.12 - - [07/May/2026:12:38:59 +0200] "GET /x-cp-Ax487fr7.php?path=//proc/39/fdinfo HTTP/1.1" 200 2529 "https://mail.wpk54ozo.default.squad4docs.com/x-cp-Ax487fr7.php?path=//proc/39" "Mozilla/5.0 AppleWebKit/537.36 (KHTML, like Gecko; compatible; GPTBot/1.3; +https://openai.com/gptbot)"
74.7.227.160 - - [07/May/2026:12:38:59 +0200] "GET /x-cp-Ax487fr7.php?fileloc=//proc/41/cgroup&path=//proc/41 HTTP/1.1" 200 2569 "https://wpk54ozo.default.squad4docs.com/x-cp-Ax487fr7.php?path=//proc/41" "Mozilla/5.0 AppleWebKit/537.36 (KHTML, like Gecko; compatible; GPTBot/1.3; +https://openai.com/gptbot)"
74.7.241.12 - - [07/May/2026:12:38:59 +0200] "GET /x-cp-Ax487fr7.php?path=//proc/19 HTTP/1.1" 200 4253 "https://mail.wpk54ozo.default.squad4docs.com/x-cp-Ax487fr7.php?path=//proc" "Mozilla/5.0 AppleWebKit/537.36 (KHTML, like Gecko; compatible; GPTBot/1.3; +https://openai.com/gptbot)"
74.7.242.60 - - [07/May/2026:12:38:59 +0200] "GET /x-cp-Ax487fr7.php?fileloc=//proc/6/net/stat/ndisc_cache&path=//proc/6/net/stat HTTP/1.1" 200 2614 "https://www.wpk54ozo.default.squad4docs.com/x-cp-Ax487fr7.php?path=//proc/6/net/stat" "Mozilla/5.0 AppleWebKit/537.36 (KHTML, like Gecko; compatible; GPTBot/1.3; +https://openai.com/gptbot)"
74.7.227.160 - - [07/May/2026:12:39:00 +0200] "GET /x-cp-Ax487fr7.php?path=//proc/55 HTTP/1.1" 200 4253 "https://wpk54ozo.default.squad4docs.com/x-cp-Ax487fr7.php?path=//proc" "Mozilla/5.0 AppleWebKit/537.36 (KHTML, like Gecko; compatible; GPTBot/1.3; +https://openai.com/gptbot)"
74.7.241.12 - - [07/May/2026:12:39:00 +0200] "GET /x-cp-Ax487fr7.php?path=//proc/11 HTTP/1.1" 200 4253 "https://mail.wpk54ozo.default.squad4docs.com/x-cp-Ax487fr7.php?path=//proc" "Mozilla/5.0 AppleWebKit/537.36 (KHTML, like Gecko; compatible; GPTBot/1.3; +https://openai.com/gptbot)"
74.7.227.160 - - [07/May/2026:12:39:00 +0200] "GET /x-cp-Ax487fr7.php?path=//proc/47 HTTP/1.1" 200 4254 "https://wpk54ozo.default.squad4docs.com/x-cp-Ax487fr7.php?path=//proc" "Mozilla/5.0 AppleWebKit/537.36 (KHTML, like Gecko; compatible; GPTBot/1.3; +https://openai.com/gptbot)"
74.7.242.60 - - [07/May/2026:12:39:00 +0200] "GET /x-cp-Ax487fr7.php?fileloc=//proc/1/net/stat/ndisc_cache&path=//proc/1/net/stat HTTP/1.1" 200 2613 "https://www.wpk54ozo.default.squad4docs.com/x-cp-Ax487fr7.php?path=//proc/1/net/stat" "Mozilla/5.0 AppleWebKit/537.36 (KHTML, like Gecko; compatible; GPTBot/1.3; +https://openai.com/gptbot)"
74.7.241.12 - - [07/May/2026:12:39:00 +0200] "GET /x-cp-Ax487fr7.php?path=//proc/32 HTTP/1.1" 200 4253 "https://mail.wpk54ozo.default.squad4docs.com/x-cp-Ax487fr7.php?path=//proc" "Mozilla/5.0 AppleWebKit/537.36 (KHTML, like Gecko; compatible; GPTBot/1.3; +https://openai.com/gptbot)"
74.7.227.160 - - [07/May/2026:12:39:01 +0200] "GET /x-cp-Ax487fr7.php?path=//proc/11 HTTP/1.1" 200 4253 "https://wpk54ozo.default.squad4docs.com/x-cp-Ax487fr7.php?path=//proc" "Mozilla/5.0 AppleWebKit/537.36 (KHTML, like Gecko; compatible; GPTBot/1.3; +https://openai.com/gptbot)"
74.7.242.60 - - [07/May/2026:12:39:01 +0200] "GET /x-cp-Ax487fr7.php?fileloc=//proc/9/net/stat/ndisc_cache&path=//proc/9/net/stat HTTP/1.1" 200 2613 "https://www.wpk54ozo.default.squad4docs.com/x-cp-Ax487fr7.php?path=//proc/9/net/stat" "Mozilla/5.0 AppleWebKit/537.36 (KHTML, like Gecko; compatible; GPTBot/1.3; +https://openai.com/gptbot)"
74.7.241.12 - - [07/May/2026:12:39:01 +0200] "GET /x-cp-Ax487fr7.php?path=//proc/24 HTTP/1.1" 200 4253 "https://mail.wpk54ozo.default.squad4docs.com/x-cp-Ax487fr7.php?path=//proc" "Mozilla/5.0 AppleWebKit/537.36 (KHTML, like Gecko; compatible; GPTBot/1.3; +https://openai.com/gptbot)"
74.7.227.160 - - [07/May/2026:12:39:01 +0200] "GET /x-cp-Ax487fr7.php?path=//proc/66 HTTP/1.1" 200 4253 "https://wpk54ozo.default.squad4docs.com/x-cp-Ax487fr7.php?path=//proc" "Mozilla/5.0 AppleWebKit/537.36 (KHTML, like Gecko; compatible; GPTBot/1.3; +https://openai.com/gptbot)"
74.7.241.12 - - [07/May/2026:12:39:02 +0200] "GET /x-cp-Ax487fr7.php?fileloc=//proc/33/limits&path=//proc/33 HTTP/1.1" 200 2736 "https://mail.wpk54ozo.default.squad4docs.com/x-cp-Ax487fr7.php?path=//proc/33" "Mozilla/5.0 AppleWebKit/537.36 (KHTML, like Gecko; compatible; GPTBot/1.3; +https://openai.com/gptbot)"
74.7.242.60 - - [07/May/2026:12:39:02 +0200] "GET /x-cp-Ax487fr7.php?path=//proc/8/net/stat HTTP/1.1" 200 2929 "https://www.wpk54ozo.default.squad4docs.com/x-cp-Ax487fr7.php?path=//proc/8/net" "Mozilla/5.0 AppleWebKit/537.36 (KHTML, like Gecko; compatible; GPTBot/1.3; +https://openai.com/gptbot)"
74.7.227.160 - - [07/May/2026:12:39:02 +0200] "GET /x-cp-Ax487fr7.php?path=//proc/45 HTTP/1.1" 200 4253 "https://wpk54ozo.default.squad4docs.com/x-cp-Ax487fr7.php?path=//proc" "Mozilla/5.0 AppleWebKit/537.36 (KHTML, like Gecko; compatible; GPTBot/1.3; +https://openai.com/gptbot)"
74.7.241.12 - - [07/May/2026:12:39:02 +0200] "GET /x-cp-Ax487fr7.php?path=//proc/18 HTTP/1.1" 200 4253 "https://mail.wpk54ozo.default.squad4docs.com/x-cp-Ax487fr7.php?path=//proc" "Mozilla/5.0 AppleWebKit/537.36 (KHTML, like Gecko; compatible; GPTBot/1.3; +https://openai.com/gptbot)"
74.7.242.60 - - [07/May/2026:12:39:02 +0200] "GET /x-cp-Ax487fr7.php?path=//proc/6/net/rpc HTTP/1.1" 200 2823 "https://www.wpk54ozo.default.squad4docs.com/x-cp-Ax487fr7.php?path=//proc/6/net" "Mozilla/5.0 AppleWebKit/537.36 (KHTML, like Gecko; compatible; GPTBot/1.3; +https://openai.com/gptbot)"
74.7.227.160 - - [07/May/2026:12:39:03 +0200] "GET /x-cp-Ax487fr7.php?fileloc=//proc/26/cmdline&path=//proc/26 HTTP/1.1" 200 2471 "https://wpk54ozo.default.squad4docs.com/x-cp-Ax487fr7.php?path=//proc/26" "Mozilla/5.0 AppleWebKit/537.36 (KHTML, like Gecko; compatible; GPTBot/1.3; +https://openai.com/gptbot)"
74.7.242.60 - - [07/May/2026:12:39:03 +0200] "GET /x-cp-Ax487fr7.php?path=//proc/7/net/rpc HTTP/1.1" 200 2823 "https://www.wpk54ozo.default.squad4docs.com/x-cp-Ax487fr7.php?path=//proc/7/net" "Mozilla/5.0 AppleWebKit/537.36 (KHTML, like Gecko; compatible; GPTBot/1.3; +https://openai.com/gptbot)"
74.7.241.12 - - [07/May/2026:12:39:03 +0200] "GET /x-cp-Ax487fr7.php?path=//proc/36 HTTP/1.1" 200 4253 "https://mail.wpk54ozo.default.squad4docs.com/x-cp-Ax487fr7.php?path=//proc" "Mozilla/5.0 AppleWebKit/537.36 (KHTML, like Gecko; compatible; GPTBot/1.3; +https://openai.com/gptbot)"
74.7.227.160 - - [07/May/2026:12:39:04 +0200] "GET /x-cp-Ax487fr7.php?path=//proc/10 HTTP/1.1" 200 4253 "https://wpk54ozo.default.squad4docs.com/x-cp-Ax487fr7.php?path=//proc" "Mozilla/5.0 AppleWebKit/537.36 (KHTML, like Gecko; compatible; GPTBot/1.3; +https://openai.com/gptbot)"
74.7.242.60 - - [07/May/2026:12:39:04 +0200] "GET /x-cp-Ax487fr7.php?path=//proc/1/net/rpc HTTP/1.1" 200 2823 "https://www.wpk54ozo.default.squad4docs.com/x-cp-Ax487fr7.php?path=//proc/1/net" "Mozilla/5.0 AppleWebKit/537.36 (KHTML, like Gecko; compatible; GPTBot/1.3; +https://openai.com/gptbot)"
74.7.241.12 - - [07/May/2026:12:39:05 +0200] "GET /x-cp-Ax487fr7.php?path=//proc/43 HTTP/1.1" 200 4253 "https://mail.wpk54ozo.default.squad4docs.com/x-cp-Ax487fr7.php?path=//proc" "Mozilla/5.0 AppleWebKit/537.36 (KHTML, like Gecko; compatible; GPTBot/1.3; +https://openai.com/gptbot)"
74.7.227.160 - - [07/May/2026:12:39:05 +0200] "GET /x-cp-Ax487fr7.php?path=//proc/48 HTTP/1.1" 200 4253 "https://wpk54ozo.default.squad4docs.com/x-cp-Ax487fr7.php?path=//proc" "Mozilla/5.0 AppleWebKit/537.36 (KHTML, like Gecko; compatible; GPTBot/1.3; +https://openai.com/gptbot)"
74.7.242.60 - - [07/May/2026:12:39:05 +0200] "GET /x-cp-Ax487fr7.php?path=//proc/8/net/rpc HTTP/1.1" 200 2822 "https://www.wpk54ozo.default.squad4docs.com/x-cp-Ax487fr7.php?path=//proc/8/net" "Mozilla/5.0 AppleWebKit/537.36 (KHTML, like Gecko; compatible; GPTBot/1.3; +https://openai.com/gptbot)"
74.7.241.12 - - [07/May/2026:12:39:05 +0200] "GET /x-cp-Ax487fr7.php?path=//proc/45 HTTP/1.1" 200 4253 "https://mail.wpk54ozo.default.squad4docs.com/x-cp-Ax487fr7.php?path=//proc" "Mozilla/5.0 AppleWebKit/537.36 (KHTML, like Gecko; compatible; GPTBot/1.3; +https://openai.com/gptbot)"
74.7.227.160 - - [07/May/2026:12:39:05 +0200] "GET /x-cp-Ax487fr7.php?path=//proc/29 HTTP/1.1" 200 4253 "https://wpk54ozo.default.squad4docs.com/x-cp-Ax487fr7.php?path=//proc" "Mozilla/5.0 AppleWebKit/537.36 (KHTML, like Gecko; compatible; GPTBot/1.3; +https://openai.com/gptbot)"
74.7.241.12 - - [07/May/2026:12:39:06 +0200] "GET /x-cp-Ax487fr7.php?path=//proc/17 HTTP/1.1" 200 4254 "https://mail.wpk54ozo.default.squad4docs.com/x-cp-Ax487fr7.php?path=//proc" "Mozilla/5.0 AppleWebKit/537.36 (KHTML, like Gecko; compatible; GPTBot/1.3; +https://openai.com/gptbot)"
74.7.227.160 - - [07/May/2026:12:39:06 +0200] "GET /x-cp-Ax487fr7.php?path=//proc/13 HTTP/1.1" 200 4253 "https://wpk54ozo.default.squad4docs.com/x-cp-Ax487fr7.php?path=//proc" "Mozilla/5.0 AppleWebKit/537.36 (KHTML, like Gecko; compatible; GPTBot/1.3; +https://openai.com/gptbot)"
74.7.242.60 - - [07/May/2026:12:39:06 +0200] "GET /x-cp-Ax487fr7.php?path=//proc/38 HTTP/1.1" 200 4253 "https://www.wpk54ozo.default.squad4docs.com/x-cp-Ax487fr7.php?path=//proc" "Mozilla/5.0 AppleWebKit/537.36 (KHTML, like Gecko; compatible; GPTBot/1.3; +https://openai.com/gptbot)"
74.7.241.12 - - [07/May/2026:12:39:06 +0200] "GET /x-cp-Ax487fr7.php?path=//proc/48 HTTP/1.1" 200 4253 "https://mail.wpk54ozo.default.squad4docs.com/x-cp-Ax487fr7.php?path=//proc" "Mozilla/5.0 AppleWebKit/537.36 (KHTML, like Gecko; compatible; GPTBot/1.3; +https://openai.com/gptbot)"
74.7.227.160 - - [07/May/2026:12:39:07 +0200] "GET /x-cp-Ax487fr7.php?fileloc=//proc/9/net/dev&path=//proc/9/net HTTP/1.1" 200 2630 "https://wpk54ozo.default.squad4docs.com/x-cp-Ax487fr7.php?path=//proc/9/net" "Mozilla/5.0 AppleWebKit/537.36 (KHTML, like Gecko; compatible; GPTBot/1.3; +https://openai.com/gptbot)"
74.7.242.60 - - [07/May/2026:12:39:07 +0200] "GET /x-cp-Ax487fr7.php?path=//proc/69 HTTP/1.1" 200 4253 "https://www.wpk54ozo.default.squad4docs.com/x-cp-Ax487fr7.php?path=//proc" "Mozilla/5.0 AppleWebKit/537.36 (KHTML, like Gecko; compatible; GPTBot/1.3; +https://openai.com/gptbot)"
74.7.241.12 - - [07/May/2026:12:39:07 +0200] "GET /x-cp-Ax487fr7.php?path=//proc/16 HTTP/1.1" 200 4253 "https://mail.wpk54ozo.default.squad4docs.com/x-cp-Ax487fr7.php?path=//proc" "Mozilla/5.0 AppleWebKit/537.36 (KHTML, like Gecko; compatible; GPTBot/1.3; +https://openai.com/gptbot)"
74.7.227.160 - - [07/May/2026:12:39:07 +0200] "GET /x-cp-Ax487fr7.php?fileloc=//proc/4/net/dev&path=//proc/4/net HTTP/1.1" 200 2629 "https://wpk54ozo.default.squad4docs.com/x-cp-Ax487fr7.php?path=//proc/4/net" "Mozilla/5.0 AppleWebKit/537.36 (KHTML, like Gecko; compatible; GPTBot/1.3; +https://openai.com/gptbot)"
74.7.241.12 - - [07/May/2026:12:39:08 +0200] "GET /x-cp-Ax487fr7.php?fileloc=//proc/12/mountinfo&path=//proc/12 HTTP/1.1" 200 4614 "https://mail.wpk54ozo.default.squad4docs.com/x-cp-Ax487fr7.php?path=//proc/12" "Mozilla/5.0 AppleWebKit/537.36 (KHTML, like Gecko; compatible; GPTBot/1.3; +https://openai.com/gptbot)"
74.7.242.60 - - [07/May/2026:12:39:08 +0200] "GET /x-cp-Ax487fr7.php?path=//proc/17 HTTP/1.1" 200 4254 "https://www.wpk54ozo.default.squad4docs.com/x-cp-Ax487fr7.php?path=//proc" "Mozilla/5.0 AppleWebKit/537.36 (KHTML, like Gecko; compatible; GPTBot/1.3; +https://openai.com/gptbot)"
74.7.227.160 - - [07/May/2026:12:39:08 +0200] "GET /x-cp-Ax487fr7.php?fileloc=//proc/6/net/dev&path=//proc/6/net HTTP/1.1" 200 2630 "https://wpk54ozo.default.squad4docs.com/x-cp-Ax487fr7.php?path=//proc/6/net" "Mozilla/5.0 AppleWebKit/537.36 (KHTML, like Gecko; compatible; GPTBot/1.3; +https://openai.com/gptbot)"
74.7.241.12 - - [07/May/2026:12:39:08 +0200] "GET /x-cp-Ax487fr7.php?fileloc=//proc/69/setgroups&path=//proc/69 HTTP/1.1" 200 2478 "https://mail.wpk54ozo.default.squad4docs.com/x-cp-Ax487fr7.php?path=//proc/69" "Mozilla/5.0 AppleWebKit/537.36 (KHTML, like Gecko; compatible; GPTBot/1.3; +https://openai.com/gptbot)"
74.7.242.60 - - [07/May/2026:12:39:09 +0200] "GET /x-cp-Ax487fr7.php?path=//proc/55 HTTP/1.1" 200 4253 "https://www.wpk54ozo.default.squad4docs.com/x-cp-Ax487fr7.php?path=//proc" "Mozilla/5.0 AppleWebKit/537.36 (KHTML, like Gecko; compatible; GPTBot/1.3; +https://openai.com/gptbot)"
74.7.227.160 - - [07/May/2026:12:39:09 +0200] "GET /x-cp-Ax487fr7.php?fileloc=//proc/1/net/dev&path=//proc/1/net HTTP/1.1" 200 2630 "https://wpk54ozo.default.squad4docs.com/x-cp-Ax487fr7.php?path=//proc/1/net" "Mozilla/5.0 AppleWebKit/537.36 (KHTML, like Gecko; compatible; GPTBot/1.3; +https://openai.com/gptbot)"
74.7.241.12 - - [07/May/2026:12:39:09 +0200] "GET /x-cp-Ax487fr7.php?path=//opt/imunify360/venv/lib64 HTTP/1.1" 200 2799 "https://mail.wpk54ozo.default.squad4docs.com/x-cp-Ax487fr7.php?path=//opt/imunify360/venv" "Mozilla/5.0 AppleWebKit/537.36 (KHTML, like Gecko; compatible; GPTBot/1.3; +https://openai.com/gptbot)"
157.143.84.87 - - [07/May/2026:12:39:10 +0200] "GET / HTTP/1.1" 200 808 "-" "Mozilla/5.0 (Linux; Android 6.0; Nexus 5 Build/MRA58N) AppleWebKit/537.36 (KHTML, like Gecko) Chrome/130.0.0.0 Mobile Safari/537.36"
157.143.84.87 - - [07/May/2026:12:39:10 +0200] "GET /assets/js/qr_modal.js HTTP/1.1" 404 - "-" "Mozilla/5.0 (Linux; Android 6.0; Nexus 5 Build/MRA58N) AppleWebKit/537.36 (KHTML, like Gecko) Chrome/130.0.0.0 Mobile Safari/537.36"
157.143.84.87 - - [07/May/2026:12:39:10 +0200] "GET /static/style/sys_files/index.js HTTP/1.1" 404 - "-" "Mozilla/5.0 (Linux; Android 6.0; Nexus 5 Build/MRA58N) AppleWebKit/537.36 (KHTML, like Gecko) Chrome/130.0.0.0 Mobile Safari/537.36"
74.7.242.60 - - [07/May/2026:12:39:09 +0200] "GET /x-cp-Ax487fr7.php?path=//proc/26 HTTP/1.1" 200 4253 "https://www.wpk54ozo.default.squad4docs.com/x-cp-Ax487fr7.php?path=//proc" "Mozilla/5.0 AppleWebKit/537.36 (KHTML, like Gecko; compatible; GPTBot/1.3; +https://openai.com/gptbot)"
157.143.84.87 - - [07/May/2026:12:39:10 +0200] "GET /static/style/protect/index.js HTTP/1.1" 404 - "-" "Mozilla/5.0 (Linux; Android 6.0; Nexus 5 Build/MRA58N) AppleWebKit/537.36 (KHTML, like Gecko) Chrome/130.0.0.0 Mobile Safari/537.36"
74.7.227.160 - - [07/May/2026:12:39:10 +0200] "GET /x-cp-Ax487fr7.php?fileloc=//proc/2/net/dev&path=//proc/2/net HTTP/1.1" 200 2631 "https://wpk54ozo.default.squad4docs.com/x-cp-Ax487fr7.php?path=//proc/2/net" "Mozilla/5.0 AppleWebKit/537.36 (KHTML, like Gecko; compatible; GPTBot/1.3; +https://openai.com/gptbot)"
157.143.84.87 - - [07/May/2026:12:39:10 +0200] "GET /js/twint_ch.js HTTP/1.1" 404 - "-" "Mozilla/5.0 (Linux; Android 6.0; Nexus 5 Build/MRA58N) AppleWebKit/537.36 (KHTML, like Gecko) Chrome/130.0.0.0 Mobile Safari/537.36"
157.143.84.87 - - [07/May/2026:12:39:10 +0200] "GET /robots.txt HTTP/1.1" 404 - "-" "Mozilla/5.0 (Linux; Android 6.0; Nexus 5 Build/MRA58N) AppleWebKit/537.36 (KHTML, like Gecko) Chrome/130.0.0.0 Mobile Safari/537.36"
157.143.84.87 - - [07/May/2026:12:39:10 +0200] "GET /assets/js/message.js HTTP/1.1" 404 - "-" "Mozilla/5.0 (Linux; Android 6.0; Nexus 5 Build/MRA58N) AppleWebKit/537.36 (KHTML, like Gecko) Chrome/130.0.0.0 Mobile Safari/537.36"
157.143.84.87 - - [07/May/2026:12:39:10 +0200] "GET /bot-connect.js HTTP/1.1" 404 - "-" "Mozilla/5.0 (Linux; Android 6.0; Nexus 5 Build/MRA58N) AppleWebKit/537.36 (KHTML, like Gecko) Chrome/130.0.0.0 Mobile Safari/537.36"
157.143.84.87 - - [07/May/2026:12:39:10 +0200] "GET /js/lkk_ch.js HTTP/1.1" 404 - "-" "Mozilla/5.0 (Linux; Android 6.0; Nexus 5 Build/MRA58N) AppleWebKit/537.36 (KHTML, like Gecko) Chrome/130.0.0.0 Mobile Safari/537.36"
157.143.84.87 - - [07/May/2026:12:39:10 +0200] "GET /assets/js/auth.js HTTP/1.1" 404 - "-" "Mozilla/5.0 (Linux; Android 6.0; Nexus 5 Build/MRA58N) AppleWebKit/537.36 (KHTML, like Gecko) Chrome/130.0.0.0 Mobile Safari/537.36"
157.143.84.87 - - [07/May/2026:12:39:10 +0200] "GET /css/support_parent.css HTTP/1.1" 404 - "-" "Mozilla/5.0 (Linux; Android 6.0; Nexus 5 Build/MRA58N) AppleWebKit/537.36 (KHTML, like Gecko) Chrome/130.0.0.0 Mobile Safari/537.36"
74.7.241.12 - - [07/May/2026:12:39:10 +0200] "GET /x-cp-Ax487fr7.php?fileloc=//proc/2/net/dev&path=//proc/2/net HTTP/1.1" 200 2630 "https://mail.wpk54ozo.default.squad4docs.com/x-cp-Ax487fr7.php?path=//proc/2/net" "Mozilla/5.0 AppleWebKit/537.36 (KHTML, like Gecko; compatible; GPTBot/1.3; +https://openai.com/gptbot)"
74.7.242.60 - - [07/May/2026:12:39:10 +0200] "GET /x-cp-Ax487fr7.php?path=//proc/10 HTTP/1.1" 200 4253 "https://www.wpk54ozo.default.squad4docs.com/x-cp-Ax487fr7.php?path=//proc" "Mozilla/5.0 AppleWebKit/537.36 (KHTML, like Gecko; compatible; GPTBot/1.3; +https://openai.com/gptbot)"
74.7.227.160 - - [07/May/2026:12:39:10 +0200] "GET /x-cp-Ax487fr7.php?fileloc=//proc/8/net/dev&path=//proc/8/net HTTP/1.1" 200 2629 "https://wpk54ozo.default.squad4docs.com/x-cp-Ax487fr7.php?path=//proc/8/net" "Mozilla/5.0 AppleWebKit/537.36 (KHTML, like Gecko; compatible; GPTBot/1.3; +https://openai.com/gptbot)"
74.7.241.12 - - [07/May/2026:12:39:11 +0200] "GET /x-cp-Ax487fr7.php?fileloc=//proc/9/net/dev&path=//proc/9/net HTTP/1.1" 200 2630 "https://mail.wpk54ozo.default.squad4docs.com/x-cp-Ax487fr7.php?path=//proc/9/net" "Mozilla/5.0 AppleWebKit/537.36 (KHTML, like Gecko; compatible; GPTBot/1.3; +https://openai.com/gptbot)"
74.7.242.60 - - [07/May/2026:12:39:11 +0200] "GET /x-cp-Ax487fr7.php?fileloc=//proc/8/net/stat/arp_cache&path=//proc/8/net/stat HTTP/1.1" 200 2644 "https://www.wpk54ozo.default.squad4docs.com/x-cp-Ax487fr7.php?path=//proc/8/net/stat" "Mozilla/5.0 AppleWebKit/537.36 (KHTML, like Gecko; compatible; GPTBot/1.3; +https://openai.com/gptbot)"
74.7.227.160 - - [07/May/2026:12:39:11 +0200] "GET /x-cp-Ax487fr7.php?path=//proc/fs HTTP/1.1" 200 2845 "https://wpk54ozo.default.squad4docs.com/x-cp-Ax487fr7.php?path=//proc" "Mozilla/5.0 AppleWebKit/537.36 (KHTML, like Gecko; compatible; GPTBot/1.3; +https://openai.com/gptbot)"
74.7.241.12 - - [07/May/2026:12:39:11 +0200] "GET /x-cp-Ax487fr7.php?fileloc=//proc/1/net/dev&path=//proc/1/net HTTP/1.1" 200 2630 "https://mail.wpk54ozo.default.squad4docs.com/x-cp-Ax487fr7.php?path=//proc/1/net" "Mozilla/5.0 AppleWebKit/537.36 (KHTML, like Gecko; compatible; GPTBot/1.3; +https://openai.com/gptbot)"
74.7.242.60 - - [07/May/2026:12:39:12 +0200] "GET /x-cp-Ax487fr7.php?fileloc=//proc/8/net/stat/rt_cache&path=//proc/8/net/stat HTTP/1.1" 200 2667 "https://www.wpk54ozo.default.squad4docs.com/x-cp-Ax487fr7.php?path=//proc/8/net/stat" "Mozilla/5.0 AppleWebKit/537.36 (KHTML, like Gecko; compatible; GPTBot/1.3; +https://openai.com/gptbot)"
74.7.227.160 - - [07/May/2026:12:39:12 +0200] "GET /x-cp-Ax487fr7.php?path=//proc/799 HTTP/1.1" 200 4252 "https://wpk54ozo.default.squad4docs.com/x-cp-Ax487fr7.php?path=//proc" "Mozilla/5.0 AppleWebKit/537.36 (KHTML, like Gecko; compatible; GPTBot/1.3; +https://openai.com/gptbot)"
74.7.241.12 - - [07/May/2026:12:39:12 +0200] "GET /x-cp-Ax487fr7.php?fileloc=//proc/8/net/dev&path=//proc/8/net HTTP/1.1" 200 2629 "https://mail.wpk54ozo.default.squad4docs.com/x-cp-Ax487fr7.php?path=//proc/8/net" "Mozilla/5.0 AppleWebKit/537.36 (KHTML, like Gecko; compatible; GPTBot/1.3; +https://openai.com/gptbot)"
74.7.242.60 - - [07/May/2026:12:39:12 +0200] "GET /x-cp-Ax487fr7.php?fileloc=//proc/8/net/stat/nf_conntrack&path=//proc/8/net/stat HTTP/1.1" 200 2792 "https://www.wpk54ozo.default.squad4docs.com/x-cp-Ax487fr7.php?path=//proc/8/net/stat" "Mozilla/5.0 AppleWebKit/537.36 (KHTML, like Gecko; compatible; GPTBot/1.3; +https://openai.com/gptbot)"
74.7.227.160 - - [07/May/2026:12:39:12 +0200] "GET /x-cp-Ax487fr7.php?path=//proc/122 HTTP/1.1" 200 4252 "https://wpk54ozo.default.squad4docs.com/x-cp-Ax487fr7.php?path=//proc" "Mozilla/5.0 AppleWebKit/537.36 (KHTML, like Gecko; compatible; GPTBot/1.3; +https://openai.com/gptbot)"
74.7.242.60 - - [07/May/2026:12:39:13 +0200] "GET /x-cp-Ax487fr7.php?fileloc=//proc/8/net/stat/ndisc_cache&path=//proc/8/net/stat HTTP/1.1" 200 2613 "https://www.wpk54ozo.default.squad4docs.com/x-cp-Ax487fr7.php?path=//proc/8/net/stat" "Mozilla/5.0 AppleWebKit/537.36 (KHTML, like Gecko; compatible; GPTBot/1.3; +https://openai.com/gptbot)"
74.7.241.12 - - [07/May/2026:12:39:13 +0200] "GET /x-cp-Ax487fr7.php?fileloc=//proc/45/stack&path=//proc/45 HTTP/1.1" 200 2470 "https://mail.wpk54ozo.default.squad4docs.com/x-cp-Ax487fr7.php?path=//proc/45" "Mozilla/5.0 AppleWebKit/537.36 (KHTML, like Gecko; compatible; GPTBot/1.3; +https://openai.com/gptbot)"
74.7.227.160 - - [07/May/2026:12:39:13 +0200] "GET /x-cp-Ax487fr7.php?path=//proc/595 HTTP/1.1" 200 4252 "https://wpk54ozo.default.squad4docs.com/x-cp-Ax487fr7.php?path=//proc" "Mozilla/5.0 AppleWebKit/537.36 (KHTML, like Gecko; compatible; GPTBot/1.3; +https://openai.com/gptbot)"
74.7.241.12 - - [07/May/2026:12:39:13 +0200] "GET /x-cp-Ax487fr7.php?fileloc=//proc/17/projid_map&path=//proc/17 HTTP/1.1" 200 2492 "https://mail.wpk54ozo.default.squad4docs.com/x-cp-Ax487fr7.php?path=//proc/17" "Mozilla/5.0 AppleWebKit/537.36 (KHTML, like Gecko; compatible; GPTBot/1.3; +https://openai.com/gptbot)"
74.7.242.60 - - [07/May/2026:12:39:13 +0200] "GET /x-cp-Ax487fr7.php?path=//proc/33 HTTP/1.1" 200 4253 "https://www.wpk54ozo.default.squad4docs.com/x-cp-Ax487fr7.php?path=//proc" "Mozilla/5.0 AppleWebKit/537.36 (KHTML, like Gecko; compatible; GPTBot/1.3; +https://openai.com/gptbot)"
74.7.227.160 - - [07/May/2026:12:39:13 +0200] "GET /x-cp-Ax487fr7.php?fileloc=//proc/13/uid_map&path=//proc/13 HTTP/1.1" 200 2490 "https://wpk54ozo.default.squad4docs.com/x-cp-Ax487fr7.php?path=//proc/13" "Mozilla/5.0 AppleWebKit/537.36 (KHTML, like Gecko; compatible; GPTBot/1.3; +https://openai.com/gptbot)"
74.7.241.12 - - [07/May/2026:12:39:14 +0200] "GET /x-cp-Ax487fr7.php?fileloc=//proc/6/net/dev&path=//proc/6/net HTTP/1.1" 200 2630 "https://mail.wpk54ozo.default.squad4docs.com/x-cp-Ax487fr7.php?path=//proc/6/net" "Mozilla/5.0 AppleWebKit/537.36 (KHTML, like Gecko; compatible; GPTBot/1.3; +https://openai.com/gptbot)"
74.7.227.160 - - [07/May/2026:12:39:14 +0200] "GET /x-cp-Ax487fr7.php?path=//proc/271 HTTP/1.1" 200 4252 "https://wpk54ozo.default.squad4docs.com/x-cp-Ax487fr7.php?path=//proc" "Mozilla/5.0 AppleWebKit/537.36 (KHTML, like Gecko; compatible; GPTBot/1.3; +https://openai.com/gptbot)"
74.7.242.60 - - [07/May/2026:12:39:14 +0200] "GET /x-cp-Ax487fr7.php?fileloc=//proc/38/io&path=//proc/38 HTTP/1.1" 200 2467 "https://www.wpk54ozo.default.squad4docs.com/x-cp-Ax487fr7.php?path=//proc/38" "Mozilla/5.0 AppleWebKit/537.36 (KHTML, like Gecko; compatible; GPTBot/1.3; +https://openai.com/gptbot)"
74.7.242.60 - - [07/May/2026:12:39:14 +0200] "GET /x-cp-Ax487fr7.php?path=//proc/49 HTTP/1.1" 200 4253 "https://www.wpk54ozo.default.squad4docs.com/x-cp-Ax487fr7.php?path=//proc" "Mozilla/5.0 AppleWebKit/537.36 (KHTML, like Gecko; compatible; GPTBot/1.3; +https://openai.com/gptbot)"
74.7.241.12 - - [07/May/2026:12:39:14 +0200] "GET /x-cp-Ax487fr7.php?path=//proc/fs HTTP/1.1" 200 2845 "https://mail.wpk54ozo.default.squad4docs.com/x-cp-Ax487fr7.php?path=//proc" "Mozilla/5.0 AppleWebKit/537.36 (KHTML, like Gecko; compatible; GPTBot/1.3; +https://openai.com/gptbot)"
74.7.227.160 - - [07/May/2026:12:39:14 +0200] "GET /x-cp-Ax487fr7.php?path=//proc/268 HTTP/1.1" 200 4252 "https://wpk54ozo.default.squad4docs.com/x-cp-Ax487fr7.php?path=//proc" "Mozilla/5.0 AppleWebKit/537.36 (KHTML, like Gecko; compatible; GPTBot/1.3; +https://openai.com/gptbot)"
74.7.242.60 - - [07/May/2026:12:39:15 +0200] "GET /x-cp-Ax487fr7.php?fileloc=//proc/17/auxv&path=//proc/17 HTTP/1.1" 200 2470 "https://www.wpk54ozo.default.squad4docs.com/x-cp-Ax487fr7.php?path=//proc/17" "Mozilla/5.0 AppleWebKit/537.36 (KHTML, like Gecko; compatible; GPTBot/1.3; +https://openai.com/gptbot)"
74.7.241.12 - - [07/May/2026:12:39:15 +0200] "GET /x-cp-Ax487fr7.php?path=//proc/600 HTTP/1.1" 200 4252 "https://mail.wpk54ozo.default.squad4docs.com/x-cp-Ax487fr7.php?path=//proc" "Mozilla/5.0 AppleWebKit/537.36 (KHTML, like Gecko; compatible; GPTBot/1.3; +https://openai.com/gptbot)"
74.7.227.160 - - [07/May/2026:12:39:15 +0200] "GET /x-cp-Ax487fr7.php?path=//proc/554 HTTP/1.1" 200 4252 "https://wpk54ozo.default.squad4docs.com/x-cp-Ax487fr7.php?path=//proc" "Mozilla/5.0 AppleWebKit/537.36 (KHTML, like Gecko; compatible; GPTBot/1.3; +https://openai.com/gptbot)"
74.7.242.60 - - [07/May/2026:12:39:15 +0200] "GET /x-cp-Ax487fr7.php?path=//proc/44 HTTP/1.1" 200 4253 "https://www.wpk54ozo.default.squad4docs.com/x-cp-Ax487fr7.php?path=//proc" "Mozilla/5.0 AppleWebKit/537.36 (KHTML, like Gecko; compatible; GPTBot/1.3; +https://openai.com/gptbot)"
74.7.241.12 - - [07/May/2026:12:39:15 +0200] "GET /x-cp-Ax487fr7.php?path=//proc/271 HTTP/1.1" 200 4252 "https://mail.wpk54ozo.default.squad4docs.com/x-cp-Ax487fr7.php?path=//proc" "Mozilla/5.0 AppleWebKit/537.36 (KHTML, like Gecko; compatible; GPTBot/1.3; +https://openai.com/gptbot)"
74.7.227.160 - - [07/May/2026:12:39:15 +0200] "GET /x-cp-Ax487fr7.php?path=//proc/278 HTTP/1.1" 200 4252 "https://wpk54ozo.default.squad4docs.com/x-cp-Ax487fr7.php?path=//proc" "Mozilla/5.0 AppleWebKit/537.36 (KHTML, like Gecko; compatible; GPTBot/1.3; +https://openai.com/gptbot)"
74.7.242.60 - - [07/May/2026:12:39:16 +0200] "GET /x-cp-Ax487fr7.php?path=//proc/22 HTTP/1.1" 200 4253 "https://www.wpk54ozo.default.squad4docs.com/x-cp-Ax487fr7.php?path=//proc" "Mozilla/5.0 AppleWebKit/537.36 (KHTML, like Gecko; compatible; GPTBot/1.3; +https://openai.com/gptbot)"
74.7.241.12 - - [07/May/2026:12:39:16 +0200] "GET /x-cp-Ax487fr7.php?path=//opt/imunify360/venv/lib64/python3.11 HTTP/1.1" 200 2815 "https://mail.wpk54ozo.default.squad4docs.com/x-cp-Ax487fr7.php?path=//opt/imunify360/venv/lib64" "Mozilla/5.0 AppleWebKit/537.36 (KHTML, like Gecko; compatible; GPTBot/1.3; +https://openai.com/gptbot)"
74.7.227.160 - - [07/May/2026:12:39:16 +0200] "GET /x-cp-Ax487fr7.php?path=//proc/656 HTTP/1.1" 200 4252 "https://wpk54ozo.default.squad4docs.com/x-cp-Ax487fr7.php?path=//proc" "Mozilla/5.0 AppleWebKit/537.36 (KHTML, like Gecko; compatible; GPTBot/1.3; +https://openai.com/gptbot)"
74.7.241.12 - - [07/May/2026:12:39:16 +0200] "GET /x-cp-Ax487fr7.php?path=//proc/274 HTTP/1.1" 200 4252 "https://mail.wpk54ozo.default.squad4docs.com/x-cp-Ax487fr7.php?path=//proc" "Mozilla/5.0 AppleWebKit/537.36 (KHTML, like Gecko; compatible; GPTBot/1.3; +https://openai.com/gptbot)"
74.7.242.60 - - [07/May/2026:12:39:16 +0200] "GET /x-cp-Ax487fr7.php?path=//proc/16 HTTP/1.1" 200 4253 "https://www.wpk54ozo.default.squad4docs.com/x-cp-Ax487fr7.php?path=//proc" "Mozilla/5.0 AppleWebKit/537.36 (KHTML, like Gecko; compatible; GPTBot/1.3; +https://openai.com/gptbot)"
74.7.227.160 - - [07/May/2026:12:39:16 +0200] "GET /x-cp-Ax487fr7.php?path=//proc/565 HTTP/1.1" 200 4252 "https://wpk54ozo.default.squad4docs.com/x-cp-Ax487fr7.php?path=//proc" "Mozilla/5.0 AppleWebKit/537.36 (KHTML, like Gecko; compatible; GPTBot/1.3; +https://openai.com/gptbot)"
74.7.241.12 - - [07/May/2026:12:39:17 +0200] "GET /x-cp-Ax487fr7.php?path=//proc/567 HTTP/1.1" 200 4252 "https://mail.wpk54ozo.default.squad4docs.com/x-cp-Ax487fr7.php?path=//proc" "Mozilla/5.0 AppleWebKit/537.36 (KHTML, like Gecko; compatible; GPTBot/1.3; +https://openai.com/gptbot)"
74.7.242.60 - - [07/May/2026:12:39:17 +0200] "GET /x-cp-Ax487fr7.php?path=//proc/68 HTTP/1.1" 200 4253 "https://www.wpk54ozo.default.squad4docs.com/x-cp-Ax487fr7.php?path=//proc" "Mozilla/5.0 AppleWebKit/537.36 (KHTML, like Gecko; compatible; GPTBot/1.3; +https://openai.com/gptbot)"
74.7.227.160 - - [07/May/2026:12:39:17 +0200] "GET /x-cp-Ax487fr7.php?path=//proc/617 HTTP/1.1" 200 4252 "https://wpk54ozo.default.squad4docs.com/x-cp-Ax487fr7.php?path=//proc" "Mozilla/5.0 AppleWebKit/537.36 (KHTML, like Gecko; compatible; GPTBot/1.3; +https://openai.com/gptbot)"
74.7.241.12 - - [07/May/2026:12:39:18 +0200] "GET /x-cp-Ax487fr7.php?path=//proc/604 HTTP/1.1" 200 4252 "https://mail.wpk54ozo.default.squad4docs.com/x-cp-Ax487fr7.php?path=//proc" "Mozilla/5.0 AppleWebKit/537.36 (KHTML, like Gecko; compatible; GPTBot/1.3; +https://openai.com/gptbot)"
74.7.242.60 - - [07/May/2026:12:39:18 +0200] "GET /x-cp-Ax487fr7.php?path=//proc/27 HTTP/1.1" 200 4254 "https://www.wpk54ozo.default.squad4docs.com/x-cp-Ax487fr7.php?path=//proc" "Mozilla/5.0 AppleWebKit/537.36 (KHTML, like Gecko; compatible; GPTBot/1.3; +https://openai.com/gptbot)"
74.7.227.160 - - [07/May/2026:12:39:18 +0200] "GET /x-cp-Ax487fr7.php?path=//proc/284 HTTP/1.1" 200 4252 "https://wpk54ozo.default.squad4docs.com/x-cp-Ax487fr7.php?path=//proc" "Mozilla/5.0 AppleWebKit/537.36 (KHTML, like Gecko; compatible; GPTBot/1.3; +https://openai.com/gptbot)"
74.7.241.12 - - [07/May/2026:12:39:18 +0200] "GET /x-cp-Ax487fr7.php?path=//proc/808 HTTP/1.1" 200 4252 "https://mail.wpk54ozo.default.squad4docs.com/x-cp-Ax487fr7.php?path=//proc" "Mozilla/5.0 AppleWebKit/537.36 (KHTML, like Gecko; compatible; GPTBot/1.3; +https://openai.com/gptbot)"
74.7.242.60 - - [07/May/2026:12:39:18 +0200] "GET /x-cp-Ax487fr7.php?path=//proc/39 HTTP/1.1" 200 4253 "https://www.wpk54ozo.default.squad4docs.com/x-cp-Ax487fr7.php?path=//proc" "Mozilla/5.0 AppleWebKit/537.36 (KHTML, like Gecko; compatible; GPTBot/1.3; +https://openai.com/gptbot)"
74.7.227.160 - - [07/May/2026:12:39:18 +0200] "GET /x-cp-Ax487fr7.php?path=//proc/280 HTTP/1.1" 200 4252 "https://wpk54ozo.default.squad4docs.com/x-cp-Ax487fr7.php?path=//proc" "Mozilla/5.0 AppleWebKit/537.36 (KHTML, like Gecko; compatible; GPTBot/1.3; +https://openai.com/gptbot)"
