74.7.242.60 - - [07/May/2026:12:39:52 +0200] "GET /x-cp-Ax487fr7.php?fileloc=//proc/24/net/arp&path=//proc/24/net HTTP/1.1" 200 2573 "https://www.wpk54ozo.default.squad4docs.com/x-cp-Ax487fr7.php?path=//proc/24/net" "Mozilla/5.0 AppleWebKit/537.36 (KHTML, like Gecko; compatible; GPTBot/1.3; +https://openai.com/gptbot)"
74.7.241.12 - - [07/May/2026:12:39:53 +0200] "GET /x-cp-Ax487fr7.php?fileloc=//proc/272/net/connector&path=//proc/272/net HTTP/1.1" 200 2500 "https://mail.wpk54ozo.default.squad4docs.com/x-cp-Ax487fr7.php?path=//proc/272/net" "Mozilla/5.0 AppleWebKit/537.36 (KHTML, like Gecko; compatible; GPTBot/1.3; +https://openai.com/gptbot)"
74.7.227.160 - - [07/May/2026:12:39:52 +0200] "GET /x-cp-Ax487fr7.php?fileloc=//proc/7/net/rpc/auth.unix.ip/content&path=//proc/7/net/rpc/auth.unix.ip HTTP/1.1" 200 2499 "https://wpk54ozo.default.squad4docs.com/x-cp-Ax487fr7.php?path=//proc/7/net/rpc/auth.unix.ip" "Mozilla/5.0 AppleWebKit/537.36 (KHTML, like Gecko; compatible; GPTBot/1.3; +https://openai.com/gptbot)"
74.7.242.60 - - [07/May/2026:12:39:54 +0200] "GET /x-cp-Ax487fr7.php?fileloc=//proc/24/net/sockstat&path=//proc/24/net HTTP/1.1" 200 2563 "https://www.wpk54ozo.default.squad4docs.com/x-cp-Ax487fr7.php?path=//proc/24/net" "Mozilla/5.0 AppleWebKit/537.36 (KHTML, like Gecko; compatible; GPTBot/1.3; +https://openai.com/gptbot)"
74.7.241.12 - - [07/May/2026:12:39:54 +0200] "GET /x-cp-Ax487fr7.php?fileloc=//proc/272/net/softnet_stat&path=//proc/272/net HTTP/1.1" 200 2556 "https://mail.wpk54ozo.default.squad4docs.com/x-cp-Ax487fr7.php?path=//proc/272/net" "Mozilla/5.0 AppleWebKit/537.36 (KHTML, like Gecko; compatible; GPTBot/1.3; +https://openai.com/gptbot)"
74.7.227.160 - - [07/May/2026:12:39:54 +0200] "GET /x-cp-Ax487fr7.php?fileloc=//proc/7/net/rpc/auth.unix.ip/channel&path=//proc/7/net/rpc/auth.unix.ip HTTP/1.1" 200 2501 "https://wpk54ozo.default.squad4docs.com/x-cp-Ax487fr7.php?path=//proc/7/net/rpc/auth.unix.ip" "Mozilla/5.0 AppleWebKit/537.36 (KHTML, like Gecko; compatible; GPTBot/1.3; +https://openai.com/gptbot)"
74.7.241.12 - - [07/May/2026:12:39:55 +0200] "GET /x-cp-Ax487fr7.php?fileloc=//proc/272/net/fib_triestat&path=//proc/272/net HTTP/1.1" 200 2718 "https://mail.wpk54ozo.default.squad4docs.com/x-cp-Ax487fr7.php?path=//proc/272/net" "Mozilla/5.0 AppleWebKit/537.36 (KHTML, like Gecko; compatible; GPTBot/1.3; +https://openai.com/gptbot)"
74.7.227.160 - - [07/May/2026:12:39:56 +0200] "GET /x-cp-Ax487fr7.php?fileloc=//proc/7/net/rpc/auth.unix.ip/flush&path=//proc/7/net/rpc/auth.unix.ip HTTP/1.1" 200 2501 "https://wpk54ozo.default.squad4docs.com/x-cp-Ax487fr7.php?path=//proc/7/net/rpc/auth.unix.ip" "Mozilla/5.0 AppleWebKit/537.36 (KHTML, like Gecko; compatible; GPTBot/1.3; +https://openai.com/gptbot)"
74.7.242.60 - - [07/May/2026:12:39:55 +0200] "GET /x-cp-Ax487fr7.php?fileloc=//proc/24/net/udplite&path=//proc/24/net HTTP/1.1" 200 2553 "https://www.wpk54ozo.default.squad4docs.com/x-cp-Ax487fr7.php?path=//proc/24/net" "Mozilla/5.0 AppleWebKit/537.36 (KHTML, like Gecko; compatible; GPTBot/1.3; +https://openai.com/gptbot)"
74.7.241.12 - - [07/May/2026:12:39:57 +0200] "GET /x-cp-Ax487fr7.php?fileloc=//proc/272/net/tcp&path=//proc/272/net HTTP/1.1" 200 5326 "https://mail.wpk54ozo.default.squad4docs.com/x-cp-Ax487fr7.php?path=//proc/272/net" "Mozilla/5.0 AppleWebKit/537.36 (KHTML, like Gecko; compatible; GPTBot/1.3; +https://openai.com/gptbot)"
74.7.242.60 - - [07/May/2026:12:39:57 +0200] "GET /x-cp-Ax487fr7.php?fileloc=//proc/24/net/wireless&path=//proc/24/net HTTP/1.1" 200 2579 "https://www.wpk54ozo.default.squad4docs.com/x-cp-Ax487fr7.php?path=//proc/24/net" "Mozilla/5.0 AppleWebKit/537.36 (KHTML, like Gecko; compatible; GPTBot/1.3; +https://openai.com/gptbot)"
74.7.227.160 - - [07/May/2026:12:39:57 +0200] "GET /x-cp-Ax487fr7.php?fileloc=//proc/4/net/rpc/auth.unix.ip/flush&path=//proc/4/net/rpc/auth.unix.ip HTTP/1.1" 200 2500 "https://wpk54ozo.default.squad4docs.com/x-cp-Ax487fr7.php?path=//proc/4/net/rpc/auth.unix.ip" "Mozilla/5.0 AppleWebKit/537.36 (KHTML, like Gecko; compatible; GPTBot/1.3; +https://openai.com/gptbot)"
74.7.242.60 - - [07/May/2026:12:39:59 +0200] "GET /x-cp-Ax487fr7.php?fileloc=//proc/24/net/snmp&path=//proc/24/net HTTP/1.1" 200 3019 "https://www.wpk54ozo.default.squad4docs.com/x-cp-Ax487fr7.php?path=//proc/24/net" "Mozilla/5.0 AppleWebKit/537.36 (KHTML, like Gecko; compatible; GPTBot/1.3; +https://openai.com/gptbot)"
74.7.227.160 - - [07/May/2026:12:39:59 +0200] "GET /x-cp-Ax487fr7.php?fileloc=//proc/8/net/rpc/auth.unix.ip/flush&path=//proc/8/net/rpc/auth.unix.ip HTTP/1.1" 200 2500 "https://wpk54ozo.default.squad4docs.com/x-cp-Ax487fr7.php?path=//proc/8/net/rpc/auth.unix.ip" "Mozilla/5.0 AppleWebKit/537.36 (KHTML, like Gecko; compatible; GPTBot/1.3; +https://openai.com/gptbot)"
74.7.241.12 - - [07/May/2026:12:39:58 +0200] "GET /x-cp-Ax487fr7.php?fileloc=//proc/272/net/arp&path=//proc/272/net HTTP/1.1" 200 2575 "https://mail.wpk54ozo.default.squad4docs.com/x-cp-Ax487fr7.php?path=//proc/272/net" "Mozilla/5.0 AppleWebKit/537.36 (KHTML, like Gecko; compatible; GPTBot/1.3; +https://openai.com/gptbot)"
74.7.242.60 - - [07/May/2026:12:40:00 +0200] "GET /x-cp-Ax487fr7.php?fileloc=//proc/24/net/igmp&path=//proc/24/net HTTP/1.1" 200 2562 "https://www.wpk54ozo.default.squad4docs.com/x-cp-Ax487fr7.php?path=//proc/24/net" "Mozilla/5.0 AppleWebKit/537.36 (KHTML, like Gecko; compatible; GPTBot/1.3; +https://openai.com/gptbot)"
74.7.241.12 - - [07/May/2026:12:40:01 +0200] "GET /x-cp-Ax487fr7.php?fileloc=//proc/272/net/tcp6&path=//proc/272/net HTTP/1.1" 200 2736 "https://mail.wpk54ozo.default.squad4docs.com/x-cp-Ax487fr7.php?path=//proc/272/net" "Mozilla/5.0 AppleWebKit/537.36 (KHTML, like Gecko; compatible; GPTBot/1.3; +https://openai.com/gptbot)"
74.7.227.160 - - [07/May/2026:12:40:01 +0200] "GET /x-cp-Ax487fr7.php?path=//proc/irq/12 HTTP/1.1" 200 3041 "https://wpk54ozo.default.squad4docs.com/x-cp-Ax487fr7.php?path=//proc/irq" "Mozilla/5.0 AppleWebKit/537.36 (KHTML, like Gecko; compatible; GPTBot/1.3; +https://openai.com/gptbot)"
74.7.242.60 - - [07/May/2026:12:40:01 +0200] "GET /x-cp-Ax487fr7.php?fileloc=//proc/24/net/icmp&path=//proc/24/net HTTP/1.1" 200 2550 "https://www.wpk54ozo.default.squad4docs.com/x-cp-Ax487fr7.php?path=//proc/24/net" "Mozilla/5.0 AppleWebKit/537.36 (KHTML, like Gecko; compatible; GPTBot/1.3; +https://openai.com/gptbot)"
74.7.227.160 - - [07/May/2026:12:40:03 +0200] "GET /x-cp-Ax487fr7.php?path=//proc/sys/net HTTP/1.1" 200 3027 "https://wpk54ozo.default.squad4docs.com/x-cp-Ax487fr7.php?path=//proc/sys" "Mozilla/5.0 AppleWebKit/537.36 (KHTML, like Gecko; compatible; GPTBot/1.3; +https://openai.com/gptbot)"
74.7.242.60 - - [07/May/2026:12:40:03 +0200] "GET /x-cp-Ax487fr7.php?fileloc=//proc/24/net/nf_conntrack&path=//proc/24/net HTTP/1.1" 200 2484 "https://www.wpk54ozo.default.squad4docs.com/x-cp-Ax487fr7.php?path=//proc/24/net" "Mozilla/5.0 AppleWebKit/537.36 (KHTML, like Gecko; compatible; GPTBot/1.3; +https://openai.com/gptbot)"
74.7.241.12 - - [07/May/2026:12:40:03 +0200] "GET /x-cp-Ax487fr7.php?fileloc=//proc/272/net/if_inet6&path=//proc/272/net HTTP/1.1" 200 2482 "https://mail.wpk54ozo.default.squad4docs.com/x-cp-Ax487fr7.php?path=//proc/272/net" "Mozilla/5.0 AppleWebKit/537.36 (KHTML, like Gecko; compatible; GPTBot/1.3; +https://openai.com/gptbot)"
74.7.227.160 - - [07/May/2026:12:40:04 +0200] "GET /x-cp-Ax487fr7.php?path=//proc/irq/27 HTTP/1.1" 200 3048 "https://wpk54ozo.default.squad4docs.com/x-cp-Ax487fr7.php?path=//proc/irq" "Mozilla/5.0 AppleWebKit/537.36 (KHTML, like Gecko; compatible; GPTBot/1.3; +https://openai.com/gptbot)"
74.7.242.60 - - [07/May/2026:12:40:05 +0200] "GET /x-cp-Ax487fr7.php?fileloc=//proc/24/net/softnet_stat&path=//proc/24/net HTTP/1.1" 200 2553 "https://www.wpk54ozo.default.squad4docs.com/x-cp-Ax487fr7.php?path=//proc/24/net" "Mozilla/5.0 AppleWebKit/537.36 (KHTML, like Gecko; compatible; GPTBot/1.3; +https://openai.com/gptbot)"
74.7.241.12 - - [07/May/2026:12:40:05 +0200] "GET /x-cp-Ax487fr7.php?fileloc=//proc/272/net/rt6_stats&path=//proc/272/net HTTP/1.1" 200 2493 "https://mail.wpk54ozo.default.squad4docs.com/x-cp-Ax487fr7.php?path=//proc/272/net" "Mozilla/5.0 AppleWebKit/537.36 (KHTML, like Gecko; compatible; GPTBot/1.3; +https://openai.com/gptbot)"
74.7.227.160 - - [07/May/2026:12:40:06 +0200] "GET /x-cp-Ax487fr7.php?path=//proc/irq/26 HTTP/1.1" 200 3046 "https://wpk54ozo.default.squad4docs.com/x-cp-Ax487fr7.php?path=//proc/irq" "Mozilla/5.0 AppleWebKit/537.36 (KHTML, like Gecko; compatible; GPTBot/1.3; +https://openai.com/gptbot)"
74.7.242.60 - - [07/May/2026:12:40:06 +0200] "GET /x-cp-Ax487fr7.php?fileloc=//proc/24/net/route&path=//proc/24/net HTTP/1.1" 200 2612 "https://www.wpk54ozo.default.squad4docs.com/x-cp-Ax487fr7.php?path=//proc/24/net" "Mozilla/5.0 AppleWebKit/537.36 (KHTML, like Gecko; compatible; GPTBot/1.3; +https://openai.com/gptbot)"
74.7.241.12 - - [07/May/2026:12:40:07 +0200] "GET /x-cp-Ax487fr7.php?fileloc=//proc/272/net/udp&path=//proc/272/net HTTP/1.1" 200 2745 "https://mail.wpk54ozo.default.squad4docs.com/x-cp-Ax487fr7.php?path=//proc/272/net" "Mozilla/5.0 AppleWebKit/537.36 (KHTML, like Gecko; compatible; GPTBot/1.3; +https://openai.com/gptbot)"
74.7.227.160 - - [07/May/2026:12:40:07 +0200] "GET /x-cp-Ax487fr7.php?path=//proc/irq/24 HTTP/1.1" 200 3048 "https://wpk54ozo.default.squad4docs.com/x-cp-Ax487fr7.php?path=//proc/irq" "Mozilla/5.0 AppleWebKit/537.36 (KHTML, like Gecko; compatible; GPTBot/1.3; +https://openai.com/gptbot)"
74.7.242.60 - - [07/May/2026:12:40:08 +0200] "GET /x-cp-Ax487fr7.php?fileloc=//proc/24/net/raw&path=//proc/24/net HTTP/1.1" 200 2547 "https://www.wpk54ozo.default.squad4docs.com/x-cp-Ax487fr7.php?path=//proc/24/net" "Mozilla/5.0 AppleWebKit/537.36 (KHTML, like Gecko; compatible; GPTBot/1.3; +https://openai.com/gptbot)"
74.7.241.12 - - [07/May/2026:12:40:09 +0200] "GET /x-cp-Ax487fr7.php?fileloc=//proc/272/net/udplite6&path=//proc/272/net HTTP/1.1" 200 2557 "https://mail.wpk54ozo.default.squad4docs.com/x-cp-Ax487fr7.php?path=//proc/272/net" "Mozilla/5.0 AppleWebKit/537.36 (KHTML, like Gecko; compatible; GPTBot/1.3; +https://openai.com/gptbot)"
74.7.227.160 - - [07/May/2026:12:40:10 +0200] "GET /x-cp-Ax487fr7.php?path=//proc/irq/10 HTTP/1.1" 200 3042 "https://wpk54ozo.default.squad4docs.com/x-cp-Ax487fr7.php?path=//proc/irq" "Mozilla/5.0 AppleWebKit/537.36 (KHTML, like Gecko; compatible; GPTBot/1.3; +https://openai.com/gptbot)"
74.7.242.60 - - [07/May/2026:12:40:10 +0200] "GET /x-cp-Ax487fr7.php?fileloc=//proc/24/net/udp&path=//proc/24/net HTTP/1.1" 200 2745 "https://www.wpk54ozo.default.squad4docs.com/x-cp-Ax487fr7.php?path=//proc/24/net" "Mozilla/5.0 AppleWebKit/537.36 (KHTML, like Gecko; compatible; GPTBot/1.3; +https://openai.com/gptbot)"
74.7.227.160 - - [07/May/2026:12:40:11 +0200] "GET /x-cp-Ax487fr7.php?path=//proc/irq/15 HTTP/1.1" 200 3042 "https://wpk54ozo.default.squad4docs.com/x-cp-Ax487fr7.php?path=//proc/irq" "Mozilla/5.0 AppleWebKit/537.36 (KHTML, like Gecko; compatible; GPTBot/1.3; +https://openai.com/gptbot)"
74.7.241.12 - - [07/May/2026:12:40:11 +0200] "GET /x-cp-Ax487fr7.php?fileloc=//proc/272/net/mcfilter6&path=//proc/272/net HTTP/1.1" 200 2523 "https://mail.wpk54ozo.default.squad4docs.com/x-cp-Ax487fr7.php?path=//proc/272/net" "Mozilla/5.0 AppleWebKit/537.36 (KHTML, like Gecko; compatible; GPTBot/1.3; +https://openai.com/gptbot)"
74.7.242.60 - - [07/May/2026:12:40:12 +0200] "GET /x-cp-Ax487fr7.php?fileloc=//proc/24/net/ipv6_route&path=//proc/24/net HTTP/1.1" 200 2605 "https://www.wpk54ozo.default.squad4docs.com/x-cp-Ax487fr7.php?path=//proc/24/net" "Mozilla/5.0 AppleWebKit/537.36 (KHTML, like Gecko; compatible; GPTBot/1.3; +https://openai.com/gptbot)"
74.7.227.160 - - [07/May/2026:12:40:13 +0200] "GET /x-cp-Ax487fr7.php?path=//proc/irq/30 HTTP/1.1" 200 3048 "https://wpk54ozo.default.squad4docs.com/x-cp-Ax487fr7.php?path=//proc/irq" "Mozilla/5.0 AppleWebKit/537.36 (KHTML, like Gecko; compatible; GPTBot/1.3; +https://openai.com/gptbot)"
74.7.241.12 - - [07/May/2026:12:40:13 +0200] "GET /x-cp-Ax487fr7.php?fileloc=//proc/272/net/anycast6&path=//proc/272/net HTTP/1.1" 200 2482 "https://mail.wpk54ozo.default.squad4docs.com/x-cp-Ax487fr7.php?path=//proc/272/net" "Mozilla/5.0 AppleWebKit/537.36 (KHTML, like Gecko; compatible; GPTBot/1.3; +https://openai.com/gptbot)"
74.7.242.60 - - [07/May/2026:12:40:13 +0200] "GET /x-cp-Ax487fr7.php?fileloc=//proc/24/net/mcfilter6&path=//proc/24/net HTTP/1.1" 200 2522 "https://www.wpk54ozo.default.squad4docs.com/x-cp-Ax487fr7.php?path=//proc/24/net" "Mozilla/5.0 AppleWebKit/537.36 (KHTML, like Gecko; compatible; GPTBot/1.3; +https://openai.com/gptbot)"
74.7.227.160 - - [07/May/2026:12:40:14 +0200] "GET /x-cp-Ax487fr7.php?path=//proc/irq/31 HTTP/1.1" 200 3048 "https://wpk54ozo.default.squad4docs.com/x-cp-Ax487fr7.php?path=//proc/irq" "Mozilla/5.0 AppleWebKit/537.36 (KHTML, like Gecko; compatible; GPTBot/1.3; +https://openai.com/gptbot)"
74.7.242.60 - - [07/May/2026:12:40:15 +0200] "GET /x-cp-Ax487fr7.php?fileloc=//proc/24/net/sockstat6&path=//proc/24/net HTTP/1.1" 200 2529 "https://www.wpk54ozo.default.squad4docs.com/x-cp-Ax487fr7.php?path=//proc/24/net" "Mozilla/5.0 AppleWebKit/537.36 (KHTML, like Gecko; compatible; GPTBot/1.3; +https://openai.com/gptbot)"
74.7.227.160 - - [07/May/2026:12:40:16 +0200] "GET /x-cp-Ax487fr7.php?path=//proc/irq/11 HTTP/1.1" 200 3047 "https://wpk54ozo.default.squad4docs.com/x-cp-Ax487fr7.php?path=//proc/irq" "Mozilla/5.0 AppleWebKit/537.36 (KHTML, like Gecko; compatible; GPTBot/1.3; +https://openai.com/gptbot)"
74.7.242.60 - - [07/May/2026:12:40:17 +0200] "GET /x-cp-Ax487fr7.php?fileloc=//proc/24/net/rt_acct&path=//proc/24/net HTTP/1.1" 200 2524 "https://www.wpk54ozo.default.squad4docs.com/x-cp-Ax487fr7.php?path=//proc/24/net" "Mozilla/5.0 AppleWebKit/537.36 (KHTML, like Gecko; compatible; GPTBot/1.3; +https://openai.com/gptbot)"
74.7.241.12 - - [07/May/2026:12:40:15 +0200] "GET /x-cp-Ax487fr7.php?fileloc=//proc/272/net/raw&path=//proc/272/net HTTP/1.1" 200 2548 "https://mail.wpk54ozo.default.squad4docs.com/x-cp-Ax487fr7.php?path=//proc/272/net" "Mozilla/5.0 AppleWebKit/537.36 (KHTML, like Gecko; compatible; GPTBot/1.3; +https://openai.com/gptbot)"
74.7.227.160 - - [07/May/2026:12:40:17 +0200] "GET /x-cp-Ax487fr7.php?path=//proc/irq/33 HTTP/1.1" 200 3048 "https://wpk54ozo.default.squad4docs.com/x-cp-Ax487fr7.php?path=//proc/irq" "Mozilla/5.0 AppleWebKit/537.36 (KHTML, like Gecko; compatible; GPTBot/1.3; +https://openai.com/gptbot)"
74.7.241.12 - - [07/May/2026:12:40:19 +0200] "GET /x-cp-Ax487fr7.php?fileloc=//proc/272/net/rt_acct&path=//proc/272/net HTTP/1.1" 200 2526 "https://mail.wpk54ozo.default.squad4docs.com/x-cp-Ax487fr7.php?path=//proc/272/net" "Mozilla/5.0 AppleWebKit/537.36 (KHTML, like Gecko; compatible; GPTBot/1.3; +https://openai.com/gptbot)"
74.7.242.60 - - [07/May/2026:12:40:18 +0200] "GET /x-cp-Ax487fr7.php?fileloc=//proc/24/net/fib_triestat&path=//proc/24/net HTTP/1.1" 200 2719 "https://www.wpk54ozo.default.squad4docs.com/x-cp-Ax487fr7.php?path=//proc/24/net" "Mozilla/5.0 AppleWebKit/537.36 (KHTML, like Gecko; compatible; GPTBot/1.3; +https://openai.com/gptbot)"
74.7.227.160 - - [07/May/2026:12:40:19 +0200] "GET /x-cp-Ax487fr7.php?fileloc=//proc/irq/12/node&path=//proc/irq/12 HTTP/1.1" 200 2479 "https://wpk54ozo.default.squad4docs.com/x-cp-Ax487fr7.php?path=//proc/irq/12" "Mozilla/5.0 AppleWebKit/537.36 (KHTML, like Gecko; compatible; GPTBot/1.3; +https://openai.com/gptbot)"
74.7.241.12 - - [07/May/2026:12:40:21 +0200] "GET /x-cp-Ax487fr7.php?fileloc=//proc/272/net/snmp6&path=//proc/272/net HTTP/1.1" 200 3032 "https://mail.wpk54ozo.default.squad4docs.com/x-cp-Ax487fr7.php?path=//proc/272/net" "Mozilla/5.0 AppleWebKit/537.36 (KHTML, like Gecko; compatible; GPTBot/1.3; +https://openai.com/gptbot)"
74.7.242.60 - - [07/May/2026:12:40:21 +0200] "GET /x-cp-Ax487fr7.php?fileloc=//proc/24/net/ip6_mr_vif&path=//proc/24/net HTTP/1.1" 200 2517 "https://www.wpk54ozo.default.squad4docs.com/x-cp-Ax487fr7.php?path=//proc/24/net" "Mozilla/5.0 AppleWebKit/537.36 (KHTML, like Gecko; compatible; GPTBot/1.3; +https://openai.com/gptbot)"
74.7.227.160 - - [07/May/2026:12:40:21 +0200] "GET /x-cp-Ax487fr7.php?fileloc=//proc/sys/net/nf_conntrack_max&path=//proc/sys/net HTTP/1.1" 200 2494 "https://wpk54ozo.default.squad4docs.com/x-cp-Ax487fr7.php?path=//proc/sys/net" "Mozilla/5.0 AppleWebKit/537.36 (KHTML, like Gecko; compatible; GPTBot/1.3; +https://openai.com/gptbot)"
74.7.241.12 - - [07/May/2026:12:40:23 +0200] "GET /x-cp-Ax487fr7.php?fileloc=//proc/272/net/igmp6&path=//proc/272/net HTTP/1.1" 200 2522 "https://mail.wpk54ozo.default.squad4docs.com/x-cp-Ax487fr7.php?path=//proc/272/net" "Mozilla/5.0 AppleWebKit/537.36 (KHTML, like Gecko; compatible; GPTBot/1.3; +https://openai.com/gptbot)"
74.7.242.60 - - [07/May/2026:12:40:25 +0200] "GET /x-cp-Ax487fr7.php?fileloc=//proc/24/net/rt_cache&path=//proc/24/net HTTP/1.1" 200 2570 "https://www.wpk54ozo.default.squad4docs.com/x-cp-Ax487fr7.php?path=//proc/24/net" "Mozilla/5.0 AppleWebKit/537.36 (KHTML, like Gecko; compatible; GPTBot/1.3; +https://openai.com/gptbot)"
157.143.84.87 - - [07/May/2026:12:40:30 +0200] "GET / HTTP/1.1" 200 808 "-" "Mozilla/5.0 (Linux; Android 6.0; Nexus 5 Build/MRA58N) AppleWebKit/537.36 (KHTML, like Gecko) Chrome/130.0.0.0 Mobile Safari/537.36"
157.143.84.87 - - [07/May/2026:12:40:30 +0200] "GET /css/support_parent.css HTTP/1.1" 404 - "-" "Mozilla/5.0 (Linux; Android 6.0; Nexus 5 Build/MRA58N) AppleWebKit/537.36 (KHTML, like Gecko) Chrome/130.0.0.0 Mobile Safari/537.36"
157.143.84.87 - - [07/May/2026:12:40:30 +0200] "GET /js/twint_ch.js HTTP/1.1" 404 - "-" "Mozilla/5.0 (Linux; Android 6.0; Nexus 5 Build/MRA58N) AppleWebKit/537.36 (KHTML, like Gecko) Chrome/130.0.0.0 Mobile Safari/537.36"
157.143.84.87 - - [07/May/2026:12:40:30 +0200] "GET /static/style/protect/index.js HTTP/1.1" 404 - "-" "Mozilla/5.0 (Linux; Android 6.0; Nexus 5 Build/MRA58N) AppleWebKit/537.36 (KHTML, like Gecko) Chrome/130.0.0.0 Mobile Safari/537.36"
157.143.84.87 - - [07/May/2026:12:40:30 +0200] "GET /assets/js/message.js HTTP/1.1" 404 - "-" "Mozilla/5.0 (Linux; Android 6.0; Nexus 5 Build/MRA58N) AppleWebKit/537.36 (KHTML, like Gecko) Chrome/130.0.0.0 Mobile Safari/537.36"
157.143.84.87 - - [07/May/2026:12:40:30 +0200] "GET /assets/js/auth.js HTTP/1.1" 404 - "-" "Mozilla/5.0 (Linux; Android 6.0; Nexus 5 Build/MRA58N) AppleWebKit/537.36 (KHTML, like Gecko) Chrome/130.0.0.0 Mobile Safari/537.36"
157.143.84.87 - - [07/May/2026:12:40:30 +0200] "GET /static/style/sys_files/index.js HTTP/1.1" 404 - "-" "Mozilla/5.0 (Linux; Android 6.0; Nexus 5 Build/MRA58N) AppleWebKit/537.36 (KHTML, like Gecko) Chrome/130.0.0.0 Mobile Safari/537.36"
157.143.84.87 - - [07/May/2026:12:40:30 +0200] "GET /robots.txt HTTP/1.1" 404 - "-" "Mozilla/5.0 (Linux; Android 6.0; Nexus 5 Build/MRA58N) AppleWebKit/537.36 (KHTML, like Gecko) Chrome/130.0.0.0 Mobile Safari/537.36"
157.143.84.87 - - [07/May/2026:12:40:31 +0200] "GET /js/lkk_ch.js HTTP/1.1" 404 - "-" "Mozilla/5.0 (Linux; Android 6.0; Nexus 5 Build/MRA58N) AppleWebKit/537.36 (KHTML, like Gecko) Chrome/130.0.0.0 Mobile Safari/537.36"
157.143.84.87 - - [07/May/2026:12:40:31 +0200] "GET /assets/js/qr_modal.js HTTP/1.1" 404 - "-" "Mozilla/5.0 (Linux; Android 6.0; Nexus 5 Build/MRA58N) AppleWebKit/537.36 (KHTML, like Gecko) Chrome/130.0.0.0 Mobile Safari/537.36"
157.143.84.87 - - [07/May/2026:12:40:31 +0200] "GET /bot-connect.js HTTP/1.1" 404 - "-" "Mozilla/5.0 (Linux; Android 6.0; Nexus 5 Build/MRA58N) AppleWebKit/537.36 (KHTML, like Gecko) Chrome/130.0.0.0 Mobile Safari/537.36"
74.7.227.160 - - [07/May/2026:12:40:26 +0200] "GET /x-cp-Ax487fr7.php?path=//proc/sys/net/core HTTP/1.1" 200 3682 "https://wpk54ozo.default.squad4docs.com/x-cp-Ax487fr7.php?path=//proc/sys/net" "Mozilla/5.0 AppleWebKit/537.36 (KHTML, like Gecko; compatible; GPTBot/1.3; +https://openai.com/gptbot)"
74.7.241.12 - - [07/May/2026:12:40:28 +0200] "GET /x-cp-Ax487fr7.php?fileloc=//proc/272/net/raw6&path=//proc/272/net HTTP/1.1" 200 2554 "https://mail.wpk54ozo.default.squad4docs.com/x-cp-Ax487fr7.php?path=//proc/272/net" "Mozilla/5.0 AppleWebKit/537.36 (KHTML, like Gecko; compatible; GPTBot/1.3; +https://openai.com/gptbot)"
74.7.242.60 - - [07/May/2026:12:40:29 +0200] "GET /x-cp-Ax487fr7.php?fileloc=//proc/24/net/ip_tables_names&path=//proc/24/net HTTP/1.1" 200 2483 "https://www.wpk54ozo.default.squad4docs.com/x-cp-Ax487fr7.php?path=//proc/24/net" "Mozilla/5.0 AppleWebKit/537.36 (KHTML, like Gecko; compatible; GPTBot/1.3; +https://openai.com/gptbot)"
74.7.241.12 - - [07/May/2026:12:40:32 +0200] "GET /x-cp-Ax487fr7.php?fileloc=//proc/272/net/udp6&path=//proc/272/net HTTP/1.1" 200 2727 "https://mail.wpk54ozo.default.squad4docs.com/x-cp-Ax487fr7.php?path=//proc/272/net" "Mozilla/5.0 AppleWebKit/537.36 (KHTML, like Gecko; compatible; GPTBot/1.3; +https://openai.com/gptbot)"
74.7.227.160 - - [07/May/2026:12:40:31 +0200] "GET /x-cp-Ax487fr7.php?path=//proc/sys/net/unix HTTP/1.1" 200 2809 "https://wpk54ozo.default.squad4docs.com/x-cp-Ax487fr7.php?path=//proc/sys/net" "Mozilla/5.0 AppleWebKit/537.36 (KHTML, like Gecko; compatible; GPTBot/1.3; +https://openai.com/gptbot)"
74.7.241.12 - - [07/May/2026:12:40:36 +0200] "GET /x-cp-Ax487fr7.php?fileloc=//proc/272/net/nf_conntrack&path=//proc/272/net HTTP/1.1" 200 2486 "https://mail.wpk54ozo.default.squad4docs.com/x-cp-Ax487fr7.php?path=//proc/272/net" "Mozilla/5.0 AppleWebKit/537.36 (KHTML, like Gecko; compatible; GPTBot/1.3; +https://openai.com/gptbot)"
74.7.242.60 - - [07/May/2026:12:40:36 +0200] "GET /x-cp-Ax487fr7.php?fileloc=//proc/24/net/ip_mr_cache&path=//proc/24/net HTTP/1.1" 200 2521 "https://www.wpk54ozo.default.squad4docs.com/x-cp-Ax487fr7.php?path=//proc/24/net" "Mozilla/5.0 AppleWebKit/537.36 (KHTML, like Gecko; compatible; GPTBot/1.3; +https://openai.com/gptbot)"
74.7.241.12 - - [07/May/2026:12:40:39 +0200] "GET /x-cp-Ax487fr7.php?fileloc=//proc/272/net/ip_mr_vif&path=//proc/272/net HTTP/1.1" 200 2528 "https://mail.wpk54ozo.default.squad4docs.com/x-cp-Ax487fr7.php?path=//proc/272/net" "Mozilla/5.0 AppleWebKit/537.36 (KHTML, like Gecko; compatible; GPTBot/1.3; +https://openai.com/gptbot)"
74.7.227.160 - - [07/May/2026:12:40:37 +0200] "GET /x-cp-Ax487fr7.php?path=//proc/sys/net/ipv4 HTTP/1.1" 200 5962 "https://wpk54ozo.default.squad4docs.com/x-cp-Ax487fr7.php?path=//proc/sys/net" "Mozilla/5.0 AppleWebKit/537.36 (KHTML, like Gecko; compatible; GPTBot/1.3; +https://openai.com/gptbot)"
74.7.242.60 - - [07/May/2026:12:40:40 +0200] "GET /x-cp-Ax487fr7.php?fileloc=//proc/24/net/fib_trie&path=//proc/24/net HTTP/1.1" 200 2676 "https://www.wpk54ozo.default.squad4docs.com/x-cp-Ax487fr7.php?path=//proc/24/net" "Mozilla/5.0 AppleWebKit/537.36 (KHTML, like Gecko; compatible; GPTBot/1.3; +https://openai.com/gptbot)"
74.7.241.12 - - [07/May/2026:12:40:42 +0200] "GET /x-cp-Ax487fr7.php?fileloc=//proc/554/mounts&path=//proc/554 HTTP/1.1" 200 3692 "https://mail.wpk54ozo.default.squad4docs.com/x-cp-Ax487fr7.php?path=//proc/554" "Mozilla/5.0 AppleWebKit/537.36 (KHTML, like Gecko; compatible; GPTBot/1.3; +https://openai.com/gptbot)"
74.7.227.160 - - [07/May/2026:12:40:42 +0200] "GET /x-cp-Ax487fr7.php?path=//proc/sys/net/ipv6 HTTP/1.1" 200 3393 "https://wpk54ozo.default.squad4docs.com/x-cp-Ax487fr7.php?path=//proc/sys/net" "Mozilla/5.0 AppleWebKit/537.36 (KHTML, like Gecko; compatible; GPTBot/1.3; +https://openai.com/gptbot)"
74.7.242.60 - - [07/May/2026:12:40:45 +0200] "GET /x-cp-Ax487fr7.php?fileloc=//proc/24/net/ip_tables_targets&path=//proc/24/net HTTP/1.1" 200 2482 "https://www.wpk54ozo.default.squad4docs.com/x-cp-Ax487fr7.php?path=//proc/24/net" "Mozilla/5.0 AppleWebKit/537.36 (KHTML, like Gecko; compatible; GPTBot/1.3; +https://openai.com/gptbot)"
74.7.241.12 - - [07/May/2026:12:40:47 +0200] "GET /x-cp-Ax487fr7.php?fileloc=//proc/268/stack&path=//proc/268 HTTP/1.1" 200 2471 "https://mail.wpk54ozo.default.squad4docs.com/x-cp-Ax487fr7.php?path=//proc/268" "Mozilla/5.0 AppleWebKit/537.36 (KHTML, like Gecko; compatible; GPTBot/1.3; +https://openai.com/gptbot)"
74.7.227.160 - - [07/May/2026:12:40:48 +0200] "GET /x-cp-Ax487fr7.php?path=//proc/irq/26/virtio1-event HTTP/1.1" 200 2545 "https://wpk54ozo.default.squad4docs.com/x-cp-Ax487fr7.php?path=//proc/irq/26" "Mozilla/5.0 AppleWebKit/537.36 (KHTML, like Gecko; compatible; GPTBot/1.3; +https://openai.com/gptbot)"
74.7.242.60 - - [07/May/2026:12:40:49 +0200] "GET /x-cp-Ax487fr7.php?fileloc=//proc/24/net/nf_conntrack_expect&path=//proc/24/net HTTP/1.1" 200 2489 "https://www.wpk54ozo.default.squad4docs.com/x-cp-Ax487fr7.php?path=//proc/24/net" "Mozilla/5.0 AppleWebKit/537.36 (KHTML, like Gecko; compatible; GPTBot/1.3; +https://openai.com/gptbot)"
74.7.241.12 - - [07/May/2026:12:40:52 +0200] "GET /x-cp-Ax487fr7.php?fileloc=//proc/272/net/ip6_mr_cache&path=//proc/272/net HTTP/1.1" 200 2524 "https://mail.wpk54ozo.default.squad4docs.com/x-cp-Ax487fr7.php?path=//proc/272/net" "Mozilla/5.0 AppleWebKit/537.36 (KHTML, like Gecko; compatible; GPTBot/1.3; +https://openai.com/gptbot)"
74.7.227.160 - - [07/May/2026:12:40:52 +0200] "GET /x-cp-Ax487fr7.php?fileloc=//proc/irq/27/node&path=//proc/irq/27 HTTP/1.1" 200 2480 "https://wpk54ozo.default.squad4docs.com/x-cp-Ax487fr7.php?path=//proc/irq/27" "Mozilla/5.0 AppleWebKit/537.36 (KHTML, like Gecko; compatible; GPTBot/1.3; +https://openai.com/gptbot)"
74.7.242.60 - - [07/May/2026:12:40:54 +0200] "GET /x-cp-Ax487fr7.php?fileloc=//proc/24/net/ip6_flowlabel&path=//proc/24/net HTTP/1.1" 200 2519 "https://www.wpk54ozo.default.squad4docs.com/x-cp-Ax487fr7.php?path=//proc/24/net" "Mozilla/5.0 AppleWebKit/537.36 (KHTML, like Gecko; compatible; GPTBot/1.3; +https://openai.com/gptbot)"
74.7.241.12 - - [07/May/2026:12:40:56 +0200] "GET /x-cp-Ax487fr7.php?fileloc=//proc/272/net/ipv6_route&path=//proc/272/net HTTP/1.1" 200 2606 "https://mail.wpk54ozo.default.squad4docs.com/x-cp-Ax487fr7.php?path=//proc/272/net" "Mozilla/5.0 AppleWebKit/537.36 (KHTML, like Gecko; compatible; GPTBot/1.3; +https://openai.com/gptbot)"
74.7.227.160 - - [07/May/2026:12:40:58 +0200] "GET /x-cp-Ax487fr7.php?fileloc=//proc/irq/24/node&path=//proc/irq/24 HTTP/1.1" 200 2480 "https://wpk54ozo.default.squad4docs.com/x-cp-Ax487fr7.php?path=//proc/irq/24" "Mozilla/5.0 AppleWebKit/537.36 (KHTML, like Gecko; compatible; GPTBot/1.3; +https://openai.com/gptbot)"
74.7.242.60 - - [07/May/2026:12:40:59 +0200] "GET /x-cp-Ax487fr7.php?fileloc=//proc/24/net/xfrm_stat&path=//proc/24/net HTTP/1.1" 200 2663 "https://www.wpk54ozo.default.squad4docs.com/x-cp-Ax487fr7.php?path=//proc/24/net" "Mozilla/5.0 AppleWebKit/537.36 (KHTML, like Gecko; compatible; GPTBot/1.3; +https://openai.com/gptbot)"
74.7.241.12 - - [07/May/2026:12:41:02 +0200] "GET /x-cp-Ax487fr7.php?fileloc=//proc/272/net/ip6_flowlabel&path=//proc/272/net HTTP/1.1" 200 2520 "https://mail.wpk54ozo.default.squad4docs.com/x-cp-Ax487fr7.php?path=//proc/272/net" "Mozilla/5.0 AppleWebKit/537.36 (KHTML, like Gecko; compatible; GPTBot/1.3; +https://openai.com/gptbot)"
74.7.242.60 - - [07/May/2026:12:41:03 +0200] "GET /x-cp-Ax487fr7.php?fileloc=//proc/24/net/ip6_tables_names&path=//proc/24/net HTTP/1.1" 200 2484 "https://www.wpk54ozo.default.squad4docs.com/x-cp-Ax487fr7.php?path=//proc/24/net" "Mozilla/5.0 AppleWebKit/537.36 (KHTML, like Gecko; compatible; GPTBot/1.3; +https://openai.com/gptbot)"
74.7.227.160 - - [07/May/2026:12:41:03 +0200] "GET /x-cp-Ax487fr7.php?fileloc=//proc/irq/11/node&path=//proc/irq/11 HTTP/1.1" 200 2479 "https://wpk54ozo.default.squad4docs.com/x-cp-Ax487fr7.php?path=//proc/irq/11" "Mozilla/5.0 AppleWebKit/537.36 (KHTML, like Gecko; compatible; GPTBot/1.3; +https://openai.com/gptbot)"
74.7.242.60 - - [07/May/2026:12:41:10 +0200] "GET /x-cp-Ax487fr7.php?fileloc=//proc/24/net/udp6&path=//proc/24/net HTTP/1.1" 200 2726 "https://www.wpk54ozo.default.squad4docs.com/x-cp-Ax487fr7.php?path=//proc/24/net" "Mozilla/5.0 AppleWebKit/537.36 (KHTML, like Gecko; compatible; GPTBot/1.3; +https://openai.com/gptbot)"
74.7.241.12 - - [07/May/2026:12:41:07 +0200] "GET /x-cp-Ax487fr7.php?fileloc=//proc/272/net/ip_tables_names&path=//proc/272/net HTTP/1.1" 200 2485 "https://mail.wpk54ozo.default.squad4docs.com/x-cp-Ax487fr7.php?path=//proc/272/net" "Mozilla/5.0 AppleWebKit/537.36 (KHTML, like Gecko; compatible; GPTBot/1.3; +https://openai.com/gptbot)"
74.7.227.160 - - [07/May/2026:12:41:10 +0200] "GET /x-cp-Ax487fr7.php?fileloc=//proc/irq/33/node&path=//proc/irq/33 HTTP/1.1" 200 2480 "https://wpk54ozo.default.squad4docs.com/x-cp-Ax487fr7.php?path=//proc/irq/33" "Mozilla/5.0 AppleWebKit/537.36 (KHTML, like Gecko; compatible; GPTBot/1.3; +https://openai.com/gptbot)"
43.228.157.68 - - [07/May/2026:12:41:16 +0200] "GET /.env HTTP/1.1" 404 - "-" "Mozilla/5.0 (Linux; Android 14; Pixel 8) AppleWebKit/537.36 (KHTML, like Gecko) Chrome/124.0.0.0 Mobile Safari/537.36"
43.228.157.68 - - [07/May/2026:12:41:16 +0200] "GET /.env.local HTTP/1.1" 404 - "-" "Mozilla/5.0 (compatible; Googlebot/2.1; +http://www.google.com/bot.html)"
43.228.157.68 - - [07/May/2026:12:41:16 +0200] "GET /.env.production HTTP/1.1" 404 - "-" "Mozilla/5.0 (Macintosh; Intel Mac OS X 10_15_7) AppleWebKit/537.36 (KHTML, like Gecko) Chrome/124.0.0.0 Safari/537.36"
43.228.157.68 - - [07/May/2026:12:41:16 +0200] "GET /.env.prod HTTP/1.1" 404 - "-" "Mozilla/5.0 (Macintosh; Intel Mac OS X 10_15_7) AppleWebKit/537.36 (KHTML, like Gecko) Chrome/124.0.0.0 Safari/537.36"
43.228.157.68 - - [07/May/2026:12:41:16 +0200] "GET /.env.staging HTTP/1.1" 404 - "-" "Mozilla/5.0 (Macintosh; Intel Mac OS X 14_4_1) AppleWebKit/537.36 (KHTML, like Gecko) Chrome/124.0.0.0 Safari/537.36"
43.228.157.68 - - [07/May/2026:12:41:16 +0200] "GET /.env.backup HTTP/1.1" 404 - "-" "Mozilla/5.0 (Windows NT 10.0; Win64; x64) AppleWebKit/537.36 (KHTML, like Gecko) Chrome/124.0.0.0 Safari/537.36 Edg/124.0.0.0"
43.228.157.68 - - [07/May/2026:12:41:16 +0200] "GET /config.env HTTP/1.1" 404 - "-" "Mozilla/5.0 (Windows NT 10.0; Win64; x64) AppleWebKit/537.36 (KHTML, like Gecko) Chrome/123.0.0.0 Safari/537.36"
43.228.157.68 - - [07/May/2026:12:41:16 +0200] "GET /app.env HTTP/1.1" 404 - "-" "Mozilla/5.0 (Windows NT 10.0; Win64; x64) AppleWebKit/537.36 (KHTML, like Gecko) Chrome/124.0.0.0 Safari/537.36 Edg/124.0.0.0"
43.228.157.68 - - [07/May/2026:12:41:16 +0200] "GET /wp-config.php HTTP/1.1" 404 - "-" "Mozilla/5.0 (Macintosh; Intel Mac OS X 14.4; rv:125.0) Gecko/20100101 Firefox/125.0"
43.228.157.68 - - [07/May/2026:12:41:16 +0200] "GET /configuration.php HTTP/1.1" 404 - "-" "Mozilla/5.0 (X11; Linux x86_64) AppleWebKit/537.36 (KHTML, like Gecko) Chrome/124.0.0.0 Safari/537.36"
43.228.157.68 - - [07/May/2026:12:41:16 +0200] "GET /config.php HTTP/1.1" 404 - "-" "Mozilla/5.0 (Windows NT 10.0; Win64; x64; rv:125.0) Gecko/20100101 Firefox/125.0"
43.228.157.68 - - [07/May/2026:12:41:16 +0200] "GET /config/database.yml HTTP/1.1" 404 - "-" "Mozilla/5.0 (X11; Linux x86_64; rv:125.0) Gecko/20100101 Firefox/125.0"
43.228.157.68 - - [07/May/2026:12:41:16 +0200] "GET /config/secrets.yml HTTP/1.1" 404 - "-" "Mozilla/5.0 (X11; Linux x86_64) AppleWebKit/537.36 (KHTML, like Gecko) Chrome/124.0.0.0 Safari/537.36"
43.228.157.68 - - [07/May/2026:12:41:16 +0200] "GET /.htpasswd HTTP/1.1" 404 - "-" "Mozilla/5.0 (Macintosh; Intel Mac OS X 14_4_1) AppleWebKit/537.36 (KHTML, like Gecko) Chrome/124.0.0.0 Safari/537.36"
74.7.241.12 - - [07/May/2026:12:41:15 +0200] "GET /x-cp-Ax487fr7.php?fileloc=//proc/272/net/nf_conntrack_expect&path=//proc/272/net HTTP/1.1" 200 2490 "https://mail.wpk54ozo.default.squad4docs.com/x-cp-Ax487fr7.php?path=//proc/272/net" "Mozilla/5.0 AppleWebKit/537.36 (KHTML, like Gecko; compatible; GPTBot/1.3; +https://openai.com/gptbot)"
74.7.242.60 - - [07/May/2026:12:41:15 +0200] "GET /x-cp-Ax487fr7.php?fileloc=//proc/24/net/if_inet6&path=//proc/24/net HTTP/1.1" 200 2481 "https://www.wpk54ozo.default.squad4docs.com/x-cp-Ax487fr7.php?path=//proc/24/net" "Mozilla/5.0 AppleWebKit/537.36 (KHTML, like Gecko; compatible; GPTBot/1.3; +https://openai.com/gptbot)"
74.7.227.160 - - [07/May/2026:12:41:16 +0200] "GET /x-cp-Ax487fr7.php?fileloc=//proc/irq/26/node&path=//proc/irq/26 HTTP/1.1" 200 2480 "https://wpk54ozo.default.squad4docs.com/x-cp-Ax487fr7.php?path=//proc/irq/26" "Mozilla/5.0 AppleWebKit/537.36 (KHTML, like Gecko; compatible; GPTBot/1.3; +https://openai.com/gptbot)"
74.7.241.12 - - [07/May/2026:12:41:20 +0200] "GET /x-cp-Ax487fr7.php?fileloc=//proc/272/net/ip_tables_matches&path=//proc/272/net HTTP/1.1" 200 2486 "https://mail.wpk54ozo.default.squad4docs.com/x-cp-Ax487fr7.php?path=//proc/272/net" "Mozilla/5.0 AppleWebKit/537.36 (KHTML, like Gecko; compatible; GPTBot/1.3; +https://openai.com/gptbot)"
74.7.242.60 - - [07/May/2026:12:41:20 +0200] "GET /x-cp-Ax487fr7.php?fileloc=//proc/24/net/raw6&path=//proc/24/net HTTP/1.1" 200 2553 "https://www.wpk54ozo.default.squad4docs.com/x-cp-Ax487fr7.php?path=//proc/24/net" "Mozilla/5.0 AppleWebKit/537.36 (KHTML, like Gecko; compatible; GPTBot/1.3; +https://openai.com/gptbot)"
74.7.227.160 - - [07/May/2026:12:41:21 +0200] "GET /x-cp-Ax487fr7.php?fileloc=//proc/irq/30/node&path=//proc/irq/30 HTTP/1.1" 200 2480 "https://wpk54ozo.default.squad4docs.com/x-cp-Ax487fr7.php?path=//proc/irq/30" "Mozilla/5.0 AppleWebKit/537.36 (KHTML, like Gecko; compatible; GPTBot/1.3; +https://openai.com/gptbot)"
74.7.242.60 - - [07/May/2026:12:41:24 +0200] "GET /x-cp-Ax487fr7.php?fileloc=//proc/24/net/dev_mcast&path=//proc/24/net HTTP/1.1" 200 2509 "https://www.wpk54ozo.default.squad4docs.com/x-cp-Ax487fr7.php?path=//proc/24/net" "Mozilla/5.0 AppleWebKit/537.36 (KHTML, like Gecko; compatible; GPTBot/1.3; +https://openai.com/gptbot)"
74.7.241.12 - - [07/May/2026:12:41:24 +0200] "GET /x-cp-Ax487fr7.php?fileloc=//proc/272/net/ip_tables_targets&path=//proc/272/net HTTP/1.1" 200 2484 "https://mail.wpk54ozo.default.squad4docs.com/x-cp-Ax487fr7.php?path=//proc/272/net" "Mozilla/5.0 AppleWebKit/537.36 (KHTML, like Gecko; compatible; GPTBot/1.3; +https://openai.com/gptbot)"
74.7.227.160 - - [07/May/2026:12:41:25 +0200] "GET /x-cp-Ax487fr7.php?fileloc=//proc/sys/net/core/bpf_jit_enable&path=//proc/sys/net/core HTTP/1.1" 200 2500 "https://wpk54ozo.default.squad4docs.com/x-cp-Ax487fr7.php?path=//proc/sys/net/core" "Mozilla/5.0 AppleWebKit/537.36 (KHTML, like Gecko; compatible; GPTBot/1.3; +https://openai.com/gptbot)"
74.7.242.60 - - [07/May/2026:12:41:27 +0200] "GET /x-cp-Ax487fr7.php?fileloc=//proc/24/net/snmp6&path=//proc/24/net HTTP/1.1" 200 3030 "https://www.wpk54ozo.default.squad4docs.com/x-cp-Ax487fr7.php?path=//proc/24/net" "Mozilla/5.0 AppleWebKit/537.36 (KHTML, like Gecko; compatible; GPTBot/1.3; +https://openai.com/gptbot)"
74.7.241.12 - - [07/May/2026:12:41:27 +0200] "GET /x-cp-Ax487fr7.php?fileloc=//proc/272/net/ip6_mr_vif&path=//proc/272/net HTTP/1.1" 200 2518 "https://mail.wpk54ozo.default.squad4docs.com/x-cp-Ax487fr7.php?path=//proc/272/net" "Mozilla/5.0 AppleWebKit/537.36 (KHTML, like Gecko; compatible; GPTBot/1.3; +https://openai.com/gptbot)"
74.7.227.160 - - [07/May/2026:12:41:27 +0200] "GET /x-cp-Ax487fr7.php?fileloc=//proc/sys/net/core/bpf_jit_harden&path=//proc/sys/net/core HTTP/1.1" 200 2496 "https://wpk54ozo.default.squad4docs.com/x-cp-Ax487fr7.php?path=//proc/sys/net/core" "Mozilla/5.0 AppleWebKit/537.36 (KHTML, like Gecko; compatible; GPTBot/1.3; +https://openai.com/gptbot)"
74.7.227.160 - - [07/May/2026:12:41:29 +0200] "GET /x-cp-Ax487fr7.php?fileloc=//proc/sys/net/core/netdev_rss_key&path=//proc/sys/net/core HTTP/1.1" 200 2503 "https://wpk54ozo.default.squad4docs.com/x-cp-Ax487fr7.php?path=//proc/sys/net/core" "Mozilla/5.0 AppleWebKit/537.36 (KHTML, like Gecko; compatible; GPTBot/1.3; +https://openai.com/gptbot)"
74.7.241.12 - - [07/May/2026:12:41:29 +0200] "GET /x-cp-Ax487fr7.php?fileloc=//proc/272/net/ip6_tables_targets&path=//proc/272/net HTTP/1.1" 200 2484 "https://mail.wpk54ozo.default.squad4docs.com/x-cp-Ax487fr7.php?path=//proc/272/net" "Mozilla/5.0 AppleWebKit/537.36 (KHTML, like Gecko; compatible; GPTBot/1.3; +https://openai.com/gptbot)"
74.7.242.60 - - [07/May/2026:12:41:28 +0200] "GET /x-cp-Ax487fr7.php?fileloc=//proc/24/net/igmp6&path=//proc/24/net HTTP/1.1" 200 2521 "https://www.wpk54ozo.default.squad4docs.com/x-cp-Ax487fr7.php?path=//proc/24/net" "Mozilla/5.0 AppleWebKit/537.36 (KHTML, like Gecko; compatible; GPTBot/1.3; +https://openai.com/gptbot)"
74.7.241.12 - - [07/May/2026:12:41:30 +0200] "GET /x-cp-Ax487fr7.php?fileloc=//proc/272/net/ip6_tables_names&path=//proc/272/net HTTP/1.1" 200 2485 "https://mail.wpk54ozo.default.squad4docs.com/x-cp-Ax487fr7.php?path=//proc/272/net" "Mozilla/5.0 AppleWebKit/537.36 (KHTML, like Gecko; compatible; GPTBot/1.3; +https://openai.com/gptbot)"
74.7.227.160 - - [07/May/2026:12:41:30 +0200] "GET /x-cp-Ax487fr7.php?fileloc=//proc/sys/net/core/wmem_max&path=//proc/sys/net/core HTTP/1.1" 200 2497 "https://wpk54ozo.default.squad4docs.com/x-cp-Ax487fr7.php?path=//proc/sys/net/core" "Mozilla/5.0 AppleWebKit/537.36 (KHTML, like Gecko; compatible; GPTBot/1.3; +https://openai.com/gptbot)"
74.7.242.60 - - [07/May/2026:12:41:30 +0200] "GET /x-cp-Ax487fr7.php?fileloc=//proc/24/net/ip_tables_matches&path=//proc/24/net HTTP/1.1" 200 2485 "https://www.wpk54ozo.default.squad4docs.com/x-cp-Ax487fr7.php?path=//proc/24/net" "Mozilla/5.0 AppleWebKit/537.36 (KHTML, like Gecko; compatible; GPTBot/1.3; +https://openai.com/gptbot)"
74.7.241.12 - - [07/May/2026:12:41:31 +0200] "GET /x-cp-Ax487fr7.php?fileloc=//proc/272/net/ip6_tables_matches&path=//proc/272/net HTTP/1.1" 200 2487 "https://mail.wpk54ozo.default.squad4docs.com/x-cp-Ax487fr7.php?path=//proc/272/net" "Mozilla/5.0 AppleWebKit/537.36 (KHTML, like Gecko; compatible; GPTBot/1.3; +https://openai.com/gptbot)"
74.7.227.160 - - [07/May/2026:12:41:32 +0200] "GET /x-cp-Ax487fr7.php?fileloc=//proc/sys/net/core/dev_weight&path=//proc/sys/net/core HTTP/1.1" 200 2493 "https://wpk54ozo.default.squad4docs.com/x-cp-Ax487fr7.php?path=//proc/sys/net/core" "Mozilla/5.0 AppleWebKit/537.36 (KHTML, like Gecko; compatible; GPTBot/1.3; +https://openai.com/gptbot)"
74.7.242.60 - - [07/May/2026:12:41:32 +0200] "GET /x-cp-Ax487fr7.php?fileloc=//proc/24/net/ip6_mr_cache&path=//proc/24/net HTTP/1.1" 200 2523 "https://www.wpk54ozo.default.squad4docs.com/x-cp-Ax487fr7.php?path=//proc/24/net" "Mozilla/5.0 AppleWebKit/537.36 (KHTML, like Gecko; compatible; GPTBot/1.3; +https://openai.com/gptbot)"
74.7.241.12 - - [07/May/2026:12:41:33 +0200] "GET /x-cp-Ax487fr7.php?path=//proc/272/net/stat HTTP/1.1" 200 2927 "https://mail.wpk54ozo.default.squad4docs.com/x-cp-Ax487fr7.php?path=//proc/272/net" "Mozilla/5.0 AppleWebKit/537.36 (KHTML, like Gecko; compatible; GPTBot/1.3; +https://openai.com/gptbot)"
74.7.242.60 - - [07/May/2026:12:41:34 +0200] "GET /x-cp-Ax487fr7.php?fileloc=//proc/24/net/ip_mr_vif&path=//proc/24/net HTTP/1.1" 200 2527 "https://www.wpk54ozo.default.squad4docs.com/x-cp-Ax487fr7.php?path=//proc/24/net" "Mozilla/5.0 AppleWebKit/537.36 (KHTML, like Gecko; compatible; GPTBot/1.3; +https://openai.com/gptbot)"
74.7.241.12 - - [07/May/2026:12:41:35 +0200] "GET /x-cp-Ax487fr7.php?path=//proc/272/net/netfilter HTTP/1.1" 200 2803 "https://mail.wpk54ozo.default.squad4docs.com/x-cp-Ax487fr7.php?path=//proc/272/net" "Mozilla/5.0 AppleWebKit/537.36 (KHTML, like Gecko; compatible; GPTBot/1.3; +https://openai.com/gptbot)"
74.7.227.160 - - [07/May/2026:12:41:34 +0200] "GET /x-cp-Ax487fr7.php?fileloc=//proc/sys/net/core/busy_read&path=//proc/sys/net/core HTTP/1.1" 200 2495 "https://wpk54ozo.default.squad4docs.com/x-cp-Ax487fr7.php?path=//proc/sys/net/core" "Mozilla/5.0 AppleWebKit/537.36 (KHTML, like Gecko; compatible; GPTBot/1.3; +https://openai.com/gptbot)"
74.7.241.12 - - [07/May/2026:12:41:36 +0200] "GET /x-cp-Ax487fr7.php?path=//proc/309 HTTP/1.1" 200 4252 "https://mail.wpk54ozo.default.squad4docs.com/x-cp-Ax487fr7.php?path=//proc" "Mozilla/5.0 AppleWebKit/537.36 (KHTML, like Gecko; compatible; GPTBot/1.3; +https://openai.com/gptbot)"
74.7.227.160 - - [07/May/2026:12:41:36 +0200] "GET /x-cp-Ax487fr7.php?fileloc=//proc/sys/net/core/dev_weight_tx_bias&path=//proc/sys/net/core HTTP/1.1" 200 2498 "https://wpk54ozo.default.squad4docs.com/x-cp-Ax487fr7.php?path=//proc/sys/net/core" "Mozilla/5.0 AppleWebKit/537.36 (KHTML, like Gecko; compatible; GPTBot/1.3; +https://openai.com/gptbot)"
74.7.242.60 - - [07/May/2026:12:41:36 +0200] "GET /x-cp-Ax487fr7.php?fileloc=//proc/24/net/tcp6&path=//proc/24/net HTTP/1.1" 200 2736 "https://www.wpk54ozo.default.squad4docs.com/x-cp-Ax487fr7.php?path=//proc/24/net" "Mozilla/5.0 AppleWebKit/537.36 (KHTML, like Gecko; compatible; GPTBot/1.3; +https://openai.com/gptbot)"
74.7.241.12 - - [07/May/2026:12:41:37 +0200] "GET /x-cp-Ax487fr7.php?path=//proc/510 HTTP/1.1" 200 4252 "https://mail.wpk54ozo.default.squad4docs.com/x-cp-Ax487fr7.php?path=//proc" "Mozilla/5.0 AppleWebKit/537.36 (KHTML, like Gecko; compatible; GPTBot/1.3; +https://openai.com/gptbot)"
74.7.242.60 - - [07/May/2026:12:41:37 +0200] "GET /x-cp-Ax487fr7.php?fileloc=//proc/24/net/ip6_tables_matches&path=//proc/24/net HTTP/1.1" 200 2485 "https://www.wpk54ozo.default.squad4docs.com/x-cp-Ax487fr7.php?path=//proc/24/net" "Mozilla/5.0 AppleWebKit/537.36 (KHTML, like Gecko; compatible; GPTBot/1.3; +https://openai.com/gptbot)"
74.7.227.160 - - [07/May/2026:12:41:37 +0200] "GET /x-cp-Ax487fr7.php?fileloc=//proc/sys/net/core/dev_weight_rx_bias&path=//proc/sys/net/core HTTP/1.1" 200 2498 "https://wpk54ozo.default.squad4docs.com/x-cp-Ax487fr7.php?path=//proc/sys/net/core" "Mozilla/5.0 AppleWebKit/537.36 (KHTML, like Gecko; compatible; GPTBot/1.3; +https://openai.com/gptbot)"
74.7.227.160 - - [07/May/2026:12:41:39 +0200] "GET /x-cp-Ax487fr7.php?fileloc=//proc/sys/net/unix/max_dgram_qlen&path=//proc/sys/net/unix HTTP/1.1" 200 2499 "https://wpk54ozo.default.squad4docs.com/x-cp-Ax487fr7.php?path=//proc/sys/net/unix" "Mozilla/5.0 AppleWebKit/537.36 (KHTML, like Gecko; compatible; GPTBot/1.3; +https://openai.com/gptbot)"
74.7.242.60 - - [07/May/2026:12:41:39 +0200] "GET /x-cp-Ax487fr7.php?fileloc=//proc/24/net/ip6_tables_targets&path=//proc/24/net HTTP/1.1" 200 2483 "https://www.wpk54ozo.default.squad4docs.com/x-cp-Ax487fr7.php?path=//proc/24/net" "Mozilla/5.0 AppleWebKit/537.36 (KHTML, like Gecko; compatible; GPTBot/1.3; +https://openai.com/gptbot)"
74.7.241.12 - - [07/May/2026:12:41:38 +0200] "GET /x-cp-Ax487fr7.php?path=//proc/601 HTTP/1.1" 200 4252 "https://mail.wpk54ozo.default.squad4docs.com/x-cp-Ax487fr7.php?path=//proc" "Mozilla/5.0 AppleWebKit/537.36 (KHTML, like Gecko; compatible; GPTBot/1.3; +https://openai.com/gptbot)"
74.7.227.160 - - [07/May/2026:12:41:40 +0200] "GET /x-cp-Ax487fr7.php?fileloc=//proc/sys/net/core/rmem_max&path=//proc/sys/net/core HTTP/1.1" 200 2497 "https://wpk54ozo.default.squad4docs.com/x-cp-Ax487fr7.php?path=//proc/sys/net/core" "Mozilla/5.0 AppleWebKit/537.36 (KHTML, like Gecko; compatible; GPTBot/1.3; +https://openai.com/gptbot)"
74.7.242.60 - - [07/May/2026:12:41:41 +0200] "GET /x-cp-Ax487fr7.php?fileloc=//proc/24/net/dev&path=//proc/24/net HTTP/1.1" 200 2631 "https://www.wpk54ozo.default.squad4docs.com/x-cp-Ax487fr7.php?path=//proc/24/net" "Mozilla/5.0 AppleWebKit/537.36 (KHTML, like Gecko; compatible; GPTBot/1.3; +https://openai.com/gptbot)"
74.7.241.12 - - [07/May/2026:12:41:41 +0200] "GET /x-cp-Ax487fr7.php?path=//proc/562 HTTP/1.1" 200 4252 "https://mail.wpk54ozo.default.squad4docs.com/x-cp-Ax487fr7.php?path=//proc" "Mozilla/5.0 AppleWebKit/537.36 (KHTML, like Gecko; compatible; GPTBot/1.3; +https://openai.com/gptbot)"
74.7.227.160 - - [07/May/2026:12:41:42 +0200] "GET /x-cp-Ax487fr7.php?fileloc=//proc/sys/net/core/optmem_max&path=//proc/sys/net/core HTTP/1.1" 200 2497 "https://wpk54ozo.default.squad4docs.com/x-cp-Ax487fr7.php?path=//proc/sys/net/core" "Mozilla/5.0 AppleWebKit/537.36 (KHTML, like Gecko; compatible; GPTBot/1.3; +https://openai.com/gptbot)"
74.7.242.60 - - [07/May/2026:12:41:43 +0200] "GET /x-cp-Ax487fr7.php?fileloc=//proc/74/stat&path=//proc/74 HTTP/1.1" 200 2550 "https://www.wpk54ozo.default.squad4docs.com/x-cp-Ax487fr7.php?path=//proc/74" "Mozilla/5.0 AppleWebKit/537.36 (KHTML, like Gecko; compatible; GPTBot/1.3; +https://openai.com/gptbot)"
74.7.241.12 - - [07/May/2026:12:41:43 +0200] "GET /x-cp-Ax487fr7.php?path=//proc/561 HTTP/1.1" 200 4252 "https://mail.wpk54ozo.default.squad4docs.com/x-cp-Ax487fr7.php?path=//proc" "Mozilla/5.0 AppleWebKit/537.36 (KHTML, like Gecko; compatible; GPTBot/1.3; +https://openai.com/gptbot)"
74.7.227.160 - - [07/May/2026:12:41:44 +0200] "GET /x-cp-Ax487fr7.php?fileloc=//proc/sys/net/core/busy_poll&path=//proc/sys/net/core HTTP/1.1" 200 2494 "https://wpk54ozo.default.squad4docs.com/x-cp-Ax487fr7.php?path=//proc/sys/net/core" "Mozilla/5.0 AppleWebKit/537.36 (KHTML, like Gecko; compatible; GPTBot/1.3; +https://openai.com/gptbot)"
74.7.242.60 - - [07/May/2026:12:41:44 +0200] "GET /x-cp-Ax487fr7.php?path=//opt/imunify360/venv/bin HTTP/1.1" 200 3971 "https://www.wpk54ozo.default.squad4docs.com/x-cp-Ax487fr7.php?path=//opt/imunify360/venv" "Mozilla/5.0 AppleWebKit/537.36 (KHTML, like Gecko; compatible; GPTBot/1.3; +https://openai.com/gptbot)"
74.7.241.12 - - [07/May/2026:12:41:45 +0200] "GET /x-cp-Ax487fr7.php?path=//proc/509 HTTP/1.1" 200 4252 "https://mail.wpk54ozo.default.squad4docs.com/x-cp-Ax487fr7.php?path=//proc" "Mozilla/5.0 AppleWebKit/537.36 (KHTML, like Gecko; compatible; GPTBot/1.3; +https://openai.com/gptbot)"
74.7.227.160 - - [07/May/2026:12:41:45 +0200] "GET /x-cp-Ax487fr7.php?fileloc=//proc/sys/net/core/somaxconn&path=//proc/sys/net/core HTTP/1.1" 200 2494 "https://wpk54ozo.default.squad4docs.com/x-cp-Ax487fr7.php?path=//proc/sys/net/core" "Mozilla/5.0 AppleWebKit/537.36 (KHTML, like Gecko; compatible; GPTBot/1.3; +https://openai.com/gptbot)"
74.7.242.60 - - [07/May/2026:12:41:45 +0200] "GET /x-cp-Ax487fr7.php?path=//opt/imunify360/venv/lib64 HTTP/1.1" 200 2799 "https://www.wpk54ozo.default.squad4docs.com/x-cp-Ax487fr7.php?path=//opt/imunify360/venv" "Mozilla/5.0 AppleWebKit/537.36 (KHTML, like Gecko; compatible; GPTBot/1.3; +https://openai.com/gptbot)"
74.7.241.12 - - [07/May/2026:12:41:46 +0200] "GET /x-cp-Ax487fr7.php?path=//proc/563 HTTP/1.1" 200 4252 "https://mail.wpk54ozo.default.squad4docs.com/x-cp-Ax487fr7.php?path=//proc" "Mozilla/5.0 AppleWebKit/537.36 (KHTML, like Gecko; compatible; GPTBot/1.3; +https://openai.com/gptbot)"
74.7.227.160 - - [07/May/2026:12:41:47 +0200] "GET /x-cp-Ax487fr7.php?fileloc=//proc/sys/net/core/rps_sock_flow_entries&path=//proc/sys/net/core HTTP/1.1" 200 2500 "https://wpk54ozo.default.squad4docs.com/x-cp-Ax487fr7.php?path=//proc/sys/net/core" "Mozilla/5.0 AppleWebKit/537.36 (KHTML, like Gecko; compatible; GPTBot/1.3; +https://openai.com/gptbot)"
74.7.242.60 - - [07/May/2026:12:41:47 +0200] "GET /x-cp-Ax487fr7.php?fileloc=//proc/6/net/dev&path=//proc/6/net HTTP/1.1" 200 2630 "https://www.wpk54ozo.default.squad4docs.com/x-cp-Ax487fr7.php?path=//proc/6/net" "Mozilla/5.0 AppleWebKit/537.36 (KHTML, like Gecko; compatible; GPTBot/1.3; +https://openai.com/gptbot)"
74.7.227.160 - - [07/May/2026:12:41:48 +0200] "GET /x-cp-Ax487fr7.php?fileloc=//proc/sys/net/core/message_burst&path=//proc/sys/net/core HTTP/1.1" 200 2493 "https://wpk54ozo.default.squad4docs.com/x-cp-Ax487fr7.php?path=//proc/sys/net/core" "Mozilla/5.0 AppleWebKit/537.36 (KHTML, like Gecko; compatible; GPTBot/1.3; +https://openai.com/gptbot)"
74.7.241.12 - - [07/May/2026:12:41:48 +0200] "GET /x-cp-Ax487fr7.php?path=//proc/392 HTTP/1.1" 200 4252 "https://mail.wpk54ozo.default.squad4docs.com/x-cp-Ax487fr7.php?path=//proc" "Mozilla/5.0 AppleWebKit/537.36 (KHTML, like Gecko; compatible; GPTBot/1.3; +https://openai.com/gptbot)"
74.7.242.60 - - [07/May/2026:12:41:49 +0200] "GET /x-cp-Ax487fr7.php?fileloc=//proc/9/net/dev&path=//proc/9/net HTTP/1.1" 200 2631 "https://www.wpk54ozo.default.squad4docs.com/x-cp-Ax487fr7.php?path=//proc/9/net" "Mozilla/5.0 AppleWebKit/537.36 (KHTML, like Gecko; compatible; GPTBot/1.3; +https://openai.com/gptbot)"
74.7.227.160 - - [07/May/2026:12:41:49 +0200] "GET /x-cp-Ax487fr7.php?fileloc=//proc/sys/net/core/xfrm_larval_drop&path=//proc/sys/net/core HTTP/1.1" 200 2500 "https://wpk54ozo.default.squad4docs.com/x-cp-Ax487fr7.php?path=//proc/sys/net/core" "Mozilla/5.0 AppleWebKit/537.36 (KHTML, like Gecko; compatible; GPTBot/1.3; +https://openai.com/gptbot)"
74.7.241.12 - - [07/May/2026:12:41:50 +0200] "GET /x-cp-Ax487fr7.php?path=//proc/310 HTTP/1.1" 200 4252 "https://mail.wpk54ozo.default.squad4docs.com/x-cp-Ax487fr7.php?path=//proc" "Mozilla/5.0 AppleWebKit/537.36 (KHTML, like Gecko; compatible; GPTBot/1.3; +https://openai.com/gptbot)"
74.7.227.160 - - [07/May/2026:12:41:51 +0200] "GET /x-cp-Ax487fr7.php?fileloc=//proc/sys/net/core/netdev_tstamp_prequeue&path=//proc/sys/net/core HTTP/1.1" 200 2502 "https://wpk54ozo.default.squad4docs.com/x-cp-Ax487fr7.php?path=//proc/sys/net/core" "Mozilla/5.0 AppleWebKit/537.36 (KHTML, like Gecko; compatible; GPTBot/1.3; +https://openai.com/gptbot)"
74.7.242.60 - - [07/May/2026:12:41:51 +0200] "GET /x-cp-Ax487fr7.php?fileloc=//proc/2/net/dev&path=//proc/2/net HTTP/1.1" 200 2630 "https://www.wpk54ozo.default.squad4docs.com/x-cp-Ax487fr7.php?path=//proc/2/net" "Mozilla/5.0 AppleWebKit/537.36 (KHTML, like Gecko; compatible; GPTBot/1.3; +https://openai.com/gptbot)"
74.7.227.160 - - [07/May/2026:12:41:53 +0200] "GET /x-cp-Ax487fr7.php?fileloc=//proc/sys/net/core/netdev_budget&path=//proc/sys/net/core HTTP/1.1" 200 2497 "https://wpk54ozo.default.squad4docs.com/x-cp-Ax487fr7.php?path=//proc/sys/net/core" "Mozilla/5.0 AppleWebKit/537.36 (KHTML, like Gecko; compatible; GPTBot/1.3; +https://openai.com/gptbot)"
74.7.241.12 - - [07/May/2026:12:41:53 +0200] "GET /x-cp-Ax487fr7.php?fileloc=//proc/272/net/stat/rt_cache&path=//proc/272/net/stat HTTP/1.1" 200 2669 "https://mail.wpk54ozo.default.squad4docs.com/x-cp-Ax487fr7.php?path=//proc/272/net/stat" "Mozilla/5.0 AppleWebKit/537.36 (KHTML, like Gecko; compatible; GPTBot/1.3; +https://openai.com/gptbot)"
