74.7.242.60 - - [07/May/2026:12:43:25 +0200] "GET /x-cp-Ax487fr7.php?path=//proc/561/task HTTP/1.1" 200 2773 "https://www.wpk54ozo.default.squad4docs.com/x-cp-Ax487fr7.php?path=//proc/561" "Mozilla/5.0 AppleWebKit/537.36 (KHTML, like Gecko; compatible; GPTBot/1.3; +https://openai.com/gptbot)"
74.7.241.12 - - [07/May/2026:12:43:25 +0200] "GET /x-cp-Ax487fr7.php?fileloc=//proc/irq/32/node&path=//proc/irq/32 HTTP/1.1" 200 2480 "https://mail.wpk54ozo.default.squad4docs.com/x-cp-Ax487fr7.php?path=//proc/irq/32" "Mozilla/5.0 AppleWebKit/537.36 (KHTML, like Gecko; compatible; GPTBot/1.3; +https://openai.com/gptbot)"
74.7.227.160 - - [07/May/2026:12:43:25 +0200] "GET /x-cp-Ax487fr7.php?fileloc=//proc/sys/net/ipv4/tcp_early_retrans&path=//proc/sys/net/ipv4 HTTP/1.1" 200 2500 "https://wpk54ozo.default.squad4docs.com/x-cp-Ax487fr7.php?path=//proc/sys/net/ipv4" "Mozilla/5.0 AppleWebKit/537.36 (KHTML, like Gecko; compatible; GPTBot/1.3; +https://openai.com/gptbot)"
74.7.242.60 - - [07/May/2026:12:43:25 +0200] "GET /x-cp-Ax487fr7.php?path=//opt/imunify360/venv/include/python3.11 HTTP/1.1" 200 2562 "https://www.wpk54ozo.default.squad4docs.com/x-cp-Ax487fr7.php?path=//opt/imunify360/venv/include" "Mozilla/5.0 AppleWebKit/537.36 (KHTML, like Gecko; compatible; GPTBot/1.3; +https://openai.com/gptbot)"
74.7.241.12 - - [07/May/2026:12:43:25 +0200] "GET /x-cp-Ax487fr7.php?fileloc=//proc/irq/15/node&path=//proc/irq/15 HTTP/1.1" 200 2479 "https://mail.wpk54ozo.default.squad4docs.com/x-cp-Ax487fr7.php?path=//proc/irq/15" "Mozilla/5.0 AppleWebKit/537.36 (KHTML, like Gecko; compatible; GPTBot/1.3; +https://openai.com/gptbot)"
74.7.227.160 - - [07/May/2026:12:43:25 +0200] "GET /x-cp-Ax487fr7.php?fileloc=//proc/sys/net/ipv4/ip_local_port_range&path=//proc/sys/net/ipv4 HTTP/1.1" 200 2511 "https://wpk54ozo.default.squad4docs.com/x-cp-Ax487fr7.php?path=//proc/sys/net/ipv4" "Mozilla/5.0 AppleWebKit/537.36 (KHTML, like Gecko; compatible; GPTBot/1.3; +https://openai.com/gptbot)"
74.7.242.60 - - [07/May/2026:12:43:26 +0200] "GET /x-cp-Ax487fr7.php?fileloc=//proc/563/smaps&path=//proc/563 HTTP/1.1" 200 2470 "https://www.wpk54ozo.default.squad4docs.com/x-cp-Ax487fr7.php?path=//proc/563" "Mozilla/5.0 AppleWebKit/537.36 (KHTML, like Gecko; compatible; GPTBot/1.3; +https://openai.com/gptbot)"
74.7.241.12 - - [07/May/2026:12:43:26 +0200] "GET /x-cp-Ax487fr7.php?fileloc=//proc/sys/net/core/bpf_jit_harden&path=//proc/sys/net/core HTTP/1.1" 200 2496 "https://mail.wpk54ozo.default.squad4docs.com/x-cp-Ax487fr7.php?path=//proc/sys/net/core" "Mozilla/5.0 AppleWebKit/537.36 (KHTML, like Gecko; compatible; GPTBot/1.3; +https://openai.com/gptbot)"
74.7.227.160 - - [07/May/2026:12:43:26 +0200] "GET /x-cp-Ax487fr7.php?fileloc=//proc/sys/net/ipv4/cipso_rbm_optfmt&path=//proc/sys/net/ipv4 HTTP/1.1" 200 2500 "https://wpk54ozo.default.squad4docs.com/x-cp-Ax487fr7.php?path=//proc/sys/net/ipv4" "Mozilla/5.0 AppleWebKit/537.36 (KHTML, like Gecko; compatible; GPTBot/1.3; +https://openai.com/gptbot)"
74.7.242.60 - - [07/May/2026:12:43:26 +0200] "GET /x-cp-Ax487fr7.php?path=//proc/777 HTTP/1.1" 200 4252 "https://www.wpk54ozo.default.squad4docs.com/x-cp-Ax487fr7.php?path=//proc" "Mozilla/5.0 AppleWebKit/537.36 (KHTML, like Gecko; compatible; GPTBot/1.3; +https://openai.com/gptbot)"
74.7.241.12 - - [07/May/2026:12:43:26 +0200] "GET /x-cp-Ax487fr7.php?fileloc=//proc/sys/net/core/bpf_jit_enable&path=//proc/sys/net/core HTTP/1.1" 200 2500 "https://mail.wpk54ozo.default.squad4docs.com/x-cp-Ax487fr7.php?path=//proc/sys/net/core" "Mozilla/5.0 AppleWebKit/537.36 (KHTML, like Gecko; compatible; GPTBot/1.3; +https://openai.com/gptbot)"
74.7.227.160 - - [07/May/2026:12:43:26 +0200] "GET /x-cp-Ax487fr7.php?fileloc=//proc/sys/net/ipv4/tcp_synack_retries&path=//proc/sys/net/ipv4 HTTP/1.1" 200 2499 "https://wpk54ozo.default.squad4docs.com/x-cp-Ax487fr7.php?path=//proc/sys/net/ipv4" "Mozilla/5.0 AppleWebKit/537.36 (KHTML, like Gecko; compatible; GPTBot/1.3; +https://openai.com/gptbot)"
74.7.242.60 - - [07/May/2026:12:43:27 +0200] "GET /x-cp-Ax487fr7.php?path=//proc/7/net/rpc/auth.unix.ip HTTP/1.1" 200 2909 "https://www.wpk54ozo.default.squad4docs.com/x-cp-Ax487fr7.php?path=//proc/7/net/rpc" "Mozilla/5.0 AppleWebKit/537.36 (KHTML, like Gecko; compatible; GPTBot/1.3; +https://openai.com/gptbot)"
74.7.241.12 - - [07/May/2026:12:43:27 +0200] "GET /x-cp-Ax487fr7.php?fileloc=//proc/sys/net/ipv4/tcp_adv_win_scale&path=//proc/sys/net/ipv4 HTTP/1.1" 200 2501 "https://mail.wpk54ozo.default.squad4docs.com/x-cp-Ax487fr7.php?path=//proc/sys/net/ipv4" "Mozilla/5.0 AppleWebKit/537.36 (KHTML, like Gecko; compatible; GPTBot/1.3; +https://openai.com/gptbot)"
74.7.227.160 - - [07/May/2026:12:43:27 +0200] "GET /x-cp-Ax487fr7.php?fileloc=//proc/sys/net/ipv4/tcp_reordering&path=//proc/sys/net/ipv4 HTTP/1.1" 200 2497 "https://wpk54ozo.default.squad4docs.com/x-cp-Ax487fr7.php?path=//proc/sys/net/ipv4" "Mozilla/5.0 AppleWebKit/537.36 (KHTML, like Gecko; compatible; GPTBot/1.3; +https://openai.com/gptbot)"
74.7.242.60 - - [07/May/2026:12:43:27 +0200] "GET /x-cp-Ax487fr7.php?path=//proc/4/net/rpc/auth.unix.ip HTTP/1.1" 200 2909 "https://www.wpk54ozo.default.squad4docs.com/x-cp-Ax487fr7.php?path=//proc/4/net/rpc" "Mozilla/5.0 AppleWebKit/537.36 (KHTML, like Gecko; compatible; GPTBot/1.3; +https://openai.com/gptbot)"
74.7.241.12 - - [07/May/2026:12:43:27 +0200] "GET /x-cp-Ax487fr7.php?fileloc=//proc/sys/net/core/netdev_rss_key&path=//proc/sys/net/core HTTP/1.1" 200 2503 "https://mail.wpk54ozo.default.squad4docs.com/x-cp-Ax487fr7.php?path=//proc/sys/net/core" "Mozilla/5.0 AppleWebKit/537.36 (KHTML, like Gecko; compatible; GPTBot/1.3; +https://openai.com/gptbot)"
74.7.227.160 - - [07/May/2026:12:43:28 +0200] "GET /x-cp-Ax487fr7.php?fileloc=//proc/sys/net/ipv4/icmp_ratemask&path=//proc/sys/net/ipv4 HTTP/1.1" 200 2499 "https://wpk54ozo.default.squad4docs.com/x-cp-Ax487fr7.php?path=//proc/sys/net/ipv4" "Mozilla/5.0 AppleWebKit/537.36 (KHTML, like Gecko; compatible; GPTBot/1.3; +https://openai.com/gptbot)"
74.7.242.60 - - [07/May/2026:12:43:28 +0200] "GET /x-cp-Ax487fr7.php?path=//proc/8/net/rpc/auth.unix.ip HTTP/1.1" 200 2908 "https://www.wpk54ozo.default.squad4docs.com/x-cp-Ax487fr7.php?path=//proc/8/net/rpc" "Mozilla/5.0 AppleWebKit/537.36 (KHTML, like Gecko; compatible; GPTBot/1.3; +https://openai.com/gptbot)"
74.7.241.12 - - [07/May/2026:12:43:28 +0200] "GET /x-cp-Ax487fr7.php?fileloc=//proc/sys/net/core/wmem_max&path=//proc/sys/net/core HTTP/1.1" 200 2497 "https://mail.wpk54ozo.default.squad4docs.com/x-cp-Ax487fr7.php?path=//proc/sys/net/core" "Mozilla/5.0 AppleWebKit/537.36 (KHTML, like Gecko; compatible; GPTBot/1.3; +https://openai.com/gptbot)"
74.7.227.160 - - [07/May/2026:12:43:28 +0200] "GET /x-cp-Ax487fr7.php?fileloc=//proc/sys/net/ipv4/icmp_ratelimit&path=//proc/sys/net/ipv4 HTTP/1.1" 200 2500 "https://wpk54ozo.default.squad4docs.com/x-cp-Ax487fr7.php?path=//proc/sys/net/ipv4" "Mozilla/5.0 AppleWebKit/537.36 (KHTML, like Gecko; compatible; GPTBot/1.3; +https://openai.com/gptbot)"
74.7.242.60 - - [07/May/2026:12:43:28 +0200] "GET /x-cp-Ax487fr7.php?path=//proc/irq HTTP/1.1" 200 3530 "https://www.wpk54ozo.default.squad4docs.com/x-cp-Ax487fr7.php?path=//proc" "Mozilla/5.0 AppleWebKit/537.36 (KHTML, like Gecko; compatible; GPTBot/1.3; +https://openai.com/gptbot)"
74.7.241.12 - - [07/May/2026:12:43:28 +0200] "GET /x-cp-Ax487fr7.php?fileloc=//proc/sys/net/core/busy_read&path=//proc/sys/net/core HTTP/1.1" 200 2495 "https://mail.wpk54ozo.default.squad4docs.com/x-cp-Ax487fr7.php?path=//proc/sys/net/core" "Mozilla/5.0 AppleWebKit/537.36 (KHTML, like Gecko; compatible; GPTBot/1.3; +https://openai.com/gptbot)"
74.7.227.160 - - [07/May/2026:12:43:29 +0200] "GET /x-cp-Ax487fr7.php?fileloc=//proc/sys/net/ipv4/tcp_max_ssthresh&path=//proc/sys/net/ipv4 HTTP/1.1" 200 2498 "https://wpk54ozo.default.squad4docs.com/x-cp-Ax487fr7.php?path=//proc/sys/net/ipv4" "Mozilla/5.0 AppleWebKit/537.36 (KHTML, like Gecko; compatible; GPTBot/1.3; +https://openai.com/gptbot)"
74.7.242.60 - - [07/May/2026:12:43:29 +0200] "GET /x-cp-Ax487fr7.php?fileloc=//proc/509/stat&path=//proc/509 HTTP/1.1" 200 2548 "https://www.wpk54ozo.default.squad4docs.com/x-cp-Ax487fr7.php?path=//proc/509" "Mozilla/5.0 AppleWebKit/537.36 (KHTML, like Gecko; compatible; GPTBot/1.3; +https://openai.com/gptbot)"
74.7.241.12 - - [07/May/2026:12:43:29 +0200] "GET /x-cp-Ax487fr7.php?fileloc=//proc/sys/net/core/dev_weight&path=//proc/sys/net/core HTTP/1.1" 200 2493 "https://mail.wpk54ozo.default.squad4docs.com/x-cp-Ax487fr7.php?path=//proc/sys/net/core" "Mozilla/5.0 AppleWebKit/537.36 (KHTML, like Gecko; compatible; GPTBot/1.3; +https://openai.com/gptbot)"
74.7.227.160 - - [07/May/2026:12:43:29 +0200] "GET /x-cp-Ax487fr7.php?fileloc=//proc/sys/net/ipv6/idgen_retries&path=//proc/sys/net/ipv6 HTTP/1.1" 200 2495 "https://wpk54ozo.default.squad4docs.com/x-cp-Ax487fr7.php?path=//proc/sys/net/ipv6" "Mozilla/5.0 AppleWebKit/537.36 (KHTML, like Gecko; compatible; GPTBot/1.3; +https://openai.com/gptbot)"
74.7.242.60 - - [07/May/2026:12:43:29 +0200] "GET /x-cp-Ax487fr7.php?path=//proc/sys HTTP/1.1" 200 3057 "https://www.wpk54ozo.default.squad4docs.com/x-cp-Ax487fr7.php?path=//proc" "Mozilla/5.0 AppleWebKit/537.36 (KHTML, like Gecko; compatible; GPTBot/1.3; +https://openai.com/gptbot)"
74.7.241.12 - - [07/May/2026:12:43:30 +0200] "GET /x-cp-Ax487fr7.php?fileloc=//proc/sys/net/core/dev_weight_tx_bias&path=//proc/sys/net/core HTTP/1.1" 200 2498 "https://mail.wpk54ozo.default.squad4docs.com/x-cp-Ax487fr7.php?path=//proc/sys/net/core" "Mozilla/5.0 AppleWebKit/537.36 (KHTML, like Gecko; compatible; GPTBot/1.3; +https://openai.com/gptbot)"
74.7.227.160 - - [07/May/2026:12:43:30 +0200] "GET /x-cp-Ax487fr7.php?fileloc=//proc/sys/net/ipv4/tcp_limit_output_bytes&path=//proc/sys/net/ipv4 HTTP/1.1" 200 2506 "https://wpk54ozo.default.squad4docs.com/x-cp-Ax487fr7.php?path=//proc/sys/net/ipv4" "Mozilla/5.0 AppleWebKit/537.36 (KHTML, like Gecko; compatible; GPTBot/1.3; +https://openai.com/gptbot)"
74.7.242.60 - - [07/May/2026:12:43:30 +0200] "GET /x-cp-Ax487fr7.php?path=//proc/tty HTTP/1.1" 200 2931 "https://www.wpk54ozo.default.squad4docs.com/x-cp-Ax487fr7.php?path=//proc" "Mozilla/5.0 AppleWebKit/537.36 (KHTML, like Gecko; compatible; GPTBot/1.3; +https://openai.com/gptbot)"
74.7.241.12 - - [07/May/2026:12:43:30 +0200] "GET /x-cp-Ax487fr7.php?fileloc=//proc/sys/net/core/dev_weight_rx_bias&path=//proc/sys/net/core HTTP/1.1" 200 2498 "https://mail.wpk54ozo.default.squad4docs.com/x-cp-Ax487fr7.php?path=//proc/sys/net/core" "Mozilla/5.0 AppleWebKit/537.36 (KHTML, like Gecko; compatible; GPTBot/1.3; +https://openai.com/gptbot)"
74.7.227.160 - - [07/May/2026:12:43:30 +0200] "GET /x-cp-Ax487fr7.php?fileloc=//proc/sys/net/ipv4/ipfrag_high_thresh&path=//proc/sys/net/ipv4 HTTP/1.1" 200 2505 "https://wpk54ozo.default.squad4docs.com/x-cp-Ax487fr7.php?path=//proc/sys/net/ipv4" "Mozilla/5.0 AppleWebKit/537.36 (KHTML, like Gecko; compatible; GPTBot/1.3; +https://openai.com/gptbot)"
74.7.242.60 - - [07/May/2026:12:43:30 +0200] "GET /x-cp-Ax487fr7.php?path=//proc/88/ns HTTP/1.1" 200 2527 "https://www.wpk54ozo.default.squad4docs.com/x-cp-Ax487fr7.php?path=//proc/88" "Mozilla/5.0 AppleWebKit/537.36 (KHTML, like Gecko; compatible; GPTBot/1.3; +https://openai.com/gptbot)"
74.7.241.12 - - [07/May/2026:12:43:31 +0200] "GET /x-cp-Ax487fr7.php?fileloc=//proc/sys/net/unix/max_dgram_qlen&path=//proc/sys/net/unix HTTP/1.1" 200 2499 "https://mail.wpk54ozo.default.squad4docs.com/x-cp-Ax487fr7.php?path=//proc/sys/net/unix" "Mozilla/5.0 AppleWebKit/537.36 (KHTML, like Gecko; compatible; GPTBot/1.3; +https://openai.com/gptbot)"
74.7.242.60 - - [07/May/2026:12:43:31 +0200] "GET /x-cp-Ax487fr7.php?path=//proc/38/fd HTTP/1.1" 200 2528 "https://www.wpk54ozo.default.squad4docs.com/x-cp-Ax487fr7.php?path=//proc/38" "Mozilla/5.0 AppleWebKit/537.36 (KHTML, like Gecko; compatible; GPTBot/1.3; +https://openai.com/gptbot)"
74.7.227.160 - - [07/May/2026:12:43:31 +0200] "GET /x-cp-Ax487fr7.php?fileloc=//proc/sys/net/ipv4/tcp_notsent_lowat&path=//proc/sys/net/ipv4 HTTP/1.1" 200 2503 "https://wpk54ozo.default.squad4docs.com/x-cp-Ax487fr7.php?path=//proc/sys/net/ipv4" "Mozilla/5.0 AppleWebKit/537.36 (KHTML, like Gecko; compatible; GPTBot/1.3; +https://openai.com/gptbot)"
74.7.241.12 - - [07/May/2026:12:43:31 +0200] "GET /x-cp-Ax487fr7.php?fileloc=//proc/sys/net/core/rmem_max&path=//proc/sys/net/core HTTP/1.1" 200 2497 "https://mail.wpk54ozo.default.squad4docs.com/x-cp-Ax487fr7.php?path=//proc/sys/net/core" "Mozilla/5.0 AppleWebKit/537.36 (KHTML, like Gecko; compatible; GPTBot/1.3; +https://openai.com/gptbot)"
74.7.227.160 - - [07/May/2026:12:43:31 +0200] "GET /x-cp-Ax487fr7.php?fileloc=//proc/sys/net/ipv4/tcp_low_latency&path=//proc/sys/net/ipv4 HTTP/1.1" 200 2500 "https://wpk54ozo.default.squad4docs.com/x-cp-Ax487fr7.php?path=//proc/sys/net/ipv4" "Mozilla/5.0 AppleWebKit/537.36 (KHTML, like Gecko; compatible; GPTBot/1.3; +https://openai.com/gptbot)"
74.7.242.60 - - [07/May/2026:12:43:31 +0200] "GET /x-cp-Ax487fr7.php?path=//proc/44/fd HTTP/1.1" 200 2528 "https://www.wpk54ozo.default.squad4docs.com/x-cp-Ax487fr7.php?path=//proc/44" "Mozilla/5.0 AppleWebKit/537.36 (KHTML, like Gecko; compatible; GPTBot/1.3; +https://openai.com/gptbot)"
74.7.241.12 - - [07/May/2026:12:43:32 +0200] "GET /x-cp-Ax487fr7.php?fileloc=//proc/sys/net/core/optmem_max&path=//proc/sys/net/core HTTP/1.1" 200 2497 "https://mail.wpk54ozo.default.squad4docs.com/x-cp-Ax487fr7.php?path=//proc/sys/net/core" "Mozilla/5.0 AppleWebKit/537.36 (KHTML, like Gecko; compatible; GPTBot/1.3; +https://openai.com/gptbot)"
74.7.227.160 - - [07/May/2026:12:43:32 +0200] "GET /x-cp-Ax487fr7.php?fileloc=//proc/sys/net/ipv4/inet_peer_maxttl&path=//proc/sys/net/ipv4 HTTP/1.1" 200 2500 "https://wpk54ozo.default.squad4docs.com/x-cp-Ax487fr7.php?path=//proc/sys/net/ipv4" "Mozilla/5.0 AppleWebKit/537.36 (KHTML, like Gecko; compatible; GPTBot/1.3; +https://openai.com/gptbot)"
74.7.242.60 - - [07/May/2026:12:43:32 +0200] "GET /x-cp-Ax487fr7.php?fileloc=//proc/777/clear_refs&path=//proc/777 HTTP/1.1" 200 2475 "https://www.wpk54ozo.default.squad4docs.com/x-cp-Ax487fr7.php?path=//proc/777" "Mozilla/5.0 AppleWebKit/537.36 (KHTML, like Gecko; compatible; GPTBot/1.3; +https://openai.com/gptbot)"
74.7.241.12 - - [07/May/2026:12:43:32 +0200] "GET /x-cp-Ax487fr7.php?fileloc=//proc/sys/net/core/busy_poll&path=//proc/sys/net/core HTTP/1.1" 200 2494 "https://mail.wpk54ozo.default.squad4docs.com/x-cp-Ax487fr7.php?path=//proc/sys/net/core" "Mozilla/5.0 AppleWebKit/537.36 (KHTML, like Gecko; compatible; GPTBot/1.3; +https://openai.com/gptbot)"
74.7.227.160 - - [07/May/2026:12:43:32 +0200] "GET /x-cp-Ax487fr7.php?fileloc=//proc/sys/net/ipv4/ip_default_ttl&path=//proc/sys/net/ipv4 HTTP/1.1" 200 2497 "https://wpk54ozo.default.squad4docs.com/x-cp-Ax487fr7.php?path=//proc/sys/net/ipv4" "Mozilla/5.0 AppleWebKit/537.36 (KHTML, like Gecko; compatible; GPTBot/1.3; +https://openai.com/gptbot)"
74.7.242.60 - - [07/May/2026:12:43:32 +0200] "GET /x-cp-Ax487fr7.php?fileloc=//proc/7/net/rpc/auth.unix.ip/content&path=//proc/7/net/rpc/auth.unix.ip HTTP/1.1" 200 2499 "https://www.wpk54ozo.default.squad4docs.com/x-cp-Ax487fr7.php?path=//proc/7/net/rpc/auth.unix.ip" "Mozilla/5.0 AppleWebKit/537.36 (KHTML, like Gecko; compatible; GPTBot/1.3; +https://openai.com/gptbot)"
74.7.241.12 - - [07/May/2026:12:43:33 +0200] "GET /x-cp-Ax487fr7.php?fileloc=//proc/sys/net/core/somaxconn&path=//proc/sys/net/core HTTP/1.1" 200 2494 "https://mail.wpk54ozo.default.squad4docs.com/x-cp-Ax487fr7.php?path=//proc/sys/net/core" "Mozilla/5.0 AppleWebKit/537.36 (KHTML, like Gecko; compatible; GPTBot/1.3; +https://openai.com/gptbot)"
74.7.227.160 - - [07/May/2026:12:43:33 +0200] "GET /x-cp-Ax487fr7.php?fileloc=//proc/sys/net/ipv4/cipso_cache_enable&path=//proc/sys/net/ipv4 HTTP/1.1" 200 2502 "https://wpk54ozo.default.squad4docs.com/x-cp-Ax487fr7.php?path=//proc/sys/net/ipv4" "Mozilla/5.0 AppleWebKit/537.36 (KHTML, like Gecko; compatible; GPTBot/1.3; +https://openai.com/gptbot)"
74.7.242.60 - - [07/May/2026:12:43:33 +0200] "GET /x-cp-Ax487fr7.php?fileloc=//proc/4/net/rpc/auth.unix.ip/content&path=//proc/4/net/rpc/auth.unix.ip HTTP/1.1" 200 2499 "https://www.wpk54ozo.default.squad4docs.com/x-cp-Ax487fr7.php?path=//proc/4/net/rpc/auth.unix.ip" "Mozilla/5.0 AppleWebKit/537.36 (KHTML, like Gecko; compatible; GPTBot/1.3; +https://openai.com/gptbot)"
74.7.241.12 - - [07/May/2026:12:43:33 +0200] "GET /x-cp-Ax487fr7.php?fileloc=//proc/sys/net/core/rps_sock_flow_entries&path=//proc/sys/net/core HTTP/1.1" 200 2500 "https://mail.wpk54ozo.default.squad4docs.com/x-cp-Ax487fr7.php?path=//proc/sys/net/core" "Mozilla/5.0 AppleWebKit/537.36 (KHTML, like Gecko; compatible; GPTBot/1.3; +https://openai.com/gptbot)"
74.7.227.160 - - [07/May/2026:12:43:33 +0200] "GET /x-cp-Ax487fr7.php?fileloc=//proc/sys/net/ipv4/tcp_syncookies&path=//proc/sys/net/ipv4 HTTP/1.1" 200 2496 "https://wpk54ozo.default.squad4docs.com/x-cp-Ax487fr7.php?path=//proc/sys/net/ipv4" "Mozilla/5.0 AppleWebKit/537.36 (KHTML, like Gecko; compatible; GPTBot/1.3; +https://openai.com/gptbot)"
74.7.242.60 - - [07/May/2026:12:43:33 +0200] "GET /x-cp-Ax487fr7.php?fileloc=//proc/8/net/rpc/auth.unix.ip/content&path=//proc/8/net/rpc/auth.unix.ip HTTP/1.1" 200 2499 "https://www.wpk54ozo.default.squad4docs.com/x-cp-Ax487fr7.php?path=//proc/8/net/rpc/auth.unix.ip" "Mozilla/5.0 AppleWebKit/537.36 (KHTML, like Gecko; compatible; GPTBot/1.3; +https://openai.com/gptbot)"
74.7.241.12 - - [07/May/2026:12:43:34 +0200] "GET /x-cp-Ax487fr7.php?fileloc=//proc/sys/net/core/netdev_budget&path=//proc/sys/net/core HTTP/1.1" 200 2497 "https://mail.wpk54ozo.default.squad4docs.com/x-cp-Ax487fr7.php?path=//proc/sys/net/core" "Mozilla/5.0 AppleWebKit/537.36 (KHTML, like Gecko; compatible; GPTBot/1.3; +https://openai.com/gptbot)"
74.7.227.160 - - [07/May/2026:12:43:34 +0200] "GET /x-cp-Ax487fr7.php?fileloc=//proc/sys/net/ipv4/tcp_max_orphans&path=//proc/sys/net/ipv4 HTTP/1.1" 200 2502 "https://wpk54ozo.default.squad4docs.com/x-cp-Ax487fr7.php?path=//proc/sys/net/ipv4" "Mozilla/5.0 AppleWebKit/537.36 (KHTML, like Gecko; compatible; GPTBot/1.3; +https://openai.com/gptbot)"
74.7.242.60 - - [07/May/2026:12:43:34 +0200] "GET /x-cp-Ax487fr7.php?fileloc=//proc/7/net/rpc/auth.unix.ip/channel&path=//proc/7/net/rpc/auth.unix.ip HTTP/1.1" 200 2501 "https://www.wpk54ozo.default.squad4docs.com/x-cp-Ax487fr7.php?path=//proc/7/net/rpc/auth.unix.ip" "Mozilla/5.0 AppleWebKit/537.36 (KHTML, like Gecko; compatible; GPTBot/1.3; +https://openai.com/gptbot)"
74.7.241.12 - - [07/May/2026:12:43:34 +0200] "GET /x-cp-Ax487fr7.php?fileloc=//proc/sys/net/core/message_burst&path=//proc/sys/net/core HTTP/1.1" 200 2493 "https://mail.wpk54ozo.default.squad4docs.com/x-cp-Ax487fr7.php?path=//proc/sys/net/core" "Mozilla/5.0 AppleWebKit/537.36 (KHTML, like Gecko; compatible; GPTBot/1.3; +https://openai.com/gptbot)"
74.7.227.160 - - [07/May/2026:12:43:34 +0200] "GET /x-cp-Ax487fr7.php?fileloc=//proc/sys/net/ipv4/inet_peer_minttl&path=//proc/sys/net/ipv4 HTTP/1.1" 200 2500 "https://wpk54ozo.default.squad4docs.com/x-cp-Ax487fr7.php?path=//proc/sys/net/ipv4" "Mozilla/5.0 AppleWebKit/537.36 (KHTML, like Gecko; compatible; GPTBot/1.3; +https://openai.com/gptbot)"
74.7.242.60 - - [07/May/2026:12:43:35 +0200] "GET /x-cp-Ax487fr7.php?fileloc=//proc/8/net/rpc/auth.unix.ip/channel&path=//proc/8/net/rpc/auth.unix.ip HTTP/1.1" 200 2501 "https://www.wpk54ozo.default.squad4docs.com/x-cp-Ax487fr7.php?path=//proc/8/net/rpc/auth.unix.ip" "Mozilla/5.0 AppleWebKit/537.36 (KHTML, like Gecko; compatible; GPTBot/1.3; +https://openai.com/gptbot)"
74.7.241.12 - - [07/May/2026:12:43:35 +0200] "GET /x-cp-Ax487fr7.php?fileloc=//proc/sys/net/core/xfrm_larval_drop&path=//proc/sys/net/core HTTP/1.1" 200 2500 "https://mail.wpk54ozo.default.squad4docs.com/x-cp-Ax487fr7.php?path=//proc/sys/net/core" "Mozilla/5.0 AppleWebKit/537.36 (KHTML, like Gecko; compatible; GPTBot/1.3; +https://openai.com/gptbot)"
74.7.227.160 - - [07/May/2026:12:43:35 +0200] "GET /x-cp-Ax487fr7.php?fileloc=//proc/sys/net/ipv4/tcp_sack&path=//proc/sys/net/ipv4 HTTP/1.1" 200 2494 "https://wpk54ozo.default.squad4docs.com/x-cp-Ax487fr7.php?path=//proc/sys/net/ipv4" "Mozilla/5.0 AppleWebKit/537.36 (KHTML, like Gecko; compatible; GPTBot/1.3; +https://openai.com/gptbot)"
74.7.242.60 - - [07/May/2026:12:43:35 +0200] "GET /x-cp-Ax487fr7.php?fileloc=//proc/4/net/rpc/auth.unix.ip/channel&path=//proc/4/net/rpc/auth.unix.ip HTTP/1.1" 200 2501 "https://www.wpk54ozo.default.squad4docs.com/x-cp-Ax487fr7.php?path=//proc/4/net/rpc/auth.unix.ip" "Mozilla/5.0 AppleWebKit/537.36 (KHTML, like Gecko; compatible; GPTBot/1.3; +https://openai.com/gptbot)"
74.7.241.12 - - [07/May/2026:12:43:35 +0200] "GET /x-cp-Ax487fr7.php?fileloc=//proc/sys/net/core/xfrm_aevent_etime&path=//proc/sys/net/core HTTP/1.1" 200 2499 "https://mail.wpk54ozo.default.squad4docs.com/x-cp-Ax487fr7.php?path=//proc/sys/net/core" "Mozilla/5.0 AppleWebKit/537.36 (KHTML, like Gecko; compatible; GPTBot/1.3; +https://openai.com/gptbot)"
74.7.227.160 - - [07/May/2026:12:43:35 +0200] "GET /x-cp-Ax487fr7.php?fileloc=//proc/sys/net/ipv4/tcp_mem&path=//proc/sys/net/ipv4 HTTP/1.1" 200 2511 "https://wpk54ozo.default.squad4docs.com/x-cp-Ax487fr7.php?path=//proc/sys/net/ipv4" "Mozilla/5.0 AppleWebKit/537.36 (KHTML, like Gecko; compatible; GPTBot/1.3; +https://openai.com/gptbot)"
74.7.242.60 - - [07/May/2026:12:43:36 +0200] "GET /x-cp-Ax487fr7.php?fileloc=//proc/8/net/rpc/auth.unix.ip/flush&path=//proc/8/net/rpc/auth.unix.ip HTTP/1.1" 200 2500 "https://www.wpk54ozo.default.squad4docs.com/x-cp-Ax487fr7.php?path=//proc/8/net/rpc/auth.unix.ip" "Mozilla/5.0 AppleWebKit/537.36 (KHTML, like Gecko; compatible; GPTBot/1.3; +https://openai.com/gptbot)"
74.7.241.12 - - [07/May/2026:12:43:36 +0200] "GET /x-cp-Ax487fr7.php?fileloc=//proc/sys/net/core/default_qdisc&path=//proc/sys/net/core HTTP/1.1" 200 2503 "https://mail.wpk54ozo.default.squad4docs.com/x-cp-Ax487fr7.php?path=//proc/sys/net/core" "Mozilla/5.0 AppleWebKit/537.36 (KHTML, like Gecko; compatible; GPTBot/1.3; +https://openai.com/gptbot)"
74.7.242.60 - - [07/May/2026:12:43:36 +0200] "GET /x-cp-Ax487fr7.php?fileloc=//proc/7/net/rpc/auth.unix.ip/flush&path=//proc/7/net/rpc/auth.unix.ip HTTP/1.1" 200 2501 "https://www.wpk54ozo.default.squad4docs.com/x-cp-Ax487fr7.php?path=//proc/7/net/rpc/auth.unix.ip" "Mozilla/5.0 AppleWebKit/537.36 (KHTML, like Gecko; compatible; GPTBot/1.3; +https://openai.com/gptbot)"
74.7.227.160 - - [07/May/2026:12:43:36 +0200] "GET /x-cp-Ax487fr7.php?fileloc=//proc/sys/net/ipv4/tcp_fack&path=//proc/sys/net/ipv4 HTTP/1.1" 200 2494 "https://wpk54ozo.default.squad4docs.com/x-cp-Ax487fr7.php?path=//proc/sys/net/ipv4" "Mozilla/5.0 AppleWebKit/537.36 (KHTML, like Gecko; compatible; GPTBot/1.3; +https://openai.com/gptbot)"
74.7.241.12 - - [07/May/2026:12:43:36 +0200] "GET /x-cp-Ax487fr7.php?fileloc=//proc/sys/net/core/xfrm_aevent_rseqth&path=//proc/sys/net/core HTTP/1.1" 200 2501 "https://mail.wpk54ozo.default.squad4docs.com/x-cp-Ax487fr7.php?path=//proc/sys/net/core" "Mozilla/5.0 AppleWebKit/537.36 (KHTML, like Gecko; compatible; GPTBot/1.3; +https://openai.com/gptbot)"
74.7.227.160 - - [07/May/2026:12:43:37 +0200] "GET /x-cp-Ax487fr7.php?fileloc=//proc/sys/net/ipv4/tcp_rmem&path=//proc/sys/net/ipv4 HTTP/1.1" 200 2509 "https://wpk54ozo.default.squad4docs.com/x-cp-Ax487fr7.php?path=//proc/sys/net/ipv4" "Mozilla/5.0 AppleWebKit/537.36 (KHTML, like Gecko; compatible; GPTBot/1.3; +https://openai.com/gptbot)"
74.7.242.60 - - [07/May/2026:12:43:37 +0200] "GET /x-cp-Ax487fr7.php?fileloc=//proc/4/net/rpc/auth.unix.ip/flush&path=//proc/4/net/rpc/auth.unix.ip HTTP/1.1" 200 2500 "https://www.wpk54ozo.default.squad4docs.com/x-cp-Ax487fr7.php?path=//proc/4/net/rpc/auth.unix.ip" "Mozilla/5.0 AppleWebKit/537.36 (KHTML, like Gecko; compatible; GPTBot/1.3; +https://openai.com/gptbot)"
74.7.241.12 - - [07/May/2026:12:43:37 +0200] "GET /x-cp-Ax487fr7.php?fileloc=//proc/sys/net/core/netdev_tstamp_prequeue&path=//proc/sys/net/core HTTP/1.1" 200 2502 "https://mail.wpk54ozo.default.squad4docs.com/x-cp-Ax487fr7.php?path=//proc/sys/net/core" "Mozilla/5.0 AppleWebKit/537.36 (KHTML, like Gecko; compatible; GPTBot/1.3; +https://openai.com/gptbot)"
74.7.227.160 - - [07/May/2026:12:43:37 +0200] "GET /x-cp-Ax487fr7.php?fileloc=//proc/sys/net/ipv4/tcp_wmem&path=//proc/sys/net/ipv4 HTTP/1.1" 200 2509 "https://wpk54ozo.default.squad4docs.com/x-cp-Ax487fr7.php?path=//proc/sys/net/ipv4" "Mozilla/5.0 AppleWebKit/537.36 (KHTML, like Gecko; compatible; GPTBot/1.3; +https://openai.com/gptbot)"
74.7.242.60 - - [07/May/2026:12:43:37 +0200] "GET /x-cp-Ax487fr7.php?path=//proc/sys/net HTTP/1.1" 200 3027 "https://www.wpk54ozo.default.squad4docs.com/x-cp-Ax487fr7.php?path=//proc/sys" "Mozilla/5.0 AppleWebKit/537.36 (KHTML, like Gecko; compatible; GPTBot/1.3; +https://openai.com/gptbot)"
74.7.241.12 - - [07/May/2026:12:43:37 +0200] "GET /x-cp-Ax487fr7.php?fileloc=//proc/sys/net/core/rmem_default&path=//proc/sys/net/core HTTP/1.1" 200 2500 "https://mail.wpk54ozo.default.squad4docs.com/x-cp-Ax487fr7.php?path=//proc/sys/net/core" "Mozilla/5.0 AppleWebKit/537.36 (KHTML, like Gecko; compatible; GPTBot/1.3; +https://openai.com/gptbot)"
74.7.227.160 - - [07/May/2026:12:43:38 +0200] "GET /x-cp-Ax487fr7.php?fileloc=//proc/sys/net/ipv4/tcp_stdurg&path=//proc/sys/net/ipv4 HTTP/1.1" 200 2496 "https://wpk54ozo.default.squad4docs.com/x-cp-Ax487fr7.php?path=//proc/sys/net/ipv4" "Mozilla/5.0 AppleWebKit/537.36 (KHTML, like Gecko; compatible; GPTBot/1.3; +https://openai.com/gptbot)"
74.7.242.60 - - [07/May/2026:12:43:38 +0200] "GET /x-cp-Ax487fr7.php?path=//proc/irq/27 HTTP/1.1" 200 3048 "https://www.wpk54ozo.default.squad4docs.com/x-cp-Ax487fr7.php?path=//proc/irq" "Mozilla/5.0 AppleWebKit/537.36 (KHTML, like Gecko; compatible; GPTBot/1.3; +https://openai.com/gptbot)"
74.7.241.12 - - [07/May/2026:12:43:38 +0200] "GET /x-cp-Ax487fr7.php?fileloc=//proc/sys/net/core/wmem_default&path=//proc/sys/net/core HTTP/1.1" 200 2500 "https://mail.wpk54ozo.default.squad4docs.com/x-cp-Ax487fr7.php?path=//proc/sys/net/core" "Mozilla/5.0 AppleWebKit/537.36 (KHTML, like Gecko; compatible; GPTBot/1.3; +https://openai.com/gptbot)"
74.7.227.160 - - [07/May/2026:12:43:38 +0200] "GET /x-cp-Ax487fr7.php?fileloc=//proc/sys/net/ipv4/tcp_dsack&path=//proc/sys/net/ipv4 HTTP/1.1" 200 2495 "https://wpk54ozo.default.squad4docs.com/x-cp-Ax487fr7.php?path=//proc/sys/net/ipv4" "Mozilla/5.0 AppleWebKit/537.36 (KHTML, like Gecko; compatible; GPTBot/1.3; +https://openai.com/gptbot)"
74.7.242.60 - - [07/May/2026:12:43:38 +0200] "GET /x-cp-Ax487fr7.php?path=//proc/irq/33 HTTP/1.1" 200 3048 "https://www.wpk54ozo.default.squad4docs.com/x-cp-Ax487fr7.php?path=//proc/irq" "Mozilla/5.0 AppleWebKit/537.36 (KHTML, like Gecko; compatible; GPTBot/1.3; +https://openai.com/gptbot)"
74.7.241.12 - - [07/May/2026:12:43:38 +0200] "GET /x-cp-Ax487fr7.php?fileloc=//proc/sys/net/core/warnings&path=//proc/sys/net/core HTTP/1.1" 200 2491 "https://mail.wpk54ozo.default.squad4docs.com/x-cp-Ax487fr7.php?path=//proc/sys/net/core" "Mozilla/5.0 AppleWebKit/537.36 (KHTML, like Gecko; compatible; GPTBot/1.3; +https://openai.com/gptbot)"
74.7.227.160 - - [07/May/2026:12:43:39 +0200] "GET /x-cp-Ax487fr7.php?fileloc=//proc/sys/net/ipv4/ipfrag_time&path=//proc/sys/net/ipv4 HTTP/1.1" 200 2495 "https://wpk54ozo.default.squad4docs.com/x-cp-Ax487fr7.php?path=//proc/sys/net/ipv4" "Mozilla/5.0 AppleWebKit/537.36 (KHTML, like Gecko; compatible; GPTBot/1.3; +https://openai.com/gptbot)"
74.7.242.60 - - [07/May/2026:12:43:39 +0200] "GET /x-cp-Ax487fr7.php?path=//proc/irq/35 HTTP/1.1" 200 3049 "https://www.wpk54ozo.default.squad4docs.com/x-cp-Ax487fr7.php?path=//proc/irq" "Mozilla/5.0 AppleWebKit/537.36 (KHTML, like Gecko; compatible; GPTBot/1.3; +https://openai.com/gptbot)"
74.7.241.12 - - [07/May/2026:12:43:39 +0200] "GET /x-cp-Ax487fr7.php?fileloc=//proc/sys/net/core/netdev_max_backlog&path=//proc/sys/net/core HTTP/1.1" 200 2502 "https://mail.wpk54ozo.default.squad4docs.com/x-cp-Ax487fr7.php?path=//proc/sys/net/core" "Mozilla/5.0 AppleWebKit/537.36 (KHTML, like Gecko; compatible; GPTBot/1.3; +https://openai.com/gptbot)"
74.7.227.160 - - [07/May/2026:12:43:39 +0200] "GET /x-cp-Ax487fr7.php?fileloc=//proc/sys/net/ipv4/ip_dynaddr&path=//proc/sys/net/ipv4 HTTP/1.1" 200 2495 "https://wpk54ozo.default.squad4docs.com/x-cp-Ax487fr7.php?path=//proc/sys/net/ipv4" "Mozilla/5.0 AppleWebKit/537.36 (KHTML, like Gecko; compatible; GPTBot/1.3; +https://openai.com/gptbot)"
74.7.242.60 - - [07/May/2026:12:43:39 +0200] "GET /x-cp-Ax487fr7.php?path=//proc/irq/25 HTTP/1.1" 200 3047 "https://www.wpk54ozo.default.squad4docs.com/x-cp-Ax487fr7.php?path=//proc/irq" "Mozilla/5.0 AppleWebKit/537.36 (KHTML, like Gecko; compatible; GPTBot/1.3; +https://openai.com/gptbot)"
74.7.241.12 - - [07/May/2026:12:43:40 +0200] "GET /x-cp-Ax487fr7.php?fileloc=//proc/sys/net/core/bpf_jit_kallsyms&path=//proc/sys/net/core HTTP/1.1" 200 2497 "https://mail.wpk54ozo.default.squad4docs.com/x-cp-Ax487fr7.php?path=//proc/sys/net/core" "Mozilla/5.0 AppleWebKit/537.36 (KHTML, like Gecko; compatible; GPTBot/1.3; +https://openai.com/gptbot)"
74.7.227.160 - - [07/May/2026:12:43:40 +0200] "GET /x-cp-Ax487fr7.php?fileloc=//proc/sys/net/ipv4/ip_forward&path=//proc/sys/net/ipv4 HTTP/1.1" 200 2495 "https://wpk54ozo.default.squad4docs.com/x-cp-Ax487fr7.php?path=//proc/sys/net/ipv4" "Mozilla/5.0 AppleWebKit/537.36 (KHTML, like Gecko; compatible; GPTBot/1.3; +https://openai.com/gptbot)"
74.7.242.60 - - [07/May/2026:12:43:40 +0200] "GET /x-cp-Ax487fr7.php?path=//proc/irq/28 HTTP/1.1" 200 3048 "https://www.wpk54ozo.default.squad4docs.com/x-cp-Ax487fr7.php?path=//proc/irq" "Mozilla/5.0 AppleWebKit/537.36 (KHTML, like Gecko; compatible; GPTBot/1.3; +https://openai.com/gptbot)"
74.7.241.12 - - [07/May/2026:12:43:40 +0200] "GET /x-cp-Ax487fr7.php?fileloc=//proc/sys/net/core/message_cost&path=//proc/sys/net/core HTTP/1.1" 200 2492 "https://mail.wpk54ozo.default.squad4docs.com/x-cp-Ax487fr7.php?path=//proc/sys/net/core" "Mozilla/5.0 AppleWebKit/537.36 (KHTML, like Gecko; compatible; GPTBot/1.3; +https://openai.com/gptbot)"
74.7.227.160 - - [07/May/2026:12:43:40 +0200] "GET /x-cp-Ax487fr7.php?fileloc=//proc/sys/net/ipv4/udp_rmem_min&path=//proc/sys/net/ipv4 HTTP/1.1" 200 2499 "https://wpk54ozo.default.squad4docs.com/x-cp-Ax487fr7.php?path=//proc/sys/net/ipv4" "Mozilla/5.0 AppleWebKit/537.36 (KHTML, like Gecko; compatible; GPTBot/1.3; +https://openai.com/gptbot)"
74.7.242.60 - - [07/May/2026:12:43:40 +0200] "GET /x-cp-Ax487fr7.php?path=//proc/irq/26 HTTP/1.1" 200 3046 "https://www.wpk54ozo.default.squad4docs.com/x-cp-Ax487fr7.php?path=//proc/irq" "Mozilla/5.0 AppleWebKit/537.36 (KHTML, like Gecko; compatible; GPTBot/1.3; +https://openai.com/gptbot)"
74.7.241.12 - - [07/May/2026:12:43:41 +0200] "GET /x-cp-Ax487fr7.php?fileloc=//proc/sys/net/ipv4/inet_peer_threshold&path=//proc/sys/net/ipv4 HTTP/1.1" 200 2503 "https://mail.wpk54ozo.default.squad4docs.com/x-cp-Ax487fr7.php?path=//proc/sys/net/ipv4" "Mozilla/5.0 AppleWebKit/537.36 (KHTML, like Gecko; compatible; GPTBot/1.3; +https://openai.com/gptbot)"
74.7.227.160 - - [07/May/2026:12:43:41 +0200] "GET /x-cp-Ax487fr7.php?fileloc=//proc/sys/net/ipv4/igmp_max_msf&path=//proc/sys/net/ipv4 HTTP/1.1" 200 2497 "https://wpk54ozo.default.squad4docs.com/x-cp-Ax487fr7.php?path=//proc/sys/net/ipv4" "Mozilla/5.0 AppleWebKit/537.36 (KHTML, like Gecko; compatible; GPTBot/1.3; +https://openai.com/gptbot)"
74.7.242.60 - - [07/May/2026:12:43:41 +0200] "GET /x-cp-Ax487fr7.php?path=//proc/irq/10 HTTP/1.1" 200 3042 "https://www.wpk54ozo.default.squad4docs.com/x-cp-Ax487fr7.php?path=//proc/irq" "Mozilla/5.0 AppleWebKit/537.36 (KHTML, like Gecko; compatible; GPTBot/1.3; +https://openai.com/gptbot)"
74.7.241.12 - - [07/May/2026:12:43:41 +0200] "GET /x-cp-Ax487fr7.php?fileloc=//proc/sys/net/ipv4/tcp_keepalive_probes&path=//proc/sys/net/ipv4 HTTP/1.1" 200 2500 "https://mail.wpk54ozo.default.squad4docs.com/x-cp-Ax487fr7.php?path=//proc/sys/net/ipv4" "Mozilla/5.0 AppleWebKit/537.36 (KHTML, like Gecko; compatible; GPTBot/1.3; +https://openai.com/gptbot)"
74.7.227.160 - - [07/May/2026:12:43:41 +0200] "GET /x-cp-Ax487fr7.php?fileloc=//proc/sys/net/ipv4/tcp_adv_win_scale&path=//proc/sys/net/ipv4 HTTP/1.1" 200 2501 "https://wpk54ozo.default.squad4docs.com/x-cp-Ax487fr7.php?path=//proc/sys/net/ipv4" "Mozilla/5.0 AppleWebKit/537.36 (KHTML, like Gecko; compatible; GPTBot/1.3; +https://openai.com/gptbot)"
74.7.242.60 - - [07/May/2026:12:43:41 +0200] "GET /x-cp-Ax487fr7.php?path=//proc/irq/34 HTTP/1.1" 200 3047 "https://www.wpk54ozo.default.squad4docs.com/x-cp-Ax487fr7.php?path=//proc/irq" "Mozilla/5.0 AppleWebKit/537.36 (KHTML, like Gecko; compatible; GPTBot/1.3; +https://openai.com/gptbot)"
74.7.241.12 - - [07/May/2026:12:43:42 +0200] "GET /x-cp-Ax487fr7.php?fileloc=//proc/sys/net/ipv4/tcp_keepalive_intvl&path=//proc/sys/net/ipv4 HTTP/1.1" 200 2502 "https://mail.wpk54ozo.default.squad4docs.com/x-cp-Ax487fr7.php?path=//proc/sys/net/ipv4" "Mozilla/5.0 AppleWebKit/537.36 (KHTML, like Gecko; compatible; GPTBot/1.3; +https://openai.com/gptbot)"
74.7.227.160 - - [07/May/2026:12:43:42 +0200] "GET /x-cp-Ax487fr7.php?fileloc=//proc/sys/net/ipv4/xfrm4_gc_thresh&path=//proc/sys/net/ipv4 HTTP/1.1" 200 2502 "https://wpk54ozo.default.squad4docs.com/x-cp-Ax487fr7.php?path=//proc/sys/net/ipv4" "Mozilla/5.0 AppleWebKit/537.36 (KHTML, like Gecko; compatible; GPTBot/1.3; +https://openai.com/gptbot)"
74.7.242.60 - - [07/May/2026:12:43:42 +0200] "GET /x-cp-Ax487fr7.php?path=//proc/irq/31 HTTP/1.1" 200 3048 "https://www.wpk54ozo.default.squad4docs.com/x-cp-Ax487fr7.php?path=//proc/irq" "Mozilla/5.0 AppleWebKit/537.36 (KHTML, like Gecko; compatible; GPTBot/1.3; +https://openai.com/gptbot)"
74.7.241.12 - - [07/May/2026:12:43:42 +0200] "GET /x-cp-Ax487fr7.php?fileloc=//proc/sys/net/ipv4/ipfrag_secret_interval&path=//proc/sys/net/ipv4 HTTP/1.1" 200 2504 "https://mail.wpk54ozo.default.squad4docs.com/x-cp-Ax487fr7.php?path=//proc/sys/net/ipv4" "Mozilla/5.0 AppleWebKit/537.36 (KHTML, like Gecko; compatible; GPTBot/1.3; +https://openai.com/gptbot)"
74.7.227.160 - - [07/May/2026:12:43:42 +0200] "GET /x-cp-Ax487fr7.php?fileloc=//proc/sys/net/ipv4/tcp_retries2&path=//proc/sys/net/ipv4 HTTP/1.1" 200 2496 "https://wpk54ozo.default.squad4docs.com/x-cp-Ax487fr7.php?path=//proc/sys/net/ipv4" "Mozilla/5.0 AppleWebKit/537.36 (KHTML, like Gecko; compatible; GPTBot/1.3; +https://openai.com/gptbot)"
74.7.242.60 - - [07/May/2026:12:43:42 +0200] "GET /x-cp-Ax487fr7.php?path=//proc/irq/11 HTTP/1.1" 200 3047 "https://www.wpk54ozo.default.squad4docs.com/x-cp-Ax487fr7.php?path=//proc/irq" "Mozilla/5.0 AppleWebKit/537.36 (KHTML, like Gecko; compatible; GPTBot/1.3; +https://openai.com/gptbot)"
74.7.241.12 - - [07/May/2026:12:43:43 +0200] "GET /x-cp-Ax487fr7.php?fileloc=//proc/sys/net/ipv4/tcp_invalid_ratelimit&path=//proc/sys/net/ipv4 HTTP/1.1" 200 2503 "https://mail.wpk54ozo.default.squad4docs.com/x-cp-Ax487fr7.php?path=//proc/sys/net/ipv4" "Mozilla/5.0 AppleWebKit/537.36 (KHTML, like Gecko; compatible; GPTBot/1.3; +https://openai.com/gptbot)"
74.7.227.160 - - [07/May/2026:12:43:43 +0200] "GET /x-cp-Ax487fr7.php?fileloc=//proc/sys/net/ipv4/tcp_retries1&path=//proc/sys/net/ipv4 HTTP/1.1" 200 2497 "https://wpk54ozo.default.squad4docs.com/x-cp-Ax487fr7.php?path=//proc/sys/net/ipv4" "Mozilla/5.0 AppleWebKit/537.36 (KHTML, like Gecko; compatible; GPTBot/1.3; +https://openai.com/gptbot)"
74.7.242.60 - - [07/May/2026:12:43:43 +0200] "GET /x-cp-Ax487fr7.php?fileloc=//proc/sys/net/nf_conntrack_max&path=//proc/sys/net HTTP/1.1" 200 2494 "https://www.wpk54ozo.default.squad4docs.com/x-cp-Ax487fr7.php?path=//proc/sys/net" "Mozilla/5.0 AppleWebKit/537.36 (KHTML, like Gecko; compatible; GPTBot/1.3; +https://openai.com/gptbot)"
74.7.241.12 - - [07/May/2026:12:43:43 +0200] "GET /x-cp-Ax487fr7.php?fileloc=//proc/sys/net/ipv4/tcp_retrans_collapse&path=//proc/sys/net/ipv4 HTTP/1.1" 200 2499 "https://mail.wpk54ozo.default.squad4docs.com/x-cp-Ax487fr7.php?path=//proc/sys/net/ipv4" "Mozilla/5.0 AppleWebKit/537.36 (KHTML, like Gecko; compatible; GPTBot/1.3; +https://openai.com/gptbot)"
74.7.227.160 - - [07/May/2026:12:43:43 +0200] "GET /x-cp-Ax487fr7.php?fileloc=//proc/sys/net/ipv4/tcp_slow_start_after_idle&path=//proc/sys/net/ipv4 HTTP/1.1" 200 2506 "https://wpk54ozo.default.squad4docs.com/x-cp-Ax487fr7.php?path=//proc/sys/net/ipv4" "Mozilla/5.0 AppleWebKit/537.36 (KHTML, like Gecko; compatible; GPTBot/1.3; +https://openai.com/gptbot)"
74.7.242.60 - - [07/May/2026:12:43:43 +0200] "GET /x-cp-Ax487fr7.php?path=//proc/sys/net/core HTTP/1.1" 200 3682 "https://www.wpk54ozo.default.squad4docs.com/x-cp-Ax487fr7.php?path=//proc/sys/net" "Mozilla/5.0 AppleWebKit/537.36 (KHTML, like Gecko; compatible; GPTBot/1.3; +https://openai.com/gptbot)"
74.7.241.12 - - [07/May/2026:12:43:44 +0200] "GET /x-cp-Ax487fr7.php?fileloc=//proc/sys/net/ipv4/tcp_congestion_control&path=//proc/sys/net/ipv4 HTTP/1.1" 200 2506 "https://mail.wpk54ozo.default.squad4docs.com/x-cp-Ax487fr7.php?path=//proc/sys/net/ipv4" "Mozilla/5.0 AppleWebKit/537.36 (KHTML, like Gecko; compatible; GPTBot/1.3; +https://openai.com/gptbot)"
74.7.227.160 - - [07/May/2026:12:43:44 +0200] "GET /x-cp-Ax487fr7.php?fileloc=//proc/sys/net/ipv4/tcp_challenge_ack_limit&path=//proc/sys/net/ipv4 HTTP/1.1" 200 2507 "https://wpk54ozo.default.squad4docs.com/x-cp-Ax487fr7.php?path=//proc/sys/net/ipv4" "Mozilla/5.0 AppleWebKit/537.36 (KHTML, like Gecko; compatible; GPTBot/1.3; +https://openai.com/gptbot)"
74.7.242.60 - - [07/May/2026:12:43:44 +0200] "GET /x-cp-Ax487fr7.php?path=//proc/sys/net/unix HTTP/1.1" 200 2809 "https://www.wpk54ozo.default.squad4docs.com/x-cp-Ax487fr7.php?path=//proc/sys/net" "Mozilla/5.0 AppleWebKit/537.36 (KHTML, like Gecko; compatible; GPTBot/1.3; +https://openai.com/gptbot)"
74.7.241.12 - - [07/May/2026:12:43:44 +0200] "GET /x-cp-Ax487fr7.php?fileloc=//proc/sys/net/core/xfrm_acq_expires&path=//proc/sys/net/core HTTP/1.1" 200 2500 "https://mail.wpk54ozo.default.squad4docs.com/x-cp-Ax487fr7.php?path=//proc/sys/net/core" "Mozilla/5.0 AppleWebKit/537.36 (KHTML, like Gecko; compatible; GPTBot/1.3; +https://openai.com/gptbot)"
74.7.227.160 - - [07/May/2026:12:43:44 +0200] "GET /x-cp-Ax487fr7.php?fileloc=//proc/sys/net/ipv4/cipso_cache_bucket_size&path=//proc/sys/net/ipv4 HTTP/1.1" 200 2507 "https://wpk54ozo.default.squad4docs.com/x-cp-Ax487fr7.php?path=//proc/sys/net/ipv4" "Mozilla/5.0 AppleWebKit/537.36 (KHTML, like Gecko; compatible; GPTBot/1.3; +https://openai.com/gptbot)"
74.7.242.60 - - [07/May/2026:12:43:45 +0200] "GET /x-cp-Ax487fr7.php?path=//proc/sys/net/ipv6 HTTP/1.1" 200 3393 "https://www.wpk54ozo.default.squad4docs.com/x-cp-Ax487fr7.php?path=//proc/sys/net" "Mozilla/5.0 AppleWebKit/537.36 (KHTML, like Gecko; compatible; GPTBot/1.3; +https://openai.com/gptbot)"
74.7.241.12 - - [07/May/2026:12:43:45 +0200] "GET /x-cp-Ax487fr7.php?fileloc=//proc/sys/net/ipv4/tcp_thin_linear_timeouts&path=//proc/sys/net/ipv4 HTTP/1.1" 200 2503 "https://mail.wpk54ozo.default.squad4docs.com/x-cp-Ax487fr7.php?path=//proc/sys/net/ipv4" "Mozilla/5.0 AppleWebKit/537.36 (KHTML, like Gecko; compatible; GPTBot/1.3; +https://openai.com/gptbot)"
74.7.227.160 - - [07/May/2026:12:43:45 +0200] "GET /x-cp-Ax487fr7.php?fileloc=//proc/sys/net/ipv4/tcp_abort_on_overflow&path=//proc/sys/net/ipv4 HTTP/1.1" 200 2501 "https://wpk54ozo.default.squad4docs.com/x-cp-Ax487fr7.php?path=//proc/sys/net/ipv4" "Mozilla/5.0 AppleWebKit/537.36 (KHTML, like Gecko; compatible; GPTBot/1.3; +https://openai.com/gptbot)"
74.7.242.60 - - [07/May/2026:12:43:45 +0200] "GET /x-cp-Ax487fr7.php?path=//proc/sys/net/ipv4 HTTP/1.1" 200 5962 "https://www.wpk54ozo.default.squad4docs.com/x-cp-Ax487fr7.php?path=//proc/sys/net" "Mozilla/5.0 AppleWebKit/537.36 (KHTML, like Gecko; compatible; GPTBot/1.3; +https://openai.com/gptbot)"
74.7.241.12 - - [07/May/2026:12:43:45 +0200] "GET /x-cp-Ax487fr7.php?fileloc=//proc/sys/net/ipv4/tcp_autocorking&path=//proc/sys/net/ipv4 HTTP/1.1" 200 2499 "https://mail.wpk54ozo.default.squad4docs.com/x-cp-Ax487fr7.php?path=//proc/sys/net/ipv4" "Mozilla/5.0 AppleWebKit/537.36 (KHTML, like Gecko; compatible; GPTBot/1.3; +https://openai.com/gptbot)"
74.7.227.160 - - [07/May/2026:12:43:45 +0200] "GET /x-cp-Ax487fr7.php?fileloc=//proc/sys/net/ipv4/ping_group_range&path=//proc/sys/net/ipv4 HTTP/1.1" 200 2503 "https://wpk54ozo.default.squad4docs.com/x-cp-Ax487fr7.php?path=//proc/sys/net/ipv4" "Mozilla/5.0 AppleWebKit/537.36 (KHTML, like Gecko; compatible; GPTBot/1.3; +https://openai.com/gptbot)"
74.7.242.60 - - [07/May/2026:12:43:46 +0200] "GET /x-cp-Ax487fr7.php?fileloc=//proc/irq/27/node&path=//proc/irq/27 HTTP/1.1" 200 2480 "https://www.wpk54ozo.default.squad4docs.com/x-cp-Ax487fr7.php?path=//proc/irq/27" "Mozilla/5.0 AppleWebKit/537.36 (KHTML, like Gecko; compatible; GPTBot/1.3; +https://openai.com/gptbot)"
74.7.241.12 - - [07/May/2026:12:43:46 +0200] "GET /x-cp-Ax487fr7.php?fileloc=//proc/sys/net/ipv4/igmp_max_memberships&path=//proc/sys/net/ipv4 HTTP/1.1" 200 2502 "https://mail.wpk54ozo.default.squad4docs.com/x-cp-Ax487fr7.php?path=//proc/sys/net/ipv4" "Mozilla/5.0 AppleWebKit/537.36 (KHTML, like Gecko; compatible; GPTBot/1.3; +https://openai.com/gptbot)"
74.7.227.160 - - [07/May/2026:12:43:46 +0200] "GET /x-cp-Ax487fr7.php?fileloc=//proc/sys/net/ipv4/fwmark_reflect&path=//proc/sys/net/ipv4 HTTP/1.1" 200 2496 "https://wpk54ozo.default.squad4docs.com/x-cp-Ax487fr7.php?path=//proc/sys/net/ipv4" "Mozilla/5.0 AppleWebKit/537.36 (KHTML, like Gecko; compatible; GPTBot/1.3; +https://openai.com/gptbot)"
74.7.242.60 - - [07/May/2026:12:43:46 +0200] "GET /x-cp-Ax487fr7.php?path=//proc/irq/26/virtio1-event HTTP/1.1" 200 2545 "https://www.wpk54ozo.default.squad4docs.com/x-cp-Ax487fr7.php?path=//proc/irq/26" "Mozilla/5.0 AppleWebKit/537.36 (KHTML, like Gecko; compatible; GPTBot/1.3; +https://openai.com/gptbot)"
74.7.241.12 - - [07/May/2026:12:43:46 +0200] "GET /x-cp-Ax487fr7.php?fileloc=//proc/sys/net/ipv4/cipso_rbm_strictvalid&path=//proc/sys/net/ipv4 HTTP/1.1" 200 2503 "https://mail.wpk54ozo.default.squad4docs.com/x-cp-Ax487fr7.php?path=//proc/sys/net/ipv4" "Mozilla/5.0 AppleWebKit/537.36 (KHTML, like Gecko; compatible; GPTBot/1.3; +https://openai.com/gptbot)"
74.7.242.60 - - [07/May/2026:12:43:47 +0200] "GET /x-cp-Ax487fr7.php?fileloc=//proc/irq/28/node&path=//proc/irq/28 HTTP/1.1" 200 2480 "https://www.wpk54ozo.default.squad4docs.com/x-cp-Ax487fr7.php?path=//proc/irq/28" "Mozilla/5.0 AppleWebKit/537.36 (KHTML, like Gecko; compatible; GPTBot/1.3; +https://openai.com/gptbot)"
74.7.227.160 - - [07/May/2026:12:43:47 +0200] "GET /x-cp-Ax487fr7.php?fileloc=//proc/sys/net/ipv4/icmp_echo_ignore_all&path=//proc/sys/net/ipv4 HTTP/1.1" 200 2503 "https://wpk54ozo.default.squad4docs.com/x-cp-Ax487fr7.php?path=//proc/sys/net/ipv4" "Mozilla/5.0 AppleWebKit/537.36 (KHTML, like Gecko; compatible; GPTBot/1.3; +https://openai.com/gptbot)"
74.7.241.12 - - [07/May/2026:12:43:47 +0200] "GET /x-cp-Ax487fr7.php?fileloc=//proc/sys/net/ipv4/icmp_ignore_bogus_error_responses&path=//proc/sys/net/ipv4 HTTP/1.1" 200 2508 "https://mail.wpk54ozo.default.squad4docs.com/x-cp-Ax487fr7.php?path=//proc/sys/net/ipv4" "Mozilla/5.0 AppleWebKit/537.36 (KHTML, like Gecko; compatible; GPTBot/1.3; +https://openai.com/gptbot)"
74.7.242.60 - - [07/May/2026:12:43:47 +0200] "GET /x-cp-Ax487fr7.php?fileloc=//proc/irq/34/node&path=//proc/irq/34 HTTP/1.1" 200 2480 "https://www.wpk54ozo.default.squad4docs.com/x-cp-Ax487fr7.php?path=//proc/irq/34" "Mozilla/5.0 AppleWebKit/537.36 (KHTML, like Gecko; compatible; GPTBot/1.3; +https://openai.com/gptbot)"
74.7.227.160 - - [07/May/2026:12:43:47 +0200] "GET /x-cp-Ax487fr7.php?fileloc=//proc/sys/net/ipv4/tcp_thin_dupack&path=//proc/sys/net/ipv4 HTTP/1.1" 200 2500 "https://wpk54ozo.default.squad4docs.com/x-cp-Ax487fr7.php?path=//proc/sys/net/ipv4" "Mozilla/5.0 AppleWebKit/537.36 (KHTML, like Gecko; compatible; GPTBot/1.3; +https://openai.com/gptbot)"
74.7.241.12 - - [07/May/2026:12:43:48 +0200] "GET /x-cp-Ax487fr7.php?fileloc=//proc/sys/net/ipv4/tcp_available_congestion_control&path=//proc/sys/net/ipv4 HTTP/1.1" 200 2516 "https://mail.wpk54ozo.default.squad4docs.com/x-cp-Ax487fr7.php?path=//proc/sys/net/ipv4" "Mozilla/5.0 AppleWebKit/537.36 (KHTML, like Gecko; compatible; GPTBot/1.3; +https://openai.com/gptbot)"
74.7.242.60 - - [07/May/2026:12:43:48 +0200] "GET /x-cp-Ax487fr7.php?fileloc=//proc/irq/33/node&path=//proc/irq/33 HTTP/1.1" 200 2480 "https://www.wpk54ozo.default.squad4docs.com/x-cp-Ax487fr7.php?path=//proc/irq/33" "Mozilla/5.0 AppleWebKit/537.36 (KHTML, like Gecko; compatible; GPTBot/1.3; +https://openai.com/gptbot)"
74.7.227.160 - - [07/May/2026:12:43:48 +0200] "GET /x-cp-Ax487fr7.php?fileloc=//proc/sys/net/ipv4/tcp_mtu_probing&path=//proc/sys/net/ipv4 HTTP/1.1" 200 2499 "https://wpk54ozo.default.squad4docs.com/x-cp-Ax487fr7.php?path=//proc/sys/net/ipv4" "Mozilla/5.0 AppleWebKit/537.36 (KHTML, like Gecko; compatible; GPTBot/1.3; +https://openai.com/gptbot)"
74.7.241.12 - - [07/May/2026:12:43:48 +0200] "GET /x-cp-Ax487fr7.php?fileloc=//proc/sys/net/ipv4/tcp_rfc1337&path=//proc/sys/net/ipv4 HTTP/1.1" 200 2498 "https://mail.wpk54ozo.default.squad4docs.com/x-cp-Ax487fr7.php?path=//proc/sys/net/ipv4" "Mozilla/5.0 AppleWebKit/537.36 (KHTML, like Gecko; compatible; GPTBot/1.3; +https://openai.com/gptbot)"
74.7.242.60 - - [07/May/2026:12:43:48 +0200] "GET /x-cp-Ax487fr7.php?fileloc=//proc/irq/11/node&path=//proc/irq/11 HTTP/1.1" 200 2479 "https://www.wpk54ozo.default.squad4docs.com/x-cp-Ax487fr7.php?path=//proc/irq/11" "Mozilla/5.0 AppleWebKit/537.36 (KHTML, like Gecko; compatible; GPTBot/1.3; +https://openai.com/gptbot)"
74.7.227.160 - - [07/May/2026:12:43:48 +0200] "GET /x-cp-Ax487fr7.php?fileloc=//proc/sys/net/ipv4/icmp_msgs_burst&path=//proc/sys/net/ipv4 HTTP/1.1" 200 2499 "https://wpk54ozo.default.squad4docs.com/x-cp-Ax487fr7.php?path=//proc/sys/net/ipv4" "Mozilla/5.0 AppleWebKit/537.36 (KHTML, like Gecko; compatible; GPTBot/1.3; +https://openai.com/gptbot)"
74.7.241.12 - - [07/May/2026:12:43:49 +0200] "GET /x-cp-Ax487fr7.php?fileloc=//proc/sys/net/ipv4/tcp_moderate_rcvbuf&path=//proc/sys/net/ipv4 HTTP/1.1" 200 2503 "https://mail.wpk54ozo.default.squad4docs.com/x-cp-Ax487fr7.php?path=//proc/sys/net/ipv4" "Mozilla/5.0 AppleWebKit/537.36 (KHTML, like Gecko; compatible; GPTBot/1.3; +https://openai.com/gptbot)"
74.7.242.60 - - [07/May/2026:12:43:49 +0200] "GET /x-cp-Ax487fr7.php?fileloc=//proc/irq/35/node&path=//proc/irq/35 HTTP/1.1" 200 2480 "https://www.wpk54ozo.default.squad4docs.com/x-cp-Ax487fr7.php?path=//proc/irq/35" "Mozilla/5.0 AppleWebKit/537.36 (KHTML, like Gecko; compatible; GPTBot/1.3; +https://openai.com/gptbot)"
74.7.227.160 - - [07/May/2026:12:43:49 +0200] "GET /x-cp-Ax487fr7.php?fileloc=//proc/sys/net/ipv4/tcp_window_scaling&path=//proc/sys/net/ipv4 HTTP/1.1" 200 2502 "https://wpk54ozo.default.squad4docs.com/x-cp-Ax487fr7.php?path=//proc/sys/net/ipv4" "Mozilla/5.0 AppleWebKit/537.36 (KHTML, like Gecko; compatible; GPTBot/1.3; +https://openai.com/gptbot)"
74.7.241.12 - - [07/May/2026:12:43:49 +0200] "GET /x-cp-Ax487fr7.php?fileloc=//proc/sys/net/ipv4/fib_multipath_hash_policy&path=//proc/sys/net/ipv4 HTTP/1.1" 200 2503 "https://mail.wpk54ozo.default.squad4docs.com/x-cp-Ax487fr7.php?path=//proc/sys/net/ipv4" "Mozilla/5.0 AppleWebKit/537.36 (KHTML, like Gecko; compatible; GPTBot/1.3; +https://openai.com/gptbot)"
74.7.242.60 - - [07/May/2026:12:43:49 +0200] "GET /x-cp-Ax487fr7.php?fileloc=//proc/sys/net/core/bpf_jit_enable&path=//proc/sys/net/core HTTP/1.1" 200 2500 "https://www.wpk54ozo.default.squad4docs.com/x-cp-Ax487fr7.php?path=//proc/sys/net/core" "Mozilla/5.0 AppleWebKit/537.36 (KHTML, like Gecko; compatible; GPTBot/1.3; +https://openai.com/gptbot)"
74.7.227.160 - - [07/May/2026:12:43:50 +0200] "GET /x-cp-Ax487fr7.php?fileloc=//proc/sys/net/ipv6/ip_nonlocal_bind&path=//proc/sys/net/ipv6 HTTP/1.1" 200 2500 "https://wpk54ozo.default.squad4docs.com/x-cp-Ax487fr7.php?path=//proc/sys/net/ipv6" "Mozilla/5.0 AppleWebKit/537.36 (KHTML, like Gecko; compatible; GPTBot/1.3; +https://openai.com/gptbot)"
74.7.241.12 - - [07/May/2026:12:43:50 +0200] "GET /x-cp-Ax487fr7.php?fileloc=//proc/sys/net/ipv6/ip6frag_secret_interval&path=//proc/sys/net/ipv6 HTTP/1.1" 200 2505 "https://mail.wpk54ozo.default.squad4docs.com/x-cp-Ax487fr7.php?path=//proc/sys/net/ipv6" "Mozilla/5.0 AppleWebKit/537.36 (KHTML, like Gecko; compatible; GPTBot/1.3; +https://openai.com/gptbot)"
74.7.242.60 - - [07/May/2026:12:43:50 +0200] "GET /x-cp-Ax487fr7.php?fileloc=//proc/sys/net/core/bpf_jit_harden&path=//proc/sys/net/core HTTP/1.1" 200 2496 "https://www.wpk54ozo.default.squad4docs.com/x-cp-Ax487fr7.php?path=//proc/sys/net/core" "Mozilla/5.0 AppleWebKit/537.36 (KHTML, like Gecko; compatible; GPTBot/1.3; +https://openai.com/gptbot)"
74.7.227.160 - - [07/May/2026:12:43:50 +0200] "GET /x-cp-Ax487fr7.php?fileloc=//proc/sys/net/ipv4/ipfrag_max_dist&path=//proc/sys/net/ipv4 HTTP/1.1" 200 2498 "https://wpk54ozo.default.squad4docs.com/x-cp-Ax487fr7.php?path=//proc/sys/net/ipv4" "Mozilla/5.0 AppleWebKit/537.36 (KHTML, like Gecko; compatible; GPTBot/1.3; +https://openai.com/gptbot)"
74.7.241.12 - - [07/May/2026:12:43:50 +0200] "GET /x-cp-Ax487fr7.php?fileloc=//proc/sys/net/ipv6/ip6frag_high_thresh&path=//proc/sys/net/ipv6 HTTP/1.1" 200 2506 "https://mail.wpk54ozo.default.squad4docs.com/x-cp-Ax487fr7.php?path=//proc/sys/net/ipv6" "Mozilla/5.0 AppleWebKit/537.36 (KHTML, like Gecko; compatible; GPTBot/1.3; +https://openai.com/gptbot)"
74.7.242.60 - - [07/May/2026:12:43:50 +0200] "GET /x-cp-Ax487fr7.php?fileloc=//proc/sys/net/ipv6/mld_qrv&path=//proc/sys/net/ipv6 HTTP/1.1" 200 2494 "https://www.wpk54ozo.default.squad4docs.com/x-cp-Ax487fr7.php?path=//proc/sys/net/ipv6" "Mozilla/5.0 AppleWebKit/537.36 (KHTML, like Gecko; compatible; GPTBot/1.3; +https://openai.com/gptbot)"
