74.7.242.60 - - [07/May/2026:12:41:53 +0200] "GET /x-cp-Ax487fr7.php?fileloc=//proc/4/net/dev&path=//proc/4/net HTTP/1.1" 200 2631 "https://www.wpk54ozo.default.squad4docs.com/x-cp-Ax487fr7.php?path=//proc/4/net" "Mozilla/5.0 AppleWebKit/537.36 (KHTML, like Gecko; compatible; GPTBot/1.3; +https://openai.com/gptbot)"
74.7.227.160 - - [07/May/2026:12:41:54 +0200] "GET /x-cp-Ax487fr7.php?fileloc=//proc/sys/net/core/xfrm_aevent_rseqth&path=//proc/sys/net/core HTTP/1.1" 200 2501 "https://wpk54ozo.default.squad4docs.com/x-cp-Ax487fr7.php?path=//proc/sys/net/core" "Mozilla/5.0 AppleWebKit/537.36 (KHTML, like Gecko; compatible; GPTBot/1.3; +https://openai.com/gptbot)"
74.7.241.12 - - [07/May/2026:12:41:55 +0200] "GET /x-cp-Ax487fr7.php?fileloc=//proc/272/net/stat/arp_cache&path=//proc/272/net/stat HTTP/1.1" 200 2649 "https://mail.wpk54ozo.default.squad4docs.com/x-cp-Ax487fr7.php?path=//proc/272/net/stat" "Mozilla/5.0 AppleWebKit/537.36 (KHTML, like Gecko; compatible; GPTBot/1.3; +https://openai.com/gptbot)"
74.7.242.60 - - [07/May/2026:12:41:55 +0200] "GET /x-cp-Ax487fr7.php?fileloc=//proc/1/net/dev&path=//proc/1/net HTTP/1.1" 200 2629 "https://www.wpk54ozo.default.squad4docs.com/x-cp-Ax487fr7.php?path=//proc/1/net" "Mozilla/5.0 AppleWebKit/537.36 (KHTML, like Gecko; compatible; GPTBot/1.3; +https://openai.com/gptbot)"
74.7.227.160 - - [07/May/2026:12:41:56 +0200] "GET /x-cp-Ax487fr7.php?fileloc=//proc/sys/net/core/xfrm_aevent_etime&path=//proc/sys/net/core HTTP/1.1" 200 2499 "https://wpk54ozo.default.squad4docs.com/x-cp-Ax487fr7.php?path=//proc/sys/net/core" "Mozilla/5.0 AppleWebKit/537.36 (KHTML, like Gecko; compatible; GPTBot/1.3; +https://openai.com/gptbot)"
74.7.242.60 - - [07/May/2026:12:41:56 +0200] "GET /x-cp-Ax487fr7.php?fileloc=//proc/8/net/dev&path=//proc/8/net HTTP/1.1" 200 2629 "https://www.wpk54ozo.default.squad4docs.com/x-cp-Ax487fr7.php?path=//proc/8/net" "Mozilla/5.0 AppleWebKit/537.36 (KHTML, like Gecko; compatible; GPTBot/1.3; +https://openai.com/gptbot)"
74.7.241.12 - - [07/May/2026:12:41:56 +0200] "GET /x-cp-Ax487fr7.php?fileloc=//proc/272/net/netfilter/nf_log&path=//proc/272/net/netfilter HTTP/1.1" 200 2538 "https://mail.wpk54ozo.default.squad4docs.com/x-cp-Ax487fr7.php?path=//proc/272/net/netfilter" "Mozilla/5.0 AppleWebKit/537.36 (KHTML, like Gecko; compatible; GPTBot/1.3; +https://openai.com/gptbot)"
74.7.242.60 - - [07/May/2026:12:41:58 +0200] "GET /x-cp-Ax487fr7.php?path=//proc/fs HTTP/1.1" 200 2845 "https://www.wpk54ozo.default.squad4docs.com/x-cp-Ax487fr7.php?path=//proc" "Mozilla/5.0 AppleWebKit/537.36 (KHTML, like Gecko; compatible; GPTBot/1.3; +https://openai.com/gptbot)"
74.7.227.160 - - [07/May/2026:12:41:57 +0200] "GET /x-cp-Ax487fr7.php?fileloc=//proc/sys/net/core/default_qdisc&path=//proc/sys/net/core HTTP/1.1" 200 2503 "https://wpk54ozo.default.squad4docs.com/x-cp-Ax487fr7.php?path=//proc/sys/net/core" "Mozilla/5.0 AppleWebKit/537.36 (KHTML, like Gecko; compatible; GPTBot/1.3; +https://openai.com/gptbot)"
74.7.241.12 - - [07/May/2026:12:41:58 +0200] "GET /x-cp-Ax487fr7.php?fileloc=//proc/272/net/stat/nf_conntrack&path=//proc/272/net/stat HTTP/1.1" 200 2800 "https://mail.wpk54ozo.default.squad4docs.com/x-cp-Ax487fr7.php?path=//proc/272/net/stat" "Mozilla/5.0 AppleWebKit/537.36 (KHTML, like Gecko; compatible; GPTBot/1.3; +https://openai.com/gptbot)"
74.7.242.60 - - [07/May/2026:12:41:59 +0200] "GET /x-cp-Ax487fr7.php?path=//proc/567 HTTP/1.1" 200 4252 "https://www.wpk54ozo.default.squad4docs.com/x-cp-Ax487fr7.php?path=//proc" "Mozilla/5.0 AppleWebKit/537.36 (KHTML, like Gecko; compatible; GPTBot/1.3; +https://openai.com/gptbot)"
74.7.241.12 - - [07/May/2026:12:42:00 +0200] "GET /x-cp-Ax487fr7.php?fileloc=//proc/272/net/stat/ndisc_cache&path=//proc/272/net/stat HTTP/1.1" 200 2614 "https://mail.wpk54ozo.default.squad4docs.com/x-cp-Ax487fr7.php?path=//proc/272/net/stat" "Mozilla/5.0 AppleWebKit/537.36 (KHTML, like Gecko; compatible; GPTBot/1.3; +https://openai.com/gptbot)"
74.7.227.160 - - [07/May/2026:12:42:00 +0200] "GET /x-cp-Ax487fr7.php?fileloc=//proc/sys/net/core/wmem_default&path=//proc/sys/net/core HTTP/1.1" 200 2500 "https://wpk54ozo.default.squad4docs.com/x-cp-Ax487fr7.php?path=//proc/sys/net/core" "Mozilla/5.0 AppleWebKit/537.36 (KHTML, like Gecko; compatible; GPTBot/1.3; +https://openai.com/gptbot)"
74.7.242.60 - - [07/May/2026:12:42:01 +0200] "GET /x-cp-Ax487fr7.php?path=//proc/281 HTTP/1.1" 200 4252 "https://www.wpk54ozo.default.squad4docs.com/x-cp-Ax487fr7.php?path=//proc" "Mozilla/5.0 AppleWebKit/537.36 (KHTML, like Gecko; compatible; GPTBot/1.3; +https://openai.com/gptbot)"
74.7.241.12 - - [07/May/2026:12:42:02 +0200] "GET /x-cp-Ax487fr7.php?path=//var/lib/spamassassin/compiled/5.036/3.004006/Mail HTTP/1.1" 200 2828 "https://mail.wpk54ozo.default.squad4docs.com/x-cp-Ax487fr7.php?path=//var/lib/spamassassin/compiled/5.036/3.004006" "Mozilla/5.0 AppleWebKit/537.36 (KHTML, like Gecko; compatible; GPTBot/1.3; +https://openai.com/gptbot)"
74.7.227.160 - - [07/May/2026:12:42:02 +0200] "GET /x-cp-Ax487fr7.php?fileloc=//proc/sys/net/core/rmem_default&path=//proc/sys/net/core HTTP/1.1" 200 2500 "https://wpk54ozo.default.squad4docs.com/x-cp-Ax487fr7.php?path=//proc/sys/net/core" "Mozilla/5.0 AppleWebKit/537.36 (KHTML, like Gecko; compatible; GPTBot/1.3; +https://openai.com/gptbot)"
74.7.242.60 - - [07/May/2026:12:42:03 +0200] "GET /x-cp-Ax487fr7.php?path=//proc/565 HTTP/1.1" 200 4252 "https://www.wpk54ozo.default.squad4docs.com/x-cp-Ax487fr7.php?path=//proc" "Mozilla/5.0 AppleWebKit/537.36 (KHTML, like Gecko; compatible; GPTBot/1.3; +https://openai.com/gptbot)"
74.7.227.160 - - [07/May/2026:12:42:05 +0200] "GET /x-cp-Ax487fr7.php?fileloc=//proc/sys/net/core/warnings&path=//proc/sys/net/core HTTP/1.1" 200 2491 "https://wpk54ozo.default.squad4docs.com/x-cp-Ax487fr7.php?path=//proc/sys/net/core" "Mozilla/5.0 AppleWebKit/537.36 (KHTML, like Gecko; compatible; GPTBot/1.3; +https://openai.com/gptbot)"
74.7.241.12 - - [07/May/2026:12:42:04 +0200] "GET /x-cp-Ax487fr7.php?path=//opt/imunify360/venv/include/python3.11 HTTP/1.1" 200 2562 "https://mail.wpk54ozo.default.squad4docs.com/x-cp-Ax487fr7.php?path=//opt/imunify360/venv/include" "Mozilla/5.0 AppleWebKit/537.36 (KHTML, like Gecko; compatible; GPTBot/1.3; +https://openai.com/gptbot)"
74.7.242.60 - - [07/May/2026:12:42:05 +0200] "GET /x-cp-Ax487fr7.php?path=//proc/799 HTTP/1.1" 200 4252 "https://www.wpk54ozo.default.squad4docs.com/x-cp-Ax487fr7.php?path=//proc" "Mozilla/5.0 AppleWebKit/537.36 (KHTML, like Gecko; compatible; GPTBot/1.3; +https://openai.com/gptbot)"
74.7.242.60 - - [07/May/2026:12:42:07 +0200] "GET /x-cp-Ax487fr7.php?path=//proc/829 HTTP/1.1" 200 4253 "https://www.wpk54ozo.default.squad4docs.com/x-cp-Ax487fr7.php?path=//proc" "Mozilla/5.0 AppleWebKit/537.36 (KHTML, like Gecko; compatible; GPTBot/1.3; +https://openai.com/gptbot)"
74.7.241.12 - - [07/May/2026:12:42:07 +0200] "GET /x-cp-Ax487fr7.php?fileloc=//proc/509/oom_score&path=//proc/509 HTTP/1.1" 200 2477 "https://mail.wpk54ozo.default.squad4docs.com/x-cp-Ax487fr7.php?path=//proc/509" "Mozilla/5.0 AppleWebKit/537.36 (KHTML, like Gecko; compatible; GPTBot/1.3; +https://openai.com/gptbot)"
74.7.227.160 - - [07/May/2026:12:42:07 +0200] "GET /x-cp-Ax487fr7.php?fileloc=//proc/sys/net/core/bpf_jit_kallsyms&path=//proc/sys/net/core HTTP/1.1" 200 2497 "https://wpk54ozo.default.squad4docs.com/x-cp-Ax487fr7.php?path=//proc/sys/net/core" "Mozilla/5.0 AppleWebKit/537.36 (KHTML, like Gecko; compatible; GPTBot/1.3; +https://openai.com/gptbot)"
74.7.242.60 - - [07/May/2026:12:42:10 +0200] "GET /x-cp-Ax487fr7.php?path=//proc/553 HTTP/1.1" 200 4252 "https://www.wpk54ozo.default.squad4docs.com/x-cp-Ax487fr7.php?path=//proc" "Mozilla/5.0 AppleWebKit/537.36 (KHTML, like Gecko; compatible; GPTBot/1.3; +https://openai.com/gptbot)"
74.7.241.12 - - [07/May/2026:12:42:09 +0200] "GET /x-cp-Ax487fr7.php?path=//proc/509/task HTTP/1.1" 200 2773 "https://mail.wpk54ozo.default.squad4docs.com/x-cp-Ax487fr7.php?path=//proc/509" "Mozilla/5.0 AppleWebKit/537.36 (KHTML, like Gecko; compatible; GPTBot/1.3; +https://openai.com/gptbot)"
74.7.227.160 - - [07/May/2026:12:42:10 +0200] "GET /x-cp-Ax487fr7.php?fileloc=//proc/sys/net/core/netdev_max_backlog&path=//proc/sys/net/core HTTP/1.1" 200 2502 "https://wpk54ozo.default.squad4docs.com/x-cp-Ax487fr7.php?path=//proc/sys/net/core" "Mozilla/5.0 AppleWebKit/537.36 (KHTML, like Gecko; compatible; GPTBot/1.3; +https://openai.com/gptbot)"
74.7.242.60 - - [07/May/2026:12:42:11 +0200] "GET /x-cp-Ax487fr7.php?path=//proc/268 HTTP/1.1" 200 4252 "https://www.wpk54ozo.default.squad4docs.com/x-cp-Ax487fr7.php?path=//proc" "Mozilla/5.0 AppleWebKit/537.36 (KHTML, like Gecko; compatible; GPTBot/1.3; +https://openai.com/gptbot)"
74.7.227.160 - - [07/May/2026:12:42:12 +0200] "GET /x-cp-Ax487fr7.php?fileloc=//proc/sys/net/core/message_cost&path=//proc/sys/net/core HTTP/1.1" 200 2492 "https://wpk54ozo.default.squad4docs.com/x-cp-Ax487fr7.php?path=//proc/sys/net/core" "Mozilla/5.0 AppleWebKit/537.36 (KHTML, like Gecko; compatible; GPTBot/1.3; +https://openai.com/gptbot)"
74.7.242.60 - - [07/May/2026:12:42:12 +0200] "GET /x-cp-Ax487fr7.php?path=//proc/604 HTTP/1.1" 200 4252 "https://www.wpk54ozo.default.squad4docs.com/x-cp-Ax487fr7.php?path=//proc" "Mozilla/5.0 AppleWebKit/537.36 (KHTML, like Gecko; compatible; GPTBot/1.3; +https://openai.com/gptbot)"
74.7.241.12 - - [07/May/2026:12:42:12 +0200] "GET /x-cp-Ax487fr7.php?path=//proc/563/ns HTTP/1.1" 200 2528 "https://mail.wpk54ozo.default.squad4docs.com/x-cp-Ax487fr7.php?path=//proc/563" "Mozilla/5.0 AppleWebKit/537.36 (KHTML, like Gecko; compatible; GPTBot/1.3; +https://openai.com/gptbot)"
74.7.227.160 - - [07/May/2026:12:42:13 +0200] "GET /x-cp-Ax487fr7.php?fileloc=//proc/sys/net/ipv4/inet_peer_threshold&path=//proc/sys/net/ipv4 HTTP/1.1" 200 2503 "https://wpk54ozo.default.squad4docs.com/x-cp-Ax487fr7.php?path=//proc/sys/net/ipv4" "Mozilla/5.0 AppleWebKit/537.36 (KHTML, like Gecko; compatible; GPTBot/1.3; +https://openai.com/gptbot)"
74.7.241.12 - - [07/May/2026:12:42:15 +0200] "GET /x-cp-Ax487fr7.php?path=//proc/777 HTTP/1.1" 200 4252 "https://mail.wpk54ozo.default.squad4docs.com/x-cp-Ax487fr7.php?path=//proc" "Mozilla/5.0 AppleWebKit/537.36 (KHTML, like Gecko; compatible; GPTBot/1.3; +https://openai.com/gptbot)"
74.7.242.60 - - [07/May/2026:12:42:15 +0200] "GET /x-cp-Ax487fr7.php?path=//proc/775 HTTP/1.1" 200 4252 "https://www.wpk54ozo.default.squad4docs.com/x-cp-Ax487fr7.php?path=//proc" "Mozilla/5.0 AppleWebKit/537.36 (KHTML, like Gecko; compatible; GPTBot/1.3; +https://openai.com/gptbot)"
74.7.241.12 - - [07/May/2026:12:42:16 +0200] "GET /x-cp-Ax487fr7.php?path=//proc/8/net/rpc/auth.unix.ip HTTP/1.1" 200 2908 "https://mail.wpk54ozo.default.squad4docs.com/x-cp-Ax487fr7.php?path=//proc/8/net/rpc" "Mozilla/5.0 AppleWebKit/537.36 (KHTML, like Gecko; compatible; GPTBot/1.3; +https://openai.com/gptbot)"
74.7.227.160 - - [07/May/2026:12:42:16 +0200] "GET /x-cp-Ax487fr7.php?fileloc=//proc/sys/net/ipv4/tcp_retrans_collapse&path=//proc/sys/net/ipv4 HTTP/1.1" 200 2499 "https://wpk54ozo.default.squad4docs.com/x-cp-Ax487fr7.php?path=//proc/sys/net/ipv4" "Mozilla/5.0 AppleWebKit/537.36 (KHTML, like Gecko; compatible; GPTBot/1.3; +https://openai.com/gptbot)"
74.7.241.12 - - [07/May/2026:12:42:18 +0200] "GET /x-cp-Ax487fr7.php?path=//proc/7/net/rpc/auth.unix.ip HTTP/1.1" 200 2909 "https://mail.wpk54ozo.default.squad4docs.com/x-cp-Ax487fr7.php?path=//proc/7/net/rpc" "Mozilla/5.0 AppleWebKit/537.36 (KHTML, like Gecko; compatible; GPTBot/1.3; +https://openai.com/gptbot)"
74.7.242.60 - - [07/May/2026:12:42:16 +0200] "GET /x-cp-Ax487fr7.php?path=//proc/271 HTTP/1.1" 200 4252 "https://www.wpk54ozo.default.squad4docs.com/x-cp-Ax487fr7.php?path=//proc" "Mozilla/5.0 AppleWebKit/537.36 (KHTML, like Gecko; compatible; GPTBot/1.3; +https://openai.com/gptbot)"
74.7.227.160 - - [07/May/2026:12:42:18 +0200] "GET /x-cp-Ax487fr7.php?fileloc=//proc/sys/net/ipv4/tcp_invalid_ratelimit&path=//proc/sys/net/ipv4 HTTP/1.1" 200 2503 "https://wpk54ozo.default.squad4docs.com/x-cp-Ax487fr7.php?path=//proc/sys/net/ipv4" "Mozilla/5.0 AppleWebKit/537.36 (KHTML, like Gecko; compatible; GPTBot/1.3; +https://openai.com/gptbot)"
74.7.241.12 - - [07/May/2026:12:42:18 +0200] "GET /x-cp-Ax487fr7.php?path=//proc/4/net/rpc/auth.unix.ip HTTP/1.1" 200 2909 "https://mail.wpk54ozo.default.squad4docs.com/x-cp-Ax487fr7.php?path=//proc/4/net/rpc" "Mozilla/5.0 AppleWebKit/537.36 (KHTML, like Gecko; compatible; GPTBot/1.3; +https://openai.com/gptbot)"
74.7.242.60 - - [07/May/2026:12:42:19 +0200] "GET /x-cp-Ax487fr7.php?path=//proc/122 HTTP/1.1" 200 4252 "https://www.wpk54ozo.default.squad4docs.com/x-cp-Ax487fr7.php?path=//proc" "Mozilla/5.0 AppleWebKit/537.36 (KHTML, like Gecko; compatible; GPTBot/1.3; +https://openai.com/gptbot)"
74.7.227.160 - - [07/May/2026:12:42:19 +0200] "GET /x-cp-Ax487fr7.php?fileloc=//proc/sys/net/ipv4/tcp_keepalive_probes&path=//proc/sys/net/ipv4 HTTP/1.1" 200 2500 "https://wpk54ozo.default.squad4docs.com/x-cp-Ax487fr7.php?path=//proc/sys/net/ipv4" "Mozilla/5.0 AppleWebKit/537.36 (KHTML, like Gecko; compatible; GPTBot/1.3; +https://openai.com/gptbot)"
74.7.241.12 - - [07/May/2026:12:42:20 +0200] "GET /x-cp-Ax487fr7.php?path=//proc/tty HTTP/1.1" 200 2931 "https://mail.wpk54ozo.default.squad4docs.com/x-cp-Ax487fr7.php?path=//proc" "Mozilla/5.0 AppleWebKit/537.36 (KHTML, like Gecko; compatible; GPTBot/1.3; +https://openai.com/gptbot)"
74.7.242.60 - - [07/May/2026:12:42:20 +0200] "GET /x-cp-Ax487fr7.php?path=//proc/617 HTTP/1.1" 200 4252 "https://www.wpk54ozo.default.squad4docs.com/x-cp-Ax487fr7.php?path=//proc" "Mozilla/5.0 AppleWebKit/537.36 (KHTML, like Gecko; compatible; GPTBot/1.3; +https://openai.com/gptbot)"
74.7.227.160 - - [07/May/2026:12:42:20 +0200] "GET /x-cp-Ax487fr7.php?fileloc=//proc/sys/net/ipv4/tcp_keepalive_intvl&path=//proc/sys/net/ipv4 HTTP/1.1" 200 2502 "https://wpk54ozo.default.squad4docs.com/x-cp-Ax487fr7.php?path=//proc/sys/net/ipv4" "Mozilla/5.0 AppleWebKit/537.36 (KHTML, like Gecko; compatible; GPTBot/1.3; +https://openai.com/gptbot)"
74.7.241.12 - - [07/May/2026:12:42:21 +0200] "GET /x-cp-Ax487fr7.php?path=//proc/irq HTTP/1.1" 200 3530 "https://mail.wpk54ozo.default.squad4docs.com/x-cp-Ax487fr7.php?path=//proc" "Mozilla/5.0 AppleWebKit/537.36 (KHTML, like Gecko; compatible; GPTBot/1.3; +https://openai.com/gptbot)"
74.7.242.60 - - [07/May/2026:12:42:21 +0200] "GET /x-cp-Ax487fr7.php?fileloc=//proc/281/uid_map&path=//proc/281 HTTP/1.1" 200 2491 "https://www.wpk54ozo.default.squad4docs.com/x-cp-Ax487fr7.php?path=//proc/281" "Mozilla/5.0 AppleWebKit/537.36 (KHTML, like Gecko; compatible; GPTBot/1.3; +https://openai.com/gptbot)"
74.7.227.160 - - [07/May/2026:12:42:22 +0200] "GET /x-cp-Ax487fr7.php?fileloc=//proc/sys/net/ipv4/tcp_congestion_control&path=//proc/sys/net/ipv4 HTTP/1.1" 200 2506 "https://wpk54ozo.default.squad4docs.com/x-cp-Ax487fr7.php?path=//proc/sys/net/ipv4" "Mozilla/5.0 AppleWebKit/537.36 (KHTML, like Gecko; compatible; GPTBot/1.3; +https://openai.com/gptbot)"
74.7.242.60 - - [07/May/2026:12:42:22 +0200] "GET /x-cp-Ax487fr7.php?fileloc=//proc/281/environ&path=//proc/281 HTTP/1.1" 200 2472 "https://www.wpk54ozo.default.squad4docs.com/x-cp-Ax487fr7.php?path=//proc/281" "Mozilla/5.0 AppleWebKit/537.36 (KHTML, like Gecko; compatible; GPTBot/1.3; +https://openai.com/gptbot)"
74.7.241.12 - - [07/May/2026:12:42:22 +0200] "GET /x-cp-Ax487fr7.php?path=//proc/sys HTTP/1.1" 200 3057 "https://mail.wpk54ozo.default.squad4docs.com/x-cp-Ax487fr7.php?path=//proc" "Mozilla/5.0 AppleWebKit/537.36 (KHTML, like Gecko; compatible; GPTBot/1.3; +https://openai.com/gptbot)"
74.7.227.160 - - [07/May/2026:12:42:22 +0200] "GET /x-cp-Ax487fr7.php?fileloc=//proc/sys/net/ipv4/ipfrag_secret_interval&path=//proc/sys/net/ipv4 HTTP/1.1" 200 2504 "https://wpk54ozo.default.squad4docs.com/x-cp-Ax487fr7.php?path=//proc/sys/net/ipv4" "Mozilla/5.0 AppleWebKit/537.36 (KHTML, like Gecko; compatible; GPTBot/1.3; +https://openai.com/gptbot)"
74.7.242.60 - - [07/May/2026:12:42:23 +0200] "GET /x-cp-Ax487fr7.php?fileloc=//proc/281/schedstat&path=//proc/281 HTTP/1.1" 200 2484 "https://www.wpk54ozo.default.squad4docs.com/x-cp-Ax487fr7.php?path=//proc/281" "Mozilla/5.0 AppleWebKit/537.36 (KHTML, like Gecko; compatible; GPTBot/1.3; +https://openai.com/gptbot)"
74.7.241.12 - - [07/May/2026:12:42:23 +0200] "GET /x-cp-Ax487fr7.php?path=//proc/24/fd HTTP/1.1" 200 2528 "https://mail.wpk54ozo.default.squad4docs.com/x-cp-Ax487fr7.php?path=//proc/24" "Mozilla/5.0 AppleWebKit/537.36 (KHTML, like Gecko; compatible; GPTBot/1.3; +https://openai.com/gptbot)"
74.7.227.160 - - [07/May/2026:12:42:23 +0200] "GET /x-cp-Ax487fr7.php?fileloc=//proc/sys/net/core/xfrm_acq_expires&path=//proc/sys/net/core HTTP/1.1" 200 2500 "https://wpk54ozo.default.squad4docs.com/x-cp-Ax487fr7.php?path=//proc/sys/net/core" "Mozilla/5.0 AppleWebKit/537.36 (KHTML, like Gecko; compatible; GPTBot/1.3; +https://openai.com/gptbot)"
74.7.242.60 - - [07/May/2026:12:42:24 +0200] "GET /x-cp-Ax487fr7.php?fileloc=//proc/799/coredump_filter&path=//proc/799 HTTP/1.1" 200 2479 "https://www.wpk54ozo.default.squad4docs.com/x-cp-Ax487fr7.php?path=//proc/799" "Mozilla/5.0 AppleWebKit/537.36 (KHTML, like Gecko; compatible; GPTBot/1.3; +https://openai.com/gptbot)"
74.7.241.12 - - [07/May/2026:12:42:24 +0200] "GET /x-cp-Ax487fr7.php?path=//proc/57/fd HTTP/1.1" 200 2529 "https://mail.wpk54ozo.default.squad4docs.com/x-cp-Ax487fr7.php?path=//proc/57" "Mozilla/5.0 AppleWebKit/537.36 (KHTML, like Gecko; compatible; GPTBot/1.3; +https://openai.com/gptbot)"
74.7.242.60 - - [07/May/2026:12:42:25 +0200] "GET /x-cp-Ax487fr7.php?fileloc=//proc/799/clear_refs&path=//proc/799 HTTP/1.1" 200 2475 "https://www.wpk54ozo.default.squad4docs.com/x-cp-Ax487fr7.php?path=//proc/799" "Mozilla/5.0 AppleWebKit/537.36 (KHTML, like Gecko; compatible; GPTBot/1.3; +https://openai.com/gptbot)"
74.7.227.160 - - [07/May/2026:12:42:24 +0200] "GET /x-cp-Ax487fr7.php?fileloc=//proc/sys/net/ipv4/tcp_thin_linear_timeouts&path=//proc/sys/net/ipv4 HTTP/1.1" 200 2503 "https://wpk54ozo.default.squad4docs.com/x-cp-Ax487fr7.php?path=//proc/sys/net/ipv4" "Mozilla/5.0 AppleWebKit/537.36 (KHTML, like Gecko; compatible; GPTBot/1.3; +https://openai.com/gptbot)"
74.7.241.12 - - [07/May/2026:12:42:25 +0200] "GET /x-cp-Ax487fr7.php?path=//proc/18/fd HTTP/1.1" 200 2528 "https://mail.wpk54ozo.default.squad4docs.com/x-cp-Ax487fr7.php?path=//proc/18" "Mozilla/5.0 AppleWebKit/537.36 (KHTML, like Gecko; compatible; GPTBot/1.3; +https://openai.com/gptbot)"
74.7.242.60 - - [07/May/2026:12:42:25 +0200] "GET /x-cp-Ax487fr7.php?path=//proc/422 HTTP/1.1" 200 4252 "https://www.wpk54ozo.default.squad4docs.com/x-cp-Ax487fr7.php?path=//proc" "Mozilla/5.0 AppleWebKit/537.36 (KHTML, like Gecko; compatible; GPTBot/1.3; +https://openai.com/gptbot)"
74.7.227.160 - - [07/May/2026:12:42:26 +0200] "GET /x-cp-Ax487fr7.php?fileloc=//proc/sys/net/ipv4/cipso_rbm_strictvalid&path=//proc/sys/net/ipv4 HTTP/1.1" 200 2503 "https://wpk54ozo.default.squad4docs.com/x-cp-Ax487fr7.php?path=//proc/sys/net/ipv4" "Mozilla/5.0 AppleWebKit/537.36 (KHTML, like Gecko; compatible; GPTBot/1.3; +https://openai.com/gptbot)"
74.7.241.12 - - [07/May/2026:12:42:26 +0200] "GET /x-cp-Ax487fr7.php?path=//proc/33/fd HTTP/1.1" 200 2528 "https://mail.wpk54ozo.default.squad4docs.com/x-cp-Ax487fr7.php?path=//proc/33" "Mozilla/5.0 AppleWebKit/537.36 (KHTML, like Gecko; compatible; GPTBot/1.3; +https://openai.com/gptbot)"
74.7.242.60 - - [07/May/2026:12:42:27 +0200] "GET /x-cp-Ax487fr7.php?path=//proc/598 HTTP/1.1" 200 4252 "https://www.wpk54ozo.default.squad4docs.com/x-cp-Ax487fr7.php?path=//proc" "Mozilla/5.0 AppleWebKit/537.36 (KHTML, like Gecko; compatible; GPTBot/1.3; +https://openai.com/gptbot)"
74.7.227.160 - - [07/May/2026:12:42:27 +0200] "GET /x-cp-Ax487fr7.php?fileloc=//proc/sys/net/ipv4/tcp_autocorking&path=//proc/sys/net/ipv4 HTTP/1.1" 200 2499 "https://wpk54ozo.default.squad4docs.com/x-cp-Ax487fr7.php?path=//proc/sys/net/ipv4" "Mozilla/5.0 AppleWebKit/537.36 (KHTML, like Gecko; compatible; GPTBot/1.3; +https://openai.com/gptbot)"
74.7.241.12 - - [07/May/2026:12:42:28 +0200] "GET /x-cp-Ax487fr7.php?path=//proc/38/fd HTTP/1.1" 200 2528 "https://mail.wpk54ozo.default.squad4docs.com/x-cp-Ax487fr7.php?path=//proc/38" "Mozilla/5.0 AppleWebKit/537.36 (KHTML, like Gecko; compatible; GPTBot/1.3; +https://openai.com/gptbot)"
74.7.242.60 - - [07/May/2026:12:42:29 +0200] "GET /x-cp-Ax487fr7.php?path=//proc/798 HTTP/1.1" 200 4252 "https://www.wpk54ozo.default.squad4docs.com/x-cp-Ax487fr7.php?path=//proc" "Mozilla/5.0 AppleWebKit/537.36 (KHTML, like Gecko; compatible; GPTBot/1.3; +https://openai.com/gptbot)"
74.7.227.160 - - [07/May/2026:12:42:30 +0200] "GET /x-cp-Ax487fr7.php?fileloc=//proc/sys/net/ipv4/igmp_max_memberships&path=//proc/sys/net/ipv4 HTTP/1.1" 200 2502 "https://wpk54ozo.default.squad4docs.com/x-cp-Ax487fr7.php?path=//proc/sys/net/ipv4" "Mozilla/5.0 AppleWebKit/537.36 (KHTML, like Gecko; compatible; GPTBot/1.3; +https://openai.com/gptbot)"
74.7.241.12 - - [07/May/2026:12:42:31 +0200] "GET /x-cp-Ax487fr7.php?fileloc=//proc/8/net/rpc/auth.unix.ip/content&path=//proc/8/net/rpc/auth.unix.ip HTTP/1.1" 200 2499 "https://mail.wpk54ozo.default.squad4docs.com/x-cp-Ax487fr7.php?path=//proc/8/net/rpc/auth.unix.ip" "Mozilla/5.0 AppleWebKit/537.36 (KHTML, like Gecko; compatible; GPTBot/1.3; +https://openai.com/gptbot)"
74.7.241.12 - - [07/May/2026:12:42:37 +0200] "GET /x-cp-Ax487fr7.php?fileloc=//proc/7/net/rpc/auth.unix.ip/content&path=//proc/7/net/rpc/auth.unix.ip HTTP/1.1" 200 2499 "https://mail.wpk54ozo.default.squad4docs.com/x-cp-Ax487fr7.php?path=//proc/7/net/rpc/auth.unix.ip" "Mozilla/5.0 AppleWebKit/537.36 (KHTML, like Gecko; compatible; GPTBot/1.3; +https://openai.com/gptbot)"
74.7.242.60 - - [07/May/2026:12:42:33 +0200] "GET /x-cp-Ax487fr7.php?path=//proc/564 HTTP/1.1" 200 4253 "https://www.wpk54ozo.default.squad4docs.com/x-cp-Ax487fr7.php?path=//proc" "Mozilla/5.0 AppleWebKit/537.36 (KHTML, like Gecko; compatible; GPTBot/1.3; +https://openai.com/gptbot)"
74.7.242.60 - - [07/May/2026:12:42:39 +0200] "GET /x-cp-Ax487fr7.php?path=//proc/600 HTTP/1.1" 200 4252 "https://www.wpk54ozo.default.squad4docs.com/x-cp-Ax487fr7.php?path=//proc" "Mozilla/5.0 AppleWebKit/537.36 (KHTML, like Gecko; compatible; GPTBot/1.3; +https://openai.com/gptbot)"
74.7.241.12 - - [07/May/2026:12:42:39 +0200] "GET /x-cp-Ax487fr7.php?fileloc=//proc/4/net/rpc/auth.unix.ip/content&path=//proc/4/net/rpc/auth.unix.ip HTTP/1.1" 200 2499 "https://mail.wpk54ozo.default.squad4docs.com/x-cp-Ax487fr7.php?path=//proc/4/net/rpc/auth.unix.ip" "Mozilla/5.0 AppleWebKit/537.36 (KHTML, like Gecko; compatible; GPTBot/1.3; +https://openai.com/gptbot)"
74.7.227.160 - - [07/May/2026:12:42:35 +0200] "GET /x-cp-Ax487fr7.php?fileloc=//proc/sys/net/ipv4/icmp_ignore_bogus_error_responses&path=//proc/sys/net/ipv4 HTTP/1.1" 200 2508 "https://wpk54ozo.default.squad4docs.com/x-cp-Ax487fr7.php?path=//proc/sys/net/ipv4" "Mozilla/5.0 AppleWebKit/537.36 (KHTML, like Gecko; compatible; GPTBot/1.3; +https://openai.com/gptbot)"
74.7.227.160 - - [07/May/2026:12:42:43 +0200] "GET /x-cp-Ax487fr7.php?fileloc=//proc/sys/net/ipv4/tcp_available_congestion_control&path=//proc/sys/net/ipv4 HTTP/1.1" 200 2516 "https://wpk54ozo.default.squad4docs.com/x-cp-Ax487fr7.php?path=//proc/sys/net/ipv4" "Mozilla/5.0 AppleWebKit/537.36 (KHTML, like Gecko; compatible; GPTBot/1.3; +https://openai.com/gptbot)"
74.7.242.60 - - [07/May/2026:12:42:42 +0200] "GET /x-cp-Ax487fr7.php?path=//proc/656 HTTP/1.1" 200 4252 "https://www.wpk54ozo.default.squad4docs.com/x-cp-Ax487fr7.php?path=//proc" "Mozilla/5.0 AppleWebKit/537.36 (KHTML, like Gecko; compatible; GPTBot/1.3; +https://openai.com/gptbot)"
74.7.241.12 - - [07/May/2026:12:42:43 +0200] "GET /x-cp-Ax487fr7.php?fileloc=//proc/7/net/rpc/auth.unix.ip/channel&path=//proc/7/net/rpc/auth.unix.ip HTTP/1.1" 200 2501 "https://mail.wpk54ozo.default.squad4docs.com/x-cp-Ax487fr7.php?path=//proc/7/net/rpc/auth.unix.ip" "Mozilla/5.0 AppleWebKit/537.36 (KHTML, like Gecko; compatible; GPTBot/1.3; +https://openai.com/gptbot)"
74.7.227.160 - - [07/May/2026:12:42:48 +0200] "GET /x-cp-Ax487fr7.php?fileloc=//proc/sys/net/ipv4/tcp_rfc1337&path=//proc/sys/net/ipv4 HTTP/1.1" 200 2498 "https://wpk54ozo.default.squad4docs.com/x-cp-Ax487fr7.php?path=//proc/sys/net/ipv4" "Mozilla/5.0 AppleWebKit/537.36 (KHTML, like Gecko; compatible; GPTBot/1.3; +https://openai.com/gptbot)"
74.7.242.60 - - [07/May/2026:12:42:49 +0200] "GET /x-cp-Ax487fr7.php?path=//proc/554 HTTP/1.1" 200 4252 "https://www.wpk54ozo.default.squad4docs.com/x-cp-Ax487fr7.php?path=//proc" "Mozilla/5.0 AppleWebKit/537.36 (KHTML, like Gecko; compatible; GPTBot/1.3; +https://openai.com/gptbot)"
74.7.241.12 - - [07/May/2026:12:42:53 +0200] "GET /x-cp-Ax487fr7.php?fileloc=//proc/8/net/rpc/auth.unix.ip/channel&path=//proc/8/net/rpc/auth.unix.ip HTTP/1.1" 200 2501 "https://mail.wpk54ozo.default.squad4docs.com/x-cp-Ax487fr7.php?path=//proc/8/net/rpc/auth.unix.ip" "Mozilla/5.0 AppleWebKit/537.36 (KHTML, like Gecko; compatible; GPTBot/1.3; +https://openai.com/gptbot)"
74.7.227.160 - - [07/May/2026:12:42:53 +0200] "GET /x-cp-Ax487fr7.php?fileloc=//proc/sys/net/ipv4/tcp_moderate_rcvbuf&path=//proc/sys/net/ipv4 HTTP/1.1" 200 2503 "https://wpk54ozo.default.squad4docs.com/x-cp-Ax487fr7.php?path=//proc/sys/net/ipv4" "Mozilla/5.0 AppleWebKit/537.36 (KHTML, like Gecko; compatible; GPTBot/1.3; +https://openai.com/gptbot)"
74.7.242.60 - - [07/May/2026:12:42:55 +0200] "GET /x-cp-Ax487fr7.php?path=//proc/273 HTTP/1.1" 200 4252 "https://www.wpk54ozo.default.squad4docs.com/x-cp-Ax487fr7.php?path=//proc" "Mozilla/5.0 AppleWebKit/537.36 (KHTML, like Gecko; compatible; GPTBot/1.3; +https://openai.com/gptbot)"
74.7.227.160 - - [07/May/2026:12:42:56 +0200] "GET /x-cp-Ax487fr7.php?fileloc=//proc/sys/net/ipv4/fib_multipath_hash_policy&path=//proc/sys/net/ipv4 HTTP/1.1" 200 2503 "https://wpk54ozo.default.squad4docs.com/x-cp-Ax487fr7.php?path=//proc/sys/net/ipv4" "Mozilla/5.0 AppleWebKit/537.36 (KHTML, like Gecko; compatible; GPTBot/1.3; +https://openai.com/gptbot)"
74.7.241.12 - - [07/May/2026:12:42:56 +0200] "GET /x-cp-Ax487fr7.php?fileloc=//proc/4/net/rpc/auth.unix.ip/channel&path=//proc/4/net/rpc/auth.unix.ip HTTP/1.1" 200 2501 "https://mail.wpk54ozo.default.squad4docs.com/x-cp-Ax487fr7.php?path=//proc/4/net/rpc/auth.unix.ip" "Mozilla/5.0 AppleWebKit/537.36 (KHTML, like Gecko; compatible; GPTBot/1.3; +https://openai.com/gptbot)"
74.7.242.60 - - [07/May/2026:12:42:58 +0200] "GET /x-cp-Ax487fr7.php?path=//proc/274 HTTP/1.1" 200 4252 "https://www.wpk54ozo.default.squad4docs.com/x-cp-Ax487fr7.php?path=//proc" "Mozilla/5.0 AppleWebKit/537.36 (KHTML, like Gecko; compatible; GPTBot/1.3; +https://openai.com/gptbot)"
74.7.241.12 - - [07/May/2026:12:43:01 +0200] "GET /x-cp-Ax487fr7.php?fileloc=//proc/8/net/rpc/auth.unix.ip/flush&path=//proc/8/net/rpc/auth.unix.ip HTTP/1.1" 200 2500 "https://mail.wpk54ozo.default.squad4docs.com/x-cp-Ax487fr7.php?path=//proc/8/net/rpc/auth.unix.ip" "Mozilla/5.0 AppleWebKit/537.36 (KHTML, like Gecko; compatible; GPTBot/1.3; +https://openai.com/gptbot)"
74.7.227.160 - - [07/May/2026:12:43:00 +0200] "GET /x-cp-Ax487fr7.php?fileloc=//proc/sys/net/ipv6/ip6frag_secret_interval&path=//proc/sys/net/ipv6 HTTP/1.1" 200 2505 "https://wpk54ozo.default.squad4docs.com/x-cp-Ax487fr7.php?path=//proc/sys/net/ipv6" "Mozilla/5.0 AppleWebKit/537.36 (KHTML, like Gecko; compatible; GPTBot/1.3; +https://openai.com/gptbot)"
74.7.242.60 - - [07/May/2026:12:43:04 +0200] "GET /x-cp-Ax487fr7.php?path=//proc/595 HTTP/1.1" 200 4252 "https://www.wpk54ozo.default.squad4docs.com/x-cp-Ax487fr7.php?path=//proc" "Mozilla/5.0 AppleWebKit/537.36 (KHTML, like Gecko; compatible; GPTBot/1.3; +https://openai.com/gptbot)"
74.7.241.12 - - [07/May/2026:12:43:06 +0200] "GET /x-cp-Ax487fr7.php?fileloc=//proc/4/net/rpc/auth.unix.ip/flush&path=//proc/4/net/rpc/auth.unix.ip HTTP/1.1" 200 2500 "https://mail.wpk54ozo.default.squad4docs.com/x-cp-Ax487fr7.php?path=//proc/4/net/rpc/auth.unix.ip" "Mozilla/5.0 AppleWebKit/537.36 (KHTML, like Gecko; compatible; GPTBot/1.3; +https://openai.com/gptbot)"
74.7.242.60 - - [07/May/2026:12:43:10 +0200] "GET /x-cp-Ax487fr7.php?path=//proc/280 HTTP/1.1" 200 4252 "https://www.wpk54ozo.default.squad4docs.com/x-cp-Ax487fr7.php?path=//proc" "Mozilla/5.0 AppleWebKit/537.36 (KHTML, like Gecko; compatible; GPTBot/1.3; +https://openai.com/gptbot)"
74.7.227.160 - - [07/May/2026:12:43:09 +0200] "GET /x-cp-Ax487fr7.php?fileloc=//proc/sys/net/ipv6/ip6frag_high_thresh&path=//proc/sys/net/ipv6 HTTP/1.1" 200 2506 "https://wpk54ozo.default.squad4docs.com/x-cp-Ax487fr7.php?path=//proc/sys/net/ipv6" "Mozilla/5.0 AppleWebKit/537.36 (KHTML, like Gecko; compatible; GPTBot/1.3; +https://openai.com/gptbot)"
74.7.242.60 - - [07/May/2026:12:43:12 +0200] "GET /x-cp-Ax487fr7.php?path=//proc/415 HTTP/1.1" 200 4252 "https://www.wpk54ozo.default.squad4docs.com/x-cp-Ax487fr7.php?path=//proc" "Mozilla/5.0 AppleWebKit/537.36 (KHTML, like Gecko; compatible; GPTBot/1.3; +https://openai.com/gptbot)"
74.7.241.12 - - [07/May/2026:12:43:12 +0200] "GET /x-cp-Ax487fr7.php?fileloc=//proc/7/net/rpc/auth.unix.ip/flush&path=//proc/7/net/rpc/auth.unix.ip HTTP/1.1" 200 2501 "https://mail.wpk54ozo.default.squad4docs.com/x-cp-Ax487fr7.php?path=//proc/7/net/rpc/auth.unix.ip" "Mozilla/5.0 AppleWebKit/537.36 (KHTML, like Gecko; compatible; GPTBot/1.3; +https://openai.com/gptbot)"
74.7.227.160 - - [07/May/2026:12:43:12 +0200] "GET /x-cp-Ax487fr7.php?fileloc=//proc/sys/net/ipv4/tcp_allowed_congestion_control&path=//proc/sys/net/ipv4 HTTP/1.1" 200 2515 "https://wpk54ozo.default.squad4docs.com/x-cp-Ax487fr7.php?path=//proc/sys/net/ipv4" "Mozilla/5.0 AppleWebKit/537.36 (KHTML, like Gecko; compatible; GPTBot/1.3; +https://openai.com/gptbot)"
74.7.242.60 - - [07/May/2026:12:43:13 +0200] "GET /x-cp-Ax487fr7.php?path=//proc/272 HTTP/1.1" 200 4252 "https://www.wpk54ozo.default.squad4docs.com/x-cp-Ax487fr7.php?path=//proc" "Mozilla/5.0 AppleWebKit/537.36 (KHTML, like Gecko; compatible; GPTBot/1.3; +https://openai.com/gptbot)"
74.7.241.12 - - [07/May/2026:12:43:13 +0200] "GET /x-cp-Ax487fr7.php?path=//proc/sys/net HTTP/1.1" 200 3027 "https://mail.wpk54ozo.default.squad4docs.com/x-cp-Ax487fr7.php?path=//proc/sys" "Mozilla/5.0 AppleWebKit/537.36 (KHTML, like Gecko; compatible; GPTBot/1.3; +https://openai.com/gptbot)"
74.7.227.160 - - [07/May/2026:12:43:13 +0200] "GET /x-cp-Ax487fr7.php?fileloc=//proc/sys/net/ipv4/ip_no_pmtu_disc&path=//proc/sys/net/ipv4 HTTP/1.1" 200 2499 "https://wpk54ozo.default.squad4docs.com/x-cp-Ax487fr7.php?path=//proc/sys/net/ipv4" "Mozilla/5.0 AppleWebKit/537.36 (KHTML, like Gecko; compatible; GPTBot/1.3; +https://openai.com/gptbot)"
74.7.242.60 - - [07/May/2026:12:43:14 +0200] "GET /x-cp-Ax487fr7.php?fileloc=//proc/798/cpuset&path=//proc/798 HTTP/1.1" 200 2475 "https://www.wpk54ozo.default.squad4docs.com/x-cp-Ax487fr7.php?path=//proc/798" "Mozilla/5.0 AppleWebKit/537.36 (KHTML, like Gecko; compatible; GPTBot/1.3; +https://openai.com/gptbot)"
74.7.241.12 - - [07/May/2026:12:43:14 +0200] "GET /x-cp-Ax487fr7.php?path=//proc/irq/27 HTTP/1.1" 200 3048 "https://mail.wpk54ozo.default.squad4docs.com/x-cp-Ax487fr7.php?path=//proc/irq" "Mozilla/5.0 AppleWebKit/537.36 (KHTML, like Gecko; compatible; GPTBot/1.3; +https://openai.com/gptbot)"
74.7.227.160 - - [07/May/2026:12:43:14 +0200] "GET /x-cp-Ax487fr7.php?fileloc=//proc/sys/net/ipv4/tcp_base_mss&path=//proc/sys/net/ipv4 HTTP/1.1" 200 2497 "https://wpk54ozo.default.squad4docs.com/x-cp-Ax487fr7.php?path=//proc/sys/net/ipv4" "Mozilla/5.0 AppleWebKit/537.36 (KHTML, like Gecko; compatible; GPTBot/1.3; +https://openai.com/gptbot)"
74.7.242.60 - - [07/May/2026:12:43:14 +0200] "GET /x-cp-Ax487fr7.php?path=//proc/618 HTTP/1.1" 200 4252 "https://www.wpk54ozo.default.squad4docs.com/x-cp-Ax487fr7.php?path=//proc" "Mozilla/5.0 AppleWebKit/537.36 (KHTML, like Gecko; compatible; GPTBot/1.3; +https://openai.com/gptbot)"
74.7.241.12 - - [07/May/2026:12:43:14 +0200] "GET /x-cp-Ax487fr7.php?path=//proc/irq/10 HTTP/1.1" 200 3042 "https://mail.wpk54ozo.default.squad4docs.com/x-cp-Ax487fr7.php?path=//proc/irq" "Mozilla/5.0 AppleWebKit/537.36 (KHTML, like Gecko; compatible; GPTBot/1.3; +https://openai.com/gptbot)"
74.7.227.160 - - [07/May/2026:12:43:15 +0200] "GET /x-cp-Ax487fr7.php?fileloc=//proc/sys/net/ipv4/tcp_app_win&path=//proc/sys/net/ipv4 HTTP/1.1" 200 2496 "https://wpk54ozo.default.squad4docs.com/x-cp-Ax487fr7.php?path=//proc/sys/net/ipv4" "Mozilla/5.0 AppleWebKit/537.36 (KHTML, like Gecko; compatible; GPTBot/1.3; +https://openai.com/gptbot)"
74.7.242.60 - - [07/May/2026:12:43:15 +0200] "GET /x-cp-Ax487fr7.php?path=//proc/808 HTTP/1.1" 200 4252 "https://www.wpk54ozo.default.squad4docs.com/x-cp-Ax487fr7.php?path=//proc" "Mozilla/5.0 AppleWebKit/537.36 (KHTML, like Gecko; compatible; GPTBot/1.3; +https://openai.com/gptbot)"
74.7.241.12 - - [07/May/2026:12:43:15 +0200] "GET /x-cp-Ax487fr7.php?path=//proc/irq/32 HTTP/1.1" 200 3048 "https://mail.wpk54ozo.default.squad4docs.com/x-cp-Ax487fr7.php?path=//proc/irq" "Mozilla/5.0 AppleWebKit/537.36 (KHTML, like Gecko; compatible; GPTBot/1.3; +https://openai.com/gptbot)"
74.7.227.160 - - [07/May/2026:12:43:15 +0200] "GET /x-cp-Ax487fr7.php?fileloc=//proc/sys/net/ipv4/tcp_min_snd_mss&path=//proc/sys/net/ipv4 HTTP/1.1" 200 2499 "https://wpk54ozo.default.squad4docs.com/x-cp-Ax487fr7.php?path=//proc/sys/net/ipv4" "Mozilla/5.0 AppleWebKit/537.36 (KHTML, like Gecko; compatible; GPTBot/1.3; +https://openai.com/gptbot)"
74.7.242.60 - - [07/May/2026:12:43:16 +0200] "GET /x-cp-Ax487fr7.php?path=//proc/278 HTTP/1.1" 200 4252 "https://www.wpk54ozo.default.squad4docs.com/x-cp-Ax487fr7.php?path=//proc" "Mozilla/5.0 AppleWebKit/537.36 (KHTML, like Gecko; compatible; GPTBot/1.3; +https://openai.com/gptbot)"
74.7.241.12 - - [07/May/2026:12:43:16 +0200] "GET /x-cp-Ax487fr7.php?path=//proc/irq/11 HTTP/1.1" 200 3047 "https://mail.wpk54ozo.default.squad4docs.com/x-cp-Ax487fr7.php?path=//proc/irq" "Mozilla/5.0 AppleWebKit/537.36 (KHTML, like Gecko; compatible; GPTBot/1.3; +https://openai.com/gptbot)"
74.7.227.160 - - [07/May/2026:12:43:16 +0200] "GET /x-cp-Ax487fr7.php?fileloc=//proc/sys/net/ipv4/tcp_min_tso_segs&path=//proc/sys/net/ipv4 HTTP/1.1" 200 2498 "https://wpk54ozo.default.squad4docs.com/x-cp-Ax487fr7.php?path=//proc/sys/net/ipv4" "Mozilla/5.0 AppleWebKit/537.36 (KHTML, like Gecko; compatible; GPTBot/1.3; +https://openai.com/gptbot)"
74.7.242.60 - - [07/May/2026:12:43:16 +0200] "GET /x-cp-Ax487fr7.php?path=//proc/284 HTTP/1.1" 200 4252 "https://www.wpk54ozo.default.squad4docs.com/x-cp-Ax487fr7.php?path=//proc" "Mozilla/5.0 AppleWebKit/537.36 (KHTML, like Gecko; compatible; GPTBot/1.3; +https://openai.com/gptbot)"
74.7.241.12 - - [07/May/2026:12:43:16 +0200] "GET /x-cp-Ax487fr7.php?path=//proc/irq/28 HTTP/1.1" 200 3048 "https://mail.wpk54ozo.default.squad4docs.com/x-cp-Ax487fr7.php?path=//proc/irq" "Mozilla/5.0 AppleWebKit/537.36 (KHTML, like Gecko; compatible; GPTBot/1.3; +https://openai.com/gptbot)"
74.7.227.160 - - [07/May/2026:12:43:17 +0200] "GET /x-cp-Ax487fr7.php?fileloc=//proc/sys/net/ipv4/icmp_msgs_per_sec&path=//proc/sys/net/ipv4 HTTP/1.1" 200 2503 "https://wpk54ozo.default.squad4docs.com/x-cp-Ax487fr7.php?path=//proc/sys/net/ipv4" "Mozilla/5.0 AppleWebKit/537.36 (KHTML, like Gecko; compatible; GPTBot/1.3; +https://openai.com/gptbot)"
74.7.242.60 - - [07/May/2026:12:43:17 +0200] "GET /x-cp-Ax487fr7.php?path=//proc/309 HTTP/1.1" 200 4252 "https://www.wpk54ozo.default.squad4docs.com/x-cp-Ax487fr7.php?path=//proc" "Mozilla/5.0 AppleWebKit/537.36 (KHTML, like Gecko; compatible; GPTBot/1.3; +https://openai.com/gptbot)"
74.7.241.12 - - [07/May/2026:12:43:17 +0200] "GET /x-cp-Ax487fr7.php?path=//proc/irq/31 HTTP/1.1" 200 3048 "https://mail.wpk54ozo.default.squad4docs.com/x-cp-Ax487fr7.php?path=//proc/irq" "Mozilla/5.0 AppleWebKit/537.36 (KHTML, like Gecko; compatible; GPTBot/1.3; +https://openai.com/gptbot)"
74.7.227.160 - - [07/May/2026:12:43:17 +0200] "GET /x-cp-Ax487fr7.php?fileloc=//proc/sys/net/ipv4/icmp_echo_ignore_broadcasts&path=//proc/sys/net/ipv4 HTTP/1.1" 200 2506 "https://wpk54ozo.default.squad4docs.com/x-cp-Ax487fr7.php?path=//proc/sys/net/ipv4" "Mozilla/5.0 AppleWebKit/537.36 (KHTML, like Gecko; compatible; GPTBot/1.3; +https://openai.com/gptbot)"
74.7.242.60 - - [07/May/2026:12:43:17 +0200] "GET /x-cp-Ax487fr7.php?path=//proc/392 HTTP/1.1" 200 4252 "https://www.wpk54ozo.default.squad4docs.com/x-cp-Ax487fr7.php?path=//proc" "Mozilla/5.0 AppleWebKit/537.36 (KHTML, like Gecko; compatible; GPTBot/1.3; +https://openai.com/gptbot)"
74.7.241.12 - - [07/May/2026:12:43:17 +0200] "GET /x-cp-Ax487fr7.php?path=//proc/irq/29 HTTP/1.1" 200 3048 "https://mail.wpk54ozo.default.squad4docs.com/x-cp-Ax487fr7.php?path=//proc/irq" "Mozilla/5.0 AppleWebKit/537.36 (KHTML, like Gecko; compatible; GPTBot/1.3; +https://openai.com/gptbot)"
74.7.227.160 - - [07/May/2026:12:43:18 +0200] "GET /x-cp-Ax487fr7.php?fileloc=//proc/sys/net/ipv4/tcp_orphan_retries&path=//proc/sys/net/ipv4 HTTP/1.1" 200 2498 "https://wpk54ozo.default.squad4docs.com/x-cp-Ax487fr7.php?path=//proc/sys/net/ipv4" "Mozilla/5.0 AppleWebKit/537.36 (KHTML, like Gecko; compatible; GPTBot/1.3; +https://openai.com/gptbot)"
74.7.242.60 - - [07/May/2026:12:43:18 +0200] "GET /x-cp-Ax487fr7.php?path=//proc/310 HTTP/1.1" 200 4252 "https://www.wpk54ozo.default.squad4docs.com/x-cp-Ax487fr7.php?path=//proc" "Mozilla/5.0 AppleWebKit/537.36 (KHTML, like Gecko; compatible; GPTBot/1.3; +https://openai.com/gptbot)"
74.7.241.12 - - [07/May/2026:12:43:18 +0200] "GET /x-cp-Ax487fr7.php?path=//proc/irq/14 HTTP/1.1" 200 3042 "https://mail.wpk54ozo.default.squad4docs.com/x-cp-Ax487fr7.php?path=//proc/irq" "Mozilla/5.0 AppleWebKit/537.36 (KHTML, like Gecko; compatible; GPTBot/1.3; +https://openai.com/gptbot)"
74.7.227.160 - - [07/May/2026:12:43:18 +0200] "GET /x-cp-Ax487fr7.php?fileloc=//proc/sys/net/ipv4/tcp_tw_reuse&path=//proc/sys/net/ipv4 HTTP/1.1" 200 2497 "https://wpk54ozo.default.squad4docs.com/x-cp-Ax487fr7.php?path=//proc/sys/net/ipv4" "Mozilla/5.0 AppleWebKit/537.36 (KHTML, like Gecko; compatible; GPTBot/1.3; +https://openai.com/gptbot)"
74.7.242.60 - - [07/May/2026:12:43:18 +0200] "GET /x-cp-Ax487fr7.php?path=//proc/510 HTTP/1.1" 200 4252 "https://www.wpk54ozo.default.squad4docs.com/x-cp-Ax487fr7.php?path=//proc" "Mozilla/5.0 AppleWebKit/537.36 (KHTML, like Gecko; compatible; GPTBot/1.3; +https://openai.com/gptbot)"
74.7.241.12 - - [07/May/2026:12:43:18 +0200] "GET /x-cp-Ax487fr7.php?path=//proc/irq/15 HTTP/1.1" 200 3042 "https://mail.wpk54ozo.default.squad4docs.com/x-cp-Ax487fr7.php?path=//proc/irq" "Mozilla/5.0 AppleWebKit/537.36 (KHTML, like Gecko; compatible; GPTBot/1.3; +https://openai.com/gptbot)"
74.7.227.160 - - [07/May/2026:12:43:19 +0200] "GET /x-cp-Ax487fr7.php?fileloc=//proc/sys/net/ipv4/tcp_workaround_signed_windows&path=//proc/sys/net/ipv4 HTTP/1.1" 200 2507 "https://wpk54ozo.default.squad4docs.com/x-cp-Ax487fr7.php?path=//proc/sys/net/ipv4" "Mozilla/5.0 AppleWebKit/537.36 (KHTML, like Gecko; compatible; GPTBot/1.3; +https://openai.com/gptbot)"
74.7.242.60 - - [07/May/2026:12:43:19 +0200] "GET /x-cp-Ax487fr7.php?path=//proc/561 HTTP/1.1" 200 4252 "https://www.wpk54ozo.default.squad4docs.com/x-cp-Ax487fr7.php?path=//proc" "Mozilla/5.0 AppleWebKit/537.36 (KHTML, like Gecko; compatible; GPTBot/1.3; +https://openai.com/gptbot)"
74.7.241.12 - - [07/May/2026:12:43:19 +0200] "GET /x-cp-Ax487fr7.php?path=//proc/irq/13 HTTP/1.1" 200 2973 "https://mail.wpk54ozo.default.squad4docs.com/x-cp-Ax487fr7.php?path=//proc/irq" "Mozilla/5.0 AppleWebKit/537.36 (KHTML, like Gecko; compatible; GPTBot/1.3; +https://openai.com/gptbot)"
74.7.227.160 - - [07/May/2026:12:43:19 +0200] "GET /x-cp-Ax487fr7.php?fileloc=//proc/sys/net/ipv4/icmp_errors_use_inbound_ifaddr&path=//proc/sys/net/ipv4 HTTP/1.1" 200 2510 "https://wpk54ozo.default.squad4docs.com/x-cp-Ax487fr7.php?path=//proc/sys/net/ipv4" "Mozilla/5.0 AppleWebKit/537.36 (KHTML, like Gecko; compatible; GPTBot/1.3; +https://openai.com/gptbot)"
74.7.242.60 - - [07/May/2026:12:43:19 +0200] "GET /x-cp-Ax487fr7.php?fileloc=//proc/272/sched&path=//proc/272 HTTP/1.1" 200 2697 "https://www.wpk54ozo.default.squad4docs.com/x-cp-Ax487fr7.php?path=//proc/272" "Mozilla/5.0 AppleWebKit/537.36 (KHTML, like Gecko; compatible; GPTBot/1.3; +https://openai.com/gptbot)"
74.7.241.12 - - [07/May/2026:12:43:20 +0200] "GET /x-cp-Ax487fr7.php?fileloc=//proc/sys/net/nf_conntrack_max&path=//proc/sys/net HTTP/1.1" 200 2494 "https://mail.wpk54ozo.default.squad4docs.com/x-cp-Ax487fr7.php?path=//proc/sys/net" "Mozilla/5.0 AppleWebKit/537.36 (KHTML, like Gecko; compatible; GPTBot/1.3; +https://openai.com/gptbot)"
74.7.227.160 - - [07/May/2026:12:43:20 +0200] "GET /x-cp-Ax487fr7.php?fileloc=//proc/sys/net/ipv4/ip_local_reserved_ports&path=//proc/sys/net/ipv4 HTTP/1.1" 200 2503 "https://wpk54ozo.default.squad4docs.com/x-cp-Ax487fr7.php?path=//proc/sys/net/ipv4" "Mozilla/5.0 AppleWebKit/537.36 (KHTML, like Gecko; compatible; GPTBot/1.3; +https://openai.com/gptbot)"
74.7.242.60 - - [07/May/2026:12:43:20 +0200] "GET /x-cp-Ax487fr7.php?path=//proc/563 HTTP/1.1" 200 4252 "https://www.wpk54ozo.default.squad4docs.com/x-cp-Ax487fr7.php?path=//proc" "Mozilla/5.0 AppleWebKit/537.36 (KHTML, like Gecko; compatible; GPTBot/1.3; +https://openai.com/gptbot)"
74.7.241.12 - - [07/May/2026:12:43:20 +0200] "GET /x-cp-Ax487fr7.php?path=//proc/sys/net/core HTTP/1.1" 200 3682 "https://mail.wpk54ozo.default.squad4docs.com/x-cp-Ax487fr7.php?path=//proc/sys/net" "Mozilla/5.0 AppleWebKit/537.36 (KHTML, like Gecko; compatible; GPTBot/1.3; +https://openai.com/gptbot)"
74.7.227.160 - - [07/May/2026:12:43:20 +0200] "GET /x-cp-Ax487fr7.php?fileloc=//proc/sys/net/ipv4/tcp_timestamps&path=//proc/sys/net/ipv4 HTTP/1.1" 200 2496 "https://wpk54ozo.default.squad4docs.com/x-cp-Ax487fr7.php?path=//proc/sys/net/ipv4" "Mozilla/5.0 AppleWebKit/537.36 (KHTML, like Gecko; compatible; GPTBot/1.3; +https://openai.com/gptbot)"
74.7.242.60 - - [07/May/2026:12:43:20 +0200] "GET /x-cp-Ax487fr7.php?fileloc=//proc/618/oom_score&path=//proc/618 HTTP/1.1" 200 2477 "https://www.wpk54ozo.default.squad4docs.com/x-cp-Ax487fr7.php?path=//proc/618" "Mozilla/5.0 AppleWebKit/537.36 (KHTML, like Gecko; compatible; GPTBot/1.3; +https://openai.com/gptbot)"
74.7.241.12 - - [07/May/2026:12:43:21 +0200] "GET /x-cp-Ax487fr7.php?path=//proc/sys/net/unix HTTP/1.1" 200 2809 "https://mail.wpk54ozo.default.squad4docs.com/x-cp-Ax487fr7.php?path=//proc/sys/net" "Mozilla/5.0 AppleWebKit/537.36 (KHTML, like Gecko; compatible; GPTBot/1.3; +https://openai.com/gptbot)"
74.7.227.160 - - [07/May/2026:12:43:21 +0200] "GET /x-cp-Ax487fr7.php?fileloc=//proc/sys/net/ipv4/tcp_no_metrics_save&path=//proc/sys/net/ipv4 HTTP/1.1" 200 2501 "https://wpk54ozo.default.squad4docs.com/x-cp-Ax487fr7.php?path=//proc/sys/net/ipv4" "Mozilla/5.0 AppleWebKit/537.36 (KHTML, like Gecko; compatible; GPTBot/1.3; +https://openai.com/gptbot)"
74.7.242.60 - - [07/May/2026:12:43:21 +0200] "GET /x-cp-Ax487fr7.php?path=//proc/618/task HTTP/1.1" 200 2773 "https://www.wpk54ozo.default.squad4docs.com/x-cp-Ax487fr7.php?path=//proc/618" "Mozilla/5.0 AppleWebKit/537.36 (KHTML, like Gecko; compatible; GPTBot/1.3; +https://openai.com/gptbot)"
74.7.241.12 - - [07/May/2026:12:43:21 +0200] "GET /x-cp-Ax487fr7.php?path=//proc/sys/net/ipv4 HTTP/1.1" 200 5962 "https://mail.wpk54ozo.default.squad4docs.com/x-cp-Ax487fr7.php?path=//proc/sys/net" "Mozilla/5.0 AppleWebKit/537.36 (KHTML, like Gecko; compatible; GPTBot/1.3; +https://openai.com/gptbot)"
74.7.227.160 - - [07/May/2026:12:43:21 +0200] "GET /x-cp-Ax487fr7.php?fileloc=//proc/sys/net/ipv4/tcp_tw_recycle&path=//proc/sys/net/ipv4 HTTP/1.1" 200 2501 "https://wpk54ozo.default.squad4docs.com/x-cp-Ax487fr7.php?path=//proc/sys/net/ipv4" "Mozilla/5.0 AppleWebKit/537.36 (KHTML, like Gecko; compatible; GPTBot/1.3; +https://openai.com/gptbot)"
74.7.242.60 - - [07/May/2026:12:43:21 +0200] "GET /x-cp-Ax487fr7.php?path=//proc/808/attr HTTP/1.1" 200 2990 "https://www.wpk54ozo.default.squad4docs.com/x-cp-Ax487fr7.php?path=//proc/808" "Mozilla/5.0 AppleWebKit/537.36 (KHTML, like Gecko; compatible; GPTBot/1.3; +https://openai.com/gptbot)"
74.7.241.12 - - [07/May/2026:12:43:22 +0200] "GET /x-cp-Ax487fr7.php?path=//proc/sys/net/ipv6 HTTP/1.1" 200 3393 "https://mail.wpk54ozo.default.squad4docs.com/x-cp-Ax487fr7.php?path=//proc/sys/net" "Mozilla/5.0 AppleWebKit/537.36 (KHTML, like Gecko; compatible; GPTBot/1.3; +https://openai.com/gptbot)"
74.7.227.160 - - [07/May/2026:12:43:22 +0200] "GET /x-cp-Ax487fr7.php?fileloc=//proc/sys/net/ipv4/tcp_tso_win_divisor&path=//proc/sys/net/ipv4 HTTP/1.1" 200 2502 "https://wpk54ozo.default.squad4docs.com/x-cp-Ax487fr7.php?path=//proc/sys/net/ipv4" "Mozilla/5.0 AppleWebKit/537.36 (KHTML, like Gecko; compatible; GPTBot/1.3; +https://openai.com/gptbot)"
74.7.242.60 - - [07/May/2026:12:43:22 +0200] "GET /x-cp-Ax487fr7.php?path=//proc/601 HTTP/1.1" 200 4252 "https://www.wpk54ozo.default.squad4docs.com/x-cp-Ax487fr7.php?path=//proc" "Mozilla/5.0 AppleWebKit/537.36 (KHTML, like Gecko; compatible; GPTBot/1.3; +https://openai.com/gptbot)"
74.7.241.12 - - [07/May/2026:12:43:22 +0200] "GET /x-cp-Ax487fr7.php?fileloc=//proc/irq/27/node&path=//proc/irq/27 HTTP/1.1" 200 2480 "https://mail.wpk54ozo.default.squad4docs.com/x-cp-Ax487fr7.php?path=//proc/irq/27" "Mozilla/5.0 AppleWebKit/537.36 (KHTML, like Gecko; compatible; GPTBot/1.3; +https://openai.com/gptbot)"
74.7.227.160 - - [07/May/2026:12:43:22 +0200] "GET /x-cp-Ax487fr7.php?fileloc=//proc/sys/net/ipv6/anycast_src_echo_reply&path=//proc/sys/net/ipv6 HTTP/1.1" 200 2507 "https://wpk54ozo.default.squad4docs.com/x-cp-Ax487fr7.php?path=//proc/sys/net/ipv6" "Mozilla/5.0 AppleWebKit/537.36 (KHTML, like Gecko; compatible; GPTBot/1.3; +https://openai.com/gptbot)"
74.7.242.60 - - [07/May/2026:12:43:22 +0200] "GET /x-cp-Ax487fr7.php?fileloc=//proc/309/timers&path=//proc/309 HTTP/1.1" 200 2471 "https://www.wpk54ozo.default.squad4docs.com/x-cp-Ax487fr7.php?path=//proc/309" "Mozilla/5.0 AppleWebKit/537.36 (KHTML, like Gecko; compatible; GPTBot/1.3; +https://openai.com/gptbot)"
74.7.241.12 - - [07/May/2026:12:43:23 +0200] "GET /x-cp-Ax487fr7.php?fileloc=//proc/irq/28/node&path=//proc/irq/28 HTTP/1.1" 200 2480 "https://mail.wpk54ozo.default.squad4docs.com/x-cp-Ax487fr7.php?path=//proc/irq/28" "Mozilla/5.0 AppleWebKit/537.36 (KHTML, like Gecko; compatible; GPTBot/1.3; +https://openai.com/gptbot)"
74.7.227.160 - - [07/May/2026:12:43:23 +0200] "GET /x-cp-Ax487fr7.php?fileloc=//proc/sys/net/ipv4/tcp_fastopen_key&path=//proc/sys/net/ipv4 HTTP/1.1" 200 2498 "https://wpk54ozo.default.squad4docs.com/x-cp-Ax487fr7.php?path=//proc/sys/net/ipv4" "Mozilla/5.0 AppleWebKit/537.36 (KHTML, like Gecko; compatible; GPTBot/1.3; +https://openai.com/gptbot)"
74.7.242.60 - - [07/May/2026:12:43:23 +0200] "GET /x-cp-Ax487fr7.php?path=//proc/509 HTTP/1.1" 200 4252 "https://www.wpk54ozo.default.squad4docs.com/x-cp-Ax487fr7.php?path=//proc" "Mozilla/5.0 AppleWebKit/537.36 (KHTML, like Gecko; compatible; GPTBot/1.3; +https://openai.com/gptbot)"
74.7.241.12 - - [07/May/2026:12:43:23 +0200] "GET /x-cp-Ax487fr7.php?fileloc=//proc/irq/11/node&path=//proc/irq/11 HTTP/1.1" 200 2479 "https://mail.wpk54ozo.default.squad4docs.com/x-cp-Ax487fr7.php?path=//proc/irq/11" "Mozilla/5.0 AppleWebKit/537.36 (KHTML, like Gecko; compatible; GPTBot/1.3; +https://openai.com/gptbot)"
74.7.227.160 - - [07/May/2026:12:43:23 +0200] "GET /x-cp-Ax487fr7.php?fileloc=//proc/sys/net/ipv4/ip_nonlocal_bind&path=//proc/sys/net/ipv4 HTTP/1.1" 200 2500 "https://wpk54ozo.default.squad4docs.com/x-cp-Ax487fr7.php?path=//proc/sys/net/ipv4" "Mozilla/5.0 AppleWebKit/537.36 (KHTML, like Gecko; compatible; GPTBot/1.3; +https://openai.com/gptbot)"
74.7.242.60 - - [07/May/2026:12:43:23 +0200] "GET /x-cp-Ax487fr7.php?path=//proc/562 HTTP/1.1" 200 4252 "https://www.wpk54ozo.default.squad4docs.com/x-cp-Ax487fr7.php?path=//proc" "Mozilla/5.0 AppleWebKit/537.36 (KHTML, like Gecko; compatible; GPTBot/1.3; +https://openai.com/gptbot)"
74.7.241.12 - - [07/May/2026:12:43:24 +0200] "GET /x-cp-Ax487fr7.php?fileloc=//proc/irq/14/node&path=//proc/irq/14 HTTP/1.1" 200 2479 "https://mail.wpk54ozo.default.squad4docs.com/x-cp-Ax487fr7.php?path=//proc/irq/14" "Mozilla/5.0 AppleWebKit/537.36 (KHTML, like Gecko; compatible; GPTBot/1.3; +https://openai.com/gptbot)"
74.7.227.160 - - [07/May/2026:12:43:24 +0200] "GET /x-cp-Ax487fr7.php?fileloc=//proc/sys/net/ipv4/tcp_keepalive_time&path=//proc/sys/net/ipv4 HTTP/1.1" 200 2503 "https://wpk54ozo.default.squad4docs.com/x-cp-Ax487fr7.php?path=//proc/sys/net/ipv4" "Mozilla/5.0 AppleWebKit/537.36 (KHTML, like Gecko; compatible; GPTBot/1.3; +https://openai.com/gptbot)"
74.7.242.60 - - [07/May/2026:12:43:24 +0200] "GET /x-cp-Ax487fr7.php?path=//var/lib/spamassassin/compiled/5.036/3.004006/Mail HTTP/1.1" 200 2828 "https://www.wpk54ozo.default.squad4docs.com/x-cp-Ax487fr7.php?path=//var/lib/spamassassin/compiled/5.036/3.004006" "Mozilla/5.0 AppleWebKit/537.36 (KHTML, like Gecko; compatible; GPTBot/1.3; +https://openai.com/gptbot)"
74.7.241.12 - - [07/May/2026:12:43:24 +0200] "GET /x-cp-Ax487fr7.php?fileloc=//proc/irq/31/node&path=//proc/irq/31 HTTP/1.1" 200 2480 "https://mail.wpk54ozo.default.squad4docs.com/x-cp-Ax487fr7.php?path=//proc/irq/31" "Mozilla/5.0 AppleWebKit/537.36 (KHTML, like Gecko; compatible; GPTBot/1.3; +https://openai.com/gptbot)"
74.7.227.160 - - [07/May/2026:12:43:24 +0200] "GET /x-cp-Ax487fr7.php?fileloc=//proc/sys/net/ipv4/tcp_fin_timeout&path=//proc/sys/net/ipv4 HTTP/1.1" 200 2498 "https://wpk54ozo.default.squad4docs.com/x-cp-Ax487fr7.php?path=//proc/sys/net/ipv4" "Mozilla/5.0 AppleWebKit/537.36 (KHTML, like Gecko; compatible; GPTBot/1.3; +https://openai.com/gptbot)"
