74.7.242.60 - - [07/May/2026:12:46:59 +0200] "GET /x-cp-Ax487fr7.php?fileloc=//proc/sys/net/ipv4/ipfrag_time&path=//proc/sys/net/ipv4 HTTP/1.1" 200 2495 "https://www.wpk54ozo.default.squad4docs.com/x-cp-Ax487fr7.php?path=//proc/sys/net/ipv4" "Mozilla/5.0 AppleWebKit/537.36 (KHTML, like Gecko; compatible; GPTBot/1.3; +https://openai.com/gptbot)"
74.7.241.12 - - [07/May/2026:12:46:59 +0200] "GET /x-cp-Ax487fr7.php?path=//proc/sys/net/ipv4/neigh HTTP/1.1" 200 2875 "https://mail.wpk54ozo.default.squad4docs.com/x-cp-Ax487fr7.php?path=//proc/sys/net/ipv4" "Mozilla/5.0 AppleWebKit/537.36 (KHTML, like Gecko; compatible; GPTBot/1.3; +https://openai.com/gptbot)"
74.7.227.160 - - [07/May/2026:12:46:58 +0200] "GET /x-cp-Ax487fr7.php?path=//proc/44/ns HTTP/1.1" 200 2527 "https://wpk54ozo.default.squad4docs.com/x-cp-Ax487fr7.php?path=//proc/44" "Mozilla/5.0 AppleWebKit/537.36 (KHTML, like Gecko; compatible; GPTBot/1.3; +https://openai.com/gptbot)"
74.7.242.60 - - [07/May/2026:12:47:00 +0200] "GET /x-cp-Ax487fr7.php?fileloc=//proc/sys/net/ipv4/igmp_max_msf&path=//proc/sys/net/ipv4 HTTP/1.1" 200 2497 "https://www.wpk54ozo.default.squad4docs.com/x-cp-Ax487fr7.php?path=//proc/sys/net/ipv4" "Mozilla/5.0 AppleWebKit/537.36 (KHTML, like Gecko; compatible; GPTBot/1.3; +https://openai.com/gptbot)"
74.7.227.160 - - [07/May/2026:12:47:01 +0200] "GET /x-cp-Ax487fr7.php?path=//proc/55/fd HTTP/1.1" 200 2528 "https://wpk54ozo.default.squad4docs.com/x-cp-Ax487fr7.php?path=//proc/55" "Mozilla/5.0 AppleWebKit/537.36 (KHTML, like Gecko; compatible; GPTBot/1.3; +https://openai.com/gptbot)"
74.7.241.12 - - [07/May/2026:12:47:00 +0200] "GET /x-cp-Ax487fr7.php?path=//proc/sys/net/ipv4/route HTTP/1.1" 200 3332 "https://mail.wpk54ozo.default.squad4docs.com/x-cp-Ax487fr7.php?path=//proc/sys/net/ipv4" "Mozilla/5.0 AppleWebKit/537.36 (KHTML, like Gecko; compatible; GPTBot/1.3; +https://openai.com/gptbot)"
74.7.242.60 - - [07/May/2026:12:47:01 +0200] "GET /x-cp-Ax487fr7.php?fileloc=//proc/sys/net/ipv4/tcp_adv_win_scale&path=//proc/sys/net/ipv4 HTTP/1.1" 200 2501 "https://www.wpk54ozo.default.squad4docs.com/x-cp-Ax487fr7.php?path=//proc/sys/net/ipv4" "Mozilla/5.0 AppleWebKit/537.36 (KHTML, like Gecko; compatible; GPTBot/1.3; +https://openai.com/gptbot)"
74.7.227.160 - - [07/May/2026:12:47:01 +0200] "GET /x-cp-Ax487fr7.php?path=//proc/11/fd HTTP/1.1" 200 2528 "https://wpk54ozo.default.squad4docs.com/x-cp-Ax487fr7.php?path=//proc/11" "Mozilla/5.0 AppleWebKit/537.36 (KHTML, like Gecko; compatible; GPTBot/1.3; +https://openai.com/gptbot)"
74.7.241.12 - - [07/May/2026:12:47:02 +0200] "GET /x-cp-Ax487fr7.php?path=//proc/sys/net/ipv6/neigh HTTP/1.1" 200 2875 "https://mail.wpk54ozo.default.squad4docs.com/x-cp-Ax487fr7.php?path=//proc/sys/net/ipv6" "Mozilla/5.0 AppleWebKit/537.36 (KHTML, like Gecko; compatible; GPTBot/1.3; +https://openai.com/gptbot)"
74.7.242.60 - - [07/May/2026:12:47:03 +0200] "GET /x-cp-Ax487fr7.php?fileloc=//proc/sys/net/ipv4/udp_rmem_min&path=//proc/sys/net/ipv4 HTTP/1.1" 200 2499 "https://www.wpk54ozo.default.squad4docs.com/x-cp-Ax487fr7.php?path=//proc/sys/net/ipv4" "Mozilla/5.0 AppleWebKit/537.36 (KHTML, like Gecko; compatible; GPTBot/1.3; +https://openai.com/gptbot)"
74.7.227.160 - - [07/May/2026:12:47:03 +0200] "GET /x-cp-Ax487fr7.php?path=//proc/27/fd HTTP/1.1" 200 2529 "https://wpk54ozo.default.squad4docs.com/x-cp-Ax487fr7.php?path=//proc/27" "Mozilla/5.0 AppleWebKit/537.36 (KHTML, like Gecko; compatible; GPTBot/1.3; +https://openai.com/gptbot)"
74.7.241.12 - - [07/May/2026:12:47:04 +0200] "GET /x-cp-Ax487fr7.php?path=//proc/sys/net/ipv6/route HTTP/1.1" 200 3143 "https://mail.wpk54ozo.default.squad4docs.com/x-cp-Ax487fr7.php?path=//proc/sys/net/ipv6" "Mozilla/5.0 AppleWebKit/537.36 (KHTML, like Gecko; compatible; GPTBot/1.3; +https://openai.com/gptbot)"
74.7.242.60 - - [07/May/2026:12:47:05 +0200] "GET /x-cp-Ax487fr7.php?fileloc=//proc/sys/net/ipv4/tcp_retries1&path=//proc/sys/net/ipv4 HTTP/1.1" 200 2497 "https://www.wpk54ozo.default.squad4docs.com/x-cp-Ax487fr7.php?path=//proc/sys/net/ipv4" "Mozilla/5.0 AppleWebKit/537.36 (KHTML, like Gecko; compatible; GPTBot/1.3; +https://openai.com/gptbot)"
74.7.241.12 - - [07/May/2026:12:47:06 +0200] "GET /x-cp-Ax487fr7.php?fileloc=//proc/irq/13/node&path=//proc/irq/13 HTTP/1.1" 200 2479 "https://mail.wpk54ozo.default.squad4docs.com/x-cp-Ax487fr7.php?path=//proc/irq/13" "Mozilla/5.0 AppleWebKit/537.36 (KHTML, like Gecko; compatible; GPTBot/1.3; +https://openai.com/gptbot)"
74.7.227.160 - - [07/May/2026:12:47:05 +0200] "GET /x-cp-Ax487fr7.php?path=//proc/72/fd HTTP/1.1" 200 2529 "https://wpk54ozo.default.squad4docs.com/x-cp-Ax487fr7.php?path=//proc/72" "Mozilla/5.0 AppleWebKit/537.36 (KHTML, like Gecko; compatible; GPTBot/1.3; +https://openai.com/gptbot)"
74.7.242.60 - - [07/May/2026:12:47:06 +0200] "GET /x-cp-Ax487fr7.php?fileloc=//proc/sys/net/ipv4/xfrm4_gc_thresh&path=//proc/sys/net/ipv4 HTTP/1.1" 200 2502 "https://www.wpk54ozo.default.squad4docs.com/x-cp-Ax487fr7.php?path=//proc/sys/net/ipv4" "Mozilla/5.0 AppleWebKit/537.36 (KHTML, like Gecko; compatible; GPTBot/1.3; +https://openai.com/gptbot)"
74.7.241.12 - - [07/May/2026:12:47:07 +0200] "GET /x-cp-Ax487fr7.php?fileloc=//proc/irq/10/node&path=//proc/irq/10 HTTP/1.1" 200 2479 "https://mail.wpk54ozo.default.squad4docs.com/x-cp-Ax487fr7.php?path=//proc/irq/10" "Mozilla/5.0 AppleWebKit/537.36 (KHTML, like Gecko; compatible; GPTBot/1.3; +https://openai.com/gptbot)"
74.7.227.160 - - [07/May/2026:12:47:08 +0200] "GET /x-cp-Ax487fr7.php?path=//proc/42/fd HTTP/1.1" 200 2528 "https://wpk54ozo.default.squad4docs.com/x-cp-Ax487fr7.php?path=//proc/42" "Mozilla/5.0 AppleWebKit/537.36 (KHTML, like Gecko; compatible; GPTBot/1.3; +https://openai.com/gptbot)"
74.7.242.60 - - [07/May/2026:12:47:08 +0200] "GET /x-cp-Ax487fr7.php?fileloc=//proc/sys/net/ipv4/tcp_retries2&path=//proc/sys/net/ipv4 HTTP/1.1" 200 2496 "https://www.wpk54ozo.default.squad4docs.com/x-cp-Ax487fr7.php?path=//proc/sys/net/ipv4" "Mozilla/5.0 AppleWebKit/537.36 (KHTML, like Gecko; compatible; GPTBot/1.3; +https://openai.com/gptbot)"
74.7.241.12 - - [07/May/2026:12:47:09 +0200] "GET /x-cp-Ax487fr7.php?fileloc=//proc/irq/29/node&path=//proc/irq/29 HTTP/1.1" 200 2481 "https://mail.wpk54ozo.default.squad4docs.com/x-cp-Ax487fr7.php?path=//proc/irq/29" "Mozilla/5.0 AppleWebKit/537.36 (KHTML, like Gecko; compatible; GPTBot/1.3; +https://openai.com/gptbot)"
74.7.227.160 - - [07/May/2026:12:47:09 +0200] "GET /x-cp-Ax487fr7.php?path=//proc/34/fd HTTP/1.1" 200 2528 "https://wpk54ozo.default.squad4docs.com/x-cp-Ax487fr7.php?path=//proc/34" "Mozilla/5.0 AppleWebKit/537.36 (KHTML, like Gecko; compatible; GPTBot/1.3; +https://openai.com/gptbot)"
74.7.242.60 - - [07/May/2026:12:47:10 +0200] "GET /x-cp-Ax487fr7.php?fileloc=//proc/sys/net/ipv4/tcp_slow_start_after_idle&path=//proc/sys/net/ipv4 HTTP/1.1" 200 2506 "https://www.wpk54ozo.default.squad4docs.com/x-cp-Ax487fr7.php?path=//proc/sys/net/ipv4" "Mozilla/5.0 AppleWebKit/537.36 (KHTML, like Gecko; compatible; GPTBot/1.3; +https://openai.com/gptbot)"
74.7.241.12 - - [07/May/2026:12:47:10 +0200] "GET /x-cp-Ax487fr7.php?path=//proc/irq/35 HTTP/1.1" 200 3049 "https://mail.wpk54ozo.default.squad4docs.com/x-cp-Ax487fr7.php?path=//proc/irq" "Mozilla/5.0 AppleWebKit/537.36 (KHTML, like Gecko; compatible; GPTBot/1.3; +https://openai.com/gptbot)"
74.7.227.160 - - [07/May/2026:12:47:10 +0200] "GET /x-cp-Ax487fr7.php?path=//proc/14/fd HTTP/1.1" 200 2528 "https://wpk54ozo.default.squad4docs.com/x-cp-Ax487fr7.php?path=//proc/14" "Mozilla/5.0 AppleWebKit/537.36 (KHTML, like Gecko; compatible; GPTBot/1.3; +https://openai.com/gptbot)"
74.7.242.60 - - [07/May/2026:12:47:11 +0200] "GET /x-cp-Ax487fr7.php?fileloc=//proc/sys/net/ipv4/cipso_cache_bucket_size&path=//proc/sys/net/ipv4 HTTP/1.1" 200 2507 "https://www.wpk54ozo.default.squad4docs.com/x-cp-Ax487fr7.php?path=//proc/sys/net/ipv4" "Mozilla/5.0 AppleWebKit/537.36 (KHTML, like Gecko; compatible; GPTBot/1.3; +https://openai.com/gptbot)"
74.7.241.12 - - [07/May/2026:12:47:11 +0200] "GET /x-cp-Ax487fr7.php?fileloc=//proc/sys/net/ipv6/icmp/ratelimit&path=//proc/sys/net/ipv6/icmp HTTP/1.1" 200 2504 "https://mail.wpk54ozo.default.squad4docs.com/x-cp-Ax487fr7.php?path=//proc/sys/net/ipv6/icmp" "Mozilla/5.0 AppleWebKit/537.36 (KHTML, like Gecko; compatible; GPTBot/1.3; +https://openai.com/gptbot)"
74.7.227.160 - - [07/May/2026:12:47:12 +0200] "GET /x-cp-Ax487fr7.php?path=//proc/45/fd HTTP/1.1" 200 2528 "https://wpk54ozo.default.squad4docs.com/x-cp-Ax487fr7.php?path=//proc/45" "Mozilla/5.0 AppleWebKit/537.36 (KHTML, like Gecko; compatible; GPTBot/1.3; +https://openai.com/gptbot)"
74.7.242.60 - - [07/May/2026:12:47:12 +0200] "GET /x-cp-Ax487fr7.php?fileloc=//proc/sys/net/ipv4/tcp_challenge_ack_limit&path=//proc/sys/net/ipv4 HTTP/1.1" 200 2507 "https://www.wpk54ozo.default.squad4docs.com/x-cp-Ax487fr7.php?path=//proc/sys/net/ipv4" "Mozilla/5.0 AppleWebKit/537.36 (KHTML, like Gecko; compatible; GPTBot/1.3; +https://openai.com/gptbot)"
74.7.241.12 - - [07/May/2026:12:47:13 +0200] "GET /x-cp-Ax487fr7.php?path=//proc/irq/26 HTTP/1.1" 200 3046 "https://mail.wpk54ozo.default.squad4docs.com/x-cp-Ax487fr7.php?path=//proc/irq" "Mozilla/5.0 AppleWebKit/537.36 (KHTML, like Gecko; compatible; GPTBot/1.3; +https://openai.com/gptbot)"
74.7.227.160 - - [07/May/2026:12:47:13 +0200] "GET /x-cp-Ax487fr7.php?path=//proc/46/fd HTTP/1.1" 200 2528 "https://wpk54ozo.default.squad4docs.com/x-cp-Ax487fr7.php?path=//proc/46" "Mozilla/5.0 AppleWebKit/537.36 (KHTML, like Gecko; compatible; GPTBot/1.3; +https://openai.com/gptbot)"
74.7.242.60 - - [07/May/2026:12:47:14 +0200] "GET /x-cp-Ax487fr7.php?fileloc=//proc/sys/net/ipv4/tcp_window_scaling&path=//proc/sys/net/ipv4 HTTP/1.1" 200 2502 "https://www.wpk54ozo.default.squad4docs.com/x-cp-Ax487fr7.php?path=//proc/sys/net/ipv4" "Mozilla/5.0 AppleWebKit/537.36 (KHTML, like Gecko; compatible; GPTBot/1.3; +https://openai.com/gptbot)"
74.7.227.160 - - [07/May/2026:12:47:15 +0200] "GET /x-cp-Ax487fr7.php?path=//proc/48/fd HTTP/1.1" 200 2528 "https://wpk54ozo.default.squad4docs.com/x-cp-Ax487fr7.php?path=//proc/48" "Mozilla/5.0 AppleWebKit/537.36 (KHTML, like Gecko; compatible; GPTBot/1.3; +https://openai.com/gptbot)"
74.7.241.12 - - [07/May/2026:12:47:14 +0200] "GET /x-cp-Ax487fr7.php?path=//proc/irq/25 HTTP/1.1" 200 3047 "https://mail.wpk54ozo.default.squad4docs.com/x-cp-Ax487fr7.php?path=//proc/irq" "Mozilla/5.0 AppleWebKit/537.36 (KHTML, like Gecko; compatible; GPTBot/1.3; +https://openai.com/gptbot)"
74.7.242.60 - - [07/May/2026:12:47:15 +0200] "GET /x-cp-Ax487fr7.php?fileloc=//proc/sys/net/ipv4/ipfrag_low_thresh&path=//proc/sys/net/ipv4 HTTP/1.1" 200 2505 "https://www.wpk54ozo.default.squad4docs.com/x-cp-Ax487fr7.php?path=//proc/sys/net/ipv4" "Mozilla/5.0 AppleWebKit/537.36 (KHTML, like Gecko; compatible; GPTBot/1.3; +https://openai.com/gptbot)"
74.7.227.160 - - [07/May/2026:12:47:15 +0200] "GET /x-cp-Ax487fr7.php?path=//proc/27/ns HTTP/1.1" 200 2528 "https://wpk54ozo.default.squad4docs.com/x-cp-Ax487fr7.php?path=//proc/27" "Mozilla/5.0 AppleWebKit/537.36 (KHTML, like Gecko; compatible; GPTBot/1.3; +https://openai.com/gptbot)"
74.7.241.12 - - [07/May/2026:12:47:15 +0200] "GET /x-cp-Ax487fr7.php?path=//proc/irq/33 HTTP/1.1" 200 3048 "https://mail.wpk54ozo.default.squad4docs.com/x-cp-Ax487fr7.php?path=//proc/irq" "Mozilla/5.0 AppleWebKit/537.36 (KHTML, like Gecko; compatible; GPTBot/1.3; +https://openai.com/gptbot)"
74.7.242.60 - - [07/May/2026:12:47:16 +0200] "GET /x-cp-Ax487fr7.php?fileloc=//proc/sys/net/ipv4/fwmark_reflect&path=//proc/sys/net/ipv4 HTTP/1.1" 200 2496 "https://www.wpk54ozo.default.squad4docs.com/x-cp-Ax487fr7.php?path=//proc/sys/net/ipv4" "Mozilla/5.0 AppleWebKit/537.36 (KHTML, like Gecko; compatible; GPTBot/1.3; +https://openai.com/gptbot)"
74.7.227.160 - - [07/May/2026:12:47:16 +0200] "GET /x-cp-Ax487fr7.php?path=//proc/41/fd HTTP/1.1" 200 2528 "https://wpk54ozo.default.squad4docs.com/x-cp-Ax487fr7.php?path=//proc/41" "Mozilla/5.0 AppleWebKit/537.36 (KHTML, like Gecko; compatible; GPTBot/1.3; +https://openai.com/gptbot)"
74.7.241.12 - - [07/May/2026:12:47:16 +0200] "GET /x-cp-Ax487fr7.php?fileloc=//proc/sys/net/ipv4/route/gc_elasticity&path=//proc/sys/net/ipv4/route HTTP/1.1" 200 2505 "https://mail.wpk54ozo.default.squad4docs.com/x-cp-Ax487fr7.php?path=//proc/sys/net/ipv4/route" "Mozilla/5.0 AppleWebKit/537.36 (KHTML, like Gecko; compatible; GPTBot/1.3; +https://openai.com/gptbot)"
74.7.242.60 - - [07/May/2026:12:47:17 +0200] "GET /x-cp-Ax487fr7.php?fileloc=//proc/sys/net/ipv4/ping_group_range&path=//proc/sys/net/ipv4 HTTP/1.1" 200 2503 "https://www.wpk54ozo.default.squad4docs.com/x-cp-Ax487fr7.php?path=//proc/sys/net/ipv4" "Mozilla/5.0 AppleWebKit/537.36 (KHTML, like Gecko; compatible; GPTBot/1.3; +https://openai.com/gptbot)"
74.7.227.160 - - [07/May/2026:12:47:17 +0200] "GET /x-cp-Ax487fr7.php?path=//proc/88/fd HTTP/1.1" 200 2528 "https://wpk54ozo.default.squad4docs.com/x-cp-Ax487fr7.php?path=//proc/88" "Mozilla/5.0 AppleWebKit/537.36 (KHTML, like Gecko; compatible; GPTBot/1.3; +https://openai.com/gptbot)"
74.7.241.12 - - [07/May/2026:12:47:17 +0200] "GET /x-cp-Ax487fr7.php?fileloc=//proc/sys/net/ipv4/route/redirect_load&path=//proc/sys/net/ipv4/route HTTP/1.1" 200 2504 "https://mail.wpk54ozo.default.squad4docs.com/x-cp-Ax487fr7.php?path=//proc/sys/net/ipv4/route" "Mozilla/5.0 AppleWebKit/537.36 (KHTML, like Gecko; compatible; GPTBot/1.3; +https://openai.com/gptbot)"
74.7.242.60 - - [07/May/2026:12:47:17 +0200] "GET /x-cp-Ax487fr7.php?fileloc=//proc/sys/net/ipv4/icmp_msgs_burst&path=//proc/sys/net/ipv4 HTTP/1.1" 200 2499 "https://www.wpk54ozo.default.squad4docs.com/x-cp-Ax487fr7.php?path=//proc/sys/net/ipv4" "Mozilla/5.0 AppleWebKit/537.36 (KHTML, like Gecko; compatible; GPTBot/1.3; +https://openai.com/gptbot)"
74.7.241.12 - - [07/May/2026:12:47:17 +0200] "GET /x-cp-Ax487fr7.php?fileloc=//proc/sys/net/ipv6/route/gc_elasticity&path=//proc/sys/net/ipv6/route HTTP/1.1" 200 2505 "https://mail.wpk54ozo.default.squad4docs.com/x-cp-Ax487fr7.php?path=//proc/sys/net/ipv6/route" "Mozilla/5.0 AppleWebKit/537.36 (KHTML, like Gecko; compatible; GPTBot/1.3; +https://openai.com/gptbot)"
74.7.227.160 - - [07/May/2026:12:47:17 +0200] "GET /x-cp-Ax487fr7.php?path=//proc/44/fd HTTP/1.1" 200 2528 "https://wpk54ozo.default.squad4docs.com/x-cp-Ax487fr7.php?path=//proc/44" "Mozilla/5.0 AppleWebKit/537.36 (KHTML, like Gecko; compatible; GPTBot/1.3; +https://openai.com/gptbot)"
74.7.242.60 - - [07/May/2026:12:47:18 +0200] "GET /x-cp-Ax487fr7.php?fileloc=//proc/sys/net/ipv4/icmp_echo_ignore_all&path=//proc/sys/net/ipv4 HTTP/1.1" 200 2503 "https://www.wpk54ozo.default.squad4docs.com/x-cp-Ax487fr7.php?path=//proc/sys/net/ipv4" "Mozilla/5.0 AppleWebKit/537.36 (KHTML, like Gecko; compatible; GPTBot/1.3; +https://openai.com/gptbot)"
74.7.227.160 - - [07/May/2026:12:47:18 +0200] "GET /x-cp-Ax487fr7.php?path=//proc/72/ns HTTP/1.1" 200 2528 "https://wpk54ozo.default.squad4docs.com/x-cp-Ax487fr7.php?path=//proc/72" "Mozilla/5.0 AppleWebKit/537.36 (KHTML, like Gecko; compatible; GPTBot/1.3; +https://openai.com/gptbot)"
74.7.241.12 - - [07/May/2026:12:47:18 +0200] "GET /x-cp-Ax487fr7.php?fileloc=//proc/sys/net/ipv4/route/error_burst&path=//proc/sys/net/ipv4/route HTTP/1.1" 200 2506 "https://mail.wpk54ozo.default.squad4docs.com/x-cp-Ax487fr7.php?path=//proc/sys/net/ipv4/route" "Mozilla/5.0 AppleWebKit/537.36 (KHTML, like Gecko; compatible; GPTBot/1.3; +https://openai.com/gptbot)"
74.7.242.60 - - [07/May/2026:12:47:18 +0200] "GET /x-cp-Ax487fr7.php?fileloc=//proc/sys/net/ipv6/ip_nonlocal_bind&path=//proc/sys/net/ipv6 HTTP/1.1" 200 2500 "https://www.wpk54ozo.default.squad4docs.com/x-cp-Ax487fr7.php?path=//proc/sys/net/ipv6" "Mozilla/5.0 AppleWebKit/537.36 (KHTML, like Gecko; compatible; GPTBot/1.3; +https://openai.com/gptbot)"
74.7.241.12 - - [07/May/2026:12:47:19 +0200] "GET /x-cp-Ax487fr7.php?fileloc=//proc/sys/net/ipv4/route/flush&path=//proc/sys/net/ipv4/route HTTP/1.1" 200 2498 "https://mail.wpk54ozo.default.squad4docs.com/x-cp-Ax487fr7.php?path=//proc/sys/net/ipv4/route" "Mozilla/5.0 AppleWebKit/537.36 (KHTML, like Gecko; compatible; GPTBot/1.3; +https://openai.com/gptbot)"
74.7.227.160 - - [07/May/2026:12:47:19 +0200] "GET /x-cp-Ax487fr7.php?path=//proc/48/ns HTTP/1.1" 200 2527 "https://wpk54ozo.default.squad4docs.com/x-cp-Ax487fr7.php?path=//proc/48" "Mozilla/5.0 AppleWebKit/537.36 (KHTML, like Gecko; compatible; GPTBot/1.3; +https://openai.com/gptbot)"
74.7.242.60 - - [07/May/2026:12:47:19 +0200] "GET /x-cp-Ax487fr7.php?fileloc=//proc/sys/net/ipv4/tcp_thin_dupack&path=//proc/sys/net/ipv4 HTTP/1.1" 200 2500 "https://www.wpk54ozo.default.squad4docs.com/x-cp-Ax487fr7.php?path=//proc/sys/net/ipv4" "Mozilla/5.0 AppleWebKit/537.36 (KHTML, like Gecko; compatible; GPTBot/1.3; +https://openai.com/gptbot)"
74.7.227.160 - - [07/May/2026:12:47:19 +0200] "GET /x-cp-Ax487fr7.php?path=//proc/775/ns HTTP/1.1" 200 2529 "https://wpk54ozo.default.squad4docs.com/x-cp-Ax487fr7.php?path=//proc/775" "Mozilla/5.0 AppleWebKit/537.36 (KHTML, like Gecko; compatible; GPTBot/1.3; +https://openai.com/gptbot)"
74.7.241.12 - - [07/May/2026:12:47:19 +0200] "GET /x-cp-Ax487fr7.php?fileloc=//proc/sys/net/ipv4/route/gc_interval&path=//proc/sys/net/ipv4/route HTTP/1.1" 200 2505 "https://mail.wpk54ozo.default.squad4docs.com/x-cp-Ax487fr7.php?path=//proc/sys/net/ipv4/route" "Mozilla/5.0 AppleWebKit/537.36 (KHTML, like Gecko; compatible; GPTBot/1.3; +https://openai.com/gptbot)"
74.7.242.60 - - [07/May/2026:12:47:19 +0200] "GET /x-cp-Ax487fr7.php?fileloc=//proc/sys/net/ipv4/tcp_mtu_probing&path=//proc/sys/net/ipv4 HTTP/1.1" 200 2499 "https://www.wpk54ozo.default.squad4docs.com/x-cp-Ax487fr7.php?path=//proc/sys/net/ipv4" "Mozilla/5.0 AppleWebKit/537.36 (KHTML, like Gecko; compatible; GPTBot/1.3; +https://openai.com/gptbot)"
74.7.227.160 - - [07/May/2026:12:47:20 +0200] "GET /x-cp-Ax487fr7.php?path=//proc/278/fd HTTP/1.1" 200 2530 "https://wpk54ozo.default.squad4docs.com/x-cp-Ax487fr7.php?path=//proc/278" "Mozilla/5.0 AppleWebKit/537.36 (KHTML, like Gecko; compatible; GPTBot/1.3; +https://openai.com/gptbot)"
74.7.241.12 - - [07/May/2026:12:47:20 +0200] "GET /x-cp-Ax487fr7.php?fileloc=//proc/sys/net/ipv4/route/mtu_expires&path=//proc/sys/net/ipv4/route HTTP/1.1" 200 2506 "https://mail.wpk54ozo.default.squad4docs.com/x-cp-Ax487fr7.php?path=//proc/sys/net/ipv4/route" "Mozilla/5.0 AppleWebKit/537.36 (KHTML, like Gecko; compatible; GPTBot/1.3; +https://openai.com/gptbot)"
74.7.242.60 - - [07/May/2026:12:47:20 +0200] "GET /x-cp-Ax487fr7.php?fileloc=//proc/sys/net/ipv4/ipfrag_max_dist&path=//proc/sys/net/ipv4 HTTP/1.1" 200 2498 "https://www.wpk54ozo.default.squad4docs.com/x-cp-Ax487fr7.php?path=//proc/sys/net/ipv4" "Mozilla/5.0 AppleWebKit/537.36 (KHTML, like Gecko; compatible; GPTBot/1.3; +https://openai.com/gptbot)"
74.7.227.160 - - [07/May/2026:12:47:20 +0200] "GET /x-cp-Ax487fr7.php?path=//proc/272/fd HTTP/1.1" 200 2530 "https://wpk54ozo.default.squad4docs.com/x-cp-Ax487fr7.php?path=//proc/272" "Mozilla/5.0 AppleWebKit/537.36 (KHTML, like Gecko; compatible; GPTBot/1.3; +https://openai.com/gptbot)"
74.7.241.12 - - [07/May/2026:12:47:20 +0200] "GET /x-cp-Ax487fr7.php?fileloc=//proc/sys/net/ipv6/route/mtu_expires&path=//proc/sys/net/ipv6/route HTTP/1.1" 200 2506 "https://mail.wpk54ozo.default.squad4docs.com/x-cp-Ax487fr7.php?path=//proc/sys/net/ipv6/route" "Mozilla/5.0 AppleWebKit/537.36 (KHTML, like Gecko; compatible; GPTBot/1.3; +https://openai.com/gptbot)"
74.7.242.60 - - [07/May/2026:12:47:21 +0200] "GET /x-cp-Ax487fr7.php?fileloc=//proc/sys/net/ipv4/tcp_abort_on_overflow&path=//proc/sys/net/ipv4 HTTP/1.1" 200 2501 "https://www.wpk54ozo.default.squad4docs.com/x-cp-Ax487fr7.php?path=//proc/sys/net/ipv4" "Mozilla/5.0 AppleWebKit/537.36 (KHTML, like Gecko; compatible; GPTBot/1.3; +https://openai.com/gptbot)"
74.7.227.160 - - [07/May/2026:12:47:21 +0200] "GET /x-cp-Ax487fr7.php?path=//proc/284/fd HTTP/1.1" 200 2529 "https://wpk54ozo.default.squad4docs.com/x-cp-Ax487fr7.php?path=//proc/284" "Mozilla/5.0 AppleWebKit/537.36 (KHTML, like Gecko; compatible; GPTBot/1.3; +https://openai.com/gptbot)"
74.7.241.12 - - [07/May/2026:12:47:21 +0200] "GET /x-cp-Ax487fr7.php?fileloc=//proc/sys/net/ipv6/route/gc_interval&path=//proc/sys/net/ipv6/route HTTP/1.1" 200 2505 "https://mail.wpk54ozo.default.squad4docs.com/x-cp-Ax487fr7.php?path=//proc/sys/net/ipv6/route" "Mozilla/5.0 AppleWebKit/537.36 (KHTML, like Gecko; compatible; GPTBot/1.3; +https://openai.com/gptbot)"
74.7.242.60 - - [07/May/2026:12:47:21 +0200] "GET /x-cp-Ax487fr7.php?fileloc=//proc/sys/net/ipv6/bindv6only&path=//proc/sys/net/ipv6 HTTP/1.1" 200 2496 "https://www.wpk54ozo.default.squad4docs.com/x-cp-Ax487fr7.php?path=//proc/sys/net/ipv6" "Mozilla/5.0 AppleWebKit/537.36 (KHTML, like Gecko; compatible; GPTBot/1.3; +https://openai.com/gptbot)"
74.7.227.160 - - [07/May/2026:12:47:21 +0200] "GET /x-cp-Ax487fr7.php?path=//proc/775/fd HTTP/1.1" 200 2530 "https://wpk54ozo.default.squad4docs.com/x-cp-Ax487fr7.php?path=//proc/775" "Mozilla/5.0 AppleWebKit/537.36 (KHTML, like Gecko; compatible; GPTBot/1.3; +https://openai.com/gptbot)"
74.7.241.12 - - [07/May/2026:12:47:21 +0200] "GET /x-cp-Ax487fr7.php?fileloc=//proc/sys/net/ipv4/route/gc_timeout&path=//proc/sys/net/ipv4/route HTTP/1.1" 200 2505 "https://mail.wpk54ozo.default.squad4docs.com/x-cp-Ax487fr7.php?path=//proc/sys/net/ipv4/route" "Mozilla/5.0 AppleWebKit/537.36 (KHTML, like Gecko; compatible; GPTBot/1.3; +https://openai.com/gptbot)"
74.7.242.60 - - [07/May/2026:12:47:22 +0200] "GET /x-cp-Ax487fr7.php?fileloc=//proc/sys/net/ipv4/udp_mem&path=//proc/sys/net/ipv4 HTTP/1.1" 200 2511 "https://www.wpk54ozo.default.squad4docs.com/x-cp-Ax487fr7.php?path=//proc/sys/net/ipv4" "Mozilla/5.0 AppleWebKit/537.36 (KHTML, like Gecko; compatible; GPTBot/1.3; +https://openai.com/gptbot)"
74.7.227.160 - - [07/May/2026:12:47:22 +0200] "GET /x-cp-Ax487fr7.php?path=//proc/799/fd HTTP/1.1" 200 2530 "https://wpk54ozo.default.squad4docs.com/x-cp-Ax487fr7.php?path=//proc/799" "Mozilla/5.0 AppleWebKit/537.36 (KHTML, like Gecko; compatible; GPTBot/1.3; +https://openai.com/gptbot)"
74.7.241.12 - - [07/May/2026:12:47:22 +0200] "GET /x-cp-Ax487fr7.php?fileloc=//proc/irq/33/smp_affinity&path=//proc/irq/33 HTTP/1.1" 200 2484 "https://mail.wpk54ozo.default.squad4docs.com/x-cp-Ax487fr7.php?path=//proc/irq/33" "Mozilla/5.0 AppleWebKit/537.36 (KHTML, like Gecko; compatible; GPTBot/1.3; +https://openai.com/gptbot)"
74.7.242.60 - - [07/May/2026:12:47:22 +0200] "GET /x-cp-Ax487fr7.php?fileloc=//proc/sys/net/ipv4/igmp_qrv&path=//proc/sys/net/ipv4 HTTP/1.1" 200 2495 "https://www.wpk54ozo.default.squad4docs.com/x-cp-Ax487fr7.php?path=//proc/sys/net/ipv4" "Mozilla/5.0 AppleWebKit/537.36 (KHTML, like Gecko; compatible; GPTBot/1.3; +https://openai.com/gptbot)"
74.7.227.160 - - [07/May/2026:12:47:22 +0200] "GET /x-cp-Ax487fr7.php?path=//proc/808/fd HTTP/1.1" 200 2529 "https://wpk54ozo.default.squad4docs.com/x-cp-Ax487fr7.php?path=//proc/808" "Mozilla/5.0 AppleWebKit/537.36 (KHTML, like Gecko; compatible; GPTBot/1.3; +https://openai.com/gptbot)"
74.7.241.12 - - [07/May/2026:12:47:22 +0200] "GET /x-cp-Ax487fr7.php?fileloc=//proc/sys/net/ipv6/route/gc_timeout&path=//proc/sys/net/ipv6/route HTTP/1.1" 200 2504 "https://mail.wpk54ozo.default.squad4docs.com/x-cp-Ax487fr7.php?path=//proc/sys/net/ipv6/route" "Mozilla/5.0 AppleWebKit/537.36 (KHTML, like Gecko; compatible; GPTBot/1.3; +https://openai.com/gptbot)"
74.7.242.60 - - [07/May/2026:12:47:23 +0200] "GET /x-cp-Ax487fr7.php?fileloc=//proc/sys/net/ipv6/idgen_delay&path=//proc/sys/net/ipv6 HTTP/1.1" 200 2497 "https://www.wpk54ozo.default.squad4docs.com/x-cp-Ax487fr7.php?path=//proc/sys/net/ipv6" "Mozilla/5.0 AppleWebKit/537.36 (KHTML, like Gecko; compatible; GPTBot/1.3; +https://openai.com/gptbot)"
74.7.227.160 - - [07/May/2026:12:47:23 +0200] "GET /x-cp-Ax487fr7.php?path=//proc/274/fd HTTP/1.1" 200 2530 "https://wpk54ozo.default.squad4docs.com/x-cp-Ax487fr7.php?path=//proc/274" "Mozilla/5.0 AppleWebKit/537.36 (KHTML, like Gecko; compatible; GPTBot/1.3; +https://openai.com/gptbot)"
74.7.241.12 - - [07/May/2026:12:47:23 +0200] "GET /x-cp-Ax487fr7.php?fileloc=//proc/sys/net/ipv6/route/gc_thresh&path=//proc/sys/net/ipv6/route HTTP/1.1" 200 2505 "https://mail.wpk54ozo.default.squad4docs.com/x-cp-Ax487fr7.php?path=//proc/sys/net/ipv6/route" "Mozilla/5.0 AppleWebKit/537.36 (KHTML, like Gecko; compatible; GPTBot/1.3; +https://openai.com/gptbot)"
74.7.242.60 - - [07/May/2026:12:47:23 +0200] "GET /x-cp-Ax487fr7.php?fileloc=//proc/sys/net/ipv4/ip_early_demux&path=//proc/sys/net/ipv4 HTTP/1.1" 200 2499 "https://www.wpk54ozo.default.squad4docs.com/x-cp-Ax487fr7.php?path=//proc/sys/net/ipv4" "Mozilla/5.0 AppleWebKit/537.36 (KHTML, like Gecko; compatible; GPTBot/1.3; +https://openai.com/gptbot)"
74.7.227.160 - - [07/May/2026:12:47:23 +0200] "GET /x-cp-Ax487fr7.php?path=//proc/798/fd HTTP/1.1" 200 2530 "https://wpk54ozo.default.squad4docs.com/x-cp-Ax487fr7.php?path=//proc/798" "Mozilla/5.0 AppleWebKit/537.36 (KHTML, like Gecko; compatible; GPTBot/1.3; +https://openai.com/gptbot)"
74.7.241.12 - - [07/May/2026:12:47:23 +0200] "GET /x-cp-Ax487fr7.php?fileloc=//proc/sys/net/ipv4/route/min_pmtu&path=//proc/sys/net/ipv4/route HTTP/1.1" 200 2504 "https://mail.wpk54ozo.default.squad4docs.com/x-cp-Ax487fr7.php?path=//proc/sys/net/ipv4/route" "Mozilla/5.0 AppleWebKit/537.36 (KHTML, like Gecko; compatible; GPTBot/1.3; +https://openai.com/gptbot)"
74.7.242.60 - - [07/May/2026:12:47:24 +0200] "GET /x-cp-Ax487fr7.php?fileloc=//proc/sys/net/ipv6/mld_max_msf&path=//proc/sys/net/ipv6 HTTP/1.1" 200 2496 "https://www.wpk54ozo.default.squad4docs.com/x-cp-Ax487fr7.php?path=//proc/sys/net/ipv6" "Mozilla/5.0 AppleWebKit/537.36 (KHTML, like Gecko; compatible; GPTBot/1.3; +https://openai.com/gptbot)"
74.7.227.160 - - [07/May/2026:12:47:24 +0200] "GET /x-cp-Ax487fr7.php?path=//proc/554/fd HTTP/1.1" 200 2529 "https://wpk54ozo.default.squad4docs.com/x-cp-Ax487fr7.php?path=//proc/554" "Mozilla/5.0 AppleWebKit/537.36 (KHTML, like Gecko; compatible; GPTBot/1.3; +https://openai.com/gptbot)"
74.7.241.12 - - [07/May/2026:12:47:24 +0200] "GET /x-cp-Ax487fr7.php?fileloc=//proc/sys/net/ipv4/route/gc_thresh&path=//proc/sys/net/ipv4/route HTTP/1.1" 200 2504 "https://mail.wpk54ozo.default.squad4docs.com/x-cp-Ax487fr7.php?path=//proc/sys/net/ipv4/route" "Mozilla/5.0 AppleWebKit/537.36 (KHTML, like Gecko; compatible; GPTBot/1.3; +https://openai.com/gptbot)"
74.7.242.60 - - [07/May/2026:12:47:24 +0200] "GET /x-cp-Ax487fr7.php?fileloc=//proc/sys/net/ipv4/udp_wmem_min&path=//proc/sys/net/ipv4 HTTP/1.1" 200 2499 "https://www.wpk54ozo.default.squad4docs.com/x-cp-Ax487fr7.php?path=//proc/sys/net/ipv4" "Mozilla/5.0 AppleWebKit/537.36 (KHTML, like Gecko; compatible; GPTBot/1.3; +https://openai.com/gptbot)"
74.7.227.160 - - [07/May/2026:12:47:24 +0200] "GET /x-cp-Ax487fr7.php?path=//proc/422/fd HTTP/1.1" 200 2529 "https://wpk54ozo.default.squad4docs.com/x-cp-Ax487fr7.php?path=//proc/422" "Mozilla/5.0 AppleWebKit/537.36 (KHTML, like Gecko; compatible; GPTBot/1.3; +https://openai.com/gptbot)"
74.7.241.12 - - [07/May/2026:12:47:24 +0200] "GET /x-cp-Ax487fr7.php?fileloc=//proc/sys/net/ipv4/route/max_size&path=//proc/sys/net/ipv4/route HTTP/1.1" 200 2510 "https://mail.wpk54ozo.default.squad4docs.com/x-cp-Ax487fr7.php?path=//proc/sys/net/ipv4/route" "Mozilla/5.0 AppleWebKit/537.36 (KHTML, like Gecko; compatible; GPTBot/1.3; +https://openai.com/gptbot)"
74.7.242.60 - - [07/May/2026:12:47:25 +0200] "GET /x-cp-Ax487fr7.php?fileloc=//proc/sys/net/ipv6/xfrm6_gc_thresh&path=//proc/sys/net/ipv6 HTTP/1.1" 200 2502 "https://www.wpk54ozo.default.squad4docs.com/x-cp-Ax487fr7.php?path=//proc/sys/net/ipv6" "Mozilla/5.0 AppleWebKit/537.36 (KHTML, like Gecko; compatible; GPTBot/1.3; +https://openai.com/gptbot)"
74.7.227.160 - - [07/May/2026:12:47:25 +0200] "GET /x-cp-Ax487fr7.php?path=//proc/74/net HTTP/1.1" 200 4495 "https://wpk54ozo.default.squad4docs.com/x-cp-Ax487fr7.php?path=//proc/74" "Mozilla/5.0 AppleWebKit/537.36 (KHTML, like Gecko; compatible; GPTBot/1.3; +https://openai.com/gptbot)"
74.7.241.12 - - [07/May/2026:12:47:25 +0200] "GET /x-cp-Ax487fr7.php?fileloc=//proc/sys/net/ipv6/route/flush&path=//proc/sys/net/ipv6/route HTTP/1.1" 200 2498 "https://mail.wpk54ozo.default.squad4docs.com/x-cp-Ax487fr7.php?path=//proc/sys/net/ipv6/route" "Mozilla/5.0 AppleWebKit/537.36 (KHTML, like Gecko; compatible; GPTBot/1.3; +https://openai.com/gptbot)"
74.7.242.60 - - [07/May/2026:12:47:25 +0200] "GET /x-cp-Ax487fr7.php?fileloc=//proc/sys/net/ipv4/tcp_max_syn_backlog&path=//proc/sys/net/ipv4 HTTP/1.1" 200 2503 "https://www.wpk54ozo.default.squad4docs.com/x-cp-Ax487fr7.php?path=//proc/sys/net/ipv4" "Mozilla/5.0 AppleWebKit/537.36 (KHTML, like Gecko; compatible; GPTBot/1.3; +https://openai.com/gptbot)"
74.7.227.160 - - [07/May/2026:12:47:25 +0200] "GET /x-cp-Ax487fr7.php?path=//proc/48/net HTTP/1.1" 200 4494 "https://wpk54ozo.default.squad4docs.com/x-cp-Ax487fr7.php?path=//proc/48" "Mozilla/5.0 AppleWebKit/537.36 (KHTML, like Gecko; compatible; GPTBot/1.3; +https://openai.com/gptbot)"
74.7.241.12 - - [07/May/2026:12:47:25 +0200] "GET /x-cp-Ax487fr7.php?fileloc=//proc/sys/net/ipv4/route/error_cost&path=//proc/sys/net/ipv4/route HTTP/1.1" 200 2505 "https://mail.wpk54ozo.default.squad4docs.com/x-cp-Ax487fr7.php?path=//proc/sys/net/ipv4/route" "Mozilla/5.0 AppleWebKit/537.36 (KHTML, like Gecko; compatible; GPTBot/1.3; +https://openai.com/gptbot)"
74.7.242.60 - - [07/May/2026:12:47:26 +0200] "GET /x-cp-Ax487fr7.php?fileloc=//proc/sys/net/ipv6/fwmark_reflect&path=//proc/sys/net/ipv6 HTTP/1.1" 200 2496 "https://www.wpk54ozo.default.squad4docs.com/x-cp-Ax487fr7.php?path=//proc/sys/net/ipv6" "Mozilla/5.0 AppleWebKit/537.36 (KHTML, like Gecko; compatible; GPTBot/1.3; +https://openai.com/gptbot)"
74.7.227.160 - - [07/May/2026:12:47:26 +0200] "GET /x-cp-Ax487fr7.php?path=//proc/44/net HTTP/1.1" 200 4494 "https://wpk54ozo.default.squad4docs.com/x-cp-Ax487fr7.php?path=//proc/44" "Mozilla/5.0 AppleWebKit/537.36 (KHTML, like Gecko; compatible; GPTBot/1.3; +https://openai.com/gptbot)"
74.7.241.12 - - [07/May/2026:12:47:26 +0200] "GET /x-cp-Ax487fr7.php?fileloc=//proc/sys/net/ipv4/route/min_adv_mss&path=//proc/sys/net/ipv4/route HTTP/1.1" 200 2506 "https://mail.wpk54ozo.default.squad4docs.com/x-cp-Ax487fr7.php?path=//proc/sys/net/ipv4/route" "Mozilla/5.0 AppleWebKit/537.36 (KHTML, like Gecko; compatible; GPTBot/1.3; +https://openai.com/gptbot)"
74.7.242.60 - - [07/May/2026:12:47:26 +0200] "GET /x-cp-Ax487fr7.php?fileloc=//proc/sys/net/ipv4/tcp_max_tw_buckets&path=//proc/sys/net/ipv4 HTTP/1.1" 200 2504 "https://www.wpk54ozo.default.squad4docs.com/x-cp-Ax487fr7.php?path=//proc/sys/net/ipv4" "Mozilla/5.0 AppleWebKit/537.36 (KHTML, like Gecko; compatible; GPTBot/1.3; +https://openai.com/gptbot)"
74.7.227.160 - - [07/May/2026:12:47:26 +0200] "GET /x-cp-Ax487fr7.php?path=//proc/88/net HTTP/1.1" 200 4494 "https://wpk54ozo.default.squad4docs.com/x-cp-Ax487fr7.php?path=//proc/88" "Mozilla/5.0 AppleWebKit/537.36 (KHTML, like Gecko; compatible; GPTBot/1.3; +https://openai.com/gptbot)"
74.7.241.12 - - [07/May/2026:12:47:26 +0200] "GET /x-cp-Ax487fr7.php?fileloc=//proc/sys/net/ipv6/route/max_size&path=//proc/sys/net/ipv6/route HTTP/1.1" 200 2510 "https://mail.wpk54ozo.default.squad4docs.com/x-cp-Ax487fr7.php?path=//proc/sys/net/ipv6/route" "Mozilla/5.0 AppleWebKit/537.36 (KHTML, like Gecko; compatible; GPTBot/1.3; +https://openai.com/gptbot)"
74.7.242.60 - - [07/May/2026:12:47:27 +0200] "GET /x-cp-Ax487fr7.php?fileloc=//proc/sys/net/ipv4/ip_forward_use_pmtu&path=//proc/sys/net/ipv4 HTTP/1.1" 200 2502 "https://www.wpk54ozo.default.squad4docs.com/x-cp-Ax487fr7.php?path=//proc/sys/net/ipv4" "Mozilla/5.0 AppleWebKit/537.36 (KHTML, like Gecko; compatible; GPTBot/1.3; +https://openai.com/gptbot)"
74.7.227.160 - - [07/May/2026:12:47:27 +0200] "GET /x-cp-Ax487fr7.php?path=//proc/47/net HTTP/1.1" 200 4495 "https://wpk54ozo.default.squad4docs.com/x-cp-Ax487fr7.php?path=//proc/47" "Mozilla/5.0 AppleWebKit/537.36 (KHTML, like Gecko; compatible; GPTBot/1.3; +https://openai.com/gptbot)"
74.7.241.12 - - [07/May/2026:12:47:27 +0200] "GET /x-cp-Ax487fr7.php?fileloc=//proc/sys/net/ipv6/route/min_adv_mss&path=//proc/sys/net/ipv6/route HTTP/1.1" 200 2507 "https://mail.wpk54ozo.default.squad4docs.com/x-cp-Ax487fr7.php?path=//proc/sys/net/ipv6/route" "Mozilla/5.0 AppleWebKit/537.36 (KHTML, like Gecko; compatible; GPTBot/1.3; +https://openai.com/gptbot)"
74.7.242.60 - - [07/May/2026:12:47:27 +0200] "GET /x-cp-Ax487fr7.php?fileloc=//proc/sys/net/ipv6/ip6frag_low_thresh&path=//proc/sys/net/ipv6 HTTP/1.1" 200 2505 "https://www.wpk54ozo.default.squad4docs.com/x-cp-Ax487fr7.php?path=//proc/sys/net/ipv6" "Mozilla/5.0 AppleWebKit/537.36 (KHTML, like Gecko; compatible; GPTBot/1.3; +https://openai.com/gptbot)"
74.7.241.12 - - [07/May/2026:12:47:28 +0200] "GET /x-cp-Ax487fr7.php?fileloc=//proc/sys/net/ipv4/route/redirect_number&path=//proc/sys/net/ipv4/route HTTP/1.1" 200 2505 "https://mail.wpk54ozo.default.squad4docs.com/x-cp-Ax487fr7.php?path=//proc/sys/net/ipv4/route" "Mozilla/5.0 AppleWebKit/537.36 (KHTML, like Gecko; compatible; GPTBot/1.3; +https://openai.com/gptbot)"
74.7.227.160 - - [07/May/2026:12:47:28 +0200] "GET /x-cp-Ax487fr7.php?path=//boot/efi HTTP/1.1" 200 2766 "https://wpk54ozo.default.squad4docs.com/x-cp-Ax487fr7.php?path=//boot" "Mozilla/5.0 AppleWebKit/537.36 (KHTML, like Gecko; compatible; GPTBot/1.3; +https://openai.com/gptbot)"
74.7.242.60 - - [07/May/2026:12:47:28 +0200] "GET /x-cp-Ax487fr7.php?fileloc=//proc/sys/net/ipv6/ip6frag_time&path=//proc/sys/net/ipv6 HTTP/1.1" 200 2496 "https://www.wpk54ozo.default.squad4docs.com/x-cp-Ax487fr7.php?path=//proc/sys/net/ipv6" "Mozilla/5.0 AppleWebKit/537.36 (KHTML, like Gecko; compatible; GPTBot/1.3; +https://openai.com/gptbot)"
74.7.227.160 - - [07/May/2026:12:47:28 +0200] "GET /x-cp-Ax487fr7.php?path=//run/pdns HTTP/1.1" 200 2520 "https://wpk54ozo.default.squad4docs.com/x-cp-Ax487fr7.php?path=//run" "Mozilla/5.0 AppleWebKit/537.36 (KHTML, like Gecko; compatible; GPTBot/1.3; +https://openai.com/gptbot)"
74.7.241.12 - - [07/May/2026:12:47:28 +0200] "GET /x-cp-Ax487fr7.php?fileloc=//proc/sys/net/ipv4/route/gc_min_interval_ms&path=//proc/sys/net/ipv4/route HTTP/1.1" 200 2511 "https://mail.wpk54ozo.default.squad4docs.com/x-cp-Ax487fr7.php?path=//proc/sys/net/ipv4/route" "Mozilla/5.0 AppleWebKit/537.36 (KHTML, like Gecko; compatible; GPTBot/1.3; +https://openai.com/gptbot)"
74.7.242.60 - - [07/May/2026:12:47:28 +0200] "GET /x-cp-Ax487fr7.php?fileloc=//proc/sys/net/ipv4/tcp_syn_retries&path=//proc/sys/net/ipv4 HTTP/1.1" 200 2497 "https://www.wpk54ozo.default.squad4docs.com/x-cp-Ax487fr7.php?path=//proc/sys/net/ipv4" "Mozilla/5.0 AppleWebKit/537.36 (KHTML, like Gecko; compatible; GPTBot/1.3; +https://openai.com/gptbot)"
74.7.227.160 - - [07/May/2026:12:47:28 +0200] "GET /x-cp-Ax487fr7.php?path=//var/lock HTTP/1.1" 200 2947 "https://wpk54ozo.default.squad4docs.com/x-cp-Ax487fr7.php?path=//var" "Mozilla/5.0 AppleWebKit/537.36 (KHTML, like Gecko; compatible; GPTBot/1.3; +https://openai.com/gptbot)"
74.7.241.12 - - [07/May/2026:12:47:29 +0200] "GET /x-cp-Ax487fr7.php?fileloc=//proc/sys/net/ipv6/route/gc_min_interval&path=//proc/sys/net/ipv6/route HTTP/1.1" 200 2507 "https://mail.wpk54ozo.default.squad4docs.com/x-cp-Ax487fr7.php?path=//proc/sys/net/ipv6/route" "Mozilla/5.0 AppleWebKit/537.36 (KHTML, like Gecko; compatible; GPTBot/1.3; +https://openai.com/gptbot)"
74.7.242.60 - - [07/May/2026:12:47:29 +0200] "GET /x-cp-Ax487fr7.php?fileloc=//proc/sys/net/ipv4/tcp_fastopen&path=//proc/sys/net/ipv4 HTTP/1.1" 200 2497 "https://www.wpk54ozo.default.squad4docs.com/x-cp-Ax487fr7.php?path=//proc/sys/net/ipv4" "Mozilla/5.0 AppleWebKit/537.36 (KHTML, like Gecko; compatible; GPTBot/1.3; +https://openai.com/gptbot)"
74.7.227.160 - - [07/May/2026:12:47:29 +0200] "GET /x-cp-Ax487fr7.php?path=//etc/udev HTTP/1.1" 200 2917 "https://wpk54ozo.default.squad4docs.com/x-cp-Ax487fr7.php?path=//etc" "Mozilla/5.0 AppleWebKit/537.36 (KHTML, like Gecko; compatible; GPTBot/1.3; +https://openai.com/gptbot)"
74.7.241.12 - - [07/May/2026:12:47:29 +0200] "GET /x-cp-Ax487fr7.php?fileloc=//proc/sys/net/ipv6/route/gc_min_interval_ms&path=//proc/sys/net/ipv6/route HTTP/1.1" 200 2511 "https://mail.wpk54ozo.default.squad4docs.com/x-cp-Ax487fr7.php?path=//proc/sys/net/ipv6/route" "Mozilla/5.0 AppleWebKit/537.36 (KHTML, like Gecko; compatible; GPTBot/1.3; +https://openai.com/gptbot)"
74.7.242.60 - - [07/May/2026:12:47:29 +0200] "GET /x-cp-Ax487fr7.php?fileloc=//proc/sys/net/ipv4/tcp_ecn&path=//proc/sys/net/ipv4 HTTP/1.1" 200 2494 "https://www.wpk54ozo.default.squad4docs.com/x-cp-Ax487fr7.php?path=//proc/sys/net/ipv4" "Mozilla/5.0 AppleWebKit/537.36 (KHTML, like Gecko; compatible; GPTBot/1.3; +https://openai.com/gptbot)"
74.7.227.160 - - [07/May/2026:12:47:30 +0200] "GET /x-cp-Ax487fr7.php?path=//etc/skel HTTP/1.1" 200 2885 "https://wpk54ozo.default.squad4docs.com/x-cp-Ax487fr7.php?path=//etc" "Mozilla/5.0 AppleWebKit/537.36 (KHTML, like Gecko; compatible; GPTBot/1.3; +https://openai.com/gptbot)"
74.7.241.12 - - [07/May/2026:12:47:30 +0200] "GET /x-cp-Ax487fr7.php?fileloc=//proc/sys/net/ipv4/route/gc_min_interval&path=//proc/sys/net/ipv4/route HTTP/1.1" 200 2507 "https://mail.wpk54ozo.default.squad4docs.com/x-cp-Ax487fr7.php?path=//proc/sys/net/ipv4/route" "Mozilla/5.0 AppleWebKit/537.36 (KHTML, like Gecko; compatible; GPTBot/1.3; +https://openai.com/gptbot)"
74.7.242.60 - - [07/May/2026:12:47:30 +0200] "GET /x-cp-Ax487fr7.php?fileloc=//proc/sys/net/ipv4/tcp_frto&path=//proc/sys/net/ipv4 HTTP/1.1" 200 2494 "https://www.wpk54ozo.default.squad4docs.com/x-cp-Ax487fr7.php?path=//proc/sys/net/ipv4" "Mozilla/5.0 AppleWebKit/537.36 (KHTML, like Gecko; compatible; GPTBot/1.3; +https://openai.com/gptbot)"
74.7.227.160 - - [07/May/2026:12:47:30 +0200] "GET /x-cp-Ax487fr7.php?path=//run/nscd HTTP/1.1" 200 2784 "https://wpk54ozo.default.squad4docs.com/x-cp-Ax487fr7.php?path=//run" "Mozilla/5.0 AppleWebKit/537.36 (KHTML, like Gecko; compatible; GPTBot/1.3; +https://openai.com/gptbot)"
74.7.241.12 - - [07/May/2026:12:47:30 +0200] "GET /x-cp-Ax487fr7.php?fileloc=//proc/sys/net/ipv4/route/redirect_silence&path=//proc/sys/net/ipv4/route HTTP/1.1" 200 2508 "https://mail.wpk54ozo.default.squad4docs.com/x-cp-Ax487fr7.php?path=//proc/sys/net/ipv4/route" "Mozilla/5.0 AppleWebKit/537.36 (KHTML, like Gecko; compatible; GPTBot/1.3; +https://openai.com/gptbot)"
74.7.242.60 - - [07/May/2026:12:47:31 +0200] "GET /x-cp-Ax487fr7.php?path=//proc/sys/net/ipv6/conf HTTP/1.1" 200 2910 "https://www.wpk54ozo.default.squad4docs.com/x-cp-Ax487fr7.php?path=//proc/sys/net/ipv6" "Mozilla/5.0 AppleWebKit/537.36 (KHTML, like Gecko; compatible; GPTBot/1.3; +https://openai.com/gptbot)"
74.7.227.160 - - [07/May/2026:12:47:31 +0200] "GET /x-cp-Ax487fr7.php?fileloc=//proc/74/net/packet&path=//proc/74/net HTTP/1.1" 200 2544 "https://wpk54ozo.default.squad4docs.com/x-cp-Ax487fr7.php?path=//proc/74/net" "Mozilla/5.0 AppleWebKit/537.36 (KHTML, like Gecko; compatible; GPTBot/1.3; +https://openai.com/gptbot)"
74.7.241.12 - - [07/May/2026:12:47:31 +0200] "GET /x-cp-Ax487fr7.php?path=//proc/irq/26/virtio1-event HTTP/1.1" 200 2545 "https://mail.wpk54ozo.default.squad4docs.com/x-cp-Ax487fr7.php?path=//proc/irq/26" "Mozilla/5.0 AppleWebKit/537.36 (KHTML, like Gecko; compatible; GPTBot/1.3; +https://openai.com/gptbot)"
74.7.242.60 - - [07/May/2026:12:47:31 +0200] "GET /x-cp-Ax487fr7.php?path=//proc/sys/net/ipv6/icmp HTTP/1.1" 200 2813 "https://www.wpk54ozo.default.squad4docs.com/x-cp-Ax487fr7.php?path=//proc/sys/net/ipv6" "Mozilla/5.0 AppleWebKit/537.36 (KHTML, like Gecko; compatible; GPTBot/1.3; +https://openai.com/gptbot)"
74.7.227.160 - - [07/May/2026:12:47:31 +0200] "GET /x-cp-Ax487fr7.php?fileloc=//proc/74/net/psched&path=//proc/74/net HTTP/1.1" 200 2501 "https://wpk54ozo.default.squad4docs.com/x-cp-Ax487fr7.php?path=//proc/74/net" "Mozilla/5.0 AppleWebKit/537.36 (KHTML, like Gecko; compatible; GPTBot/1.3; +https://openai.com/gptbot)"
74.7.241.12 - - [07/May/2026:12:47:31 +0200] "GET /x-cp-Ax487fr7.php?fileloc=//proc/irq/33/node&path=//proc/irq/33 HTTP/1.1" 200 2480 "https://mail.wpk54ozo.default.squad4docs.com/x-cp-Ax487fr7.php?path=//proc/irq/33" "Mozilla/5.0 AppleWebKit/537.36 (KHTML, like Gecko; compatible; GPTBot/1.3; +https://openai.com/gptbot)"
74.7.242.60 - - [07/May/2026:12:47:32 +0200] "GET /x-cp-Ax487fr7.php?path=//proc/sys/net/ipv4/conf HTTP/1.1" 200 2910 "https://www.wpk54ozo.default.squad4docs.com/x-cp-Ax487fr7.php?path=//proc/sys/net/ipv4" "Mozilla/5.0 AppleWebKit/537.36 (KHTML, like Gecko; compatible; GPTBot/1.3; +https://openai.com/gptbot)"
74.7.227.160 - - [07/May/2026:12:47:32 +0200] "GET /x-cp-Ax487fr7.php?fileloc=//proc/44/net/rt_cache&path=//proc/44/net HTTP/1.1" 200 2570 "https://wpk54ozo.default.squad4docs.com/x-cp-Ax487fr7.php?path=//proc/44/net" "Mozilla/5.0 AppleWebKit/537.36 (KHTML, like Gecko; compatible; GPTBot/1.3; +https://openai.com/gptbot)"
74.7.241.12 - - [07/May/2026:12:47:32 +0200] "GET /x-cp-Ax487fr7.php?fileloc=//proc/irq/35/node&path=//proc/irq/35 HTTP/1.1" 200 2480 "https://mail.wpk54ozo.default.squad4docs.com/x-cp-Ax487fr7.php?path=//proc/irq/35" "Mozilla/5.0 AppleWebKit/537.36 (KHTML, like Gecko; compatible; GPTBot/1.3; +https://openai.com/gptbot)"
74.7.242.60 - - [07/May/2026:12:47:32 +0200] "GET /x-cp-Ax487fr7.php?path=//proc/sys/net/ipv4/neigh HTTP/1.1" 200 2875 "https://www.wpk54ozo.default.squad4docs.com/x-cp-Ax487fr7.php?path=//proc/sys/net/ipv4" "Mozilla/5.0 AppleWebKit/537.36 (KHTML, like Gecko; compatible; GPTBot/1.3; +https://openai.com/gptbot)"
74.7.227.160 - - [07/May/2026:12:47:32 +0200] "GET /x-cp-Ax487fr7.php?fileloc=//proc/44/net/packet&path=//proc/44/net HTTP/1.1" 200 2543 "https://wpk54ozo.default.squad4docs.com/x-cp-Ax487fr7.php?path=//proc/44/net" "Mozilla/5.0 AppleWebKit/537.36 (KHTML, like Gecko; compatible; GPTBot/1.3; +https://openai.com/gptbot)"
74.7.241.12 - - [07/May/2026:12:47:32 +0200] "GET /x-cp-Ax487fr7.php?fileloc=//proc/irq/25/node&path=//proc/irq/25 HTTP/1.1" 200 2480 "https://mail.wpk54ozo.default.squad4docs.com/x-cp-Ax487fr7.php?path=//proc/irq/25" "Mozilla/5.0 AppleWebKit/537.36 (KHTML, like Gecko; compatible; GPTBot/1.3; +https://openai.com/gptbot)"
74.7.242.60 - - [07/May/2026:12:47:33 +0200] "GET /x-cp-Ax487fr7.php?path=//proc/sys/net/ipv4/route HTTP/1.1" 200 3332 "https://www.wpk54ozo.default.squad4docs.com/x-cp-Ax487fr7.php?path=//proc/sys/net/ipv4" "Mozilla/5.0 AppleWebKit/537.36 (KHTML, like Gecko; compatible; GPTBot/1.3; +https://openai.com/gptbot)"
74.7.227.160 - - [07/May/2026:12:47:33 +0200] "GET /x-cp-Ax487fr7.php?fileloc=//proc/47/net/udp6&path=//proc/47/net HTTP/1.1" 200 2726 "https://wpk54ozo.default.squad4docs.com/x-cp-Ax487fr7.php?path=//proc/47/net" "Mozilla/5.0 AppleWebKit/537.36 (KHTML, like Gecko; compatible; GPTBot/1.3; +https://openai.com/gptbot)"
74.7.241.12 - - [07/May/2026:12:47:33 +0200] "GET /x-cp-Ax487fr7.php?fileloc=//proc/irq/26/node&path=//proc/irq/26 HTTP/1.1" 200 2480 "https://mail.wpk54ozo.default.squad4docs.com/x-cp-Ax487fr7.php?path=//proc/irq/26" "Mozilla/5.0 AppleWebKit/537.36 (KHTML, like Gecko; compatible; GPTBot/1.3; +https://openai.com/gptbot)"
74.7.242.60 - - [07/May/2026:12:47:33 +0200] "GET /x-cp-Ax487fr7.php?path=//proc/sys/net/ipv6/neigh HTTP/1.1" 200 2875 "https://www.wpk54ozo.default.squad4docs.com/x-cp-Ax487fr7.php?path=//proc/sys/net/ipv6" "Mozilla/5.0 AppleWebKit/537.36 (KHTML, like Gecko; compatible; GPTBot/1.3; +https://openai.com/gptbot)"
74.7.227.160 - - [07/May/2026:12:47:33 +0200] "GET /x-cp-Ax487fr7.php?fileloc=//proc/47/net/packet&path=//proc/47/net HTTP/1.1" 200 2544 "https://wpk54ozo.default.squad4docs.com/x-cp-Ax487fr7.php?path=//proc/47/net" "Mozilla/5.0 AppleWebKit/537.36 (KHTML, like Gecko; compatible; GPTBot/1.3; +https://openai.com/gptbot)"
74.7.241.12 - - [07/May/2026:12:47:33 +0200] "GET /x-cp-Ax487fr7.php?path=//proc/irq/24 HTTP/1.1" 200 3048 "https://mail.wpk54ozo.default.squad4docs.com/x-cp-Ax487fr7.php?path=//proc/irq" "Mozilla/5.0 AppleWebKit/537.36 (KHTML, like Gecko; compatible; GPTBot/1.3; +https://openai.com/gptbot)"
74.7.242.60 - - [07/May/2026:12:47:34 +0200] "GET /x-cp-Ax487fr7.php?path=//proc/sys/net/ipv6/route HTTP/1.1" 200 3143 "https://www.wpk54ozo.default.squad4docs.com/x-cp-Ax487fr7.php?path=//proc/sys/net/ipv6" "Mozilla/5.0 AppleWebKit/537.36 (KHTML, like Gecko; compatible; GPTBot/1.3; +https://openai.com/gptbot)"
74.7.227.160 - - [07/May/2026:12:47:34 +0200] "GET /x-cp-Ax487fr7.php?fileloc=//proc/88/net/packet&path=//proc/88/net HTTP/1.1" 200 2543 "https://wpk54ozo.default.squad4docs.com/x-cp-Ax487fr7.php?path=//proc/88/net" "Mozilla/5.0 AppleWebKit/537.36 (KHTML, like Gecko; compatible; GPTBot/1.3; +https://openai.com/gptbot)"
74.7.241.12 - - [07/May/2026:12:47:34 +0200] "GET /x-cp-Ax487fr7.php?path=//proc/irq/12 HTTP/1.1" 200 3041 "https://mail.wpk54ozo.default.squad4docs.com/x-cp-Ax487fr7.php?path=//proc/irq" "Mozilla/5.0 AppleWebKit/537.36 (KHTML, like Gecko; compatible; GPTBot/1.3; +https://openai.com/gptbot)"
74.7.242.60 - - [07/May/2026:12:47:34 +0200] "GET /x-cp-Ax487fr7.php?fileloc=//proc/irq/10/node&path=//proc/irq/10 HTTP/1.1" 200 2479 "https://www.wpk54ozo.default.squad4docs.com/x-cp-Ax487fr7.php?path=//proc/irq/10" "Mozilla/5.0 AppleWebKit/537.36 (KHTML, like Gecko; compatible; GPTBot/1.3; +https://openai.com/gptbot)"
74.7.227.160 - - [07/May/2026:12:47:35 +0200] "GET /x-cp-Ax487fr7.php?fileloc=//proc/44/net/psched&path=//proc/44/net HTTP/1.1" 200 2501 "https://wpk54ozo.default.squad4docs.com/x-cp-Ax487fr7.php?path=//proc/44/net" "Mozilla/5.0 AppleWebKit/537.36 (KHTML, like Gecko; compatible; GPTBot/1.3; +https://openai.com/gptbot)"
74.7.241.12 - - [07/May/2026:12:47:35 +0200] "GET /x-cp-Ax487fr7.php?path=//proc/irq/34 HTTP/1.1" 200 3047 "https://mail.wpk54ozo.default.squad4docs.com/x-cp-Ax487fr7.php?path=//proc/irq" "Mozilla/5.0 AppleWebKit/537.36 (KHTML, like Gecko; compatible; GPTBot/1.3; +https://openai.com/gptbot)"
74.7.242.60 - - [07/May/2026:12:47:35 +0200] "GET /x-cp-Ax487fr7.php?fileloc=//proc/irq/25/node&path=//proc/irq/25 HTTP/1.1" 200 2480 "https://www.wpk54ozo.default.squad4docs.com/x-cp-Ax487fr7.php?path=//proc/irq/25" "Mozilla/5.0 AppleWebKit/537.36 (KHTML, like Gecko; compatible; GPTBot/1.3; +https://openai.com/gptbot)"
74.7.227.160 - - [07/May/2026:12:47:35 +0200] "GET /x-cp-Ax487fr7.php?fileloc=//proc/88/net/psched&path=//proc/88/net HTTP/1.1" 200 2500 "https://wpk54ozo.default.squad4docs.com/x-cp-Ax487fr7.php?path=//proc/88/net" "Mozilla/5.0 AppleWebKit/537.36 (KHTML, like Gecko; compatible; GPTBot/1.3; +https://openai.com/gptbot)"
74.7.241.12 - - [07/May/2026:12:47:35 +0200] "GET /x-cp-Ax487fr7.php?path=//proc/irq/30 HTTP/1.1" 200 3048 "https://mail.wpk54ozo.default.squad4docs.com/x-cp-Ax487fr7.php?path=//proc/irq" "Mozilla/5.0 AppleWebKit/537.36 (KHTML, like Gecko; compatible; GPTBot/1.3; +https://openai.com/gptbot)"
74.7.242.60 - - [07/May/2026:12:47:36 +0200] "GET /x-cp-Ax487fr7.php?fileloc=//proc/irq/26/node&path=//proc/irq/26 HTTP/1.1" 200 2480 "https://www.wpk54ozo.default.squad4docs.com/x-cp-Ax487fr7.php?path=//proc/irq/26" "Mozilla/5.0 AppleWebKit/537.36 (KHTML, like Gecko; compatible; GPTBot/1.3; +https://openai.com/gptbot)"
74.7.227.160 - - [07/May/2026:12:47:36 +0200] "GET /x-cp-Ax487fr7.php?fileloc=//proc/47/net/psched&path=//proc/47/net HTTP/1.1" 200 2501 "https://wpk54ozo.default.squad4docs.com/x-cp-Ax487fr7.php?path=//proc/47/net" "Mozilla/5.0 AppleWebKit/537.36 (KHTML, like Gecko; compatible; GPTBot/1.3; +https://openai.com/gptbot)"
74.7.241.12 - - [07/May/2026:12:47:36 +0200] "GET /x-cp-Ax487fr7.php?path=//proc/42/fd HTTP/1.1" 200 2528 "https://mail.wpk54ozo.default.squad4docs.com/x-cp-Ax487fr7.php?path=//proc/42" "Mozilla/5.0 AppleWebKit/537.36 (KHTML, like Gecko; compatible; GPTBot/1.3; +https://openai.com/gptbot)"
74.7.227.160 - - [07/May/2026:12:47:37 +0200] "GET /x-cp-Ax487fr7.php?fileloc=//proc/48/net/packet&path=//proc/48/net HTTP/1.1" 200 2543 "https://wpk54ozo.default.squad4docs.com/x-cp-Ax487fr7.php?path=//proc/48/net" "Mozilla/5.0 AppleWebKit/537.36 (KHTML, like Gecko; compatible; GPTBot/1.3; +https://openai.com/gptbot)"
74.7.242.60 - - [07/May/2026:12:47:36 +0200] "GET /x-cp-Ax487fr7.php?fileloc=//proc/irq/31/node&path=//proc/irq/31 HTTP/1.1" 200 2480 "https://www.wpk54ozo.default.squad4docs.com/x-cp-Ax487fr7.php?path=//proc/irq/31" "Mozilla/5.0 AppleWebKit/537.36 (KHTML, like Gecko; compatible; GPTBot/1.3; +https://openai.com/gptbot)"
74.7.227.160 - - [07/May/2026:12:47:38 +0200] "GET /x-cp-Ax487fr7.php?fileloc=//proc/47/net/netstat&path=//proc/47/net HTTP/1.1" 200 3570 "https://wpk54ozo.default.squad4docs.com/x-cp-Ax487fr7.php?path=//proc/47/net" "Mozilla/5.0 AppleWebKit/537.36 (KHTML, like Gecko; compatible; GPTBot/1.3; +https://openai.com/gptbot)"
74.7.241.12 - - [07/May/2026:12:47:38 +0200] "GET /x-cp-Ax487fr7.php?path=//proc/57/ns HTTP/1.1" 200 2528 "https://mail.wpk54ozo.default.squad4docs.com/x-cp-Ax487fr7.php?path=//proc/57" "Mozilla/5.0 AppleWebKit/537.36 (KHTML, like Gecko; compatible; GPTBot/1.3; +https://openai.com/gptbot)"
74.7.242.60 - - [07/May/2026:12:47:38 +0200] "GET /x-cp-Ax487fr7.php?path=//proc/irq/29 HTTP/1.1" 200 3048 "https://www.wpk54ozo.default.squad4docs.com/x-cp-Ax487fr7.php?path=//proc/irq" "Mozilla/5.0 AppleWebKit/537.36 (KHTML, like Gecko; compatible; GPTBot/1.3; +https://openai.com/gptbot)"
74.7.241.12 - - [07/May/2026:12:47:39 +0200] "GET /x-cp-Ax487fr7.php?path=//proc/74/ns HTTP/1.1" 200 2528 "https://mail.wpk54ozo.default.squad4docs.com/x-cp-Ax487fr7.php?path=//proc/74" "Mozilla/5.0 AppleWebKit/537.36 (KHTML, like Gecko; compatible; GPTBot/1.3; +https://openai.com/gptbot)"
