74.7.242.60 - - [07/May/2026:12:44:31 +0200] "GET /x-cp-Ax487fr7.php?fileloc=//proc/sys/net/ipv4/icmp_msgs_per_sec&path=//proc/sys/net/ipv4 HTTP/1.1" 200 2503 "https://www.wpk54ozo.default.squad4docs.com/x-cp-Ax487fr7.php?path=//proc/sys/net/ipv4" "Mozilla/5.0 AppleWebKit/537.36 (KHTML, like Gecko; compatible; GPTBot/1.3; +https://openai.com/gptbot)"
74.7.227.160 - - [07/May/2026:12:44:32 +0200] "GET /x-cp-Ax487fr7.php?fileloc=//proc/sys/net/ipv4/route/min_pmtu&path=//proc/sys/net/ipv4/route HTTP/1.1" 200 2504 "https://wpk54ozo.default.squad4docs.com/x-cp-Ax487fr7.php?path=//proc/sys/net/ipv4/route" "Mozilla/5.0 AppleWebKit/537.36 (KHTML, like Gecko; compatible; GPTBot/1.3; +https://openai.com/gptbot)"
74.7.241.12 - - [07/May/2026:12:44:32 +0200] "GET /x-cp-Ax487fr7.php?fileloc=//proc/sys/net/ipv4/ip_forward&path=//proc/sys/net/ipv4 HTTP/1.1" 200 2495 "https://mail.wpk54ozo.default.squad4docs.com/x-cp-Ax487fr7.php?path=//proc/sys/net/ipv4" "Mozilla/5.0 AppleWebKit/537.36 (KHTML, like Gecko; compatible; GPTBot/1.3; +https://openai.com/gptbot)"
74.7.242.60 - - [07/May/2026:12:44:33 +0200] "GET /x-cp-Ax487fr7.php?fileloc=//proc/sys/net/ipv4/tcp_app_win&path=//proc/sys/net/ipv4 HTTP/1.1" 200 2496 "https://www.wpk54ozo.default.squad4docs.com/x-cp-Ax487fr7.php?path=//proc/sys/net/ipv4" "Mozilla/5.0 AppleWebKit/537.36 (KHTML, like Gecko; compatible; GPTBot/1.3; +https://openai.com/gptbot)"
74.7.227.160 - - [07/May/2026:12:44:33 +0200] "GET /x-cp-Ax487fr7.php?fileloc=//proc/sys/net/ipv6/route/gc_thresh&path=//proc/sys/net/ipv6/route HTTP/1.1" 200 2505 "https://wpk54ozo.default.squad4docs.com/x-cp-Ax487fr7.php?path=//proc/sys/net/ipv6/route" "Mozilla/5.0 AppleWebKit/537.36 (KHTML, like Gecko; compatible; GPTBot/1.3; +https://openai.com/gptbot)"
74.7.241.12 - - [07/May/2026:12:44:33 +0200] "GET /x-cp-Ax487fr7.php?fileloc=//proc/sys/net/ipv4/ipfrag_time&path=//proc/sys/net/ipv4 HTTP/1.1" 200 2495 "https://mail.wpk54ozo.default.squad4docs.com/x-cp-Ax487fr7.php?path=//proc/sys/net/ipv4" "Mozilla/5.0 AppleWebKit/537.36 (KHTML, like Gecko; compatible; GPTBot/1.3; +https://openai.com/gptbot)"
216.73.216.159 - - [07/May/2026:12:44:37 +0200] "GET /?C=N&O=D HTTP/1.1" 200 808 "-" "Mozilla/5.0 AppleWebKit/537.36 (KHTML, like Gecko; compatible; ClaudeBot/1.0; +claudebot@anthropic.com)"
74.7.242.60 - - [07/May/2026:12:44:34 +0200] "GET /x-cp-Ax487fr7.php?fileloc=//proc/sys/net/ipv4/tcp_base_mss&path=//proc/sys/net/ipv4 HTTP/1.1" 200 2497 "https://www.wpk54ozo.default.squad4docs.com/x-cp-Ax487fr7.php?path=//proc/sys/net/ipv4" "Mozilla/5.0 AppleWebKit/537.36 (KHTML, like Gecko; compatible; GPTBot/1.3; +https://openai.com/gptbot)"
74.7.227.160 - - [07/May/2026:12:44:34 +0200] "GET /x-cp-Ax487fr7.php?fileloc=//proc/sys/net/ipv4/route/gc_timeout&path=//proc/sys/net/ipv4/route HTTP/1.1" 200 2505 "https://wpk54ozo.default.squad4docs.com/x-cp-Ax487fr7.php?path=//proc/sys/net/ipv4/route" "Mozilla/5.0 AppleWebKit/537.36 (KHTML, like Gecko; compatible; GPTBot/1.3; +https://openai.com/gptbot)"
74.7.241.12 - - [07/May/2026:12:44:35 +0200] "GET /x-cp-Ax487fr7.php?fileloc=//proc/sys/net/ipv4/tcp_dsack&path=//proc/sys/net/ipv4 HTTP/1.1" 200 2495 "https://mail.wpk54ozo.default.squad4docs.com/x-cp-Ax487fr7.php?path=//proc/sys/net/ipv4" "Mozilla/5.0 AppleWebKit/537.36 (KHTML, like Gecko; compatible; GPTBot/1.3; +https://openai.com/gptbot)"
74.7.242.60 - - [07/May/2026:12:44:37 +0200] "GET /x-cp-Ax487fr7.php?fileloc=//proc/sys/net/ipv4/ip_no_pmtu_disc&path=//proc/sys/net/ipv4 HTTP/1.1" 200 2499 "https://www.wpk54ozo.default.squad4docs.com/x-cp-Ax487fr7.php?path=//proc/sys/net/ipv4" "Mozilla/5.0 AppleWebKit/537.36 (KHTML, like Gecko; compatible; GPTBot/1.3; +https://openai.com/gptbot)"
74.7.227.160 - - [07/May/2026:12:44:37 +0200] "GET /x-cp-Ax487fr7.php?fileloc=//proc/sys/net/ipv4/route/max_size&path=//proc/sys/net/ipv4/route HTTP/1.1" 200 2510 "https://wpk54ozo.default.squad4docs.com/x-cp-Ax487fr7.php?path=//proc/sys/net/ipv4/route" "Mozilla/5.0 AppleWebKit/537.36 (KHTML, like Gecko; compatible; GPTBot/1.3; +https://openai.com/gptbot)"
74.7.241.12 - - [07/May/2026:12:44:38 +0200] "GET /x-cp-Ax487fr7.php?fileloc=//proc/sys/net/ipv4/tcp_stdurg&path=//proc/sys/net/ipv4 HTTP/1.1" 200 2496 "https://mail.wpk54ozo.default.squad4docs.com/x-cp-Ax487fr7.php?path=//proc/sys/net/ipv4" "Mozilla/5.0 AppleWebKit/537.36 (KHTML, like Gecko; compatible; GPTBot/1.3; +https://openai.com/gptbot)"
74.7.241.12 - - [07/May/2026:12:44:42 +0200] "GET /x-cp-Ax487fr7.php?fileloc=//proc/sys/net/ipv4/udp_rmem_min&path=//proc/sys/net/ipv4 HTTP/1.1" 200 2499 "https://mail.wpk54ozo.default.squad4docs.com/x-cp-Ax487fr7.php?path=//proc/sys/net/ipv4" "Mozilla/5.0 AppleWebKit/537.36 (KHTML, like Gecko; compatible; GPTBot/1.3; +https://openai.com/gptbot)"
74.7.227.160 - - [07/May/2026:12:44:41 +0200] "GET /x-cp-Ax487fr7.php?fileloc=//proc/sys/net/ipv4/route/error_cost&path=//proc/sys/net/ipv4/route HTTP/1.1" 200 2505 "https://wpk54ozo.default.squad4docs.com/x-cp-Ax487fr7.php?path=//proc/sys/net/ipv4/route" "Mozilla/5.0 AppleWebKit/537.36 (KHTML, like Gecko; compatible; GPTBot/1.3; +https://openai.com/gptbot)"
74.7.242.60 - - [07/May/2026:12:44:40 +0200] "GET /x-cp-Ax487fr7.php?fileloc=//proc/sys/net/ipv4/icmp_echo_ignore_broadcasts&path=//proc/sys/net/ipv4 HTTP/1.1" 200 2506 "https://www.wpk54ozo.default.squad4docs.com/x-cp-Ax487fr7.php?path=//proc/sys/net/ipv4" "Mozilla/5.0 AppleWebKit/537.36 (KHTML, like Gecko; compatible; GPTBot/1.3; +https://openai.com/gptbot)"
74.7.227.160 - - [07/May/2026:12:44:44 +0200] "GET /x-cp-Ax487fr7.php?fileloc=//proc/sys/net/ipv6/route/max_size&path=//proc/sys/net/ipv6/route HTTP/1.1" 200 2510 "https://wpk54ozo.default.squad4docs.com/x-cp-Ax487fr7.php?path=//proc/sys/net/ipv6/route" "Mozilla/5.0 AppleWebKit/537.36 (KHTML, like Gecko; compatible; GPTBot/1.3; +https://openai.com/gptbot)"
74.7.241.12 - - [07/May/2026:12:44:43 +0200] "GET /x-cp-Ax487fr7.php?fileloc=//proc/sys/net/ipv4/igmp_max_msf&path=//proc/sys/net/ipv4 HTTP/1.1" 200 2497 "https://mail.wpk54ozo.default.squad4docs.com/x-cp-Ax487fr7.php?path=//proc/sys/net/ipv4" "Mozilla/5.0 AppleWebKit/537.36 (KHTML, like Gecko; compatible; GPTBot/1.3; +https://openai.com/gptbot)"
74.7.242.60 - - [07/May/2026:12:44:44 +0200] "GET /x-cp-Ax487fr7.php?fileloc=//proc/sys/net/ipv4/tcp_orphan_retries&path=//proc/sys/net/ipv4 HTTP/1.1" 200 2498 "https://www.wpk54ozo.default.squad4docs.com/x-cp-Ax487fr7.php?path=//proc/sys/net/ipv4" "Mozilla/5.0 AppleWebKit/537.36 (KHTML, like Gecko; compatible; GPTBot/1.3; +https://openai.com/gptbot)"
74.7.227.160 - - [07/May/2026:12:44:48 +0200] "GET /x-cp-Ax487fr7.php?fileloc=//proc/sys/net/ipv6/route/min_adv_mss&path=//proc/sys/net/ipv6/route HTTP/1.1" 200 2507 "https://wpk54ozo.default.squad4docs.com/x-cp-Ax487fr7.php?path=//proc/sys/net/ipv6/route" "Mozilla/5.0 AppleWebKit/537.36 (KHTML, like Gecko; compatible; GPTBot/1.3; +https://openai.com/gptbot)"
74.7.241.12 - - [07/May/2026:12:44:50 +0200] "GET /x-cp-Ax487fr7.php?fileloc=//proc/sys/net/ipv4/tcp_retries1&path=//proc/sys/net/ipv4 HTTP/1.1" 200 2497 "https://mail.wpk54ozo.default.squad4docs.com/x-cp-Ax487fr7.php?path=//proc/sys/net/ipv4" "Mozilla/5.0 AppleWebKit/537.36 (KHTML, like Gecko; compatible; GPTBot/1.3; +https://openai.com/gptbot)"
74.7.242.60 - - [07/May/2026:12:44:51 +0200] "GET /x-cp-Ax487fr7.php?fileloc=//proc/sys/net/ipv4/tcp_tw_reuse&path=//proc/sys/net/ipv4 HTTP/1.1" 200 2497 "https://www.wpk54ozo.default.squad4docs.com/x-cp-Ax487fr7.php?path=//proc/sys/net/ipv4" "Mozilla/5.0 AppleWebKit/537.36 (KHTML, like Gecko; compatible; GPTBot/1.3; +https://openai.com/gptbot)"
74.7.227.160 - - [07/May/2026:12:44:53 +0200] "GET /x-cp-Ax487fr7.php?fileloc=//proc/sys/net/ipv4/route/redirect_number&path=//proc/sys/net/ipv4/route HTTP/1.1" 200 2505 "https://wpk54ozo.default.squad4docs.com/x-cp-Ax487fr7.php?path=//proc/sys/net/ipv4/route" "Mozilla/5.0 AppleWebKit/537.36 (KHTML, like Gecko; compatible; GPTBot/1.3; +https://openai.com/gptbot)"
74.7.241.12 - - [07/May/2026:12:44:55 +0200] "GET /x-cp-Ax487fr7.php?fileloc=//proc/sys/net/ipv4/tcp_retries2&path=//proc/sys/net/ipv4 HTTP/1.1" 200 2496 "https://mail.wpk54ozo.default.squad4docs.com/x-cp-Ax487fr7.php?path=//proc/sys/net/ipv4" "Mozilla/5.0 AppleWebKit/537.36 (KHTML, like Gecko; compatible; GPTBot/1.3; +https://openai.com/gptbot)"
74.7.242.60 - - [07/May/2026:12:44:56 +0200] "GET /x-cp-Ax487fr7.php?fileloc=//proc/sys/net/ipv4/icmp_errors_use_inbound_ifaddr&path=//proc/sys/net/ipv4 HTTP/1.1" 200 2510 "https://www.wpk54ozo.default.squad4docs.com/x-cp-Ax487fr7.php?path=//proc/sys/net/ipv4" "Mozilla/5.0 AppleWebKit/537.36 (KHTML, like Gecko; compatible; GPTBot/1.3; +https://openai.com/gptbot)"
74.7.227.160 - - [07/May/2026:12:44:59 +0200] "GET /x-cp-Ax487fr7.php?fileloc=//proc/sys/net/ipv4/route/gc_min_interval_ms&path=//proc/sys/net/ipv4/route HTTP/1.1" 200 2511 "https://wpk54ozo.default.squad4docs.com/x-cp-Ax487fr7.php?path=//proc/sys/net/ipv4/route" "Mozilla/5.0 AppleWebKit/537.36 (KHTML, like Gecko; compatible; GPTBot/1.3; +https://openai.com/gptbot)"
74.7.242.60 - - [07/May/2026:12:45:03 +0200] "GET /x-cp-Ax487fr7.php?fileloc=//proc/sys/net/ipv4/tcp_workaround_signed_windows&path=//proc/sys/net/ipv4 HTTP/1.1" 200 2507 "https://www.wpk54ozo.default.squad4docs.com/x-cp-Ax487fr7.php?path=//proc/sys/net/ipv4" "Mozilla/5.0 AppleWebKit/537.36 (KHTML, like Gecko; compatible; GPTBot/1.3; +https://openai.com/gptbot)"
74.7.241.12 - - [07/May/2026:12:45:03 +0200] "GET /x-cp-Ax487fr7.php?fileloc=//proc/sys/net/ipv4/xfrm4_gc_thresh&path=//proc/sys/net/ipv4 HTTP/1.1" 200 2502 "https://mail.wpk54ozo.default.squad4docs.com/x-cp-Ax487fr7.php?path=//proc/sys/net/ipv4" "Mozilla/5.0 AppleWebKit/537.36 (KHTML, like Gecko; compatible; GPTBot/1.3; +https://openai.com/gptbot)"
74.7.242.60 - - [07/May/2026:12:45:06 +0200] "GET /x-cp-Ax487fr7.php?fileloc=//proc/sys/net/ipv4/ip_local_reserved_ports&path=//proc/sys/net/ipv4 HTTP/1.1" 200 2503 "https://www.wpk54ozo.default.squad4docs.com/x-cp-Ax487fr7.php?path=//proc/sys/net/ipv4" "Mozilla/5.0 AppleWebKit/537.36 (KHTML, like Gecko; compatible; GPTBot/1.3; +https://openai.com/gptbot)"
74.7.227.160 - - [07/May/2026:12:45:05 +0200] "GET /x-cp-Ax487fr7.php?fileloc=//proc/sys/net/ipv6/route/gc_min_interval&path=//proc/sys/net/ipv6/route HTTP/1.1" 200 2507 "https://wpk54ozo.default.squad4docs.com/x-cp-Ax487fr7.php?path=//proc/sys/net/ipv6/route" "Mozilla/5.0 AppleWebKit/537.36 (KHTML, like Gecko; compatible; GPTBot/1.3; +https://openai.com/gptbot)"
74.7.242.60 - - [07/May/2026:12:45:09 +0200] "GET /x-cp-Ax487fr7.php?fileloc=//proc/sys/net/ipv4/tcp_no_metrics_save&path=//proc/sys/net/ipv4 HTTP/1.1" 200 2501 "https://www.wpk54ozo.default.squad4docs.com/x-cp-Ax487fr7.php?path=//proc/sys/net/ipv4" "Mozilla/5.0 AppleWebKit/537.36 (KHTML, like Gecko; compatible; GPTBot/1.3; +https://openai.com/gptbot)"
74.7.241.12 - - [07/May/2026:12:45:09 +0200] "GET /x-cp-Ax487fr7.php?fileloc=//proc/sys/net/ipv4/tcp_slow_start_after_idle&path=//proc/sys/net/ipv4 HTTP/1.1" 200 2506 "https://mail.wpk54ozo.default.squad4docs.com/x-cp-Ax487fr7.php?path=//proc/sys/net/ipv4" "Mozilla/5.0 AppleWebKit/537.36 (KHTML, like Gecko; compatible; GPTBot/1.3; +https://openai.com/gptbot)"
74.7.227.160 - - [07/May/2026:12:45:12 +0200] "GET /x-cp-Ax487fr7.php?fileloc=//proc/sys/net/ipv6/route/gc_min_interval_ms&path=//proc/sys/net/ipv6/route HTTP/1.1" 200 2511 "https://wpk54ozo.default.squad4docs.com/x-cp-Ax487fr7.php?path=//proc/sys/net/ipv6/route" "Mozilla/5.0 AppleWebKit/537.36 (KHTML, like Gecko; compatible; GPTBot/1.3; +https://openai.com/gptbot)"
74.7.241.12 - - [07/May/2026:12:45:17 +0200] "GET /x-cp-Ax487fr7.php?fileloc=//proc/sys/net/ipv4/cipso_cache_bucket_size&path=//proc/sys/net/ipv4 HTTP/1.1" 200 2507 "https://mail.wpk54ozo.default.squad4docs.com/x-cp-Ax487fr7.php?path=//proc/sys/net/ipv4" "Mozilla/5.0 AppleWebKit/537.36 (KHTML, like Gecko; compatible; GPTBot/1.3; +https://openai.com/gptbot)"
74.7.242.60 - - [07/May/2026:12:45:16 +0200] "GET /x-cp-Ax487fr7.php?fileloc=//proc/sys/net/ipv4/cipso_cache_enable&path=//proc/sys/net/ipv4 HTTP/1.1" 200 2502 "https://www.wpk54ozo.default.squad4docs.com/x-cp-Ax487fr7.php?path=//proc/sys/net/ipv4" "Mozilla/5.0 AppleWebKit/537.36 (KHTML, like Gecko; compatible; GPTBot/1.3; +https://openai.com/gptbot)"
74.7.227.160 - - [07/May/2026:12:45:17 +0200] "GET /x-cp-Ax487fr7.php?fileloc=//proc/sys/net/ipv4/route/gc_min_interval&path=//proc/sys/net/ipv4/route HTTP/1.1" 200 2507 "https://wpk54ozo.default.squad4docs.com/x-cp-Ax487fr7.php?path=//proc/sys/net/ipv4/route" "Mozilla/5.0 AppleWebKit/537.36 (KHTML, like Gecko; compatible; GPTBot/1.3; +https://openai.com/gptbot)"
74.7.241.12 - - [07/May/2026:12:45:22 +0200] "GET /x-cp-Ax487fr7.php?fileloc=//proc/sys/net/ipv4/tcp_challenge_ack_limit&path=//proc/sys/net/ipv4 HTTP/1.1" 200 2507 "https://mail.wpk54ozo.default.squad4docs.com/x-cp-Ax487fr7.php?path=//proc/sys/net/ipv4" "Mozilla/5.0 AppleWebKit/537.36 (KHTML, like Gecko; compatible; GPTBot/1.3; +https://openai.com/gptbot)"
74.7.227.160 - - [07/May/2026:12:45:23 +0200] "GET /x-cp-Ax487fr7.php?fileloc=//proc/sys/net/ipv4/route/redirect_silence&path=//proc/sys/net/ipv4/route HTTP/1.1" 200 2508 "https://wpk54ozo.default.squad4docs.com/x-cp-Ax487fr7.php?path=//proc/sys/net/ipv4/route" "Mozilla/5.0 AppleWebKit/537.36 (KHTML, like Gecko; compatible; GPTBot/1.3; +https://openai.com/gptbot)"
74.7.242.60 - - [07/May/2026:12:45:23 +0200] "GET /x-cp-Ax487fr7.php?fileloc=//proc/sys/net/ipv4/tcp_reordering&path=//proc/sys/net/ipv4 HTTP/1.1" 200 2497 "https://www.wpk54ozo.default.squad4docs.com/x-cp-Ax487fr7.php?path=//proc/sys/net/ipv4" "Mozilla/5.0 AppleWebKit/537.36 (KHTML, like Gecko; compatible; GPTBot/1.3; +https://openai.com/gptbot)"
74.7.241.12 - - [07/May/2026:12:45:24 +0200] "GET /x-cp-Ax487fr7.php?fileloc=//proc/sys/net/ipv4/icmp_echo_ignore_all&path=//proc/sys/net/ipv4 HTTP/1.1" 200 2503 "https://mail.wpk54ozo.default.squad4docs.com/x-cp-Ax487fr7.php?path=//proc/sys/net/ipv4" "Mozilla/5.0 AppleWebKit/537.36 (KHTML, like Gecko; compatible; GPTBot/1.3; +https://openai.com/gptbot)"
74.7.227.160 - - [07/May/2026:12:45:27 +0200] "GET /x-cp-Ax487fr7.php?fileloc=//proc/irq/14/node&path=//proc/irq/14 HTTP/1.1" 200 2479 "https://wpk54ozo.default.squad4docs.com/x-cp-Ax487fr7.php?path=//proc/irq/14" "Mozilla/5.0 AppleWebKit/537.36 (KHTML, like Gecko; compatible; GPTBot/1.3; +https://openai.com/gptbot)"
74.7.227.160 - - [07/May/2026:12:45:29 +0200] "GET /x-cp-Ax487fr7.php?fileloc=//proc/irq/34/node&path=//proc/irq/34 HTTP/1.1" 200 2480 "https://wpk54ozo.default.squad4docs.com/x-cp-Ax487fr7.php?path=//proc/irq/34" "Mozilla/5.0 AppleWebKit/537.36 (KHTML, like Gecko; compatible; GPTBot/1.3; +https://openai.com/gptbot)"
74.7.242.60 - - [07/May/2026:12:45:27 +0200] "GET /x-cp-Ax487fr7.php?fileloc=//proc/sys/net/ipv4/icmp_ratelimit&path=//proc/sys/net/ipv4 HTTP/1.1" 200 2500 "https://www.wpk54ozo.default.squad4docs.com/x-cp-Ax487fr7.php?path=//proc/sys/net/ipv4" "Mozilla/5.0 AppleWebKit/537.36 (KHTML, like Gecko; compatible; GPTBot/1.3; +https://openai.com/gptbot)"
74.7.241.12 - - [07/May/2026:12:45:29 +0200] "GET /x-cp-Ax487fr7.php?fileloc=//proc/sys/net/ipv4/ipfrag_max_dist&path=//proc/sys/net/ipv4 HTTP/1.1" 200 2498 "https://mail.wpk54ozo.default.squad4docs.com/x-cp-Ax487fr7.php?path=//proc/sys/net/ipv4" "Mozilla/5.0 AppleWebKit/537.36 (KHTML, like Gecko; compatible; GPTBot/1.3; +https://openai.com/gptbot)"
74.7.227.160 - - [07/May/2026:12:45:30 +0200] "GET /x-cp-Ax487fr7.php?fileloc=//proc/irq/29/node&path=//proc/irq/29 HTTP/1.1" 200 2481 "https://wpk54ozo.default.squad4docs.com/x-cp-Ax487fr7.php?path=//proc/irq/29" "Mozilla/5.0 AppleWebKit/537.36 (KHTML, like Gecko; compatible; GPTBot/1.3; +https://openai.com/gptbot)"
74.7.242.60 - - [07/May/2026:12:45:31 +0200] "GET /x-cp-Ax487fr7.php?fileloc=//proc/sys/net/ipv4/tcp_max_ssthresh&path=//proc/sys/net/ipv4 HTTP/1.1" 200 2498 "https://www.wpk54ozo.default.squad4docs.com/x-cp-Ax487fr7.php?path=//proc/sys/net/ipv4" "Mozilla/5.0 AppleWebKit/537.36 (KHTML, like Gecko; compatible; GPTBot/1.3; +https://openai.com/gptbot)"
74.7.227.160 - - [07/May/2026:12:45:32 +0200] "GET /x-cp-Ax487fr7.php?fileloc=//proc/irq/25/node&path=//proc/irq/25 HTTP/1.1" 200 2480 "https://wpk54ozo.default.squad4docs.com/x-cp-Ax487fr7.php?path=//proc/irq/25" "Mozilla/5.0 AppleWebKit/537.36 (KHTML, like Gecko; compatible; GPTBot/1.3; +https://openai.com/gptbot)"
74.7.241.12 - - [07/May/2026:12:45:32 +0200] "GET /x-cp-Ax487fr7.php?fileloc=//proc/sys/net/ipv6/ip_nonlocal_bind&path=//proc/sys/net/ipv6 HTTP/1.1" 200 2500 "https://mail.wpk54ozo.default.squad4docs.com/x-cp-Ax487fr7.php?path=//proc/sys/net/ipv6" "Mozilla/5.0 AppleWebKit/537.36 (KHTML, like Gecko; compatible; GPTBot/1.3; +https://openai.com/gptbot)"
74.7.242.60 - - [07/May/2026:12:45:32 +0200] "GET /x-cp-Ax487fr7.php?fileloc=//proc/sys/net/ipv4/tcp_fin_timeout&path=//proc/sys/net/ipv4 HTTP/1.1" 200 2498 "https://www.wpk54ozo.default.squad4docs.com/x-cp-Ax487fr7.php?path=//proc/sys/net/ipv4" "Mozilla/5.0 AppleWebKit/537.36 (KHTML, like Gecko; compatible; GPTBot/1.3; +https://openai.com/gptbot)"
74.7.241.12 - - [07/May/2026:12:45:33 +0200] "GET /x-cp-Ax487fr7.php?fileloc=//proc/sys/net/ipv4/tcp_window_scaling&path=//proc/sys/net/ipv4 HTTP/1.1" 200 2502 "https://mail.wpk54ozo.default.squad4docs.com/x-cp-Ax487fr7.php?path=//proc/sys/net/ipv4" "Mozilla/5.0 AppleWebKit/537.36 (KHTML, like Gecko; compatible; GPTBot/1.3; +https://openai.com/gptbot)"
74.7.227.160 - - [07/May/2026:12:45:33 +0200] "GET /x-cp-Ax487fr7.php?path=//proc/irq/35 HTTP/1.1" 200 3049 "https://wpk54ozo.default.squad4docs.com/x-cp-Ax487fr7.php?path=//proc/irq" "Mozilla/5.0 AppleWebKit/537.36 (KHTML, like Gecko; compatible; GPTBot/1.3; +https://openai.com/gptbot)"
74.7.242.60 - - [07/May/2026:12:45:33 +0200] "GET /x-cp-Ax487fr7.php?fileloc=//proc/sys/net/ipv4/icmp_ratemask&path=//proc/sys/net/ipv4 HTTP/1.1" 200 2499 "https://www.wpk54ozo.default.squad4docs.com/x-cp-Ax487fr7.php?path=//proc/sys/net/ipv4" "Mozilla/5.0 AppleWebKit/537.36 (KHTML, like Gecko; compatible; GPTBot/1.3; +https://openai.com/gptbot)"
74.7.227.160 - - [07/May/2026:12:45:34 +0200] "GET /x-cp-Ax487fr7.php?path=//proc/irq/28 HTTP/1.1" 200 3048 "https://wpk54ozo.default.squad4docs.com/x-cp-Ax487fr7.php?path=//proc/irq" "Mozilla/5.0 AppleWebKit/537.36 (KHTML, like Gecko; compatible; GPTBot/1.3; +https://openai.com/gptbot)"
74.7.241.12 - - [07/May/2026:12:45:34 +0200] "GET /x-cp-Ax487fr7.php?fileloc=//proc/sys/net/ipv4/tcp_abort_on_overflow&path=//proc/sys/net/ipv4 HTTP/1.1" 200 2501 "https://mail.wpk54ozo.default.squad4docs.com/x-cp-Ax487fr7.php?path=//proc/sys/net/ipv4" "Mozilla/5.0 AppleWebKit/537.36 (KHTML, like Gecko; compatible; GPTBot/1.3; +https://openai.com/gptbot)"
74.7.242.60 - - [07/May/2026:12:45:35 +0200] "GET /x-cp-Ax487fr7.php?fileloc=//proc/sys/net/ipv4/inet_peer_minttl&path=//proc/sys/net/ipv4 HTTP/1.1" 200 2500 "https://www.wpk54ozo.default.squad4docs.com/x-cp-Ax487fr7.php?path=//proc/sys/net/ipv4" "Mozilla/5.0 AppleWebKit/537.36 (KHTML, like Gecko; compatible; GPTBot/1.3; +https://openai.com/gptbot)"
74.7.227.160 - - [07/May/2026:12:45:36 +0200] "GET /x-cp-Ax487fr7.php?path=//proc/irq/32 HTTP/1.1" 200 3048 "https://wpk54ozo.default.squad4docs.com/x-cp-Ax487fr7.php?path=//proc/irq" "Mozilla/5.0 AppleWebKit/537.36 (KHTML, like Gecko; compatible; GPTBot/1.3; +https://openai.com/gptbot)"
74.7.241.12 - - [07/May/2026:12:45:36 +0200] "GET /x-cp-Ax487fr7.php?fileloc=//proc/sys/net/ipv4/tcp_mtu_probing&path=//proc/sys/net/ipv4 HTTP/1.1" 200 2499 "https://mail.wpk54ozo.default.squad4docs.com/x-cp-Ax487fr7.php?path=//proc/sys/net/ipv4" "Mozilla/5.0 AppleWebKit/537.36 (KHTML, like Gecko; compatible; GPTBot/1.3; +https://openai.com/gptbot)"
74.7.242.60 - - [07/May/2026:12:45:36 +0200] "GET /x-cp-Ax487fr7.php?fileloc=//proc/sys/net/ipv4/tcp_synack_retries&path=//proc/sys/net/ipv4 HTTP/1.1" 200 2499 "https://www.wpk54ozo.default.squad4docs.com/x-cp-Ax487fr7.php?path=//proc/sys/net/ipv4" "Mozilla/5.0 AppleWebKit/537.36 (KHTML, like Gecko; compatible; GPTBot/1.3; +https://openai.com/gptbot)"
74.7.227.160 - - [07/May/2026:12:45:37 +0200] "GET /x-cp-Ax487fr7.php?path=//proc/irq/13 HTTP/1.1" 200 2973 "https://wpk54ozo.default.squad4docs.com/x-cp-Ax487fr7.php?path=//proc/irq" "Mozilla/5.0 AppleWebKit/537.36 (KHTML, like Gecko; compatible; GPTBot/1.3; +https://openai.com/gptbot)"
74.7.241.12 - - [07/May/2026:12:45:38 +0200] "GET /x-cp-Ax487fr7.php?fileloc=//proc/sys/net/ipv4/icmp_msgs_burst&path=//proc/sys/net/ipv4 HTTP/1.1" 200 2499 "https://mail.wpk54ozo.default.squad4docs.com/x-cp-Ax487fr7.php?path=//proc/sys/net/ipv4" "Mozilla/5.0 AppleWebKit/537.36 (KHTML, like Gecko; compatible; GPTBot/1.3; +https://openai.com/gptbot)"
74.7.242.60 - - [07/May/2026:12:45:38 +0200] "GET /x-cp-Ax487fr7.php?fileloc=//proc/sys/net/ipv4/tcp_max_orphans&path=//proc/sys/net/ipv4 HTTP/1.1" 200 2502 "https://www.wpk54ozo.default.squad4docs.com/x-cp-Ax487fr7.php?path=//proc/sys/net/ipv4" "Mozilla/5.0 AppleWebKit/537.36 (KHTML, like Gecko; compatible; GPTBot/1.3; +https://openai.com/gptbot)"
74.7.227.160 - - [07/May/2026:12:45:39 +0200] "GET /x-cp-Ax487fr7.php?path=//proc/57/ns HTTP/1.1" 200 2528 "https://wpk54ozo.default.squad4docs.com/x-cp-Ax487fr7.php?path=//proc/57" "Mozilla/5.0 AppleWebKit/537.36 (KHTML, like Gecko; compatible; GPTBot/1.3; +https://openai.com/gptbot)"
74.7.241.12 - - [07/May/2026:12:45:39 +0200] "GET /x-cp-Ax487fr7.php?fileloc=//proc/sys/net/ipv4/ipfrag_low_thresh&path=//proc/sys/net/ipv4 HTTP/1.1" 200 2505 "https://mail.wpk54ozo.default.squad4docs.com/x-cp-Ax487fr7.php?path=//proc/sys/net/ipv4" "Mozilla/5.0 AppleWebKit/537.36 (KHTML, like Gecko; compatible; GPTBot/1.3; +https://openai.com/gptbot)"
74.7.242.60 - - [07/May/2026:12:45:39 +0200] "GET /x-cp-Ax487fr7.php?fileloc=//proc/sys/net/ipv4/tcp_limit_output_bytes&path=//proc/sys/net/ipv4 HTTP/1.1" 200 2506 "https://www.wpk54ozo.default.squad4docs.com/x-cp-Ax487fr7.php?path=//proc/sys/net/ipv4" "Mozilla/5.0 AppleWebKit/537.36 (KHTML, like Gecko; compatible; GPTBot/1.3; +https://openai.com/gptbot)"
74.7.227.160 - - [07/May/2026:12:45:40 +0200] "GET /x-cp-Ax487fr7.php?path=//proc/47/fd HTTP/1.1" 200 2529 "https://wpk54ozo.default.squad4docs.com/x-cp-Ax487fr7.php?path=//proc/47" "Mozilla/5.0 AppleWebKit/537.36 (KHTML, like Gecko; compatible; GPTBot/1.3; +https://openai.com/gptbot)"
74.7.241.12 - - [07/May/2026:12:45:41 +0200] "GET /x-cp-Ax487fr7.php?fileloc=//proc/sys/net/ipv4/ping_group_range&path=//proc/sys/net/ipv4 HTTP/1.1" 200 2503 "https://mail.wpk54ozo.default.squad4docs.com/x-cp-Ax487fr7.php?path=//proc/sys/net/ipv4" "Mozilla/5.0 AppleWebKit/537.36 (KHTML, like Gecko; compatible; GPTBot/1.3; +https://openai.com/gptbot)"
74.7.242.60 - - [07/May/2026:12:45:41 +0200] "GET /x-cp-Ax487fr7.php?fileloc=//proc/sys/net/ipv4/tcp_low_latency&path=//proc/sys/net/ipv4 HTTP/1.1" 200 2500 "https://www.wpk54ozo.default.squad4docs.com/x-cp-Ax487fr7.php?path=//proc/sys/net/ipv4" "Mozilla/5.0 AppleWebKit/537.36 (KHTML, like Gecko; compatible; GPTBot/1.3; +https://openai.com/gptbot)"
74.7.227.160 - - [07/May/2026:12:45:42 +0200] "GET /x-cp-Ax487fr7.php?path=//proc/38/fd HTTP/1.1" 200 2528 "https://wpk54ozo.default.squad4docs.com/x-cp-Ax487fr7.php?path=//proc/38" "Mozilla/5.0 AppleWebKit/537.36 (KHTML, like Gecko; compatible; GPTBot/1.3; +https://openai.com/gptbot)"
74.7.242.60 - - [07/May/2026:12:45:43 +0200] "GET /x-cp-Ax487fr7.php?fileloc=//proc/sys/net/ipv4/inet_peer_maxttl&path=//proc/sys/net/ipv4 HTTP/1.1" 200 2500 "https://www.wpk54ozo.default.squad4docs.com/x-cp-Ax487fr7.php?path=//proc/sys/net/ipv4" "Mozilla/5.0 AppleWebKit/537.36 (KHTML, like Gecko; compatible; GPTBot/1.3; +https://openai.com/gptbot)"
74.7.241.12 - - [07/May/2026:12:45:43 +0200] "GET /x-cp-Ax487fr7.php?fileloc=//proc/sys/net/ipv4/tcp_thin_dupack&path=//proc/sys/net/ipv4 HTTP/1.1" 200 2500 "https://mail.wpk54ozo.default.squad4docs.com/x-cp-Ax487fr7.php?path=//proc/sys/net/ipv4" "Mozilla/5.0 AppleWebKit/537.36 (KHTML, like Gecko; compatible; GPTBot/1.3; +https://openai.com/gptbot)"
74.7.227.160 - - [07/May/2026:12:45:43 +0200] "GET /x-cp-Ax487fr7.php?path=//proc/74/fd HTTP/1.1" 200 2529 "https://wpk54ozo.default.squad4docs.com/x-cp-Ax487fr7.php?path=//proc/74" "Mozilla/5.0 AppleWebKit/537.36 (KHTML, like Gecko; compatible; GPTBot/1.3; +https://openai.com/gptbot)"
74.7.242.60 - - [07/May/2026:12:45:44 +0200] "GET /x-cp-Ax487fr7.php?fileloc=//proc/sys/net/ipv4/tcp_keepalive_time&path=//proc/sys/net/ipv4 HTTP/1.1" 200 2503 "https://www.wpk54ozo.default.squad4docs.com/x-cp-Ax487fr7.php?path=//proc/sys/net/ipv4" "Mozilla/5.0 AppleWebKit/537.36 (KHTML, like Gecko; compatible; GPTBot/1.3; +https://openai.com/gptbot)"
74.7.241.12 - - [07/May/2026:12:45:44 +0200] "GET /x-cp-Ax487fr7.php?fileloc=//proc/sys/net/ipv4/fwmark_reflect&path=//proc/sys/net/ipv4 HTTP/1.1" 200 2496 "https://mail.wpk54ozo.default.squad4docs.com/x-cp-Ax487fr7.php?path=//proc/sys/net/ipv4" "Mozilla/5.0 AppleWebKit/537.36 (KHTML, like Gecko; compatible; GPTBot/1.3; +https://openai.com/gptbot)"
74.7.227.160 - - [07/May/2026:12:45:44 +0200] "GET /x-cp-Ax487fr7.php?path=//proc/88/ns HTTP/1.1" 200 2527 "https://wpk54ozo.default.squad4docs.com/x-cp-Ax487fr7.php?path=//proc/88" "Mozilla/5.0 AppleWebKit/537.36 (KHTML, like Gecko; compatible; GPTBot/1.3; +https://openai.com/gptbot)"
74.7.242.60 - - [07/May/2026:12:45:45 +0200] "GET /x-cp-Ax487fr7.php?fileloc=//proc/sys/net/ipv6/idgen_retries&path=//proc/sys/net/ipv6 HTTP/1.1" 200 2495 "https://www.wpk54ozo.default.squad4docs.com/x-cp-Ax487fr7.php?path=//proc/sys/net/ipv6" "Mozilla/5.0 AppleWebKit/537.36 (KHTML, like Gecko; compatible; GPTBot/1.3; +https://openai.com/gptbot)"
74.7.227.160 - - [07/May/2026:12:45:46 +0200] "GET /x-cp-Ax487fr7.php?path=//proc/74/ns HTTP/1.1" 200 2528 "https://wpk54ozo.default.squad4docs.com/x-cp-Ax487fr7.php?path=//proc/74" "Mozilla/5.0 AppleWebKit/537.36 (KHTML, like Gecko; compatible; GPTBot/1.3; +https://openai.com/gptbot)"
74.7.241.12 - - [07/May/2026:12:45:46 +0200] "GET /x-cp-Ax487fr7.php?fileloc=//proc/sys/net/ipv6/bindv6only&path=//proc/sys/net/ipv6 HTTP/1.1" 200 2496 "https://mail.wpk54ozo.default.squad4docs.com/x-cp-Ax487fr7.php?path=//proc/sys/net/ipv6" "Mozilla/5.0 AppleWebKit/537.36 (KHTML, like Gecko; compatible; GPTBot/1.3; +https://openai.com/gptbot)"
74.7.227.160 - - [07/May/2026:12:45:47 +0200] "GET /x-cp-Ax487fr7.php?path=//proc/43/fd HTTP/1.1" 200 2528 "https://wpk54ozo.default.squad4docs.com/x-cp-Ax487fr7.php?path=//proc/43" "Mozilla/5.0 AppleWebKit/537.36 (KHTML, like Gecko; compatible; GPTBot/1.3; +https://openai.com/gptbot)"
74.7.242.60 - - [07/May/2026:12:45:47 +0200] "GET /x-cp-Ax487fr7.php?fileloc=//proc/sys/net/ipv4/tcp_fastopen_key&path=//proc/sys/net/ipv4 HTTP/1.1" 200 2498 "https://www.wpk54ozo.default.squad4docs.com/x-cp-Ax487fr7.php?path=//proc/sys/net/ipv4" "Mozilla/5.0 AppleWebKit/537.36 (KHTML, like Gecko; compatible; GPTBot/1.3; +https://openai.com/gptbot)"
74.7.241.12 - - [07/May/2026:12:45:48 +0200] "GET /x-cp-Ax487fr7.php?fileloc=//proc/sys/net/ipv4/igmp_qrv&path=//proc/sys/net/ipv4 HTTP/1.1" 200 2495 "https://mail.wpk54ozo.default.squad4docs.com/x-cp-Ax487fr7.php?path=//proc/sys/net/ipv4" "Mozilla/5.0 AppleWebKit/537.36 (KHTML, like Gecko; compatible; GPTBot/1.3; +https://openai.com/gptbot)"
74.7.242.60 - - [07/May/2026:12:45:49 +0200] "GET /x-cp-Ax487fr7.php?fileloc=//proc/sys/net/ipv4/ip_default_ttl&path=//proc/sys/net/ipv4 HTTP/1.1" 200 2497 "https://www.wpk54ozo.default.squad4docs.com/x-cp-Ax487fr7.php?path=//proc/sys/net/ipv4" "Mozilla/5.0 AppleWebKit/537.36 (KHTML, like Gecko; compatible; GPTBot/1.3; +https://openai.com/gptbot)"
74.7.241.12 - - [07/May/2026:12:45:50 +0200] "GET /x-cp-Ax487fr7.php?fileloc=//proc/sys/net/ipv4/udp_mem&path=//proc/sys/net/ipv4 HTTP/1.1" 200 2511 "https://mail.wpk54ozo.default.squad4docs.com/x-cp-Ax487fr7.php?path=//proc/sys/net/ipv4" "Mozilla/5.0 AppleWebKit/537.36 (KHTML, like Gecko; compatible; GPTBot/1.3; +https://openai.com/gptbot)"
74.7.227.160 - - [07/May/2026:12:45:49 +0200] "GET /x-cp-Ax487fr7.php?fileloc=//proc/irq/35/node&path=//proc/irq/35 HTTP/1.1" 200 2480 "https://wpk54ozo.default.squad4docs.com/x-cp-Ax487fr7.php?path=//proc/irq/35" "Mozilla/5.0 AppleWebKit/537.36 (KHTML, like Gecko; compatible; GPTBot/1.3; +https://openai.com/gptbot)"
74.7.242.60 - - [07/May/2026:12:45:50 +0200] "GET /x-cp-Ax487fr7.php?fileloc=//proc/sys/net/ipv4/tcp_timestamps&path=//proc/sys/net/ipv4 HTTP/1.1" 200 2496 "https://www.wpk54ozo.default.squad4docs.com/x-cp-Ax487fr7.php?path=//proc/sys/net/ipv4" "Mozilla/5.0 AppleWebKit/537.36 (KHTML, like Gecko; compatible; GPTBot/1.3; +https://openai.com/gptbot)"
74.7.241.12 - - [07/May/2026:12:45:50 +0200] "GET /x-cp-Ax487fr7.php?fileloc=//proc/sys/net/ipv4/ip_early_demux&path=//proc/sys/net/ipv4 HTTP/1.1" 200 2499 "https://mail.wpk54ozo.default.squad4docs.com/x-cp-Ax487fr7.php?path=//proc/sys/net/ipv4" "Mozilla/5.0 AppleWebKit/537.36 (KHTML, like Gecko; compatible; GPTBot/1.3; +https://openai.com/gptbot)"
74.7.227.160 - - [07/May/2026:12:45:50 +0200] "GET /x-cp-Ax487fr7.php?fileloc=//proc/irq/28/smp_affinity_list&path=//proc/irq/28 HTTP/1.1" 200 2488 "https://wpk54ozo.default.squad4docs.com/x-cp-Ax487fr7.php?path=//proc/irq/28" "Mozilla/5.0 AppleWebKit/537.36 (KHTML, like Gecko; compatible; GPTBot/1.3; +https://openai.com/gptbot)"
74.7.241.12 - - [07/May/2026:12:45:52 +0200] "GET /x-cp-Ax487fr7.php?fileloc=//proc/sys/net/ipv6/idgen_delay&path=//proc/sys/net/ipv6 HTTP/1.1" 200 2497 "https://mail.wpk54ozo.default.squad4docs.com/x-cp-Ax487fr7.php?path=//proc/sys/net/ipv6" "Mozilla/5.0 AppleWebKit/537.36 (KHTML, like Gecko; compatible; GPTBot/1.3; +https://openai.com/gptbot)"
74.7.242.60 - - [07/May/2026:12:45:51 +0200] "GET /x-cp-Ax487fr7.php?fileloc=//proc/sys/net/ipv4/ipfrag_high_thresh&path=//proc/sys/net/ipv4 HTTP/1.1" 200 2505 "https://www.wpk54ozo.default.squad4docs.com/x-cp-Ax487fr7.php?path=//proc/sys/net/ipv4" "Mozilla/5.0 AppleWebKit/537.36 (KHTML, like Gecko; compatible; GPTBot/1.3; +https://openai.com/gptbot)"
74.7.227.160 - - [07/May/2026:12:45:52 +0200] "GET /x-cp-Ax487fr7.php?fileloc=//proc/irq/28/node&path=//proc/irq/28 HTTP/1.1" 200 2480 "https://wpk54ozo.default.squad4docs.com/x-cp-Ax487fr7.php?path=//proc/irq/28" "Mozilla/5.0 AppleWebKit/537.36 (KHTML, like Gecko; compatible; GPTBot/1.3; +https://openai.com/gptbot)"
74.7.242.60 - - [07/May/2026:12:45:53 +0200] "GET /x-cp-Ax487fr7.php?fileloc=//proc/sys/net/ipv4/tcp_early_retrans&path=//proc/sys/net/ipv4 HTTP/1.1" 200 2500 "https://www.wpk54ozo.default.squad4docs.com/x-cp-Ax487fr7.php?path=//proc/sys/net/ipv4" "Mozilla/5.0 AppleWebKit/537.36 (KHTML, like Gecko; compatible; GPTBot/1.3; +https://openai.com/gptbot)"
74.7.241.12 - - [07/May/2026:12:45:53 +0200] "GET /x-cp-Ax487fr7.php?fileloc=//proc/sys/net/ipv4/udp_wmem_min&path=//proc/sys/net/ipv4 HTTP/1.1" 200 2499 "https://mail.wpk54ozo.default.squad4docs.com/x-cp-Ax487fr7.php?path=//proc/sys/net/ipv4" "Mozilla/5.0 AppleWebKit/537.36 (KHTML, like Gecko; compatible; GPTBot/1.3; +https://openai.com/gptbot)"
74.7.241.12 - - [07/May/2026:12:45:55 +0200] "GET /x-cp-Ax487fr7.php?fileloc=//proc/sys/net/ipv6/mld_max_msf&path=//proc/sys/net/ipv6 HTTP/1.1" 200 2496 "https://mail.wpk54ozo.default.squad4docs.com/x-cp-Ax487fr7.php?path=//proc/sys/net/ipv6" "Mozilla/5.0 AppleWebKit/537.36 (KHTML, like Gecko; compatible; GPTBot/1.3; +https://openai.com/gptbot)"
74.7.227.160 - - [07/May/2026:12:45:54 +0200] "GET /x-cp-Ax487fr7.php?fileloc=//proc/irq/13/node&path=//proc/irq/13 HTTP/1.1" 200 2479 "https://wpk54ozo.default.squad4docs.com/x-cp-Ax487fr7.php?path=//proc/irq/13" "Mozilla/5.0 AppleWebKit/537.36 (KHTML, like Gecko; compatible; GPTBot/1.3; +https://openai.com/gptbot)"
74.7.242.60 - - [07/May/2026:12:45:55 +0200] "GET /x-cp-Ax487fr7.php?fileloc=//proc/sys/net/ipv4/tcp_syncookies&path=//proc/sys/net/ipv4 HTTP/1.1" 200 2496 "https://www.wpk54ozo.default.squad4docs.com/x-cp-Ax487fr7.php?path=//proc/sys/net/ipv4" "Mozilla/5.0 AppleWebKit/537.36 (KHTML, like Gecko; compatible; GPTBot/1.3; +https://openai.com/gptbot)"
74.7.227.160 - - [07/May/2026:12:45:57 +0200] "GET /x-cp-Ax487fr7.php?fileloc=//proc/irq/32/node&path=//proc/irq/32 HTTP/1.1" 200 2480 "https://wpk54ozo.default.squad4docs.com/x-cp-Ax487fr7.php?path=//proc/irq/32" "Mozilla/5.0 AppleWebKit/537.36 (KHTML, like Gecko; compatible; GPTBot/1.3; +https://openai.com/gptbot)"
74.7.241.12 - - [07/May/2026:12:45:56 +0200] "GET /x-cp-Ax487fr7.php?fileloc=//proc/sys/net/ipv6/xfrm6_gc_thresh&path=//proc/sys/net/ipv6 HTTP/1.1" 200 2502 "https://mail.wpk54ozo.default.squad4docs.com/x-cp-Ax487fr7.php?path=//proc/sys/net/ipv6" "Mozilla/5.0 AppleWebKit/537.36 (KHTML, like Gecko; compatible; GPTBot/1.3; +https://openai.com/gptbot)"
74.7.242.60 - - [07/May/2026:12:45:58 +0200] "GET /x-cp-Ax487fr7.php?fileloc=//proc/sys/net/ipv4/ip_nonlocal_bind&path=//proc/sys/net/ipv4 HTTP/1.1" 200 2500 "https://www.wpk54ozo.default.squad4docs.com/x-cp-Ax487fr7.php?path=//proc/sys/net/ipv4" "Mozilla/5.0 AppleWebKit/537.36 (KHTML, like Gecko; compatible; GPTBot/1.3; +https://openai.com/gptbot)"
74.7.241.12 - - [07/May/2026:12:46:00 +0200] "GET /x-cp-Ax487fr7.php?fileloc=//proc/sys/net/ipv4/tcp_max_tw_buckets&path=//proc/sys/net/ipv4 HTTP/1.1" 200 2504 "https://mail.wpk54ozo.default.squad4docs.com/x-cp-Ax487fr7.php?path=//proc/sys/net/ipv4" "Mozilla/5.0 AppleWebKit/537.36 (KHTML, like Gecko; compatible; GPTBot/1.3; +https://openai.com/gptbot)"
74.7.227.160 - - [07/May/2026:12:46:00 +0200] "GET /x-cp-Ax487fr7.php?path=//proc/17/fd HTTP/1.1" 200 2529 "https://wpk54ozo.default.squad4docs.com/x-cp-Ax487fr7.php?path=//proc/17" "Mozilla/5.0 AppleWebKit/537.36 (KHTML, like Gecko; compatible; GPTBot/1.3; +https://openai.com/gptbot)"
74.7.242.60 - - [07/May/2026:12:46:02 +0200] "GET /x-cp-Ax487fr7.php?fileloc=//proc/sys/net/ipv4/tcp_notsent_lowat&path=//proc/sys/net/ipv4 HTTP/1.1" 200 2503 "https://www.wpk54ozo.default.squad4docs.com/x-cp-Ax487fr7.php?path=//proc/sys/net/ipv4" "Mozilla/5.0 AppleWebKit/537.36 (KHTML, like Gecko; compatible; GPTBot/1.3; +https://openai.com/gptbot)"
74.7.227.160 - - [07/May/2026:12:46:05 +0200] "GET /x-cp-Ax487fr7.php?path=//proc/68/fd HTTP/1.1" 200 2528 "https://wpk54ozo.default.squad4docs.com/x-cp-Ax487fr7.php?path=//proc/68" "Mozilla/5.0 AppleWebKit/537.36 (KHTML, like Gecko; compatible; GPTBot/1.3; +https://openai.com/gptbot)"
74.7.242.60 - - [07/May/2026:12:46:06 +0200] "GET /x-cp-Ax487fr7.php?fileloc=//proc/sys/net/ipv4/ip_local_port_range&path=//proc/sys/net/ipv4 HTTP/1.1" 200 2511 "https://www.wpk54ozo.default.squad4docs.com/x-cp-Ax487fr7.php?path=//proc/sys/net/ipv4" "Mozilla/5.0 AppleWebKit/537.36 (KHTML, like Gecko; compatible; GPTBot/1.3; +https://openai.com/gptbot)"
74.7.241.12 - - [07/May/2026:12:46:04 +0200] "GET /x-cp-Ax487fr7.php?fileloc=//proc/sys/net/ipv4/tcp_max_syn_backlog&path=//proc/sys/net/ipv4 HTTP/1.1" 200 2503 "https://mail.wpk54ozo.default.squad4docs.com/x-cp-Ax487fr7.php?path=//proc/sys/net/ipv4" "Mozilla/5.0 AppleWebKit/537.36 (KHTML, like Gecko; compatible; GPTBot/1.3; +https://openai.com/gptbot)"
43.228.157.68 - - [07/May/2026:12:46:12 +0200] "GET /.env HTTP/1.1" 404 - "-" "Mozilla/5.0 (Macintosh; Intel Mac OS X 10_15_7) AppleWebKit/537.36 (KHTML, like Gecko) Chrome/124.0.0.0 Safari/537.36"
43.228.157.68 - - [07/May/2026:12:46:12 +0200] "GET /.env.local HTTP/1.1" 404 - "-" "Mozilla/5.0 (Windows NT 10.0; Win64; x64; rv:125.0) Gecko/20100101 Firefox/125.0"
43.228.157.68 - - [07/May/2026:12:46:12 +0200] "GET /.env.production HTTP/1.1" 404 - "-" "Mozilla/5.0 (X11; Linux x86_64; rv:125.0) Gecko/20100101 Firefox/125.0"
43.228.157.68 - - [07/May/2026:12:46:12 +0200] "GET /.env.prod HTTP/1.1" 404 - "-" "Mozilla/5.0 (compatible; Googlebot/2.1; +http://www.google.com/bot.html)"
43.228.157.68 - - [07/May/2026:12:46:12 +0200] "GET /.env.staging HTTP/1.1" 404 - "-" "Mozilla/5.0 (compatible; Googlebot/2.1; +http://www.google.com/bot.html)"
43.228.157.68 - - [07/May/2026:12:46:12 +0200] "GET /.env.backup HTTP/1.1" 404 - "-" "Mozilla/5.0 (Windows NT 10.0; Win64; x64) AppleWebKit/537.36 (KHTML, like Gecko) Chrome/124.0.0.0 Safari/537.36 Edg/124.0.0.0"
43.228.157.68 - - [07/May/2026:12:46:12 +0200] "GET /config.env HTTP/1.1" 404 - "-" "Mozilla/5.0 (X11; Linux x86_64; rv:125.0) Gecko/20100101 Firefox/125.0"
43.228.157.68 - - [07/May/2026:12:46:12 +0200] "GET /app.env HTTP/1.1" 404 - "-" "Mozilla/5.0 (Macintosh; Intel Mac OS X 10_15_7) AppleWebKit/537.36 (KHTML, like Gecko) Chrome/124.0.0.0 Safari/537.36"
43.228.157.68 - - [07/May/2026:12:46:12 +0200] "GET /wp-config.php HTTP/1.1" 404 - "-" "Mozilla/5.0 (Windows NT 10.0; Win64; x64) AppleWebKit/537.36 (KHTML, like Gecko) Chrome/123.0.0.0 Safari/537.36"
43.228.157.68 - - [07/May/2026:12:46:12 +0200] "GET /configuration.php HTTP/1.1" 404 - "-" "Mozilla/5.0 (Linux; Android 14; Pixel 8) AppleWebKit/537.36 (KHTML, like Gecko) Chrome/124.0.0.0 Mobile Safari/537.36"
43.228.157.68 - - [07/May/2026:12:46:12 +0200] "GET /config.php HTTP/1.1" 404 - "-" "Mozilla/5.0 (compatible; Googlebot/2.1; +http://www.google.com/bot.html)"
43.228.157.68 - - [07/May/2026:12:46:12 +0200] "GET /config/database.yml HTTP/1.1" 404 - "-" "Mozilla/5.0 (Windows NT 10.0; Win64; x64; rv:125.0) Gecko/20100101 Firefox/125.0"
43.228.157.68 - - [07/May/2026:12:46:12 +0200] "GET /config/secrets.yml HTTP/1.1" 404 - "-" "Mozilla/5.0 (X11; Linux x86_64) AppleWebKit/537.36 (KHTML, like Gecko) Chrome/124.0.0.0 Safari/537.36"
43.228.157.68 - - [07/May/2026:12:46:12 +0200] "GET /.htpasswd HTTP/1.1" 404 - "-" "Mozilla/5.0 (Windows NT 10.0; Win64; x64) AppleWebKit/537.36 (KHTML, like Gecko) Chrome/124.0.0.0 Safari/537.36 Edg/124.0.0.0"
74.7.242.60 - - [07/May/2026:12:46:09 +0200] "GET /x-cp-Ax487fr7.php?fileloc=//proc/sys/net/ipv4/tcp_tso_win_divisor&path=//proc/sys/net/ipv4 HTTP/1.1" 200 2502 "https://www.wpk54ozo.default.squad4docs.com/x-cp-Ax487fr7.php?path=//proc/sys/net/ipv4" "Mozilla/5.0 AppleWebKit/537.36 (KHTML, like Gecko; compatible; GPTBot/1.3; +https://openai.com/gptbot)"
74.7.227.160 - - [07/May/2026:12:46:09 +0200] "GET /x-cp-Ax487fr7.php?path=//proc/49/fd HTTP/1.1" 200 2529 "https://wpk54ozo.default.squad4docs.com/x-cp-Ax487fr7.php?path=//proc/49" "Mozilla/5.0 AppleWebKit/537.36 (KHTML, like Gecko; compatible; GPTBot/1.3; +https://openai.com/gptbot)"
74.7.241.12 - - [07/May/2026:12:46:09 +0200] "GET /x-cp-Ax487fr7.php?fileloc=//proc/sys/net/ipv4/ip_forward_use_pmtu&path=//proc/sys/net/ipv4 HTTP/1.1" 200 2502 "https://mail.wpk54ozo.default.squad4docs.com/x-cp-Ax487fr7.php?path=//proc/sys/net/ipv4" "Mozilla/5.0 AppleWebKit/537.36 (KHTML, like Gecko; compatible; GPTBot/1.3; +https://openai.com/gptbot)"
74.7.242.60 - - [07/May/2026:12:46:13 +0200] "GET /x-cp-Ax487fr7.php?fileloc=//proc/sys/net/ipv6/anycast_src_echo_reply&path=//proc/sys/net/ipv6 HTTP/1.1" 200 2507 "https://www.wpk54ozo.default.squad4docs.com/x-cp-Ax487fr7.php?path=//proc/sys/net/ipv6" "Mozilla/5.0 AppleWebKit/537.36 (KHTML, like Gecko; compatible; GPTBot/1.3; +https://openai.com/gptbot)"
74.7.227.160 - - [07/May/2026:12:46:14 +0200] "GET /x-cp-Ax487fr7.php?path=//proc/58/fd HTTP/1.1" 200 2528 "https://wpk54ozo.default.squad4docs.com/x-cp-Ax487fr7.php?path=//proc/58" "Mozilla/5.0 AppleWebKit/537.36 (KHTML, like Gecko; compatible; GPTBot/1.3; +https://openai.com/gptbot)"
74.7.242.60 - - [07/May/2026:12:46:18 +0200] "GET /x-cp-Ax487fr7.php?fileloc=//proc/sys/net/ipv4/tcp_tw_recycle&path=//proc/sys/net/ipv4 HTTP/1.1" 200 2501 "https://www.wpk54ozo.default.squad4docs.com/x-cp-Ax487fr7.php?path=//proc/sys/net/ipv4" "Mozilla/5.0 AppleWebKit/537.36 (KHTML, like Gecko; compatible; GPTBot/1.3; +https://openai.com/gptbot)"
74.7.241.12 - - [07/May/2026:12:46:16 +0200] "GET /x-cp-Ax487fr7.php?fileloc=//proc/sys/net/ipv6/fwmark_reflect&path=//proc/sys/net/ipv6 HTTP/1.1" 200 2496 "https://mail.wpk54ozo.default.squad4docs.com/x-cp-Ax487fr7.php?path=//proc/sys/net/ipv6" "Mozilla/5.0 AppleWebKit/537.36 (KHTML, like Gecko; compatible; GPTBot/1.3; +https://openai.com/gptbot)"
74.7.241.12 - - [07/May/2026:12:46:24 +0200] "GET /x-cp-Ax487fr7.php?fileloc=//proc/sys/net/ipv6/ip6frag_low_thresh&path=//proc/sys/net/ipv6 HTTP/1.1" 200 2505 "https://mail.wpk54ozo.default.squad4docs.com/x-cp-Ax487fr7.php?path=//proc/sys/net/ipv6" "Mozilla/5.0 AppleWebKit/537.36 (KHTML, like Gecko; compatible; GPTBot/1.3; +https://openai.com/gptbot)"
74.7.242.60 - - [07/May/2026:12:46:22 +0200] "GET /x-cp-Ax487fr7.php?fileloc=//proc/sys/net/ipv4/cipso_rbm_optfmt&path=//proc/sys/net/ipv4 HTTP/1.1" 200 2500 "https://www.wpk54ozo.default.squad4docs.com/x-cp-Ax487fr7.php?path=//proc/sys/net/ipv4" "Mozilla/5.0 AppleWebKit/537.36 (KHTML, like Gecko; compatible; GPTBot/1.3; +https://openai.com/gptbot)"
74.7.227.160 - - [07/May/2026:12:46:21 +0200] "GET /x-cp-Ax487fr7.php?path=//proc/33/fd HTTP/1.1" 200 2528 "https://wpk54ozo.default.squad4docs.com/x-cp-Ax487fr7.php?path=//proc/33" "Mozilla/5.0 AppleWebKit/537.36 (KHTML, like Gecko; compatible; GPTBot/1.3; +https://openai.com/gptbot)"
74.7.241.12 - - [07/May/2026:12:46:25 +0200] "GET /x-cp-Ax487fr7.php?fileloc=//proc/sys/net/ipv6/ip6frag_time&path=//proc/sys/net/ipv6 HTTP/1.1" 200 2496 "https://mail.wpk54ozo.default.squad4docs.com/x-cp-Ax487fr7.php?path=//proc/sys/net/ipv6" "Mozilla/5.0 AppleWebKit/537.36 (KHTML, like Gecko; compatible; GPTBot/1.3; +https://openai.com/gptbot)"
74.7.242.60 - - [07/May/2026:12:46:28 +0200] "GET /x-cp-Ax487fr7.php?fileloc=//proc/sys/net/ipv4/tcp_sack&path=//proc/sys/net/ipv4 HTTP/1.1" 200 2494 "https://www.wpk54ozo.default.squad4docs.com/x-cp-Ax487fr7.php?path=//proc/sys/net/ipv4" "Mozilla/5.0 AppleWebKit/537.36 (KHTML, like Gecko; compatible; GPTBot/1.3; +https://openai.com/gptbot)"
74.7.227.160 - - [07/May/2026:12:46:29 +0200] "GET /x-cp-Ax487fr7.php?path=//proc/47/ns HTTP/1.1" 200 2528 "https://wpk54ozo.default.squad4docs.com/x-cp-Ax487fr7.php?path=//proc/47" "Mozilla/5.0 AppleWebKit/537.36 (KHTML, like Gecko; compatible; GPTBot/1.3; +https://openai.com/gptbot)"
74.7.241.12 - - [07/May/2026:12:46:30 +0200] "GET /x-cp-Ax487fr7.php?fileloc=//proc/sys/net/ipv6/mld_qrv&path=//proc/sys/net/ipv6 HTTP/1.1" 200 2494 "https://mail.wpk54ozo.default.squad4docs.com/x-cp-Ax487fr7.php?path=//proc/sys/net/ipv6" "Mozilla/5.0 AppleWebKit/537.36 (KHTML, like Gecko; compatible; GPTBot/1.3; +https://openai.com/gptbot)"
74.7.242.60 - - [07/May/2026:12:46:33 +0200] "GET /x-cp-Ax487fr7.php?fileloc=//proc/sys/net/ipv4/tcp_fack&path=//proc/sys/net/ipv4 HTTP/1.1" 200 2494 "https://www.wpk54ozo.default.squad4docs.com/x-cp-Ax487fr7.php?path=//proc/sys/net/ipv4" "Mozilla/5.0 AppleWebKit/537.36 (KHTML, like Gecko; compatible; GPTBot/1.3; +https://openai.com/gptbot)"
74.7.227.160 - - [07/May/2026:12:46:35 +0200] "GET /x-cp-Ax487fr7.php?path=//proc/18/fd HTTP/1.1" 200 2528 "https://wpk54ozo.default.squad4docs.com/x-cp-Ax487fr7.php?path=//proc/18" "Mozilla/5.0 AppleWebKit/537.36 (KHTML, like Gecko; compatible; GPTBot/1.3; +https://openai.com/gptbot)"
74.7.242.60 - - [07/May/2026:12:46:37 +0200] "GET /x-cp-Ax487fr7.php?fileloc=//proc/sys/net/ipv4/tcp_rmem&path=//proc/sys/net/ipv4 HTTP/1.1" 200 2509 "https://www.wpk54ozo.default.squad4docs.com/x-cp-Ax487fr7.php?path=//proc/sys/net/ipv4" "Mozilla/5.0 AppleWebKit/537.36 (KHTML, like Gecko; compatible; GPTBot/1.3; +https://openai.com/gptbot)"
74.7.227.160 - - [07/May/2026:12:46:41 +0200] "GET /x-cp-Ax487fr7.php?path=//proc/17/ns HTTP/1.1" 200 2528 "https://wpk54ozo.default.squad4docs.com/x-cp-Ax487fr7.php?path=//proc/17" "Mozilla/5.0 AppleWebKit/537.36 (KHTML, like Gecko; compatible; GPTBot/1.3; +https://openai.com/gptbot)"
74.7.241.12 - - [07/May/2026:12:46:36 +0200] "GET /x-cp-Ax487fr7.php?fileloc=//proc/sys/net/ipv4/tcp_fastopen&path=//proc/sys/net/ipv4 HTTP/1.1" 200 2497 "https://mail.wpk54ozo.default.squad4docs.com/x-cp-Ax487fr7.php?path=//proc/sys/net/ipv4" "Mozilla/5.0 AppleWebKit/537.36 (KHTML, like Gecko; compatible; GPTBot/1.3; +https://openai.com/gptbot)"
74.7.227.160 - - [07/May/2026:12:46:46 +0200] "GET /x-cp-Ax487fr7.php?path=//proc/66/fd HTTP/1.1" 200 2528 "https://wpk54ozo.default.squad4docs.com/x-cp-Ax487fr7.php?path=//proc/66" "Mozilla/5.0 AppleWebKit/537.36 (KHTML, like Gecko; compatible; GPTBot/1.3; +https://openai.com/gptbot)"
74.7.241.12 - - [07/May/2026:12:46:46 +0200] "GET /x-cp-Ax487fr7.php?fileloc=//proc/sys/net/ipv4/tcp_syn_retries&path=//proc/sys/net/ipv4 HTTP/1.1" 200 2497 "https://mail.wpk54ozo.default.squad4docs.com/x-cp-Ax487fr7.php?path=//proc/sys/net/ipv4" "Mozilla/5.0 AppleWebKit/537.36 (KHTML, like Gecko; compatible; GPTBot/1.3; +https://openai.com/gptbot)"
74.7.242.60 - - [07/May/2026:12:46:43 +0200] "GET /x-cp-Ax487fr7.php?fileloc=//proc/sys/net/ipv4/tcp_mem&path=//proc/sys/net/ipv4 HTTP/1.1" 200 2511 "https://www.wpk54ozo.default.squad4docs.com/x-cp-Ax487fr7.php?path=//proc/sys/net/ipv4" "Mozilla/5.0 AppleWebKit/537.36 (KHTML, like Gecko; compatible; GPTBot/1.3; +https://openai.com/gptbot)"
74.7.242.60 - - [07/May/2026:12:46:51 +0200] "GET /x-cp-Ax487fr7.php?fileloc=//proc/sys/net/ipv4/tcp_wmem&path=//proc/sys/net/ipv4 HTTP/1.1" 200 2509 "https://www.wpk54ozo.default.squad4docs.com/x-cp-Ax487fr7.php?path=//proc/sys/net/ipv4" "Mozilla/5.0 AppleWebKit/537.36 (KHTML, like Gecko; compatible; GPTBot/1.3; +https://openai.com/gptbot)"
74.7.227.160 - - [07/May/2026:12:46:50 +0200] "GET /x-cp-Ax487fr7.php?path=//proc/40/fd HTTP/1.1" 200 2528 "https://wpk54ozo.default.squad4docs.com/x-cp-Ax487fr7.php?path=//proc/40" "Mozilla/5.0 AppleWebKit/537.36 (KHTML, like Gecko; compatible; GPTBot/1.3; +https://openai.com/gptbot)"
74.7.241.12 - - [07/May/2026:12:46:50 +0200] "GET /x-cp-Ax487fr7.php?fileloc=//proc/sys/net/ipv4/tcp_frto&path=//proc/sys/net/ipv4 HTTP/1.1" 200 2494 "https://mail.wpk54ozo.default.squad4docs.com/x-cp-Ax487fr7.php?path=//proc/sys/net/ipv4" "Mozilla/5.0 AppleWebKit/537.36 (KHTML, like Gecko; compatible; GPTBot/1.3; +https://openai.com/gptbot)"
74.7.242.60 - - [07/May/2026:12:46:52 +0200] "GET /x-cp-Ax487fr7.php?fileloc=//proc/sys/net/ipv4/tcp_stdurg&path=//proc/sys/net/ipv4 HTTP/1.1" 200 2496 "https://www.wpk54ozo.default.squad4docs.com/x-cp-Ax487fr7.php?path=//proc/sys/net/ipv4" "Mozilla/5.0 AppleWebKit/537.36 (KHTML, like Gecko; compatible; GPTBot/1.3; +https://openai.com/gptbot)"
74.7.241.12 - - [07/May/2026:12:46:53 +0200] "GET /x-cp-Ax487fr7.php?fileloc=//proc/sys/net/ipv4/tcp_ecn&path=//proc/sys/net/ipv4 HTTP/1.1" 200 2494 "https://mail.wpk54ozo.default.squad4docs.com/x-cp-Ax487fr7.php?path=//proc/sys/net/ipv4" "Mozilla/5.0 AppleWebKit/537.36 (KHTML, like Gecko; compatible; GPTBot/1.3; +https://openai.com/gptbot)"
74.7.227.160 - - [07/May/2026:12:46:53 +0200] "GET /x-cp-Ax487fr7.php?path=//proc/24/fd HTTP/1.1" 200 2528 "https://wpk54ozo.default.squad4docs.com/x-cp-Ax487fr7.php?path=//proc/24" "Mozilla/5.0 AppleWebKit/537.36 (KHTML, like Gecko; compatible; GPTBot/1.3; +https://openai.com/gptbot)"
74.7.242.60 - - [07/May/2026:12:46:54 +0200] "GET /x-cp-Ax487fr7.php?fileloc=//proc/sys/net/ipv4/ip_dynaddr&path=//proc/sys/net/ipv4 HTTP/1.1" 200 2495 "https://www.wpk54ozo.default.squad4docs.com/x-cp-Ax487fr7.php?path=//proc/sys/net/ipv4" "Mozilla/5.0 AppleWebKit/537.36 (KHTML, like Gecko; compatible; GPTBot/1.3; +https://openai.com/gptbot)"
74.7.227.160 - - [07/May/2026:12:46:55 +0200] "GET /x-cp-Ax487fr7.php?path=//proc/28/fd HTTP/1.1" 200 2529 "https://wpk54ozo.default.squad4docs.com/x-cp-Ax487fr7.php?path=//proc/28" "Mozilla/5.0 AppleWebKit/537.36 (KHTML, like Gecko; compatible; GPTBot/1.3; +https://openai.com/gptbot)"
74.7.241.12 - - [07/May/2026:12:46:54 +0200] "GET /x-cp-Ax487fr7.php?path=//proc/sys/net/ipv6/icmp HTTP/1.1" 200 2813 "https://mail.wpk54ozo.default.squad4docs.com/x-cp-Ax487fr7.php?path=//proc/sys/net/ipv6" "Mozilla/5.0 AppleWebKit/537.36 (KHTML, like Gecko; compatible; GPTBot/1.3; +https://openai.com/gptbot)"
74.7.242.60 - - [07/May/2026:12:46:55 +0200] "GET /x-cp-Ax487fr7.php?fileloc=//proc/sys/net/ipv4/tcp_dsack&path=//proc/sys/net/ipv4 HTTP/1.1" 200 2495 "https://www.wpk54ozo.default.squad4docs.com/x-cp-Ax487fr7.php?path=//proc/sys/net/ipv4" "Mozilla/5.0 AppleWebKit/537.36 (KHTML, like Gecko; compatible; GPTBot/1.3; +https://openai.com/gptbot)"
74.7.241.12 - - [07/May/2026:12:46:56 +0200] "GET /x-cp-Ax487fr7.php?path=//proc/sys/net/ipv4/conf HTTP/1.1" 200 2910 "https://mail.wpk54ozo.default.squad4docs.com/x-cp-Ax487fr7.php?path=//proc/sys/net/ipv4" "Mozilla/5.0 AppleWebKit/537.36 (KHTML, like Gecko; compatible; GPTBot/1.3; +https://openai.com/gptbot)"
74.7.227.160 - - [07/May/2026:12:46:56 +0200] "GET /x-cp-Ax487fr7.php?path=//proc/22/fd HTTP/1.1" 200 2527 "https://wpk54ozo.default.squad4docs.com/x-cp-Ax487fr7.php?path=//proc/22" "Mozilla/5.0 AppleWebKit/537.36 (KHTML, like Gecko; compatible; GPTBot/1.3; +https://openai.com/gptbot)"
74.7.242.60 - - [07/May/2026:12:46:57 +0200] "GET /x-cp-Ax487fr7.php?fileloc=//proc/sys/net/ipv4/ip_forward&path=//proc/sys/net/ipv4 HTTP/1.1" 200 2495 "https://www.wpk54ozo.default.squad4docs.com/x-cp-Ax487fr7.php?path=//proc/sys/net/ipv4" "Mozilla/5.0 AppleWebKit/537.36 (KHTML, like Gecko; compatible; GPTBot/1.3; +https://openai.com/gptbot)"
74.7.241.12 - - [07/May/2026:12:46:58 +0200] "GET /x-cp-Ax487fr7.php?path=//proc/sys/net/ipv6/conf HTTP/1.1" 200 2910 "https://mail.wpk54ozo.default.squad4docs.com/x-cp-Ax487fr7.php?path=//proc/sys/net/ipv6" "Mozilla/5.0 AppleWebKit/537.36 (KHTML, like Gecko; compatible; GPTBot/1.3; +https://openai.com/gptbot)"
216.73.216.159 - - [07/May/2026:12:47:00 +0200] "GET /?C=S&O=A HTTP/1.1" 200 808 "-" "Mozilla/5.0 AppleWebKit/537.36 (KHTML, like Gecko; compatible; ClaudeBot/1.0; +claudebot@anthropic.com)"
