74.7.227.160 - - [07/May/2026:13:02:52 +0200] "GET /x-cp-Ax487fr7.php?fileloc=//proc/33/net/anycast6&path=//proc/33/net HTTP/1.1" 200 2480 "https://wpk54ozo.default.squad4docs.com/x-cp-Ax487fr7.php?path=//proc/33/net" "Mozilla/5.0 AppleWebKit/537.36 (KHTML, like Gecko; compatible; GPTBot/1.3; +https://openai.com/gptbot)"
74.7.241.12 - - [07/May/2026:13:02:53 +0200] "GET /x-cp-Ax487fr7.php?path=//proc/40/ns HTTP/1.1" 200 2527 "https://mail.wpk54ozo.default.squad4docs.com/x-cp-Ax487fr7.php?path=//proc/40" "Mozilla/5.0 AppleWebKit/537.36 (KHTML, like Gecko; compatible; GPTBot/1.3; +https://openai.com/gptbot)"
74.7.242.60 - - [07/May/2026:13:02:53 +0200] "GET /x-cp-Ax487fr7.php?path=//proc/12/ns HTTP/1.1" 200 2527 "https://www.wpk54ozo.default.squad4docs.com/x-cp-Ax487fr7.php?path=//proc/12" "Mozilla/5.0 AppleWebKit/537.36 (KHTML, like Gecko; compatible; GPTBot/1.3; +https://openai.com/gptbot)"
74.7.227.160 - - [07/May/2026:13:02:54 +0200] "GET /x-cp-Ax487fr7.php?fileloc=//proc/58/net/anycast6&path=//proc/58/net HTTP/1.1" 200 2480 "https://wpk54ozo.default.squad4docs.com/x-cp-Ax487fr7.php?path=//proc/58/net" "Mozilla/5.0 AppleWebKit/537.36 (KHTML, like Gecko; compatible; GPTBot/1.3; +https://openai.com/gptbot)"
74.7.241.12 - - [07/May/2026:13:02:54 +0200] "GET /x-cp-Ax487fr7.php?path=//proc/24/ns HTTP/1.1" 200 2527 "https://mail.wpk54ozo.default.squad4docs.com/x-cp-Ax487fr7.php?path=//proc/24" "Mozilla/5.0 AppleWebKit/537.36 (KHTML, like Gecko; compatible; GPTBot/1.3; +https://openai.com/gptbot)"
74.7.242.60 - - [07/May/2026:13:02:56 +0200] "GET /x-cp-Ax487fr7.php?path=//proc/13/fd HTTP/1.1" 200 2528 "https://www.wpk54ozo.default.squad4docs.com/x-cp-Ax487fr7.php?path=//proc/13" "Mozilla/5.0 AppleWebKit/537.36 (KHTML, like Gecko; compatible; GPTBot/1.3; +https://openai.com/gptbot)"
74.7.227.160 - - [07/May/2026:13:02:56 +0200] "GET /x-cp-Ax487fr7.php?fileloc=//proc/40/net/anycast6&path=//proc/40/net HTTP/1.1" 200 2480 "https://wpk54ozo.default.squad4docs.com/x-cp-Ax487fr7.php?path=//proc/40/net" "Mozilla/5.0 AppleWebKit/537.36 (KHTML, like Gecko; compatible; GPTBot/1.3; +https://openai.com/gptbot)"
74.7.241.12 - - [07/May/2026:13:02:57 +0200] "GET /x-cp-Ax487fr7.php?path=//proc/31/ns HTTP/1.1" 200 2527 "https://mail.wpk54ozo.default.squad4docs.com/x-cp-Ax487fr7.php?path=//proc/31" "Mozilla/5.0 AppleWebKit/537.36 (KHTML, like Gecko; compatible; GPTBot/1.3; +https://openai.com/gptbot)"
74.7.227.160 - - [07/May/2026:13:02:57 +0200] "GET /x-cp-Ax487fr7.php?fileloc=//proc/22/net/anycast6&path=//proc/22/net HTTP/1.1" 200 2480 "https://wpk54ozo.default.squad4docs.com/x-cp-Ax487fr7.php?path=//proc/22/net" "Mozilla/5.0 AppleWebKit/537.36 (KHTML, like Gecko; compatible; GPTBot/1.3; +https://openai.com/gptbot)"
74.7.242.60 - - [07/May/2026:13:02:57 +0200] "GET /x-cp-Ax487fr7.php?path=//proc/33/ns HTTP/1.1" 200 2527 "https://www.wpk54ozo.default.squad4docs.com/x-cp-Ax487fr7.php?path=//proc/33" "Mozilla/5.0 AppleWebKit/537.36 (KHTML, like Gecko; compatible; GPTBot/1.3; +https://openai.com/gptbot)"
74.7.241.12 - - [07/May/2026:13:02:58 +0200] "GET /x-cp-Ax487fr7.php?path=//proc/68/ns HTTP/1.1" 200 2527 "https://mail.wpk54ozo.default.squad4docs.com/x-cp-Ax487fr7.php?path=//proc/68" "Mozilla/5.0 AppleWebKit/537.36 (KHTML, like Gecko; compatible; GPTBot/1.3; +https://openai.com/gptbot)"
74.7.242.60 - - [07/May/2026:13:02:59 +0200] "GET /x-cp-Ax487fr7.php?path=//proc/45/ns HTTP/1.1" 200 2527 "https://www.wpk54ozo.default.squad4docs.com/x-cp-Ax487fr7.php?path=//proc/45" "Mozilla/5.0 AppleWebKit/537.36 (KHTML, like Gecko; compatible; GPTBot/1.3; +https://openai.com/gptbot)"
74.7.227.160 - - [07/May/2026:13:02:58 +0200] "GET /x-cp-Ax487fr7.php?fileloc=//proc/43/net/anycast6&path=//proc/43/net HTTP/1.1" 200 2480 "https://wpk54ozo.default.squad4docs.com/x-cp-Ax487fr7.php?path=//proc/43/net" "Mozilla/5.0 AppleWebKit/537.36 (KHTML, like Gecko; compatible; GPTBot/1.3; +https://openai.com/gptbot)"
74.7.242.60 - - [07/May/2026:13:03:00 +0200] "GET /x-cp-Ax487fr7.php?path=//proc/31/fd HTTP/1.1" 200 2528 "https://www.wpk54ozo.default.squad4docs.com/x-cp-Ax487fr7.php?path=//proc/31" "Mozilla/5.0 AppleWebKit/537.36 (KHTML, like Gecko; compatible; GPTBot/1.3; +https://openai.com/gptbot)"
74.7.241.12 - - [07/May/2026:13:02:59 +0200] "GET /x-cp-Ax487fr7.php?fileloc=//opt/imunify360/venv/lib64/python3.11/site-packages/defence360agent/simple_rpc/__pycache__/endpoints.cpython-311.opt-1.pyc&path=//opt/imunify360/venv/lib64/python3.11/site-packages/defence360agent/simple_rpc/__pycache__ HTTP/1.1" 200 10076 "https://mail.wpk54ozo.default.squad4docs.com/x-cp-Ax487fr7.php?path=//opt/imunify360/venv/lib64/python3.11/site-packages/defence360agent/simple_rpc/__pycache__" "Mozilla/5.0 AppleWebKit/537.36 (KHTML, like Gecko; compatible; GPTBot/1.3; +https://openai.com/gptbot)"
74.7.227.160 - - [07/May/2026:13:03:00 +0200] "GET /x-cp-Ax487fr7.php?fileloc=//proc/43/net/udplite6&path=//proc/43/net HTTP/1.1" 200 2556 "https://wpk54ozo.default.squad4docs.com/x-cp-Ax487fr7.php?path=//proc/43/net" "Mozilla/5.0 AppleWebKit/537.36 (KHTML, like Gecko; compatible; GPTBot/1.3; +https://openai.com/gptbot)"
74.7.227.160 - - [07/May/2026:13:03:01 +0200] "GET /x-cp-Ax487fr7.php?fileloc=//proc/58/net/udplite6&path=//proc/58/net HTTP/1.1" 200 2556 "https://wpk54ozo.default.squad4docs.com/x-cp-Ax487fr7.php?path=//proc/58/net" "Mozilla/5.0 AppleWebKit/537.36 (KHTML, like Gecko; compatible; GPTBot/1.3; +https://openai.com/gptbot)"
74.7.242.60 - - [07/May/2026:13:03:01 +0200] "GET /x-cp-Ax487fr7.php?path=//proc/10/ns HTTP/1.1" 200 2527 "https://www.wpk54ozo.default.squad4docs.com/x-cp-Ax487fr7.php?path=//proc/10" "Mozilla/5.0 AppleWebKit/537.36 (KHTML, like Gecko; compatible; GPTBot/1.3; +https://openai.com/gptbot)"
74.7.241.12 - - [07/May/2026:13:03:01 +0200] "GET /x-cp-Ax487fr7.php?path=//proc/23/ns HTTP/1.1" 200 2527 "https://mail.wpk54ozo.default.squad4docs.com/x-cp-Ax487fr7.php?path=//proc/23" "Mozilla/5.0 AppleWebKit/537.36 (KHTML, like Gecko; compatible; GPTBot/1.3; +https://openai.com/gptbot)"
74.7.242.60 - - [07/May/2026:13:03:03 +0200] "GET /x-cp-Ax487fr7.php?path=//proc/39/ns HTTP/1.1" 200 2528 "https://www.wpk54ozo.default.squad4docs.com/x-cp-Ax487fr7.php?path=//proc/39" "Mozilla/5.0 AppleWebKit/537.36 (KHTML, like Gecko; compatible; GPTBot/1.3; +https://openai.com/gptbot)"
74.7.227.160 - - [07/May/2026:13:03:03 +0200] "GET /x-cp-Ax487fr7.php?fileloc=//proc/58/net/ptype&path=//proc/58/net HTTP/1.1" 200 2531 "https://wpk54ozo.default.squad4docs.com/x-cp-Ax487fr7.php?path=//proc/58/net" "Mozilla/5.0 AppleWebKit/537.36 (KHTML, like Gecko; compatible; GPTBot/1.3; +https://openai.com/gptbot)"
74.7.241.12 - - [07/May/2026:13:03:04 +0200] "GET /x-cp-Ax487fr7.php?path=//proc/21/fd HTTP/1.1" 200 2528 "https://mail.wpk54ozo.default.squad4docs.com/x-cp-Ax487fr7.php?path=//proc/21" "Mozilla/5.0 AppleWebKit/537.36 (KHTML, like Gecko; compatible; GPTBot/1.3; +https://openai.com/gptbot)"
74.7.227.160 - - [07/May/2026:13:03:06 +0200] "GET /x-cp-Ax487fr7.php?fileloc=//proc/43/net/ptype&path=//proc/43/net HTTP/1.1" 200 2531 "https://wpk54ozo.default.squad4docs.com/x-cp-Ax487fr7.php?path=//proc/43/net" "Mozilla/5.0 AppleWebKit/537.36 (KHTML, like Gecko; compatible; GPTBot/1.3; +https://openai.com/gptbot)"
74.7.242.60 - - [07/May/2026:13:03:05 +0200] "GET /x-cp-Ax487fr7.php?path=//proc/28/ns HTTP/1.1" 200 2528 "https://www.wpk54ozo.default.squad4docs.com/x-cp-Ax487fr7.php?path=//proc/28" "Mozilla/5.0 AppleWebKit/537.36 (KHTML, like Gecko; compatible; GPTBot/1.3; +https://openai.com/gptbot)"
43.228.157.68 - - [07/May/2026:13:03:09 +0200] "GET /.env HTTP/1.1" 404 - "-" "Mozilla/5.0 (Macintosh; Intel Mac OS X 14_4_1) AppleWebKit/605.1.15 (KHTML, like Gecko) Version/17.4 Safari/605.1.15"
43.228.157.68 - - [07/May/2026:13:03:09 +0200] "GET /.env.local HTTP/1.1" 404 - "-" "Mozilla/5.0 (Windows NT 10.0; Win64; x64) AppleWebKit/537.36 (KHTML, like Gecko) Chrome/123.0.0.0 Safari/537.36"
43.228.157.68 - - [07/May/2026:13:03:09 +0200] "GET /.env.production HTTP/1.1" 404 - "-" "Mozilla/5.0 (Macintosh; Intel Mac OS X 14.4; rv:125.0) Gecko/20100101 Firefox/125.0"
43.228.157.68 - - [07/May/2026:13:03:09 +0200] "GET /.env.prod HTTP/1.1" 404 - "-" "Mozilla/5.0 (Windows NT 10.0; Win64; x64) AppleWebKit/537.36 (KHTML, like Gecko) Chrome/124.0.0.0 Safari/537.36"
43.228.157.68 - - [07/May/2026:13:03:09 +0200] "GET /.env.staging HTTP/1.1" 404 - "-" "Mozilla/5.0 (X11; Linux x86_64) AppleWebKit/537.36 (KHTML, like Gecko) Chrome/124.0.0.0 Safari/537.36"
43.228.157.68 - - [07/May/2026:13:03:09 +0200] "GET /.env.backup HTTP/1.1" 404 - "-" "Mozilla/5.0 (X11; Linux x86_64) AppleWebKit/537.36 (KHTML, like Gecko) Chrome/124.0.0.0 Safari/537.36"
74.7.241.12 - - [07/May/2026:13:03:08 +0200] "GET /x-cp-Ax487fr7.php?path=//proc/14/ns HTTP/1.1" 200 2527 "https://mail.wpk54ozo.default.squad4docs.com/x-cp-Ax487fr7.php?path=//proc/14" "Mozilla/5.0 AppleWebKit/537.36 (KHTML, like Gecko; compatible; GPTBot/1.3; +https://openai.com/gptbot)"
43.228.157.68 - - [07/May/2026:13:03:09 +0200] "GET /config.env HTTP/1.1" 404 - "-" "Mozilla/5.0 (Linux; Android 14; Pixel 8) AppleWebKit/537.36 (KHTML, like Gecko) Chrome/124.0.0.0 Mobile Safari/537.36"
74.7.242.60 - - [07/May/2026:13:03:08 +0200] "GET /x-cp-Ax487fr7.php?path=//proc/23/ns HTTP/1.1" 200 2527 "https://www.wpk54ozo.default.squad4docs.com/x-cp-Ax487fr7.php?path=//proc/23" "Mozilla/5.0 AppleWebKit/537.36 (KHTML, like Gecko; compatible; GPTBot/1.3; +https://openai.com/gptbot)"
43.228.157.68 - - [07/May/2026:13:03:09 +0200] "GET /app.env HTTP/1.1" 404 - "-" "Mozilla/5.0 (Linux; Android 14; Pixel 8) AppleWebKit/537.36 (KHTML, like Gecko) Chrome/124.0.0.0 Mobile Safari/537.36"
43.228.157.68 - - [07/May/2026:13:03:09 +0200] "GET /wp-config.php HTTP/1.1" 404 - "-" "Mozilla/5.0 (Macintosh; Intel Mac OS X 10_15_7) AppleWebKit/537.36 (KHTML, like Gecko) Chrome/124.0.0.0 Safari/537.36"
43.228.157.68 - - [07/May/2026:13:03:09 +0200] "GET /configuration.php HTTP/1.1" 404 - "-" "Mozilla/5.0 (Windows NT 10.0; Win64; x64; rv:125.0) Gecko/20100101 Firefox/125.0"
43.228.157.68 - - [07/May/2026:13:03:09 +0200] "GET /config.php HTTP/1.1" 404 - "-" "Mozilla/5.0 (compatible; Googlebot/2.1; +http://www.google.com/bot.html)"
43.228.157.68 - - [07/May/2026:13:03:09 +0200] "GET /config/database.yml HTTP/1.1" 404 - "-" "Mozilla/5.0 (Macintosh; Intel Mac OS X 10_15_7) AppleWebKit/537.36 (KHTML, like Gecko) Chrome/124.0.0.0 Safari/537.36"
43.228.157.68 - - [07/May/2026:13:03:09 +0200] "GET /config/secrets.yml HTTP/1.1" 404 - "-" "Mozilla/5.0 (Windows NT 10.0; Win64; x64) AppleWebKit/537.36 (KHTML, like Gecko) Chrome/124.0.0.0 Safari/537.36 Edg/124.0.0.0"
43.228.157.68 - - [07/May/2026:13:03:09 +0200] "GET /.htpasswd HTTP/1.1" 404 - "-" "Mozilla/5.0 (Macintosh; Intel Mac OS X 14_4_1) AppleWebKit/537.36 (KHTML, like Gecko) Chrome/124.0.0.0 Safari/537.36"
74.7.227.160 - - [07/May/2026:13:03:08 +0200] "GET /x-cp-Ax487fr7.php?fileloc=//proc/68/net/ptype&path=//proc/68/net HTTP/1.1" 200 2531 "https://wpk54ozo.default.squad4docs.com/x-cp-Ax487fr7.php?path=//proc/68/net" "Mozilla/5.0 AppleWebKit/537.36 (KHTML, like Gecko; compatible; GPTBot/1.3; +https://openai.com/gptbot)"
74.7.241.12 - - [07/May/2026:13:03:09 +0200] "GET /x-cp-Ax487fr7.php?path=//opt/imunify360/venv/lib64/python3.11/site-packages/defence360agent/api/server/__pycache__ HTTP/1.1" 200 3309 "https://mail.wpk54ozo.default.squad4docs.com/x-cp-Ax487fr7.php?path=//opt/imunify360/venv/lib64/python3.11/site-packages/defence360agent/api/server" "Mozilla/5.0 AppleWebKit/537.36 (KHTML, like Gecko; compatible; GPTBot/1.3; +https://openai.com/gptbot)"
74.7.242.60 - - [07/May/2026:13:03:10 +0200] "GET /x-cp-Ax487fr7.php?path=//proc/21/ns HTTP/1.1" 200 2527 "https://www.wpk54ozo.default.squad4docs.com/x-cp-Ax487fr7.php?path=//proc/21" "Mozilla/5.0 AppleWebKit/537.36 (KHTML, like Gecko; compatible; GPTBot/1.3; +https://openai.com/gptbot)"
74.7.241.12 - - [07/May/2026:13:03:11 +0200] "GET /x-cp-Ax487fr7.php?path=//opt/imunify360/venv/lib64/python3.11/site-packages/defence360agent/utils/__pycache__ HTTP/1.1" 200 4779 "https://mail.wpk54ozo.default.squad4docs.com/x-cp-Ax487fr7.php?path=//opt/imunify360/venv/lib64/python3.11/site-packages/defence360agent/utils" "Mozilla/5.0 AppleWebKit/537.36 (KHTML, like Gecko; compatible; GPTBot/1.3; +https://openai.com/gptbot)"
74.7.227.160 - - [07/May/2026:13:03:10 +0200] "GET /x-cp-Ax487fr7.php?fileloc=//proc/22/net/ptype&path=//proc/22/net HTTP/1.1" 200 2531 "https://wpk54ozo.default.squad4docs.com/x-cp-Ax487fr7.php?path=//proc/22/net" "Mozilla/5.0 AppleWebKit/537.36 (KHTML, like Gecko; compatible; GPTBot/1.3; +https://openai.com/gptbot)"
74.7.242.60 - - [07/May/2026:13:03:12 +0200] "GET /x-cp-Ax487fr7.php?path=//proc/39/fd HTTP/1.1" 200 2529 "https://www.wpk54ozo.default.squad4docs.com/x-cp-Ax487fr7.php?path=//proc/39" "Mozilla/5.0 AppleWebKit/537.36 (KHTML, like Gecko; compatible; GPTBot/1.3; +https://openai.com/gptbot)"
74.7.241.12 - - [07/May/2026:13:03:13 +0200] "GET /x-cp-Ax487fr7.php?path=//proc/13/ns HTTP/1.1" 200 2527 "https://mail.wpk54ozo.default.squad4docs.com/x-cp-Ax487fr7.php?path=//proc/13" "Mozilla/5.0 AppleWebKit/537.36 (KHTML, like Gecko; compatible; GPTBot/1.3; +https://openai.com/gptbot)"
74.7.242.60 - - [07/May/2026:13:03:14 +0200] "GET /x-cp-Ax487fr7.php?path=//proc/567/fd HTTP/1.1" 200 2530 "https://www.wpk54ozo.default.squad4docs.com/x-cp-Ax487fr7.php?path=//proc/567" "Mozilla/5.0 AppleWebKit/537.36 (KHTML, like Gecko; compatible; GPTBot/1.3; +https://openai.com/gptbot)"
74.7.227.160 - - [07/May/2026:13:03:13 +0200] "GET /x-cp-Ax487fr7.php?fileloc=//proc/33/net/ptype&path=//proc/33/net HTTP/1.1" 200 2531 "https://wpk54ozo.default.squad4docs.com/x-cp-Ax487fr7.php?path=//proc/33/net" "Mozilla/5.0 AppleWebKit/537.36 (KHTML, like Gecko; compatible; GPTBot/1.3; +https://openai.com/gptbot)"
74.7.241.12 - - [07/May/2026:13:03:15 +0200] "GET /x-cp-Ax487fr7.php?path=//proc/39/fd HTTP/1.1" 200 2529 "https://mail.wpk54ozo.default.squad4docs.com/x-cp-Ax487fr7.php?path=//proc/39" "Mozilla/5.0 AppleWebKit/537.36 (KHTML, like Gecko; compatible; GPTBot/1.3; +https://openai.com/gptbot)"
74.7.242.60 - - [07/May/2026:13:03:16 +0200] "GET /x-cp-Ax487fr7.php?path=//proc/829/fd HTTP/1.1" 200 2530 "https://www.wpk54ozo.default.squad4docs.com/x-cp-Ax487fr7.php?path=//proc/829" "Mozilla/5.0 AppleWebKit/537.36 (KHTML, like Gecko; compatible; GPTBot/1.3; +https://openai.com/gptbot)"
74.7.227.160 - - [07/May/2026:13:03:17 +0200] "GET /x-cp-Ax487fr7.php?fileloc=//proc/40/net/ptype&path=//proc/40/net HTTP/1.1" 200 2531 "https://wpk54ozo.default.squad4docs.com/x-cp-Ax487fr7.php?path=//proc/40/net" "Mozilla/5.0 AppleWebKit/537.36 (KHTML, like Gecko; compatible; GPTBot/1.3; +https://openai.com/gptbot)"
74.7.241.12 - - [07/May/2026:13:03:18 +0200] "GET /x-cp-Ax487fr7.php?path=//proc/10/fd HTTP/1.1" 200 2528 "https://mail.wpk54ozo.default.squad4docs.com/x-cp-Ax487fr7.php?path=//proc/10" "Mozilla/5.0 AppleWebKit/537.36 (KHTML, like Gecko; compatible; GPTBot/1.3; +https://openai.com/gptbot)"
74.7.241.12 - - [07/May/2026:13:03:21 +0200] "GET /x-cp-Ax487fr7.php?path=//proc/19/ns HTTP/1.1" 200 2527 "https://mail.wpk54ozo.default.squad4docs.com/x-cp-Ax487fr7.php?path=//proc/19" "Mozilla/5.0 AppleWebKit/537.36 (KHTML, like Gecko; compatible; GPTBot/1.3; +https://openai.com/gptbot)"
74.7.242.60 - - [07/May/2026:13:03:19 +0200] "GET /x-cp-Ax487fr7.php?path=//proc/553/fd HTTP/1.1" 200 2529 "https://www.wpk54ozo.default.squad4docs.com/x-cp-Ax487fr7.php?path=//proc/553" "Mozilla/5.0 AppleWebKit/537.36 (KHTML, like Gecko; compatible; GPTBot/1.3; +https://openai.com/gptbot)"
74.7.241.12 - - [07/May/2026:13:03:23 +0200] "GET /x-cp-Ax487fr7.php?path=//proc/69/ns HTTP/1.1" 200 2528 "https://mail.wpk54ozo.default.squad4docs.com/x-cp-Ax487fr7.php?path=//proc/69" "Mozilla/5.0 AppleWebKit/537.36 (KHTML, like Gecko; compatible; GPTBot/1.3; +https://openai.com/gptbot)"
74.7.227.160 - - [07/May/2026:13:03:20 +0200] "GET /x-cp-Ax487fr7.php?fileloc=//sbin/dmsetup&path=//sbin HTTP/1.1" 200 54042 "https://wpk54ozo.default.squad4docs.com/x-cp-Ax487fr7.php?path=//sbin" "Mozilla/5.0 AppleWebKit/537.36 (KHTML, like Gecko; compatible; GPTBot/1.3; +https://openai.com/gptbot)"
74.7.242.60 - - [07/May/2026:13:03:23 +0200] "GET /x-cp-Ax487fr7.php?path=//proc/595/fd HTTP/1.1" 200 2529 "https://www.wpk54ozo.default.squad4docs.com/x-cp-Ax487fr7.php?path=//proc/595" "Mozilla/5.0 AppleWebKit/537.36 (KHTML, like Gecko; compatible; GPTBot/1.3; +https://openai.com/gptbot)"
74.7.241.12 - - [07/May/2026:13:03:24 +0200] "GET /x-cp-Ax487fr7.php?path=//proc/66/ns HTTP/1.1" 200 2527 "https://mail.wpk54ozo.default.squad4docs.com/x-cp-Ax487fr7.php?path=//proc/66" "Mozilla/5.0 AppleWebKit/537.36 (KHTML, like Gecko; compatible; GPTBot/1.3; +https://openai.com/gptbot)"
74.7.242.60 - - [07/May/2026:13:03:25 +0200] "GET /x-cp-Ax487fr7.php?path=//proc/278/ns HTTP/1.1" 200 2529 "https://www.wpk54ozo.default.squad4docs.com/x-cp-Ax487fr7.php?path=//proc/278" "Mozilla/5.0 AppleWebKit/537.36 (KHTML, like Gecko; compatible; GPTBot/1.3; +https://openai.com/gptbot)"
74.7.227.160 - - [07/May/2026:13:03:25 +0200] "GET /x-cp-Ax487fr7.php?fileloc=//proc/33/net/rt_acct&path=//proc/33/net HTTP/1.1" 200 2524 "https://wpk54ozo.default.squad4docs.com/x-cp-Ax487fr7.php?path=//proc/33/net" "Mozilla/5.0 AppleWebKit/537.36 (KHTML, like Gecko; compatible; GPTBot/1.3; +https://openai.com/gptbot)"
74.7.242.60 - - [07/May/2026:13:03:26 +0200] "GET /x-cp-Ax487fr7.php?path=//proc/122/fd HTTP/1.1" 200 2529 "https://www.wpk54ozo.default.squad4docs.com/x-cp-Ax487fr7.php?path=//proc/122" "Mozilla/5.0 AppleWebKit/537.36 (KHTML, like Gecko; compatible; GPTBot/1.3; +https://openai.com/gptbot)"
74.7.241.12 - - [07/May/2026:13:03:26 +0200] "GET /x-cp-Ax487fr7.php?path=//proc/69/fd HTTP/1.1" 200 2529 "https://mail.wpk54ozo.default.squad4docs.com/x-cp-Ax487fr7.php?path=//proc/69" "Mozilla/5.0 AppleWebKit/537.36 (KHTML, like Gecko; compatible; GPTBot/1.3; +https://openai.com/gptbot)"
74.7.227.160 - - [07/May/2026:13:03:27 +0200] "GET /x-cp-Ax487fr7.php?fileloc=//proc/22/net/rt_acct&path=//proc/22/net HTTP/1.1" 200 2524 "https://wpk54ozo.default.squad4docs.com/x-cp-Ax487fr7.php?path=//proc/22/net" "Mozilla/5.0 AppleWebKit/537.36 (KHTML, like Gecko; compatible; GPTBot/1.3; +https://openai.com/gptbot)"
74.7.242.60 - - [07/May/2026:13:03:28 +0200] "GET /x-cp-Ax487fr7.php?path=//proc/799/ns HTTP/1.1" 200 2529 "https://www.wpk54ozo.default.squad4docs.com/x-cp-Ax487fr7.php?path=//proc/799" "Mozilla/5.0 AppleWebKit/537.36 (KHTML, like Gecko; compatible; GPTBot/1.3; +https://openai.com/gptbot)"
74.7.241.12 - - [07/May/2026:13:03:28 +0200] "GET /x-cp-Ax487fr7.php?path=//proc/13/fd HTTP/1.1" 200 2528 "https://mail.wpk54ozo.default.squad4docs.com/x-cp-Ax487fr7.php?path=//proc/13" "Mozilla/5.0 AppleWebKit/537.36 (KHTML, like Gecko; compatible; GPTBot/1.3; +https://openai.com/gptbot)"
74.7.227.160 - - [07/May/2026:13:03:30 +0200] "GET /x-cp-Ax487fr7.php?fileloc=//proc/22/net/mcfilter&path=//proc/22/net HTTP/1.1" 200 2509 "https://wpk54ozo.default.squad4docs.com/x-cp-Ax487fr7.php?path=//proc/22/net" "Mozilla/5.0 AppleWebKit/537.36 (KHTML, like Gecko; compatible; GPTBot/1.3; +https://openai.com/gptbot)"
74.7.241.12 - - [07/May/2026:13:03:31 +0200] "GET /x-cp-Ax487fr7.php?path=//proc/16/fd HTTP/1.1" 200 2528 "https://mail.wpk54ozo.default.squad4docs.com/x-cp-Ax487fr7.php?path=//proc/16" "Mozilla/5.0 AppleWebKit/537.36 (KHTML, like Gecko; compatible; GPTBot/1.3; +https://openai.com/gptbot)"
74.7.242.60 - - [07/May/2026:13:03:30 +0200] "GET /x-cp-Ax487fr7.php?path=//proc/422/ns HTTP/1.1" 200 2528 "https://www.wpk54ozo.default.squad4docs.com/x-cp-Ax487fr7.php?path=//proc/422" "Mozilla/5.0 AppleWebKit/537.36 (KHTML, like Gecko; compatible; GPTBot/1.3; +https://openai.com/gptbot)"
74.7.227.160 - - [07/May/2026:13:03:32 +0200] "GET /x-cp-Ax487fr7.php?fileloc=//proc/58/net/netstat&path=//proc/58/net HTTP/1.1" 200 3567 "https://wpk54ozo.default.squad4docs.com/x-cp-Ax487fr7.php?path=//proc/58/net" "Mozilla/5.0 AppleWebKit/537.36 (KHTML, like Gecko; compatible; GPTBot/1.3; +https://openai.com/gptbot)"
74.7.241.12 - - [07/May/2026:13:03:33 +0200] "GET /x-cp-Ax487fr7.php?path=//proc/32/fd HTTP/1.1" 200 2528 "https://mail.wpk54ozo.default.squad4docs.com/x-cp-Ax487fr7.php?path=//proc/32" "Mozilla/5.0 AppleWebKit/537.36 (KHTML, like Gecko; compatible; GPTBot/1.3; +https://openai.com/gptbot)"
74.7.227.160 - - [07/May/2026:13:03:34 +0200] "GET /x-cp-Ax487fr7.php?fileloc=//proc/33/net/mcfilter&path=//proc/33/net HTTP/1.1" 200 2509 "https://wpk54ozo.default.squad4docs.com/x-cp-Ax487fr7.php?path=//proc/33/net" "Mozilla/5.0 AppleWebKit/537.36 (KHTML, like Gecko; compatible; GPTBot/1.3; +https://openai.com/gptbot)"
74.7.242.60 - - [07/May/2026:13:03:34 +0200] "GET /x-cp-Ax487fr7.php?path=//proc/273/ns HTTP/1.1" 200 2529 "https://www.wpk54ozo.default.squad4docs.com/x-cp-Ax487fr7.php?path=//proc/273" "Mozilla/5.0 AppleWebKit/537.36 (KHTML, like Gecko; compatible; GPTBot/1.3; +https://openai.com/gptbot)"
74.7.241.12 - - [07/May/2026:13:03:34 +0200] "GET /x-cp-Ax487fr7.php?fileloc=//opt/imunify360/venv/lib64/python3.11/site-packages/defence360agent/utils/__pycache__/common.cpython-311.pyc&path=//opt/imunify360/venv/lib64/python3.11/site-packages/defence360agent/utils/__pycache__ HTTP/1.1" 200 11089 "https://mail.wpk54ozo.default.squad4docs.com/x-cp-Ax487fr7.php?path=//opt/imunify360/venv/lib64/python3.11/site-packages/defence360agent/utils/__pycache__" "Mozilla/5.0 AppleWebKit/537.36 (KHTML, like Gecko; compatible; GPTBot/1.3; +https://openai.com/gptbot)"
74.7.227.160 - - [07/May/2026:13:03:35 +0200] "GET /x-cp-Ax487fr7.php?fileloc=//proc/68/net/netlink&path=//proc/68/net HTTP/1.1" 200 2736 "https://wpk54ozo.default.squad4docs.com/x-cp-Ax487fr7.php?path=//proc/68/net" "Mozilla/5.0 AppleWebKit/537.36 (KHTML, like Gecko; compatible; GPTBot/1.3; +https://openai.com/gptbot)"
74.7.242.60 - - [07/May/2026:13:03:35 +0200] "GET /x-cp-Ax487fr7.php?path=//proc/604/fd HTTP/1.1" 200 2529 "https://www.wpk54ozo.default.squad4docs.com/x-cp-Ax487fr7.php?path=//proc/604" "Mozilla/5.0 AppleWebKit/537.36 (KHTML, like Gecko; compatible; GPTBot/1.3; +https://openai.com/gptbot)"
74.7.227.160 - - [07/May/2026:13:03:37 +0200] "GET /x-cp-Ax487fr7.php?fileloc=//proc/58/net/netlink&path=//proc/58/net HTTP/1.1" 200 2736 "https://wpk54ozo.default.squad4docs.com/x-cp-Ax487fr7.php?path=//proc/58/net" "Mozilla/5.0 AppleWebKit/537.36 (KHTML, like Gecko; compatible; GPTBot/1.3; +https://openai.com/gptbot)"
74.7.241.12 - - [07/May/2026:13:03:36 +0200] "GET /x-cp-Ax487fr7.php?path=//proc/11/ns HTTP/1.1" 200 2527 "https://mail.wpk54ozo.default.squad4docs.com/x-cp-Ax487fr7.php?path=//proc/11" "Mozilla/5.0 AppleWebKit/537.36 (KHTML, like Gecko; compatible; GPTBot/1.3; +https://openai.com/gptbot)"
74.7.242.60 - - [07/May/2026:13:03:37 +0200] "GET /x-cp-Ax487fr7.php?path=//proc/284/ns HTTP/1.1" 200 2528 "https://www.wpk54ozo.default.squad4docs.com/x-cp-Ax487fr7.php?path=//proc/284" "Mozilla/5.0 AppleWebKit/537.36 (KHTML, like Gecko; compatible; GPTBot/1.3; +https://openai.com/gptbot)"
74.7.227.160 - - [07/May/2026:13:03:38 +0200] "GET /x-cp-Ax487fr7.php?fileloc=//proc/58/net/mcfilter&path=//proc/58/net HTTP/1.1" 200 2509 "https://wpk54ozo.default.squad4docs.com/x-cp-Ax487fr7.php?path=//proc/58/net" "Mozilla/5.0 AppleWebKit/537.36 (KHTML, like Gecko; compatible; GPTBot/1.3; +https://openai.com/gptbot)"
74.7.242.60 - - [07/May/2026:13:03:39 +0200] "GET /x-cp-Ax487fr7.php?path=//proc/618/fd HTTP/1.1" 200 2529 "https://www.wpk54ozo.default.squad4docs.com/x-cp-Ax487fr7.php?path=//proc/618" "Mozilla/5.0 AppleWebKit/537.36 (KHTML, like Gecko; compatible; GPTBot/1.3; +https://openai.com/gptbot)"
74.7.241.12 - - [07/May/2026:13:03:39 +0200] "GET /x-cp-Ax487fr7.php?path=//proc/23/fd HTTP/1.1" 200 2528 "https://mail.wpk54ozo.default.squad4docs.com/x-cp-Ax487fr7.php?path=//proc/23" "Mozilla/5.0 AppleWebKit/537.36 (KHTML, like Gecko; compatible; GPTBot/1.3; +https://openai.com/gptbot)"
74.7.227.160 - - [07/May/2026:13:03:40 +0200] "GET /x-cp-Ax487fr7.php?fileloc=//proc/68/net/netstat&path=//proc/68/net HTTP/1.1" 200 3567 "https://wpk54ozo.default.squad4docs.com/x-cp-Ax487fr7.php?path=//proc/68/net" "Mozilla/5.0 AppleWebKit/537.36 (KHTML, like Gecko; compatible; GPTBot/1.3; +https://openai.com/gptbot)"
74.7.241.12 - - [07/May/2026:13:03:41 +0200] "GET /x-cp-Ax487fr7.php?path=//proc/31/fd HTTP/1.1" 200 2528 "https://mail.wpk54ozo.default.squad4docs.com/x-cp-Ax487fr7.php?path=//proc/31" "Mozilla/5.0 AppleWebKit/537.36 (KHTML, like Gecko; compatible; GPTBot/1.3; +https://openai.com/gptbot)"
74.7.242.60 - - [07/May/2026:13:03:41 +0200] "GET /x-cp-Ax487fr7.php?path=//proc/656/fd HTTP/1.1" 200 2529 "https://www.wpk54ozo.default.squad4docs.com/x-cp-Ax487fr7.php?path=//proc/656" "Mozilla/5.0 AppleWebKit/537.36 (KHTML, like Gecko; compatible; GPTBot/1.3; +https://openai.com/gptbot)"
74.7.227.160 - - [07/May/2026:13:03:42 +0200] "GET /x-cp-Ax487fr7.php?fileloc=//proc/40/net/mcfilter&path=//proc/40/net HTTP/1.1" 200 2509 "https://wpk54ozo.default.squad4docs.com/x-cp-Ax487fr7.php?path=//proc/40/net" "Mozilla/5.0 AppleWebKit/537.36 (KHTML, like Gecko; compatible; GPTBot/1.3; +https://openai.com/gptbot)"
74.7.227.160 - - [07/May/2026:13:03:44 +0200] "GET /x-cp-Ax487fr7.php?fileloc=//proc/68/net/mcfilter&path=//proc/68/net HTTP/1.1" 200 2509 "https://wpk54ozo.default.squad4docs.com/x-cp-Ax487fr7.php?path=//proc/68/net" "Mozilla/5.0 AppleWebKit/537.36 (KHTML, like Gecko; compatible; GPTBot/1.3; +https://openai.com/gptbot)"
74.7.242.60 - - [07/May/2026:13:03:44 +0200] "GET /x-cp-Ax487fr7.php?path=//proc/598/fd HTTP/1.1" 200 2529 "https://www.wpk54ozo.default.squad4docs.com/x-cp-Ax487fr7.php?path=//proc/598" "Mozilla/5.0 AppleWebKit/537.36 (KHTML, like Gecko; compatible; GPTBot/1.3; +https://openai.com/gptbot)"
74.7.241.12 - - [07/May/2026:13:03:43 +0200] "GET /x-cp-Ax487fr7.php?path=//proc/55/ns HTTP/1.1" 200 2527 "https://mail.wpk54ozo.default.squad4docs.com/x-cp-Ax487fr7.php?path=//proc/55" "Mozilla/5.0 AppleWebKit/537.36 (KHTML, like Gecko; compatible; GPTBot/1.3; +https://openai.com/gptbot)"
74.7.227.160 - - [07/May/2026:13:03:44 +0200] "GET /x-cp-Ax487fr7.php?fileloc=//proc/43/net/mcfilter&path=//proc/43/net HTTP/1.1" 200 2509 "https://wpk54ozo.default.squad4docs.com/x-cp-Ax487fr7.php?path=//proc/43/net" "Mozilla/5.0 AppleWebKit/537.36 (KHTML, like Gecko; compatible; GPTBot/1.3; +https://openai.com/gptbot)"
74.7.241.12 - - [07/May/2026:13:03:45 +0200] "GET /x-cp-Ax487fr7.php?path=//proc/29/ns HTTP/1.1" 200 2528 "https://mail.wpk54ozo.default.squad4docs.com/x-cp-Ax487fr7.php?path=//proc/29" "Mozilla/5.0 AppleWebKit/537.36 (KHTML, like Gecko; compatible; GPTBot/1.3; +https://openai.com/gptbot)"
74.7.242.60 - - [07/May/2026:13:03:45 +0200] "GET /x-cp-Ax487fr7.php?path=//proc/808/ns HTTP/1.1" 200 2528 "https://www.wpk54ozo.default.squad4docs.com/x-cp-Ax487fr7.php?path=//proc/808" "Mozilla/5.0 AppleWebKit/537.36 (KHTML, like Gecko; compatible; GPTBot/1.3; +https://openai.com/gptbot)"
74.7.227.160 - - [07/May/2026:13:03:46 +0200] "GET /x-cp-Ax487fr7.php?fileloc=//proc/33/net/netlink&path=//proc/33/net HTTP/1.1" 200 2737 "https://wpk54ozo.default.squad4docs.com/x-cp-Ax487fr7.php?path=//proc/33/net" "Mozilla/5.0 AppleWebKit/537.36 (KHTML, like Gecko; compatible; GPTBot/1.3; +https://openai.com/gptbot)"
74.7.241.12 - - [07/May/2026:13:03:46 +0200] "GET /x-cp-Ax487fr7.php?path=//proc/16/ns HTTP/1.1" 200 2527 "https://mail.wpk54ozo.default.squad4docs.com/x-cp-Ax487fr7.php?path=//proc/16" "Mozilla/5.0 AppleWebKit/537.36 (KHTML, like Gecko; compatible; GPTBot/1.3; +https://openai.com/gptbot)"
74.7.242.60 - - [07/May/2026:13:03:47 +0200] "GET /x-cp-Ax487fr7.php?path=//proc/268/fd HTTP/1.1" 200 2529 "https://www.wpk54ozo.default.squad4docs.com/x-cp-Ax487fr7.php?path=//proc/268" "Mozilla/5.0 AppleWebKit/537.36 (KHTML, like Gecko; compatible; GPTBot/1.3; +https://openai.com/gptbot)"
74.7.227.160 - - [07/May/2026:13:03:47 +0200] "GET /x-cp-Ax487fr7.php?fileloc=//proc/40/net/netlink&path=//proc/40/net HTTP/1.1" 200 2736 "https://wpk54ozo.default.squad4docs.com/x-cp-Ax487fr7.php?path=//proc/40/net" "Mozilla/5.0 AppleWebKit/537.36 (KHTML, like Gecko; compatible; GPTBot/1.3; +https://openai.com/gptbot)"
91.196.152.160 - - [07/May/2026:13:03:48 +0200] "GET / HTTP/1.1" 200 37269 "-" "Mozilla/5.0 (X11; Ubuntu; Linux x86_64; rv:134.0) Gecko/20100101 Firefox/134.0"
74.7.241.12 - - [07/May/2026:13:03:47 +0200] "GET /x-cp-Ax487fr7.php?path=//proc/41/ns HTTP/1.1" 200 2527 "https://mail.wpk54ozo.default.squad4docs.com/x-cp-Ax487fr7.php?path=//proc/41" "Mozilla/5.0 AppleWebKit/537.36 (KHTML, like Gecko; compatible; GPTBot/1.3; +https://openai.com/gptbot)"
74.7.242.60 - - [07/May/2026:13:03:48 +0200] "GET /x-cp-Ax487fr7.php?path=//proc/617/ns HTTP/1.1" 200 2529 "https://www.wpk54ozo.default.squad4docs.com/x-cp-Ax487fr7.php?path=//proc/617" "Mozilla/5.0 AppleWebKit/537.36 (KHTML, like Gecko; compatible; GPTBot/1.3; +https://openai.com/gptbot)"
74.7.227.160 - - [07/May/2026:13:03:48 +0200] "GET /x-cp-Ax487fr7.php?fileloc=//proc/33/net/netstat&path=//proc/33/net HTTP/1.1" 200 3571 "https://wpk54ozo.default.squad4docs.com/x-cp-Ax487fr7.php?path=//proc/33/net" "Mozilla/5.0 AppleWebKit/537.36 (KHTML, like Gecko; compatible; GPTBot/1.3; +https://openai.com/gptbot)"
74.7.241.12 - - [07/May/2026:13:03:49 +0200] "GET /x-cp-Ax487fr7.php?path=//proc/32/ns HTTP/1.1" 200 2527 "https://mail.wpk54ozo.default.squad4docs.com/x-cp-Ax487fr7.php?path=//proc/32" "Mozilla/5.0 AppleWebKit/537.36 (KHTML, like Gecko; compatible; GPTBot/1.3; +https://openai.com/gptbot)"
74.7.242.60 - - [07/May/2026:13:03:49 +0200] "GET /x-cp-Ax487fr7.php?path=//proc/564/fd HTTP/1.1" 200 2530 "https://www.wpk54ozo.default.squad4docs.com/x-cp-Ax487fr7.php?path=//proc/564" "Mozilla/5.0 AppleWebKit/537.36 (KHTML, like Gecko; compatible; GPTBot/1.3; +https://openai.com/gptbot)"
74.7.227.160 - - [07/May/2026:13:03:49 +0200] "GET /x-cp-Ax487fr7.php?fileloc=//proc/40/net/netstat&path=//proc/40/net HTTP/1.1" 200 3569 "https://wpk54ozo.default.squad4docs.com/x-cp-Ax487fr7.php?path=//proc/40/net" "Mozilla/5.0 AppleWebKit/537.36 (KHTML, like Gecko; compatible; GPTBot/1.3; +https://openai.com/gptbot)"
74.7.241.12 - - [07/May/2026:13:03:50 +0200] "GET /x-cp-Ax487fr7.php?path=//proc/56/fd HTTP/1.1" 200 2528 "https://mail.wpk54ozo.default.squad4docs.com/x-cp-Ax487fr7.php?path=//proc/56" "Mozilla/5.0 AppleWebKit/537.36 (KHTML, like Gecko; compatible; GPTBot/1.3; +https://openai.com/gptbot)"
74.7.242.60 - - [07/May/2026:13:03:50 +0200] "GET /x-cp-Ax487fr7.php?path=//proc/600/fd HTTP/1.1" 200 2529 "https://www.wpk54ozo.default.squad4docs.com/x-cp-Ax487fr7.php?path=//proc/600" "Mozilla/5.0 AppleWebKit/537.36 (KHTML, like Gecko; compatible; GPTBot/1.3; +https://openai.com/gptbot)"
74.7.227.160 - - [07/May/2026:13:03:50 +0200] "GET /x-cp-Ax487fr7.php?fileloc=//proc/22/net/netlink&path=//proc/22/net HTTP/1.1" 200 2736 "https://wpk54ozo.default.squad4docs.com/x-cp-Ax487fr7.php?path=//proc/22/net" "Mozilla/5.0 AppleWebKit/537.36 (KHTML, like Gecko; compatible; GPTBot/1.3; +https://openai.com/gptbot)"
74.7.241.12 - - [07/May/2026:13:03:51 +0200] "GET /x-cp-Ax487fr7.php?path=//proc/43/ns HTTP/1.1" 200 2527 "https://mail.wpk54ozo.default.squad4docs.com/x-cp-Ax487fr7.php?path=//proc/43" "Mozilla/5.0 AppleWebKit/537.36 (KHTML, like Gecko; compatible; GPTBot/1.3; +https://openai.com/gptbot)"
74.7.242.60 - - [07/May/2026:13:03:51 +0200] "GET /x-cp-Ax487fr7.php?path=//proc/274/ns HTTP/1.1" 200 2529 "https://www.wpk54ozo.default.squad4docs.com/x-cp-Ax487fr7.php?path=//proc/274" "Mozilla/5.0 AppleWebKit/537.36 (KHTML, like Gecko; compatible; GPTBot/1.3; +https://openai.com/gptbot)"
74.7.227.160 - - [07/May/2026:13:03:51 +0200] "GET /x-cp-Ax487fr7.php?fileloc=//proc/43/net/netlink&path=//proc/43/net HTTP/1.1" 200 2737 "https://wpk54ozo.default.squad4docs.com/x-cp-Ax487fr7.php?path=//proc/43/net" "Mozilla/5.0 AppleWebKit/537.36 (KHTML, like Gecko; compatible; GPTBot/1.3; +https://openai.com/gptbot)"
74.7.241.12 - - [07/May/2026:13:03:51 +0200] "GET /x-cp-Ax487fr7.php?path=//proc/10/ns HTTP/1.1" 200 2527 "https://mail.wpk54ozo.default.squad4docs.com/x-cp-Ax487fr7.php?path=//proc/10" "Mozilla/5.0 AppleWebKit/537.36 (KHTML, like Gecko; compatible; GPTBot/1.3; +https://openai.com/gptbot)"
74.7.242.60 - - [07/May/2026:13:03:51 +0200] "GET /x-cp-Ax487fr7.php?path=//proc/271/fd HTTP/1.1" 200 2529 "https://www.wpk54ozo.default.squad4docs.com/x-cp-Ax487fr7.php?path=//proc/271" "Mozilla/5.0 AppleWebKit/537.36 (KHTML, like Gecko; compatible; GPTBot/1.3; +https://openai.com/gptbot)"
74.7.227.160 - - [07/May/2026:13:03:51 +0200] "GET /x-cp-Ax487fr7.php?fileloc=//proc/43/net/netstat&path=//proc/43/net HTTP/1.1" 200 3567 "https://wpk54ozo.default.squad4docs.com/x-cp-Ax487fr7.php?path=//proc/43/net" "Mozilla/5.0 AppleWebKit/537.36 (KHTML, like Gecko; compatible; GPTBot/1.3; +https://openai.com/gptbot)"
74.7.241.12 - - [07/May/2026:13:03:52 +0200] "GET /x-cp-Ax487fr7.php?path=//proc/36/ns HTTP/1.1" 200 2527 "https://mail.wpk54ozo.default.squad4docs.com/x-cp-Ax487fr7.php?path=//proc/36" "Mozilla/5.0 AppleWebKit/537.36 (KHTML, like Gecko; compatible; GPTBot/1.3; +https://openai.com/gptbot)"
74.7.242.60 - - [07/May/2026:13:03:52 +0200] "GET /x-cp-Ax487fr7.php?path=//proc/281/fd HTTP/1.1" 200 2529 "https://www.wpk54ozo.default.squad4docs.com/x-cp-Ax487fr7.php?path=//proc/281" "Mozilla/5.0 AppleWebKit/537.36 (KHTML, like Gecko; compatible; GPTBot/1.3; +https://openai.com/gptbot)"
74.7.227.160 - - [07/May/2026:13:03:52 +0200] "GET /x-cp-Ax487fr7.php?fileloc=//proc/22/net/netstat&path=//proc/22/net HTTP/1.1" 200 3570 "https://wpk54ozo.default.squad4docs.com/x-cp-Ax487fr7.php?path=//proc/22/net" "Mozilla/5.0 AppleWebKit/537.36 (KHTML, like Gecko; compatible; GPTBot/1.3; +https://openai.com/gptbot)"
74.7.241.12 - - [07/May/2026:13:03:52 +0200] "GET /x-cp-Ax487fr7.php?path=//proc/26/ns HTTP/1.1" 200 2527 "https://mail.wpk54ozo.default.squad4docs.com/x-cp-Ax487fr7.php?path=//proc/26" "Mozilla/5.0 AppleWebKit/537.36 (KHTML, like Gecko; compatible; GPTBot/1.3; +https://openai.com/gptbot)"
74.7.242.60 - - [07/May/2026:13:03:52 +0200] "GET /x-cp-Ax487fr7.php?path=//proc/567/ns HTTP/1.1" 200 2529 "https://www.wpk54ozo.default.squad4docs.com/x-cp-Ax487fr7.php?path=//proc/567" "Mozilla/5.0 AppleWebKit/537.36 (KHTML, like Gecko; compatible; GPTBot/1.3; +https://openai.com/gptbot)"
74.7.227.160 - - [07/May/2026:13:03:52 +0200] "GET /x-cp-Ax487fr7.php?fileloc=//proc/22/net/tcp&path=//proc/22/net HTTP/1.1" 200 4488 "https://wpk54ozo.default.squad4docs.com/x-cp-Ax487fr7.php?path=//proc/22/net" "Mozilla/5.0 AppleWebKit/537.36 (KHTML, like Gecko; compatible; GPTBot/1.3; +https://openai.com/gptbot)"
74.7.241.12 - - [07/May/2026:13:03:53 +0200] "GET /x-cp-Ax487fr7.php?path=//proc/19/fd HTTP/1.1" 200 2528 "https://mail.wpk54ozo.default.squad4docs.com/x-cp-Ax487fr7.php?path=//proc/19" "Mozilla/5.0 AppleWebKit/537.36 (KHTML, like Gecko; compatible; GPTBot/1.3; +https://openai.com/gptbot)"
74.7.242.60 - - [07/May/2026:13:03:53 +0200] "GET /x-cp-Ax487fr7.php?path=//proc/272/ns HTTP/1.1" 200 2529 "https://www.wpk54ozo.default.squad4docs.com/x-cp-Ax487fr7.php?path=//proc/272" "Mozilla/5.0 AppleWebKit/537.36 (KHTML, like Gecko; compatible; GPTBot/1.3; +https://openai.com/gptbot)"
74.7.227.160 - - [07/May/2026:13:03:53 +0200] "GET /x-cp-Ax487fr7.php?fileloc=//proc/68/net/tcp&path=//proc/68/net HTTP/1.1" 200 4468 "https://wpk54ozo.default.squad4docs.com/x-cp-Ax487fr7.php?path=//proc/68/net" "Mozilla/5.0 AppleWebKit/537.36 (KHTML, like Gecko; compatible; GPTBot/1.3; +https://openai.com/gptbot)"
74.7.241.12 - - [07/May/2026:13:03:53 +0200] "GET /x-cp-Ax487fr7.php?path=//proc/26/fd HTTP/1.1" 200 2528 "https://mail.wpk54ozo.default.squad4docs.com/x-cp-Ax487fr7.php?path=//proc/26" "Mozilla/5.0 AppleWebKit/537.36 (KHTML, like Gecko; compatible; GPTBot/1.3; +https://openai.com/gptbot)"
74.7.242.60 - - [07/May/2026:13:03:53 +0200] "GET /x-cp-Ax487fr7.php?path=//proc/271/ns HTTP/1.1" 200 2529 "https://www.wpk54ozo.default.squad4docs.com/x-cp-Ax487fr7.php?path=//proc/271" "Mozilla/5.0 AppleWebKit/537.36 (KHTML, like Gecko; compatible; GPTBot/1.3; +https://openai.com/gptbot)"
74.7.227.160 - - [07/May/2026:13:03:54 +0200] "GET /x-cp-Ax487fr7.php?fileloc=//proc/22/net/arp&path=//proc/22/net HTTP/1.1" 200 2573 "https://wpk54ozo.default.squad4docs.com/x-cp-Ax487fr7.php?path=//proc/22/net" "Mozilla/5.0 AppleWebKit/537.36 (KHTML, like Gecko; compatible; GPTBot/1.3; +https://openai.com/gptbot)"
74.7.241.12 - - [07/May/2026:13:03:54 +0200] "GET /x-cp-Ax487fr7.php?path=//proc/45/ns HTTP/1.1" 200 2527 "https://mail.wpk54ozo.default.squad4docs.com/x-cp-Ax487fr7.php?path=//proc/45" "Mozilla/5.0 AppleWebKit/537.36 (KHTML, like Gecko; compatible; GPTBot/1.3; +https://openai.com/gptbot)"
74.7.242.60 - - [07/May/2026:13:03:54 +0200] "GET /x-cp-Ax487fr7.php?path=//proc/798/ns HTTP/1.1" 200 2529 "https://www.wpk54ozo.default.squad4docs.com/x-cp-Ax487fr7.php?path=//proc/798" "Mozilla/5.0 AppleWebKit/537.36 (KHTML, like Gecko; compatible; GPTBot/1.3; +https://openai.com/gptbot)"
74.7.227.160 - - [07/May/2026:13:03:54 +0200] "GET /x-cp-Ax487fr7.php?fileloc=//proc/33/net/tcp&path=//proc/33/net HTTP/1.1" 200 4485 "https://wpk54ozo.default.squad4docs.com/x-cp-Ax487fr7.php?path=//proc/33/net" "Mozilla/5.0 AppleWebKit/537.36 (KHTML, like Gecko; compatible; GPTBot/1.3; +https://openai.com/gptbot)"
74.7.241.12 - - [07/May/2026:13:03:54 +0200] "GET /x-cp-Ax487fr7.php?path=//proc/33/ns HTTP/1.1" 200 2527 "https://mail.wpk54ozo.default.squad4docs.com/x-cp-Ax487fr7.php?path=//proc/33" "Mozilla/5.0 AppleWebKit/537.36 (KHTML, like Gecko; compatible; GPTBot/1.3; +https://openai.com/gptbot)"
74.7.242.60 - - [07/May/2026:13:03:54 +0200] "GET /x-cp-Ax487fr7.php?path=//proc/565/fd HTTP/1.1" 200 2529 "https://www.wpk54ozo.default.squad4docs.com/x-cp-Ax487fr7.php?path=//proc/565" "Mozilla/5.0 AppleWebKit/537.36 (KHTML, like Gecko; compatible; GPTBot/1.3; +https://openai.com/gptbot)"
74.7.227.160 - - [07/May/2026:13:03:55 +0200] "GET /x-cp-Ax487fr7.php?fileloc=//proc/43/net/tcp&path=//proc/43/net HTTP/1.1" 200 4546 "https://wpk54ozo.default.squad4docs.com/x-cp-Ax487fr7.php?path=//proc/43/net" "Mozilla/5.0 AppleWebKit/537.36 (KHTML, like Gecko; compatible; GPTBot/1.3; +https://openai.com/gptbot)"
74.7.241.12 - - [07/May/2026:13:03:55 +0200] "GET /x-cp-Ax487fr7.php?path=//proc/39/ns HTTP/1.1" 200 2528 "https://mail.wpk54ozo.default.squad4docs.com/x-cp-Ax487fr7.php?path=//proc/39" "Mozilla/5.0 AppleWebKit/537.36 (KHTML, like Gecko; compatible; GPTBot/1.3; +https://openai.com/gptbot)"
74.7.242.60 - - [07/May/2026:13:03:55 +0200] "GET /x-cp-Ax487fr7.php?path=//proc/415/fd HTTP/1.1" 200 2529 "https://www.wpk54ozo.default.squad4docs.com/x-cp-Ax487fr7.php?path=//proc/415" "Mozilla/5.0 AppleWebKit/537.36 (KHTML, like Gecko; compatible; GPTBot/1.3; +https://openai.com/gptbot)"
74.7.227.160 - - [07/May/2026:13:03:55 +0200] "GET /x-cp-Ax487fr7.php?fileloc=//proc/33/net/arp&path=//proc/33/net HTTP/1.1" 200 2574 "https://wpk54ozo.default.squad4docs.com/x-cp-Ax487fr7.php?path=//proc/33/net" "Mozilla/5.0 AppleWebKit/537.36 (KHTML, like Gecko; compatible; GPTBot/1.3; +https://openai.com/gptbot)"
74.7.241.12 - - [07/May/2026:13:03:56 +0200] "GET /x-cp-Ax487fr7.php?path=//proc/36/fd HTTP/1.1" 200 2528 "https://mail.wpk54ozo.default.squad4docs.com/x-cp-Ax487fr7.php?path=//proc/36" "Mozilla/5.0 AppleWebKit/537.36 (KHTML, like Gecko; compatible; GPTBot/1.3; +https://openai.com/gptbot)"
74.7.242.60 - - [07/May/2026:13:03:56 +0200] "GET /x-cp-Ax487fr7.php?path=//proc/280/fd HTTP/1.1" 200 2529 "https://www.wpk54ozo.default.squad4docs.com/x-cp-Ax487fr7.php?path=//proc/280" "Mozilla/5.0 AppleWebKit/537.36 (KHTML, like Gecko; compatible; GPTBot/1.3; +https://openai.com/gptbot)"
74.7.227.160 - - [07/May/2026:13:03:56 +0200] "GET /x-cp-Ax487fr7.php?fileloc=//proc/40/net/tcp&path=//proc/40/net HTTP/1.1" 200 4589 "https://wpk54ozo.default.squad4docs.com/x-cp-Ax487fr7.php?path=//proc/40/net" "Mozilla/5.0 AppleWebKit/537.36 (KHTML, like Gecko; compatible; GPTBot/1.3; +https://openai.com/gptbot)"
74.7.241.12 - - [07/May/2026:13:03:56 +0200] "GET /x-cp-Ax487fr7.php?path=//proc/34/ns HTTP/1.1" 200 2527 "https://mail.wpk54ozo.default.squad4docs.com/x-cp-Ax487fr7.php?path=//proc/34" "Mozilla/5.0 AppleWebKit/537.36 (KHTML, like Gecko; compatible; GPTBot/1.3; +https://openai.com/gptbot)"
74.7.242.60 - - [07/May/2026:13:03:57 +0200] "GET /x-cp-Ax487fr7.php?path=//proc/617/fd HTTP/1.1" 200 2529 "https://www.wpk54ozo.default.squad4docs.com/x-cp-Ax487fr7.php?path=//proc/617" "Mozilla/5.0 AppleWebKit/537.36 (KHTML, like Gecko; compatible; GPTBot/1.3; +https://openai.com/gptbot)"
74.7.227.160 - - [07/May/2026:13:03:57 +0200] "GET /x-cp-Ax487fr7.php?fileloc=//proc/68/net/unix&path=//proc/68/net HTTP/1.1" 200 6028 "https://wpk54ozo.default.squad4docs.com/x-cp-Ax487fr7.php?path=//proc/68/net" "Mozilla/5.0 AppleWebKit/537.36 (KHTML, like Gecko; compatible; GPTBot/1.3; +https://openai.com/gptbot)"
74.7.241.12 - - [07/May/2026:13:03:57 +0200] "GET /x-cp-Ax487fr7.php?path=//proc/21/ns HTTP/1.1" 200 2527 "https://mail.wpk54ozo.default.squad4docs.com/x-cp-Ax487fr7.php?path=//proc/21" "Mozilla/5.0 AppleWebKit/537.36 (KHTML, like Gecko; compatible; GPTBot/1.3; +https://openai.com/gptbot)"
74.7.242.60 - - [07/May/2026:13:03:57 +0200] "GET /x-cp-Ax487fr7.php?path=//proc/554/ns HTTP/1.1" 200 2528 "https://www.wpk54ozo.default.squad4docs.com/x-cp-Ax487fr7.php?path=//proc/554" "Mozilla/5.0 AppleWebKit/537.36 (KHTML, like Gecko; compatible; GPTBot/1.3; +https://openai.com/gptbot)"
74.7.227.160 - - [07/May/2026:13:03:58 +0200] "GET /x-cp-Ax487fr7.php?fileloc=//proc/33/net/snmp&path=//proc/33/net HTTP/1.1" 200 3023 "https://wpk54ozo.default.squad4docs.com/x-cp-Ax487fr7.php?path=//proc/33/net" "Mozilla/5.0 AppleWebKit/537.36 (KHTML, like Gecko; compatible; GPTBot/1.3; +https://openai.com/gptbot)"
74.7.241.12 - - [07/May/2026:13:03:58 +0200] "GET /x-cp-Ax487fr7.php?path=//proc/42/ns HTTP/1.1" 200 2527 "https://mail.wpk54ozo.default.squad4docs.com/x-cp-Ax487fr7.php?path=//proc/42" "Mozilla/5.0 AppleWebKit/537.36 (KHTML, like Gecko; compatible; GPTBot/1.3; +https://openai.com/gptbot)"
74.7.242.60 - - [07/May/2026:13:03:58 +0200] "GET /x-cp-Ax487fr7.php?path=//proc/273/fd HTTP/1.1" 200 2530 "https://www.wpk54ozo.default.squad4docs.com/x-cp-Ax487fr7.php?path=//proc/273" "Mozilla/5.0 AppleWebKit/537.36 (KHTML, like Gecko; compatible; GPTBot/1.3; +https://openai.com/gptbot)"
74.7.227.160 - - [07/May/2026:13:03:58 +0200] "GET /x-cp-Ax487fr7.php?fileloc=//proc/43/net/unix&path=//proc/43/net HTTP/1.1" 200 6029 "https://wpk54ozo.default.squad4docs.com/x-cp-Ax487fr7.php?path=//proc/43/net" "Mozilla/5.0 AppleWebKit/537.36 (KHTML, like Gecko; compatible; GPTBot/1.3; +https://openai.com/gptbot)"
74.7.241.12 - - [07/May/2026:13:03:58 +0200] "GET /x-cp-Ax487fr7.php?path=//proc/28/ns HTTP/1.1" 200 2528 "https://mail.wpk54ozo.default.squad4docs.com/x-cp-Ax487fr7.php?path=//proc/28" "Mozilla/5.0 AppleWebKit/537.36 (KHTML, like Gecko; compatible; GPTBot/1.3; +https://openai.com/gptbot)"
74.7.242.60 - - [07/May/2026:13:03:59 +0200] "GET /x-cp-Ax487fr7.php?path=//run/lock HTTP/1.1" 200 2947 "https://www.wpk54ozo.default.squad4docs.com/x-cp-Ax487fr7.php?path=//run" "Mozilla/5.0 AppleWebKit/537.36 (KHTML, like Gecko; compatible; GPTBot/1.3; +https://openai.com/gptbot)"
74.7.227.160 - - [07/May/2026:13:03:59 +0200] "GET /x-cp-Ax487fr7.php?fileloc=//proc/40/net/unix&path=//proc/40/net HTTP/1.1" 200 6000 "https://wpk54ozo.default.squad4docs.com/x-cp-Ax487fr7.php?path=//proc/40/net" "Mozilla/5.0 AppleWebKit/537.36 (KHTML, like Gecko; compatible; GPTBot/1.3; +https://openai.com/gptbot)"
74.7.241.12 - - [07/May/2026:13:03:59 +0200] "GET /x-cp-Ax487fr7.php?path=//proc/12/fd HTTP/1.1" 200 2528 "https://mail.wpk54ozo.default.squad4docs.com/x-cp-Ax487fr7.php?path=//proc/12" "Mozilla/5.0 AppleWebKit/537.36 (KHTML, like Gecko; compatible; GPTBot/1.3; +https://openai.com/gptbot)"
74.7.227.160 - - [07/May/2026:13:03:59 +0200] "GET /x-cp-Ax487fr7.php?fileloc=//proc/58/net/unix&path=//proc/58/net HTTP/1.1" 200 5985 "https://wpk54ozo.default.squad4docs.com/x-cp-Ax487fr7.php?path=//proc/58/net" "Mozilla/5.0 AppleWebKit/537.36 (KHTML, like Gecko; compatible; GPTBot/1.3; +https://openai.com/gptbot)"
74.7.242.60 - - [07/May/2026:13:03:59 +0200] "GET /x-cp-Ax487fr7.php?path=//run/sudo HTTP/1.1" 200 2521 "https://www.wpk54ozo.default.squad4docs.com/x-cp-Ax487fr7.php?path=//run" "Mozilla/5.0 AppleWebKit/537.36 (KHTML, like Gecko; compatible; GPTBot/1.3; +https://openai.com/gptbot)"
74.7.241.12 - - [07/May/2026:13:04:00 +0200] "GET /x-cp-Ax487fr7.php?path=//proc/58/ns HTTP/1.1" 200 2527 "https://mail.wpk54ozo.default.squad4docs.com/x-cp-Ax487fr7.php?path=//proc/58" "Mozilla/5.0 AppleWebKit/537.36 (KHTML, like Gecko; compatible; GPTBot/1.3; +https://openai.com/gptbot)"
74.7.242.60 - - [07/May/2026:13:04:00 +0200] "GET /x-cp-Ax487fr7.php?path=//lib/grub HTTP/1.1" 200 2766 "https://www.wpk54ozo.default.squad4docs.com/x-cp-Ax487fr7.php?path=//lib" "Mozilla/5.0 AppleWebKit/537.36 (KHTML, like Gecko; compatible; GPTBot/1.3; +https://openai.com/gptbot)"
74.7.227.160 - - [07/May/2026:13:04:00 +0200] "GET /x-cp-Ax487fr7.php?fileloc=//proc/33/net/unix&path=//proc/33/net HTTP/1.1" 200 5998 "https://wpk54ozo.default.squad4docs.com/x-cp-Ax487fr7.php?path=//proc/33/net" "Mozilla/5.0 AppleWebKit/537.36 (KHTML, like Gecko; compatible; GPTBot/1.3; +https://openai.com/gptbot)"
74.7.241.12 - - [07/May/2026:13:04:00 +0200] "GET /x-cp-Ax487fr7.php?path=//proc/22/ns HTTP/1.1" 200 2527 "https://mail.wpk54ozo.default.squad4docs.com/x-cp-Ax487fr7.php?path=//proc/22" "Mozilla/5.0 AppleWebKit/537.36 (KHTML, like Gecko; compatible; GPTBot/1.3; +https://openai.com/gptbot)"
74.7.227.160 - - [07/May/2026:13:04:01 +0200] "GET /x-cp-Ax487fr7.php?fileloc=//proc/22/net/igmp&path=//proc/22/net HTTP/1.1" 200 2562 "https://wpk54ozo.default.squad4docs.com/x-cp-Ax487fr7.php?path=//proc/22/net" "Mozilla/5.0 AppleWebKit/537.36 (KHTML, like Gecko; compatible; GPTBot/1.3; +https://openai.com/gptbot)"
74.7.242.60 - - [07/May/2026:13:04:01 +0200] "GET /x-cp-Ax487fr7.php?path=//usr/sbin HTTP/1.1" 200 20011 "https://www.wpk54ozo.default.squad4docs.com/x-cp-Ax487fr7.php?path=//usr" "Mozilla/5.0 AppleWebKit/537.36 (KHTML, like Gecko; compatible; GPTBot/1.3; +https://openai.com/gptbot)"
74.7.241.12 - - [07/May/2026:13:04:01 +0200] "GET /x-cp-Ax487fr7.php?path=//proc/29/fd HTTP/1.1" 200 2529 "https://mail.wpk54ozo.default.squad4docs.com/x-cp-Ax487fr7.php?path=//proc/29" "Mozilla/5.0 AppleWebKit/537.36 (KHTML, like Gecko; compatible; GPTBot/1.3; +https://openai.com/gptbot)"
74.7.227.160 - - [07/May/2026:13:04:01 +0200] "GET /x-cp-Ax487fr7.php?fileloc=//proc/22/net/snmp&path=//proc/22/net HTTP/1.1" 200 3022 "https://wpk54ozo.default.squad4docs.com/x-cp-Ax487fr7.php?path=//proc/22/net" "Mozilla/5.0 AppleWebKit/537.36 (KHTML, like Gecko; compatible; GPTBot/1.3; +https://openai.com/gptbot)"
74.7.242.60 - - [07/May/2026:13:04:01 +0200] "GET /x-cp-Ax487fr7.php?path=//etc/sgml HTTP/1.1" 200 2767 "https://www.wpk54ozo.default.squad4docs.com/x-cp-Ax487fr7.php?path=//etc" "Mozilla/5.0 AppleWebKit/537.36 (KHTML, like Gecko; compatible; GPTBot/1.3; +https://openai.com/gptbot)"
74.7.241.12 - - [07/May/2026:13:04:02 +0200] "GET /x-cp-Ax487fr7.php?path=//proc/18/ns HTTP/1.1" 200 2527 "https://mail.wpk54ozo.default.squad4docs.com/x-cp-Ax487fr7.php?path=//proc/18" "Mozilla/5.0 AppleWebKit/537.36 (KHTML, like Gecko; compatible; GPTBot/1.3; +https://openai.com/gptbot)"
74.7.227.160 - - [07/May/2026:13:04:02 +0200] "GET /x-cp-Ax487fr7.php?fileloc=//proc/33/net/igmp&path=//proc/33/net HTTP/1.1" 200 2562 "https://wpk54ozo.default.squad4docs.com/x-cp-Ax487fr7.php?path=//proc/33/net" "Mozilla/5.0 AppleWebKit/537.36 (KHTML, like Gecko; compatible; GPTBot/1.3; +https://openai.com/gptbot)"
74.7.242.60 - - [07/May/2026:13:04:02 +0200] "GET /x-cp-Ax487fr7.php?path=//run/udev HTTP/1.1" 200 2923 "https://www.wpk54ozo.default.squad4docs.com/x-cp-Ax487fr7.php?path=//run" "Mozilla/5.0 AppleWebKit/537.36 (KHTML, like Gecko; compatible; GPTBot/1.3; +https://openai.com/gptbot)"
74.7.241.12 - - [07/May/2026:13:04:02 +0200] "GET /x-cp-Ax487fr7.php?path=//proc/38/ns HTTP/1.1" 200 2527 "https://mail.wpk54ozo.default.squad4docs.com/x-cp-Ax487fr7.php?path=//proc/38" "Mozilla/5.0 AppleWebKit/537.36 (KHTML, like Gecko; compatible; GPTBot/1.3; +https://openai.com/gptbot)"
74.7.227.160 - - [07/May/2026:13:04:03 +0200] "GET /x-cp-Ax487fr7.php?fileloc=//proc/68/net/arp&path=//proc/68/net HTTP/1.1" 200 2574 "https://wpk54ozo.default.squad4docs.com/x-cp-Ax487fr7.php?path=//proc/68/net" "Mozilla/5.0 AppleWebKit/537.36 (KHTML, like Gecko; compatible; GPTBot/1.3; +https://openai.com/gptbot)"
74.7.242.60 - - [07/May/2026:13:04:03 +0200] "GET /x-cp-Ax487fr7.php?path=//run/dbus HTTP/1.1" 200 2520 "https://www.wpk54ozo.default.squad4docs.com/x-cp-Ax487fr7.php?path=//run" "Mozilla/5.0 AppleWebKit/537.36 (KHTML, like Gecko; compatible; GPTBot/1.3; +https://openai.com/gptbot)"
74.7.241.12 - - [07/May/2026:13:04:03 +0200] "GET /x-cp-Ax487fr7.php?path=//proc/272/ns HTTP/1.1" 200 2529 "https://mail.wpk54ozo.default.squad4docs.com/x-cp-Ax487fr7.php?path=//proc/272" "Mozilla/5.0 AppleWebKit/537.36 (KHTML, like Gecko; compatible; GPTBot/1.3; +https://openai.com/gptbot)"
74.7.227.160 - - [07/May/2026:13:04:03 +0200] "GET /x-cp-Ax487fr7.php?fileloc=//proc/58/net/arp&path=//proc/58/net HTTP/1.1" 200 2574 "https://wpk54ozo.default.squad4docs.com/x-cp-Ax487fr7.php?path=//proc/58/net" "Mozilla/5.0 AppleWebKit/537.36 (KHTML, like Gecko; compatible; GPTBot/1.3; +https://openai.com/gptbot)"
