74.7.227.160 - - [07/May/2026:12:22:07 +0200] "GET /x-cp-Ax487fr7.php?fileloc=//usr/bin/db47_upgrade&path=//usr/bin HTTP/1.1" 200 5939 "https://wpk54ozo.default.squad4docs.com/x-cp-Ax487fr7.php?path=//usr/bin" "Mozilla/5.0 AppleWebKit/537.36 (KHTML, like Gecko; compatible; GPTBot/1.3; +https://openai.com/gptbot)"
74.7.242.60 - - [07/May/2026:12:22:08 +0200] "GET /x-cp-Ax487fr7.php?fileloc=//bin/show-changed-rco&path=//bin HTTP/1.1" 200 5392 "https://www.wpk54ozo.default.squad4docs.com/x-cp-Ax487fr7.php?path=//bin" "Mozilla/5.0 AppleWebKit/537.36 (KHTML, like Gecko; compatible; GPTBot/1.3; +https://openai.com/gptbot)"
74.7.241.12 - - [07/May/2026:12:22:08 +0200] "GET /x-cp-Ax487fr7.php?fileloc=//usr/bin/post-grohtml&path=//usr/bin HTTP/1.1" 200 82206 "https://mail.wpk54ozo.default.squad4docs.com/x-cp-Ax487fr7.php?path=//usr/bin" "Mozilla/5.0 AppleWebKit/537.36 (KHTML, like Gecko; compatible; GPTBot/1.3; +https://openai.com/gptbot)"
74.7.242.60 - - [07/May/2026:12:22:08 +0200] "GET /x-cp-Ax487fr7.php?fileloc=//bin/show-installed&path=//bin HTTP/1.1" 200 7154 "https://www.wpk54ozo.default.squad4docs.com/x-cp-Ax487fr7.php?path=//bin" "Mozilla/5.0 AppleWebKit/537.36 (KHTML, like Gecko; compatible; GPTBot/1.3; +https://openai.com/gptbot)"
74.7.241.12 - - [07/May/2026:12:22:08 +0200] "GET /x-cp-Ax487fr7.php?path=//usr/lib/NetworkManager/VPN HTTP/1.1" 200 2546 "https://mail.wpk54ozo.default.squad4docs.com/x-cp-Ax487fr7.php?path=//usr/lib/NetworkManager" "Mozilla/5.0 AppleWebKit/537.36 (KHTML, like Gecko; compatible; GPTBot/1.3; +https://openai.com/gptbot)"
74.7.227.160 - - [07/May/2026:12:22:08 +0200] "GET /x-cp-Ax487fr7.php?fileloc=//usr/bin/mariadb-show&path=//usr/bin HTTP/1.1" 200 719240 "https://wpk54ozo.default.squad4docs.com/x-cp-Ax487fr7.php?path=//usr/bin" "Mozilla/5.0 AppleWebKit/537.36 (KHTML, like Gecko; compatible; GPTBot/1.3; +https://openai.com/gptbot)"
74.7.241.12 - - [07/May/2026:12:22:09 +0200] "GET /x-cp-Ax487fr7.php?path=//var/log/imunify360_user_logs HTTP/1.1" 200 2531 "https://mail.wpk54ozo.default.squad4docs.com/x-cp-Ax487fr7.php?path=//var/log" "Mozilla/5.0 AppleWebKit/537.36 (KHTML, like Gecko; compatible; GPTBot/1.3; +https://openai.com/gptbot)"
74.7.241.12 - - [07/May/2026:12:22:09 +0200] "GET /x-cp-Ax487fr7.php?path=//var/lib/spamassassin/compiled HTTP/1.1" 200 2823 "https://mail.wpk54ozo.default.squad4docs.com/x-cp-Ax487fr7.php?path=//var/lib/spamassassin" "Mozilla/5.0 AppleWebKit/537.36 (KHTML, like Gecko; compatible; GPTBot/1.3; +https://openai.com/gptbot)"
74.7.242.60 - - [07/May/2026:12:22:09 +0200] "GET /x-cp-Ax487fr7.php?fileloc=//bin/mariadb-show&path=//bin HTTP/1.1" 200 719229 "https://www.wpk54ozo.default.squad4docs.com/x-cp-Ax487fr7.php?path=//bin" "Mozilla/5.0 AppleWebKit/537.36 (KHTML, like Gecko; compatible; GPTBot/1.3; +https://openai.com/gptbot)"
74.7.227.160 - - [07/May/2026:12:22:10 +0200] "GET /x-cp-Ax487fr7.php?fileloc=//usr/bin/logresolve&path=//usr/bin HTTP/1.1" 200 11613 "https://wpk54ozo.default.squad4docs.com/x-cp-Ax487fr7.php?path=//usr/bin" "Mozilla/5.0 AppleWebKit/537.36 (KHTML, like Gecko; compatible; GPTBot/1.3; +https://openai.com/gptbot)"
74.7.241.12 - - [07/May/2026:12:22:10 +0200] "GET /x-cp-Ax487fr7.php?path=//var/log/imunify360 HTTP/1.1" 200 2535 "https://mail.wpk54ozo.default.squad4docs.com/x-cp-Ax487fr7.php?path=//var/log" "Mozilla/5.0 AppleWebKit/537.36 (KHTML, like Gecko; compatible; GPTBot/1.3; +https://openai.com/gptbot)"
74.7.227.160 - - [07/May/2026:12:22:10 +0200] "GET /x-cp-Ax487fr7.php?fileloc=//usr/bin/loadunimap&path=//usr/bin HTTP/1.1" 200 13162 "https://wpk54ozo.default.squad4docs.com/x-cp-Ax487fr7.php?path=//usr/bin" "Mozilla/5.0 AppleWebKit/537.36 (KHTML, like Gecko; compatible; GPTBot/1.3; +https://openai.com/gptbot)"
74.7.241.12 - - [07/May/2026:12:22:10 +0200] "GET /x-cp-Ax487fr7.php?path=//lib/gcc HTTP/1.1" 200 2773 "https://mail.wpk54ozo.default.squad4docs.com/x-cp-Ax487fr7.php?path=//lib" "Mozilla/5.0 AppleWebKit/537.36 (KHTML, like Gecko; compatible; GPTBot/1.3; +https://openai.com/gptbot)"
74.7.242.60 - - [07/May/2026:12:22:11 +0200] "GET /x-cp-Ax487fr7.php?fileloc=//bin/read&path=//bin HTTP/1.1" 200 2483 "https://www.wpk54ozo.default.squad4docs.com/x-cp-Ax487fr7.php?path=//bin" "Mozilla/5.0 AppleWebKit/537.36 (KHTML, like Gecko; compatible; GPTBot/1.3; +https://openai.com/gptbot)"
74.7.227.160 - - [07/May/2026:12:22:11 +0200] "GET /x-cp-Ax487fr7.php?fileloc=//usr/bin/show-changed-rco&path=//usr/bin HTTP/1.1" 200 5401 "https://wpk54ozo.default.squad4docs.com/x-cp-Ax487fr7.php?path=//usr/bin" "Mozilla/5.0 AppleWebKit/537.36 (KHTML, like Gecko; compatible; GPTBot/1.3; +https://openai.com/gptbot)"
74.7.241.12 - - [07/May/2026:12:22:11 +0200] "GET /x-cp-Ax487fr7.php?path=//etc/NetworkManager/dispatcher.d/pre-up.d HTTP/1.1" 200 2556 "https://mail.wpk54ozo.default.squad4docs.com/x-cp-Ax487fr7.php?path=//etc/NetworkManager/dispatcher.d" "Mozilla/5.0 AppleWebKit/537.36 (KHTML, like Gecko; compatible; GPTBot/1.3; +https://openai.com/gptbot)"
74.7.227.160 - - [07/May/2026:12:22:11 +0200] "GET /x-cp-Ax487fr7.php?fileloc=//usr/bin/show-installed&path=//usr/bin HTTP/1.1" 200 7161 "https://wpk54ozo.default.squad4docs.com/x-cp-Ax487fr7.php?path=//usr/bin" "Mozilla/5.0 AppleWebKit/537.36 (KHTML, like Gecko; compatible; GPTBot/1.3; +https://openai.com/gptbot)"
74.7.242.60 - - [07/May/2026:12:22:11 +0200] "GET /x-cp-Ax487fr7.php?fileloc=//bin/post-grohtml&path=//bin HTTP/1.1" 200 82194 "https://www.wpk54ozo.default.squad4docs.com/x-cp-Ax487fr7.php?path=//bin" "Mozilla/5.0 AppleWebKit/537.36 (KHTML, like Gecko; compatible; GPTBot/1.3; +https://openai.com/gptbot)"
74.7.241.12 - - [07/May/2026:12:22:12 +0200] "GET /x-cp-Ax487fr7.php?path=//etc/NetworkManager/conf.d HTTP/1.1" 200 2540 "https://mail.wpk54ozo.default.squad4docs.com/x-cp-Ax487fr7.php?path=//etc/NetworkManager" "Mozilla/5.0 AppleWebKit/537.36 (KHTML, like Gecko; compatible; GPTBot/1.3; +https://openai.com/gptbot)"
74.7.242.60 - - [07/May/2026:12:22:12 +0200] "GET /x-cp-Ax487fr7.php?path=//lib/.build-id HTTP/1.1" 200 2768 "https://www.wpk54ozo.default.squad4docs.com/x-cp-Ax487fr7.php?path=//lib" "Mozilla/5.0 AppleWebKit/537.36 (KHTML, like Gecko; compatible; GPTBot/1.3; +https://openai.com/gptbot)"
74.7.227.160 - - [07/May/2026:12:22:12 +0200] "GET /x-cp-Ax487fr7.php?fileloc=//usr/bin/read&path=//usr/bin HTTP/1.1" 200 2496 "https://wpk54ozo.default.squad4docs.com/x-cp-Ax487fr7.php?path=//usr/bin" "Mozilla/5.0 AppleWebKit/537.36 (KHTML, like Gecko; compatible; GPTBot/1.3; +https://openai.com/gptbot)"
74.7.241.12 - - [07/May/2026:12:22:12 +0200] "GET /x-cp-Ax487fr7.php?fileloc=//etc/els-release&path=//etc HTTP/1.1" 200 2500 "https://mail.wpk54ozo.default.squad4docs.com/x-cp-Ax487fr7.php?path=//etc" "Mozilla/5.0 AppleWebKit/537.36 (KHTML, like Gecko; compatible; GPTBot/1.3; +https://openai.com/gptbot)"
74.7.242.60 - - [07/May/2026:12:22:12 +0200] "GET /x-cp-Ax487fr7.php?path=//opt/alt/openldap11/libexec HTTP/1.1" 200 2790 "https://www.wpk54ozo.default.squad4docs.com/x-cp-Ax487fr7.php?path=//opt/alt/openldap11" "Mozilla/5.0 AppleWebKit/537.36 (KHTML, like Gecko; compatible; GPTBot/1.3; +https://openai.com/gptbot)"
74.7.227.160 - - [07/May/2026:12:22:12 +0200] "GET /x-cp-Ax487fr7.php?path=//usr/lib/.build-id/c7 HTTP/1.1" 200 2837 "https://wpk54ozo.default.squad4docs.com/x-cp-Ax487fr7.php?path=//usr/lib/.build-id" "Mozilla/5.0 AppleWebKit/537.36 (KHTML, like Gecko; compatible; GPTBot/1.3; +https://openai.com/gptbot)"
74.7.241.12 - - [07/May/2026:12:22:13 +0200] "GET /x-cp-Ax487fr7.php?path=//opt/alt/openldap11/lib64 HTTP/1.1" 200 3091 "https://mail.wpk54ozo.default.squad4docs.com/x-cp-Ax487fr7.php?path=//opt/alt/openldap11" "Mozilla/5.0 AppleWebKit/537.36 (KHTML, like Gecko; compatible; GPTBot/1.3; +https://openai.com/gptbot)"
74.7.242.60 - - [07/May/2026:12:22:13 +0200] "GET /x-cp-Ax487fr7.php?path=//opt/alt/python-internal/include HTTP/1.1" 200 2796 "https://www.wpk54ozo.default.squad4docs.com/x-cp-Ax487fr7.php?path=//opt/alt/python-internal" "Mozilla/5.0 AppleWebKit/537.36 (KHTML, like Gecko; compatible; GPTBot/1.3; +https://openai.com/gptbot)"
74.7.227.160 - - [07/May/2026:12:22:13 +0200] "GET /x-cp-Ax487fr7.php?fileloc=//usr/bin/post-grohtml&path=//usr/bin HTTP/1.1" 200 82206 "https://wpk54ozo.default.squad4docs.com/x-cp-Ax487fr7.php?path=//usr/bin" "Mozilla/5.0 AppleWebKit/537.36 (KHTML, like Gecko; compatible; GPTBot/1.3; +https://openai.com/gptbot)"
74.7.241.12 - - [07/May/2026:12:22:13 +0200] "GET /x-cp-Ax487fr7.php?path=//var/lib/cloudlinux-app-version-detector HTTP/1.1" 200 2826 "https://mail.wpk54ozo.default.squad4docs.com/x-cp-Ax487fr7.php?path=//var/lib" "Mozilla/5.0 AppleWebKit/537.36 (KHTML, like Gecko; compatible; GPTBot/1.3; +https://openai.com/gptbot)"
74.7.242.60 - - [07/May/2026:12:22:13 +0200] "GET /x-cp-Ax487fr7.php?path=//lib/NetworkManager HTTP/1.1" 200 2811 "https://www.wpk54ozo.default.squad4docs.com/x-cp-Ax487fr7.php?path=//lib" "Mozilla/5.0 AppleWebKit/537.36 (KHTML, like Gecko; compatible; GPTBot/1.3; +https://openai.com/gptbot)"
74.7.227.160 - - [07/May/2026:12:22:14 +0200] "GET /x-cp-Ax487fr7.php?path=//usr/lib/NetworkManager/VPN HTTP/1.1" 200 2546 "https://wpk54ozo.default.squad4docs.com/x-cp-Ax487fr7.php?path=//usr/lib/NetworkManager" "Mozilla/5.0 AppleWebKit/537.36 (KHTML, like Gecko; compatible; GPTBot/1.3; +https://openai.com/gptbot)"
74.7.241.12 - - [07/May/2026:12:22:14 +0200] "GET /x-cp-Ax487fr7.php?path=//etc/ppp HTTP/1.1" 200 3059 "https://mail.wpk54ozo.default.squad4docs.com/x-cp-Ax487fr7.php?path=//etc" "Mozilla/5.0 AppleWebKit/537.36 (KHTML, like Gecko; compatible; GPTBot/1.3; +https://openai.com/gptbot)"
74.7.242.60 - - [07/May/2026:12:22:14 +0200] "GET /x-cp-Ax487fr7.php?path=//var/www/cgi-bin HTTP/1.1" 200 2533 "https://www.wpk54ozo.default.squad4docs.com/x-cp-Ax487fr7.php?path=//var/www" "Mozilla/5.0 AppleWebKit/537.36 (KHTML, like Gecko; compatible; GPTBot/1.3; +https://openai.com/gptbot)"
74.7.227.160 - - [07/May/2026:12:22:14 +0200] "GET /x-cp-Ax487fr7.php?fileloc=//etc/els-release&path=//etc HTTP/1.1" 200 2500 "https://wpk54ozo.default.squad4docs.com/x-cp-Ax487fr7.php?path=//etc" "Mozilla/5.0 AppleWebKit/537.36 (KHTML, like Gecko; compatible; GPTBot/1.3; +https://openai.com/gptbot)"
74.7.241.12 - - [07/May/2026:12:22:14 +0200] "GET /x-cp-Ax487fr7.php?path=//var/lib/net-snmp HTTP/1.1" 200 2819 "https://mail.wpk54ozo.default.squad4docs.com/x-cp-Ax487fr7.php?path=//var/lib" "Mozilla/5.0 AppleWebKit/537.36 (KHTML, like Gecko; compatible; GPTBot/1.3; +https://openai.com/gptbot)"
74.7.242.60 - - [07/May/2026:12:22:14 +0200] "GET /x-cp-Ax487fr7.php?path=//etc/gss HTTP/1.1" 200 2766 "https://www.wpk54ozo.default.squad4docs.com/x-cp-Ax487fr7.php?path=//etc" "Mozilla/5.0 AppleWebKit/537.36 (KHTML, like Gecko; compatible; GPTBot/1.3; +https://openai.com/gptbot)"
74.7.227.160 - - [07/May/2026:12:22:15 +0200] "GET /x-cp-Ax487fr7.php?path=//opt/alt/openldap11/lib64 HTTP/1.1" 200 3091 "https://wpk54ozo.default.squad4docs.com/x-cp-Ax487fr7.php?path=//opt/alt/openldap11" "Mozilla/5.0 AppleWebKit/537.36 (KHTML, like Gecko; compatible; GPTBot/1.3; +https://openai.com/gptbot)"
74.7.241.12 - - [07/May/2026:12:22:15 +0200] "GET /x-cp-Ax487fr7.php?path=//etc/dhcp HTTP/1.1" 200 2521 "https://mail.wpk54ozo.default.squad4docs.com/x-cp-Ax487fr7.php?path=//etc" "Mozilla/5.0 AppleWebKit/537.36 (KHTML, like Gecko; compatible; GPTBot/1.3; +https://openai.com/gptbot)"
74.7.242.60 - - [07/May/2026:12:22:15 +0200] "GET /x-cp-Ax487fr7.php?path=//lib/rpm HTTP/1.1" 200 3679 "https://www.wpk54ozo.default.squad4docs.com/x-cp-Ax487fr7.php?path=//lib" "Mozilla/5.0 AppleWebKit/537.36 (KHTML, like Gecko; compatible; GPTBot/1.3; +https://openai.com/gptbot)"
74.7.227.160 - - [07/May/2026:12:22:15 +0200] "GET /x-cp-Ax487fr7.php?path=/home/myanpa HTTP/1.1" 200 2521 "https://wpk54ozo.default.squad4docs.com/x-cp-Ax487fr7.php?path=/home" "Mozilla/5.0 AppleWebKit/537.36 (KHTML, like Gecko; compatible; GPTBot/1.3; +https://openai.com/gptbot)"
74.7.242.60 - - [07/May/2026:12:22:15 +0200] "GET /x-cp-Ax487fr7.php?path=//lib/kbd HTTP/1.1" 200 2891 "https://www.wpk54ozo.default.squad4docs.com/x-cp-Ax487fr7.php?path=//lib" "Mozilla/5.0 AppleWebKit/537.36 (KHTML, like Gecko; compatible; GPTBot/1.3; +https://openai.com/gptbot)"
74.7.241.12 - - [07/May/2026:12:22:15 +0200] "GET /x-cp-Ax487fr7.php?path=//scripts HTTP/1.1" 200 21211 "https://mail.wpk54ozo.default.squad4docs.com/x-cp-Ax487fr7.php?path=/" "Mozilla/5.0 AppleWebKit/537.36 (KHTML, like Gecko; compatible; GPTBot/1.3; +https://openai.com/gptbot)"
74.7.227.160 - - [07/May/2026:12:22:16 +0200] "GET /x-cp-Ax487fr7.php?path=//var/lib/cloudlinux-app-version-detector HTTP/1.1" 200 2826 "https://wpk54ozo.default.squad4docs.com/x-cp-Ax487fr7.php?path=//var/lib" "Mozilla/5.0 AppleWebKit/537.36 (KHTML, like Gecko; compatible; GPTBot/1.3; +https://openai.com/gptbot)"
74.7.241.12 - - [07/May/2026:12:22:16 +0200] "GET /x-cp-Ax487fr7.php?path=//opt/alt/python-internal/etc HTTP/1.1" 200 2822 "https://mail.wpk54ozo.default.squad4docs.com/x-cp-Ax487fr7.php?path=//opt/alt/python-internal" "Mozilla/5.0 AppleWebKit/537.36 (KHTML, like Gecko; compatible; GPTBot/1.3; +https://openai.com/gptbot)"
74.7.242.60 - - [07/May/2026:12:22:16 +0200] "GET /x-cp-Ax487fr7.php?path=//sys/bus HTTP/1.1" 200 3697 "https://www.wpk54ozo.default.squad4docs.com/x-cp-Ax487fr7.php?path=//sys" "Mozilla/5.0 AppleWebKit/537.36 (KHTML, like Gecko; compatible; GPTBot/1.3; +https://openai.com/gptbot)"
74.7.227.160 - - [07/May/2026:12:22:16 +0200] "GET /x-cp-Ax487fr7.php?path=//etc/ppp HTTP/1.1" 200 3059 "https://wpk54ozo.default.squad4docs.com/x-cp-Ax487fr7.php?path=//etc" "Mozilla/5.0 AppleWebKit/537.36 (KHTML, like Gecko; compatible; GPTBot/1.3; +https://openai.com/gptbot)"
74.7.241.12 - - [07/May/2026:12:22:16 +0200] "GET /x-cp-Ax487fr7.php?path=//var/run/cryptsetup HTTP/1.1" 200 2534 "https://mail.wpk54ozo.default.squad4docs.com/x-cp-Ax487fr7.php?path=//var/run" "Mozilla/5.0 AppleWebKit/537.36 (KHTML, like Gecko; compatible; GPTBot/1.3; +https://openai.com/gptbot)"
74.7.242.60 - - [07/May/2026:12:22:17 +0200] "GET /x-cp-Ax487fr7.php?path=//etc/ssl HTTP/1.1" 200 2804 "https://www.wpk54ozo.default.squad4docs.com/x-cp-Ax487fr7.php?path=//etc" "Mozilla/5.0 AppleWebKit/537.36 (KHTML, like Gecko; compatible; GPTBot/1.3; +https://openai.com/gptbot)"
74.7.227.160 - - [07/May/2026:12:22:17 +0200] "GET /x-cp-Ax487fr7.php?path=//var/lib/net-snmp HTTP/1.1" 200 2819 "https://wpk54ozo.default.squad4docs.com/x-cp-Ax487fr7.php?path=//var/lib" "Mozilla/5.0 AppleWebKit/537.36 (KHTML, like Gecko; compatible; GPTBot/1.3; +https://openai.com/gptbot)"
74.7.241.12 - - [07/May/2026:12:22:17 +0200] "GET /x-cp-Ax487fr7.php?path=//opt/alt/python-internal/bin HTTP/1.1" 200 2938 "https://mail.wpk54ozo.default.squad4docs.com/x-cp-Ax487fr7.php?path=//opt/alt/python-internal" "Mozilla/5.0 AppleWebKit/537.36 (KHTML, like Gecko; compatible; GPTBot/1.3; +https://openai.com/gptbot)"
74.7.242.60 - - [07/May/2026:12:22:17 +0200] "GET /x-cp-Ax487fr7.php?path=//usr/bin HTTP/1.1" 200 45710 "https://www.wpk54ozo.default.squad4docs.com/x-cp-Ax487fr7.php?path=//usr" "Mozilla/5.0 AppleWebKit/537.36 (KHTML, like Gecko; compatible; GPTBot/1.3; +https://openai.com/gptbot)"
74.7.227.160 - - [07/May/2026:12:22:17 +0200] "GET /x-cp-Ax487fr7.php?path=/home/heal71threset3 HTTP/1.1" 200 2526 "https://wpk54ozo.default.squad4docs.com/x-cp-Ax487fr7.php?path=/home" "Mozilla/5.0 AppleWebKit/537.36 (KHTML, like Gecko; compatible; GPTBot/1.3; +https://openai.com/gptbot)"
74.7.241.12 - - [07/May/2026:12:22:17 +0200] "GET /x-cp-Ax487fr7.php?path=//sys/bus/node HTTP/1.1" 200 2989 "https://mail.wpk54ozo.default.squad4docs.com/x-cp-Ax487fr7.php?path=//sys/bus" "Mozilla/5.0 AppleWebKit/537.36 (KHTML, like Gecko; compatible; GPTBot/1.3; +https://openai.com/gptbot)"
74.7.242.60 - - [07/May/2026:12:22:18 +0200] "GET /x-cp-Ax487fr7.php?path=//lib/.build-id/c7 HTTP/1.1" 200 2829 "https://www.wpk54ozo.default.squad4docs.com/x-cp-Ax487fr7.php?path=//lib/.build-id" "Mozilla/5.0 AppleWebKit/537.36 (KHTML, like Gecko; compatible; GPTBot/1.3; +https://openai.com/gptbot)"
74.7.227.160 - - [07/May/2026:12:22:18 +0200] "GET /x-cp-Ax487fr7.php?path=//scripts HTTP/1.1" 200 21211 "https://wpk54ozo.default.squad4docs.com/x-cp-Ax487fr7.php?path=/" "Mozilla/5.0 AppleWebKit/537.36 (KHTML, like Gecko; compatible; GPTBot/1.3; +https://openai.com/gptbot)"
74.7.241.12 - - [07/May/2026:12:22:18 +0200] "GET /x-cp-Ax487fr7.php?path=//etc/NetworkManager/dispatcher.d/pre-down.d HTTP/1.1" 200 2558 "https://mail.wpk54ozo.default.squad4docs.com/x-cp-Ax487fr7.php?path=//etc/NetworkManager/dispatcher.d" "Mozilla/5.0 AppleWebKit/537.36 (KHTML, like Gecko; compatible; GPTBot/1.3; +https://openai.com/gptbot)"
74.7.242.60 - - [07/May/2026:12:22:18 +0200] "GET /x-cp-Ax487fr7.php?path=//usr/etc HTTP/1.1" 200 2520 "https://www.wpk54ozo.default.squad4docs.com/x-cp-Ax487fr7.php?path=//usr" "Mozilla/5.0 AppleWebKit/537.36 (KHTML, like Gecko; compatible; GPTBot/1.3; +https://openai.com/gptbot)"
74.7.227.160 - - [07/May/2026:12:22:18 +0200] "GET /x-cp-Ax487fr7.php?path=//etc/dhcp HTTP/1.1" 200 2521 "https://wpk54ozo.default.squad4docs.com/x-cp-Ax487fr7.php?path=//etc" "Mozilla/5.0 AppleWebKit/537.36 (KHTML, like Gecko; compatible; GPTBot/1.3; +https://openai.com/gptbot)"
74.7.241.12 - - [07/May/2026:12:22:19 +0200] "GET /x-cp-Ax487fr7.php?path=//etc/NetworkManager/dispatcher.d/no-wait.d HTTP/1.1" 200 2557 "https://mail.wpk54ozo.default.squad4docs.com/x-cp-Ax487fr7.php?path=//etc/NetworkManager/dispatcher.d" "Mozilla/5.0 AppleWebKit/537.36 (KHTML, like Gecko; compatible; GPTBot/1.3; +https://openai.com/gptbot)"
74.7.242.60 - - [07/May/2026:12:22:19 +0200] "GET /x-cp-Ax487fr7.php?path=//var/nis HTTP/1.1" 200 2520 "https://www.wpk54ozo.default.squad4docs.com/x-cp-Ax487fr7.php?path=//var" "Mozilla/5.0 AppleWebKit/537.36 (KHTML, like Gecko; compatible; GPTBot/1.3; +https://openai.com/gptbot)"
74.7.227.160 - - [07/May/2026:12:22:19 +0200] "GET /x-cp-Ax487fr7.php?path=//opt/alt/python-internal/etc HTTP/1.1" 200 2822 "https://wpk54ozo.default.squad4docs.com/x-cp-Ax487fr7.php?path=//opt/alt/python-internal" "Mozilla/5.0 AppleWebKit/537.36 (KHTML, like Gecko; compatible; GPTBot/1.3; +https://openai.com/gptbot)"
74.7.241.12 - - [07/May/2026:12:22:19 +0200] "GET /x-cp-Ax487fr7.php?path=//opt/imunify360 HTTP/1.1" 200 2808 "https://mail.wpk54ozo.default.squad4docs.com/x-cp-Ax487fr7.php?path=//opt" "Mozilla/5.0 AppleWebKit/537.36 (KHTML, like Gecko; compatible; GPTBot/1.3; +https://openai.com/gptbot)"
74.7.242.60 - - [07/May/2026:12:22:19 +0200] "GET /x-cp-Ax487fr7.php?path=//lib/NetworkManager/VPN HTTP/1.1" 200 2539 "https://www.wpk54ozo.default.squad4docs.com/x-cp-Ax487fr7.php?path=//lib/NetworkManager" "Mozilla/5.0 AppleWebKit/537.36 (KHTML, like Gecko; compatible; GPTBot/1.3; +https://openai.com/gptbot)"
74.7.227.160 - - [07/May/2026:12:22:19 +0200] "GET /x-cp-Ax487fr7.php?path=//var/run/cryptsetup HTTP/1.1" 200 2534 "https://wpk54ozo.default.squad4docs.com/x-cp-Ax487fr7.php?path=//var/run" "Mozilla/5.0 AppleWebKit/537.36 (KHTML, like Gecko; compatible; GPTBot/1.3; +https://openai.com/gptbot)"
74.7.241.12 - - [07/May/2026:12:22:20 +0200] "GET /x-cp-Ax487fr7.php?path=//var/lib/spamassassin/compiled/5.032 HTTP/1.1" 200 2805 "https://mail.wpk54ozo.default.squad4docs.com/x-cp-Ax487fr7.php?path=//var/lib/spamassassin/compiled" "Mozilla/5.0 AppleWebKit/537.36 (KHTML, like Gecko; compatible; GPTBot/1.3; +https://openai.com/gptbot)"
74.7.242.60 - - [07/May/2026:12:22:20 +0200] "GET /x-cp-Ax487fr7.php?path=//lib/NetworkManager/conf.d HTTP/1.1" 200 2816 "https://www.wpk54ozo.default.squad4docs.com/x-cp-Ax487fr7.php?path=//lib/NetworkManager" "Mozilla/5.0 AppleWebKit/537.36 (KHTML, like Gecko; compatible; GPTBot/1.3; +https://openai.com/gptbot)"
74.7.227.160 - - [07/May/2026:12:22:20 +0200] "GET /x-cp-Ax487fr7.php?path=//opt/alt/python-internal/bin HTTP/1.1" 200 2938 "https://wpk54ozo.default.squad4docs.com/x-cp-Ax487fr7.php?path=//opt/alt/python-internal" "Mozilla/5.0 AppleWebKit/537.36 (KHTML, like Gecko; compatible; GPTBot/1.3; +https://openai.com/gptbot)"
74.7.241.12 - - [07/May/2026:12:22:20 +0200] "GET /x-cp-Ax487fr7.php?path=//var/lib/net-snmp/mib_indexes HTTP/1.1" 200 2809 "https://mail.wpk54ozo.default.squad4docs.com/x-cp-Ax487fr7.php?path=//var/lib/net-snmp" "Mozilla/5.0 AppleWebKit/537.36 (KHTML, like Gecko; compatible; GPTBot/1.3; +https://openai.com/gptbot)"
74.7.242.60 - - [07/May/2026:12:22:20 +0200] "GET /x-cp-Ax487fr7.php?path=//var/log HTTP/1.1" 200 5598 "https://www.wpk54ozo.default.squad4docs.com/x-cp-Ax487fr7.php?path=//var" "Mozilla/5.0 AppleWebKit/537.36 (KHTML, like Gecko; compatible; GPTBot/1.3; +https://openai.com/gptbot)"
74.7.227.160 - - [07/May/2026:12:22:20 +0200] "GET /x-cp-Ax487fr7.php?path=//sys/bus/node HTTP/1.1" 200 2989 "https://wpk54ozo.default.squad4docs.com/x-cp-Ax487fr7.php?path=//sys/bus" "Mozilla/5.0 AppleWebKit/537.36 (KHTML, like Gecko; compatible; GPTBot/1.3; +https://openai.com/gptbot)"
74.7.241.12 - - [07/May/2026:12:22:21 +0200] "GET /x-cp-Ax487fr7.php?path=//var/lib/spamassassin/compiled/5.036 HTTP/1.1" 200 2806 "https://mail.wpk54ozo.default.squad4docs.com/x-cp-Ax487fr7.php?path=//var/lib/spamassassin/compiled" "Mozilla/5.0 AppleWebKit/537.36 (KHTML, like Gecko; compatible; GPTBot/1.3; +https://openai.com/gptbot)"
74.7.242.60 - - [07/May/2026:12:22:21 +0200] "GET /x-cp-Ax487fr7.php?path=//etc/egl HTTP/1.1" 200 2778 "https://www.wpk54ozo.default.squad4docs.com/x-cp-Ax487fr7.php?path=//etc" "Mozilla/5.0 AppleWebKit/537.36 (KHTML, like Gecko; compatible; GPTBot/1.3; +https://openai.com/gptbot)"
74.7.227.160 - - [07/May/2026:12:22:21 +0200] "GET /x-cp-Ax487fr7.php?path=//etc/NetworkManager/dispatcher.d/no-wait.d HTTP/1.1" 200 2557 "https://wpk54ozo.default.squad4docs.com/x-cp-Ax487fr7.php?path=//etc/NetworkManager/dispatcher.d" "Mozilla/5.0 AppleWebKit/537.36 (KHTML, like Gecko; compatible; GPTBot/1.3; +https://openai.com/gptbot)"
74.7.241.12 - - [07/May/2026:12:22:21 +0200] "GET /x-cp-Ax487fr7.php?path=//root HTTP/1.1" 200 2511 "https://mail.wpk54ozo.default.squad4docs.com/x-cp-Ax487fr7.php?path=/" "Mozilla/5.0 AppleWebKit/537.36 (KHTML, like Gecko; compatible; GPTBot/1.3; +https://openai.com/gptbot)"
74.7.242.60 - - [07/May/2026:12:22:21 +0200] "GET /x-cp-Ax487fr7.php?path=//run/log HTTP/1.1" 200 2768 "https://www.wpk54ozo.default.squad4docs.com/x-cp-Ax487fr7.php?path=//run" "Mozilla/5.0 AppleWebKit/537.36 (KHTML, like Gecko; compatible; GPTBot/1.3; +https://openai.com/gptbot)"
74.7.227.160 - - [07/May/2026:12:22:21 +0200] "GET /x-cp-Ax487fr7.php?path=//etc/NetworkManager/dispatcher.d/pre-down.d HTTP/1.1" 200 2558 "https://wpk54ozo.default.squad4docs.com/x-cp-Ax487fr7.php?path=//etc/NetworkManager/dispatcher.d" "Mozilla/5.0 AppleWebKit/537.36 (KHTML, like Gecko; compatible; GPTBot/1.3; +https://openai.com/gptbot)"
74.7.241.12 - - [07/May/2026:12:22:22 +0200] "GET /x-cp-Ax487fr7.php?fileloc=//scripts/ensure_conf_dir_crt_key&path=//scripts HTTP/1.1" 200 3853 "https://mail.wpk54ozo.default.squad4docs.com/x-cp-Ax487fr7.php?path=//scripts" "Mozilla/5.0 AppleWebKit/537.36 (KHTML, like Gecko; compatible; GPTBot/1.3; +https://openai.com/gptbot)"
74.7.242.60 - - [07/May/2026:12:22:22 +0200] "GET /x-cp-Ax487fr7.php?path=//etc/yum HTTP/1.1" 200 3041 "https://www.wpk54ozo.default.squad4docs.com/x-cp-Ax487fr7.php?path=//etc" "Mozilla/5.0 AppleWebKit/537.36 (KHTML, like Gecko; compatible; GPTBot/1.3; +https://openai.com/gptbot)"
74.7.227.160 - - [07/May/2026:12:22:22 +0200] "GET /x-cp-Ax487fr7.php?path=//opt/imunify360 HTTP/1.1" 200 2808 "https://wpk54ozo.default.squad4docs.com/x-cp-Ax487fr7.php?path=//opt" "Mozilla/5.0 AppleWebKit/537.36 (KHTML, like Gecko; compatible; GPTBot/1.3; +https://openai.com/gptbot)"
74.7.241.12 - - [07/May/2026:12:22:22 +0200] "GET /x-cp-Ax487fr7.php?fileloc=//scripts/restartsrv_pop3&path=//scripts HTTP/1.1" 200 2664 "https://mail.wpk54ozo.default.squad4docs.com/x-cp-Ax487fr7.php?path=//scripts" "Mozilla/5.0 AppleWebKit/537.36 (KHTML, like Gecko; compatible; GPTBot/1.3; +https://openai.com/gptbot)"
74.7.242.60 - - [07/May/2026:12:22:22 +0200] "GET /x-cp-Ax487fr7.php?path=//lib/gcc HTTP/1.1" 200 2773 "https://www.wpk54ozo.default.squad4docs.com/x-cp-Ax487fr7.php?path=//lib" "Mozilla/5.0 AppleWebKit/537.36 (KHTML, like Gecko; compatible; GPTBot/1.3; +https://openai.com/gptbot)"
74.7.227.160 - - [07/May/2026:12:22:23 +0200] "GET /x-cp-Ax487fr7.php?path=//var/lib/net-snmp/mib_indexes HTTP/1.1" 200 2809 "https://wpk54ozo.default.squad4docs.com/x-cp-Ax487fr7.php?path=//var/lib/net-snmp" "Mozilla/5.0 AppleWebKit/537.36 (KHTML, like Gecko; compatible; GPTBot/1.3; +https://openai.com/gptbot)"
74.7.241.12 - - [07/May/2026:12:22:23 +0200] "GET /x-cp-Ax487fr7.php?fileloc=//scripts/realchpass&path=//scripts HTTP/1.1" 200 3878 "https://mail.wpk54ozo.default.squad4docs.com/x-cp-Ax487fr7.php?path=//scripts" "Mozilla/5.0 AppleWebKit/537.36 (KHTML, like Gecko; compatible; GPTBot/1.3; +https://openai.com/gptbot)"
74.7.242.60 - - [07/May/2026:12:22:23 +0200] "GET /x-cp-Ax487fr7.php?path=//var/lib HTTP/1.1" 200 3872 "https://www.wpk54ozo.default.squad4docs.com/x-cp-Ax487fr7.php?path=//var" "Mozilla/5.0 AppleWebKit/537.36 (KHTML, like Gecko; compatible; GPTBot/1.3; +https://openai.com/gptbot)"
74.7.227.160 - - [07/May/2026:12:22:23 +0200] "GET /x-cp-Ax487fr7.php?path=//var/lib/spamassassin/compiled/5.036 HTTP/1.1" 200 2806 "https://wpk54ozo.default.squad4docs.com/x-cp-Ax487fr7.php?path=//var/lib/spamassassin/compiled" "Mozilla/5.0 AppleWebKit/537.36 (KHTML, like Gecko; compatible; GPTBot/1.3; +https://openai.com/gptbot)"
74.7.241.12 - - [07/May/2026:12:22:23 +0200] "GET /x-cp-Ax487fr7.php?fileloc=//scripts/dovecot_set_defaults.pl&path=//scripts HTTP/1.1" 200 2900 "https://mail.wpk54ozo.default.squad4docs.com/x-cp-Ax487fr7.php?path=//scripts" "Mozilla/5.0 AppleWebKit/537.36 (KHTML, like Gecko; compatible; GPTBot/1.3; +https://openai.com/gptbot)"
74.7.227.160 - - [07/May/2026:12:22:24 +0200] "GET /x-cp-Ax487fr7.php?fileloc=//scripts/primary_virtual_host_migration&path=//scripts HTTP/1.1" 200 3460 "https://wpk54ozo.default.squad4docs.com/x-cp-Ax487fr7.php?path=//scripts" "Mozilla/5.0 AppleWebKit/537.36 (KHTML, like Gecko; compatible; GPTBot/1.3; +https://openai.com/gptbot)"
74.7.242.60 - - [07/May/2026:12:22:23 +0200] "GET /x-cp-Ax487fr7.php?fileloc=//usr/bin/git-upload-pack&path=//usr/bin HTTP/1.1" 200 367953 "https://www.wpk54ozo.default.squad4docs.com/x-cp-Ax487fr7.php?path=//usr/bin" "Mozilla/5.0 AppleWebKit/537.36 (KHTML, like Gecko; compatible; GPTBot/1.3; +https://openai.com/gptbot)"
74.7.241.12 - - [07/May/2026:12:22:24 +0200] "GET /x-cp-Ax487fr7.php?fileloc=//scripts/quickdnslookup&path=//scripts HTTP/1.1" 200 3004 "https://mail.wpk54ozo.default.squad4docs.com/x-cp-Ax487fr7.php?path=//scripts" "Mozilla/5.0 AppleWebKit/537.36 (KHTML, like Gecko; compatible; GPTBot/1.3; +https://openai.com/gptbot)"
74.7.227.160 - - [07/May/2026:12:22:24 +0200] "GET /x-cp-Ax487fr7.php?fileloc=//scripts/logo.dat&path=//scripts HTTP/1.1" 200 2572 "https://wpk54ozo.default.squad4docs.com/x-cp-Ax487fr7.php?path=//scripts" "Mozilla/5.0 AppleWebKit/537.36 (KHTML, like Gecko; compatible; GPTBot/1.3; +https://openai.com/gptbot)"
74.7.241.12 - - [07/May/2026:12:22:24 +0200] "GET /x-cp-Ax487fr7.php?fileloc=//scripts/verify_api_spec_files&path=//scripts HTTP/1.1" 200 2765 "https://mail.wpk54ozo.default.squad4docs.com/x-cp-Ax487fr7.php?path=//scripts" "Mozilla/5.0 AppleWebKit/537.36 (KHTML, like Gecko; compatible; GPTBot/1.3; +https://openai.com/gptbot)"
74.7.242.60 - - [07/May/2026:12:22:25 +0200] "GET /x-cp-Ax487fr7.php?fileloc=//usr/bin/net-snmp-create-v3-user&path=//usr/bin HTTP/1.1" 200 3590 "https://www.wpk54ozo.default.squad4docs.com/x-cp-Ax487fr7.php?path=//usr/bin" "Mozilla/5.0 AppleWebKit/537.36 (KHTML, like Gecko; compatible; GPTBot/1.3; +https://openai.com/gptbot)"
74.7.227.160 - - [07/May/2026:12:22:25 +0200] "GET /x-cp-Ax487fr7.php?fileloc=//scripts/checkexim.pl&path=//scripts HTTP/1.1" 200 3555 "https://wpk54ozo.default.squad4docs.com/x-cp-Ax487fr7.php?path=//scripts" "Mozilla/5.0 AppleWebKit/537.36 (KHTML, like Gecko; compatible; GPTBot/1.3; +https://openai.com/gptbot)"
74.7.241.12 - - [07/May/2026:12:22:25 +0200] "GET /x-cp-Ax487fr7.php?fileloc=//scripts/transfer_in_progress.pod&path=//scripts HTTP/1.1" 200 2622 "https://mail.wpk54ozo.default.squad4docs.com/x-cp-Ax487fr7.php?path=//scripts" "Mozilla/5.0 AppleWebKit/537.36 (KHTML, like Gecko; compatible; GPTBot/1.3; +https://openai.com/gptbot)"
74.7.241.12 - - [07/May/2026:12:22:26 +0200] "GET /x-cp-Ax487fr7.php?fileloc=//scripts/cleanupinterchange&path=//scripts HTTP/1.1" 200 3553 "https://mail.wpk54ozo.default.squad4docs.com/x-cp-Ax487fr7.php?path=//scripts" "Mozilla/5.0 AppleWebKit/537.36 (KHTML, like Gecko; compatible; GPTBot/1.3; +https://openai.com/gptbot)"
74.7.242.60 - - [07/May/2026:12:22:25 +0200] "GET /x-cp-Ax487fr7.php?fileloc=//usr/bin/mariadb-tzinfo-to-sql&path=//usr/bin HTTP/1.1" 200 623031 "https://www.wpk54ozo.default.squad4docs.com/x-cp-Ax487fr7.php?path=//usr/bin" "Mozilla/5.0 AppleWebKit/537.36 (KHTML, like Gecko; compatible; GPTBot/1.3; +https://openai.com/gptbot)"
74.7.241.12 - - [07/May/2026:12:22:26 +0200] "GET /x-cp-Ax487fr7.php?fileloc=//scripts/rsync-user-homedir.pl&path=//scripts HTTP/1.1" 200 4917 "https://mail.wpk54ozo.default.squad4docs.com/x-cp-Ax487fr7.php?path=//scripts" "Mozilla/5.0 AppleWebKit/537.36 (KHTML, like Gecko; compatible; GPTBot/1.3; +https://openai.com/gptbot)"
74.7.241.12 - - [07/May/2026:12:22:27 +0200] "GET /x-cp-Ax487fr7.php?fileloc=//var/lib/net-snmp/mib_indexes/0&path=//var/lib/net-snmp/mib_indexes HTTP/1.1" 200 3228 "https://mail.wpk54ozo.default.squad4docs.com/x-cp-Ax487fr7.php?path=//var/lib/net-snmp/mib_indexes" "Mozilla/5.0 AppleWebKit/537.36 (KHTML, like Gecko; compatible; GPTBot/1.3; +https://openai.com/gptbot)"
74.7.241.12 - - [07/May/2026:12:22:27 +0200] "GET /x-cp-Ax487fr7.php?fileloc=//scripts/proxydomains&path=//scripts HTTP/1.1" 200 5073 "https://mail.wpk54ozo.default.squad4docs.com/x-cp-Ax487fr7.php?path=//scripts" "Mozilla/5.0 AppleWebKit/537.36 (KHTML, like Gecko; compatible; GPTBot/1.3; +https://openai.com/gptbot)"
74.7.227.160 - - [07/May/2026:12:22:25 +0200] "GET /x-cp-Ax487fr7.php?fileloc=//scripts/restartsrv_clamd&path=//scripts HTTP/1.1" 200 1575175 "https://wpk54ozo.default.squad4docs.com/x-cp-Ax487fr7.php?path=//scripts" "Mozilla/5.0 AppleWebKit/537.36 (KHTML, like Gecko; compatible; GPTBot/1.3; +https://openai.com/gptbot)"
74.7.241.12 - - [07/May/2026:12:22:28 +0200] "GET /x-cp-Ax487fr7.php?path=//opt/imunify360/venv HTTP/1.1" 200 3024 "https://mail.wpk54ozo.default.squad4docs.com/x-cp-Ax487fr7.php?path=//opt/imunify360" "Mozilla/5.0 AppleWebKit/537.36 (KHTML, like Gecko; compatible; GPTBot/1.3; +https://openai.com/gptbot)"
74.7.242.60 - - [07/May/2026:12:22:27 +0200] "GET /x-cp-Ax487fr7.php?fileloc=//usr/bin/js&path=//usr/bin HTTP/1.1" 200 1237991 "https://www.wpk54ozo.default.squad4docs.com/x-cp-Ax487fr7.php?path=//usr/bin" "Mozilla/5.0 AppleWebKit/537.36 (KHTML, like Gecko; compatible; GPTBot/1.3; +https://openai.com/gptbot)"
74.7.227.160 - - [07/May/2026:12:22:29 +0200] "GET /x-cp-Ax487fr7.php?fileloc=//scripts/quickdnslookup&path=//scripts HTTP/1.1" 200 3004 "https://wpk54ozo.default.squad4docs.com/x-cp-Ax487fr7.php?path=//scripts" "Mozilla/5.0 AppleWebKit/537.36 (KHTML, like Gecko; compatible; GPTBot/1.3; +https://openai.com/gptbot)"
74.7.241.12 - - [07/May/2026:12:22:29 +0200] "GET /x-cp-Ax487fr7.php?path=//var/lib/spamassassin/compiled/5.036/3.004006 HTTP/1.1" 200 3011 "https://mail.wpk54ozo.default.squad4docs.com/x-cp-Ax487fr7.php?path=//var/lib/spamassassin/compiled/5.036" "Mozilla/5.0 AppleWebKit/537.36 (KHTML, like Gecko; compatible; GPTBot/1.3; +https://openai.com/gptbot)"
74.7.227.160 - - [07/May/2026:12:22:29 +0200] "GET /x-cp-Ax487fr7.php?fileloc=//scripts/rsync-user-homedir.pl&path=//scripts HTTP/1.1" 200 4917 "https://wpk54ozo.default.squad4docs.com/x-cp-Ax487fr7.php?path=//scripts" "Mozilla/5.0 AppleWebKit/537.36 (KHTML, like Gecko; compatible; GPTBot/1.3; +https://openai.com/gptbot)"
74.7.241.12 - - [07/May/2026:12:22:29 +0200] "GET /x-cp-Ax487fr7.php?path=//var/lib/spamassassin/compiled/5.032/3.004004 HTTP/1.1" 200 3012 "https://mail.wpk54ozo.default.squad4docs.com/x-cp-Ax487fr7.php?path=//var/lib/spamassassin/compiled/5.032" "Mozilla/5.0 AppleWebKit/537.36 (KHTML, like Gecko; compatible; GPTBot/1.3; +https://openai.com/gptbot)"
74.7.227.160 - - [07/May/2026:12:22:30 +0200] "GET /x-cp-Ax487fr7.php?fileloc=//scripts/sendicq&path=//scripts HTTP/1.1" 200 2683 "https://wpk54ozo.default.squad4docs.com/x-cp-Ax487fr7.php?path=//scripts" "Mozilla/5.0 AppleWebKit/537.36 (KHTML, like Gecko; compatible; GPTBot/1.3; +https://openai.com/gptbot)"
74.7.241.12 - - [07/May/2026:12:22:30 +0200] "GET /x-cp-Ax487fr7.php?path=//proc HTTP/1.1" 200 8603 "https://mail.wpk54ozo.default.squad4docs.com/x-cp-Ax487fr7.php?path=/" "Mozilla/5.0 AppleWebKit/537.36 (KHTML, like Gecko; compatible; GPTBot/1.3; +https://openai.com/gptbot)"
74.7.227.160 - - [07/May/2026:12:22:30 +0200] "GET /x-cp-Ax487fr7.php?path=//var/lib/spamassassin/compiled/5.032 HTTP/1.1" 200 2805 "https://wpk54ozo.default.squad4docs.com/x-cp-Ax487fr7.php?path=//var/lib/spamassassin/compiled" "Mozilla/5.0 AppleWebKit/537.36 (KHTML, like Gecko; compatible; GPTBot/1.3; +https://openai.com/gptbot)"
74.7.241.12 - - [07/May/2026:12:22:30 +0200] "GET /x-cp-Ax487fr7.php?path=//boot HTTP/1.1" 200 3891 "https://mail.wpk54ozo.default.squad4docs.com/x-cp-Ax487fr7.php?path=/" "Mozilla/5.0 AppleWebKit/537.36 (KHTML, like Gecko; compatible; GPTBot/1.3; +https://openai.com/gptbot)"
74.7.227.160 - - [07/May/2026:12:22:31 +0200] "GET /x-cp-Ax487fr7.php?path=//opt/imunify360/venv HTTP/1.1" 200 3024 "https://wpk54ozo.default.squad4docs.com/x-cp-Ax487fr7.php?path=//opt/imunify360" "Mozilla/5.0 AppleWebKit/537.36 (KHTML, like Gecko; compatible; GPTBot/1.3; +https://openai.com/gptbot)"
74.7.241.12 - - [07/May/2026:12:22:31 +0200] "GET /x-cp-Ax487fr7.php?path=//media HTTP/1.1" 200 2511 "https://mail.wpk54ozo.default.squad4docs.com/x-cp-Ax487fr7.php?path=/" "Mozilla/5.0 AppleWebKit/537.36 (KHTML, like Gecko; compatible; GPTBot/1.3; +https://openai.com/gptbot)"
74.7.242.60 - - [07/May/2026:12:22:29 +0200] "GET /x-cp-Ax487fr7.php?fileloc=//usr/bin/ea-php81&path=//usr/bin HTTP/1.1" 200 2014156 "https://www.wpk54ozo.default.squad4docs.com/x-cp-Ax487fr7.php?path=//usr/bin" "Mozilla/5.0 AppleWebKit/537.36 (KHTML, like Gecko; compatible; GPTBot/1.3; +https://openai.com/gptbot)"
74.7.227.160 - - [07/May/2026:12:22:31 +0200] "GET /x-cp-Ax487fr7.php?fileloc=//var/lib/net-snmp/mib_indexes/0&path=//var/lib/net-snmp/mib_indexes HTTP/1.1" 200 3228 "https://wpk54ozo.default.squad4docs.com/x-cp-Ax487fr7.php?path=//var/lib/net-snmp/mib_indexes" "Mozilla/5.0 AppleWebKit/537.36 (KHTML, like Gecko; compatible; GPTBot/1.3; +https://openai.com/gptbot)"
74.7.241.12 - - [07/May/2026:12:22:31 +0200] "GET /x-cp-Ax487fr7.php?path=/home/wpk54ozo/www/cgi-bin HTTP/1.1" 200 2530 "https://mail.wpk54ozo.default.squad4docs.com/x-cp-Ax487fr7.php?path=/home/wpk54ozo/www" "Mozilla/5.0 AppleWebKit/537.36 (KHTML, like Gecko; compatible; GPTBot/1.3; +https://openai.com/gptbot)"
74.7.227.160 - - [07/May/2026:12:22:32 +0200] "GET /x-cp-Ax487fr7.php?path=//var/lib/spamassassin/compiled/5.036/3.004006 HTTP/1.1" 200 3011 "https://wpk54ozo.default.squad4docs.com/x-cp-Ax487fr7.php?path=//var/lib/spamassassin/compiled/5.036" "Mozilla/5.0 AppleWebKit/537.36 (KHTML, like Gecko; compatible; GPTBot/1.3; +https://openai.com/gptbot)"
74.7.241.12 - - [07/May/2026:12:22:32 +0200] "GET /x-cp-Ax487fr7.php?path=//var/lock HTTP/1.1" 200 2947 "https://mail.wpk54ozo.default.squad4docs.com/x-cp-Ax487fr7.php?path=//var" "Mozilla/5.0 AppleWebKit/537.36 (KHTML, like Gecko; compatible; GPTBot/1.3; +https://openai.com/gptbot)"
74.7.227.160 - - [07/May/2026:12:22:32 +0200] "GET /x-cp-Ax487fr7.php?path=//root HTTP/1.1" 200 2511 "https://wpk54ozo.default.squad4docs.com/x-cp-Ax487fr7.php?path=/" "Mozilla/5.0 AppleWebKit/537.36 (KHTML, like Gecko; compatible; GPTBot/1.3; +https://openai.com/gptbot)"
74.7.242.60 - - [07/May/2026:12:22:32 +0200] "GET /x-cp-Ax487fr7.php?fileloc=//usr/bin/mysqlbinlog&path=//usr/bin HTTP/1.1" 200 843739 "https://www.wpk54ozo.default.squad4docs.com/x-cp-Ax487fr7.php?path=//usr/bin" "Mozilla/5.0 AppleWebKit/537.36 (KHTML, like Gecko; compatible; GPTBot/1.3; +https://openai.com/gptbot)"
74.7.241.12 - - [07/May/2026:12:22:32 +0200] "GET /x-cp-Ax487fr7.php?path=//etc/snmp HTTP/1.1" 200 2831 "https://mail.wpk54ozo.default.squad4docs.com/x-cp-Ax487fr7.php?path=//etc" "Mozilla/5.0 AppleWebKit/537.36 (KHTML, like Gecko; compatible; GPTBot/1.3; +https://openai.com/gptbot)"
74.7.227.160 - - [07/May/2026:12:22:33 +0200] "GET /x-cp-Ax487fr7.php?path=//proc HTTP/1.1" 200 8596 "https://wpk54ozo.default.squad4docs.com/x-cp-Ax487fr7.php?path=/" "Mozilla/5.0 AppleWebKit/537.36 (KHTML, like Gecko; compatible; GPTBot/1.3; +https://openai.com/gptbot)"
74.7.242.60 - - [07/May/2026:12:22:33 +0200] "GET /x-cp-Ax487fr7.php?fileloc=//usr/bin/pf2afm&path=//usr/bin HTTP/1.1" 200 2780 "https://www.wpk54ozo.default.squad4docs.com/x-cp-Ax487fr7.php?path=//usr/bin" "Mozilla/5.0 AppleWebKit/537.36 (KHTML, like Gecko; compatible; GPTBot/1.3; +https://openai.com/gptbot)"
74.7.241.12 - - [07/May/2026:12:22:33 +0200] "GET /x-cp-Ax487fr7.php?path=//etc/skel HTTP/1.1" 200 2885 "https://mail.wpk54ozo.default.squad4docs.com/x-cp-Ax487fr7.php?path=//etc" "Mozilla/5.0 AppleWebKit/537.36 (KHTML, like Gecko; compatible; GPTBot/1.3; +https://openai.com/gptbot)"
74.7.227.160 - - [07/May/2026:12:22:33 +0200] "GET /x-cp-Ax487fr7.php?path=//boot HTTP/1.1" 200 3891 "https://wpk54ozo.default.squad4docs.com/x-cp-Ax487fr7.php?path=/" "Mozilla/5.0 AppleWebKit/537.36 (KHTML, like Gecko; compatible; GPTBot/1.3; +https://openai.com/gptbot)"
74.7.242.60 - - [07/May/2026:12:22:33 +0200] "GET /x-cp-Ax487fr7.php?fileloc=//usr/bin/nl-cls-list&path=//usr/bin HTTP/1.1" 200 6449 "https://www.wpk54ozo.default.squad4docs.com/x-cp-Ax487fr7.php?path=//usr/bin" "Mozilla/5.0 AppleWebKit/537.36 (KHTML, like Gecko; compatible; GPTBot/1.3; +https://openai.com/gptbot)"
74.7.241.12 - - [07/May/2026:12:22:33 +0200] "GET /x-cp-Ax487fr7.php?path=//etc/pdns HTTP/1.1" 200 2833 "https://mail.wpk54ozo.default.squad4docs.com/x-cp-Ax487fr7.php?path=//etc" "Mozilla/5.0 AppleWebKit/537.36 (KHTML, like Gecko; compatible; GPTBot/1.3; +https://openai.com/gptbot)"
74.7.227.160 - - [07/May/2026:12:22:34 +0200] "GET /x-cp-Ax487fr7.php?path=//media HTTP/1.1" 200 2511 "https://wpk54ozo.default.squad4docs.com/x-cp-Ax487fr7.php?path=/" "Mozilla/5.0 AppleWebKit/537.36 (KHTML, like Gecko; compatible; GPTBot/1.3; +https://openai.com/gptbot)"
74.7.242.60 - - [07/May/2026:12:22:34 +0200] "GET /x-cp-Ax487fr7.php?fileloc=//usr/bin/sg_compare_and_write&path=//usr/bin HTTP/1.1" 200 8842 "https://www.wpk54ozo.default.squad4docs.com/x-cp-Ax487fr7.php?path=//usr/bin" "Mozilla/5.0 AppleWebKit/537.36 (KHTML, like Gecko; compatible; GPTBot/1.3; +https://openai.com/gptbot)"
74.7.241.12 - - [07/May/2026:12:22:34 +0200] "GET /x-cp-Ax487fr7.php?path=//opt/imunify360/venv/include HTTP/1.1" 200 2800 "https://mail.wpk54ozo.default.squad4docs.com/x-cp-Ax487fr7.php?path=//opt/imunify360/venv" "Mozilla/5.0 AppleWebKit/537.36 (KHTML, like Gecko; compatible; GPTBot/1.3; +https://openai.com/gptbot)"
74.7.227.160 - - [07/May/2026:12:22:34 +0200] "GET /x-cp-Ax487fr7.php?path=/home/wpk54ozo/www/cgi-bin HTTP/1.1" 200 2530 "https://wpk54ozo.default.squad4docs.com/x-cp-Ax487fr7.php?path=/home/wpk54ozo/www" "Mozilla/5.0 AppleWebKit/537.36 (KHTML, like Gecko; compatible; GPTBot/1.3; +https://openai.com/gptbot)"
74.7.241.12 - - [07/May/2026:12:22:34 +0200] "GET /x-cp-Ax487fr7.php?path=//opt/imunify360/venv/lib HTTP/1.1" 200 2796 "https://mail.wpk54ozo.default.squad4docs.com/x-cp-Ax487fr7.php?path=//opt/imunify360/venv" "Mozilla/5.0 AppleWebKit/537.36 (KHTML, like Gecko; compatible; GPTBot/1.3; +https://openai.com/gptbot)"
74.7.242.60 - - [07/May/2026:12:22:34 +0200] "GET /x-cp-Ax487fr7.php?fileloc=//usr/bin/mariadb-show&path=//usr/bin HTTP/1.1" 200 719240 "https://www.wpk54ozo.default.squad4docs.com/x-cp-Ax487fr7.php?path=//usr/bin" "Mozilla/5.0 AppleWebKit/537.36 (KHTML, like Gecko; compatible; GPTBot/1.3; +https://openai.com/gptbot)"
74.7.241.12 - - [07/May/2026:12:22:35 +0200] "GET /x-cp-Ax487fr7.php?path=//opt/imunify360/venv/bin HTTP/1.1" 200 3971 "https://mail.wpk54ozo.default.squad4docs.com/x-cp-Ax487fr7.php?path=//opt/imunify360/venv" "Mozilla/5.0 AppleWebKit/537.36 (KHTML, like Gecko; compatible; GPTBot/1.3; +https://openai.com/gptbot)"
74.7.227.160 - - [07/May/2026:12:22:35 +0200] "GET /x-cp-Ax487fr7.php?path=//etc/pdns HTTP/1.1" 200 2833 "https://wpk54ozo.default.squad4docs.com/x-cp-Ax487fr7.php?path=//etc" "Mozilla/5.0 AppleWebKit/537.36 (KHTML, like Gecko; compatible; GPTBot/1.3; +https://openai.com/gptbot)"
74.7.227.160 - - [07/May/2026:12:22:35 +0200] "GET /x-cp-Ax487fr7.php?path=//etc/mail HTTP/1.1" 200 2768 "https://wpk54ozo.default.squad4docs.com/x-cp-Ax487fr7.php?path=//etc" "Mozilla/5.0 AppleWebKit/537.36 (KHTML, like Gecko; compatible; GPTBot/1.3; +https://openai.com/gptbot)"
74.7.241.12 - - [07/May/2026:12:22:36 +0200] "GET /x-cp-Ax487fr7.php?fileloc=//proc/timer_list&path=//proc HTTP/1.1" 200 8844 "https://mail.wpk54ozo.default.squad4docs.com/x-cp-Ax487fr7.php?path=//proc" "Mozilla/5.0 AppleWebKit/537.36 (KHTML, like Gecko; compatible; GPTBot/1.3; +https://openai.com/gptbot)"
74.7.242.60 - - [07/May/2026:12:22:36 +0200] "GET /x-cp-Ax487fr7.php?path=//var/lib/imunify360-php-daemon HTTP/1.1" 200 2542 "https://www.wpk54ozo.default.squad4docs.com/x-cp-Ax487fr7.php?path=//var/lib" "Mozilla/5.0 AppleWebKit/537.36 (KHTML, like Gecko; compatible; GPTBot/1.3; +https://openai.com/gptbot)"
74.7.227.160 - - [07/May/2026:12:22:36 +0200] "GET /x-cp-Ax487fr7.php?path=//var/lib/spamassassin/compiled/5.032/3.004004 HTTP/1.1" 200 3012 "https://wpk54ozo.default.squad4docs.com/x-cp-Ax487fr7.php?path=//var/lib/spamassassin/compiled/5.032" "Mozilla/5.0 AppleWebKit/537.36 (KHTML, like Gecko; compatible; GPTBot/1.3; +https://openai.com/gptbot)"
74.7.241.12 - - [07/May/2026:12:22:36 +0200] "GET /x-cp-Ax487fr7.php?path=//proc/2473 HTTP/1.1" 200 4258 "https://mail.wpk54ozo.default.squad4docs.com/x-cp-Ax487fr7.php?path=//proc" "Mozilla/5.0 AppleWebKit/537.36 (KHTML, like Gecko; compatible; GPTBot/1.3; +https://openai.com/gptbot)"
74.7.242.60 - - [07/May/2026:12:22:36 +0200] "GET /x-cp-Ax487fr7.php?fileloc=//usr/bin/show-changed-rco&path=//usr/bin HTTP/1.1" 200 5401 "https://www.wpk54ozo.default.squad4docs.com/x-cp-Ax487fr7.php?path=//usr/bin" "Mozilla/5.0 AppleWebKit/537.36 (KHTML, like Gecko; compatible; GPTBot/1.3; +https://openai.com/gptbot)"
74.7.227.160 - - [07/May/2026:12:22:37 +0200] "GET /x-cp-Ax487fr7.php?path=//opt/imunify360/venv/include HTTP/1.1" 200 2800 "https://wpk54ozo.default.squad4docs.com/x-cp-Ax487fr7.php?path=//opt/imunify360/venv" "Mozilla/5.0 AppleWebKit/537.36 (KHTML, like Gecko; compatible; GPTBot/1.3; +https://openai.com/gptbot)"
74.7.241.12 - - [07/May/2026:12:22:37 +0200] "GET /x-cp-Ax487fr7.php?path=//proc/net HTTP/1.1" 200 4483 "https://mail.wpk54ozo.default.squad4docs.com/x-cp-Ax487fr7.php?path=//proc" "Mozilla/5.0 AppleWebKit/537.36 (KHTML, like Gecko; compatible; GPTBot/1.3; +https://openai.com/gptbot)"
74.7.242.60 - - [07/May/2026:12:22:37 +0200] "GET /x-cp-Ax487fr7.php?fileloc=//usr/bin/show-installed&path=//usr/bin HTTP/1.1" 200 7161 "https://www.wpk54ozo.default.squad4docs.com/x-cp-Ax487fr7.php?path=//usr/bin" "Mozilla/5.0 AppleWebKit/537.36 (KHTML, like Gecko; compatible; GPTBot/1.3; +https://openai.com/gptbot)"
74.7.227.160 - - [07/May/2026:12:22:37 +0200] "GET /x-cp-Ax487fr7.php?path=//opt/imunify360/venv/lib HTTP/1.1" 200 2796 "https://wpk54ozo.default.squad4docs.com/x-cp-Ax487fr7.php?path=//opt/imunify360/venv" "Mozilla/5.0 AppleWebKit/537.36 (KHTML, like Gecko; compatible; GPTBot/1.3; +https://openai.com/gptbot)"
74.7.241.12 - - [07/May/2026:12:22:37 +0200] "GET /x-cp-Ax487fr7.php?fileloc=//proc/swaps&path=//proc HTTP/1.1" 200 2487 "https://mail.wpk54ozo.default.squad4docs.com/x-cp-Ax487fr7.php?path=//proc" "Mozilla/5.0 AppleWebKit/537.36 (KHTML, like Gecko; compatible; GPTBot/1.3; +https://openai.com/gptbot)"
74.7.242.60 - - [07/May/2026:12:22:37 +0200] "GET /x-cp-Ax487fr7.php?fileloc=//usr/bin/read&path=//usr/bin HTTP/1.1" 200 2496 "https://www.wpk54ozo.default.squad4docs.com/x-cp-Ax487fr7.php?path=//usr/bin" "Mozilla/5.0 AppleWebKit/537.36 (KHTML, like Gecko; compatible; GPTBot/1.3; +https://openai.com/gptbot)"
74.7.227.160 - - [07/May/2026:12:22:38 +0200] "GET /x-cp-Ax487fr7.php?path=//var/lib/spamassassin/compiled/5.036/3.004006/Mail HTTP/1.1" 200 2828 "https://wpk54ozo.default.squad4docs.com/x-cp-Ax487fr7.php?path=//var/lib/spamassassin/compiled/5.036/3.004006" "Mozilla/5.0 AppleWebKit/537.36 (KHTML, like Gecko; compatible; GPTBot/1.3; +https://openai.com/gptbot)"
74.7.241.12 - - [07/May/2026:12:22:38 +0200] "GET /x-cp-Ax487fr7.php?path=//proc/7 HTTP/1.1" 200 4249 "https://mail.wpk54ozo.default.squad4docs.com/x-cp-Ax487fr7.php?path=//proc" "Mozilla/5.0 AppleWebKit/537.36 (KHTML, like Gecko; compatible; GPTBot/1.3; +https://openai.com/gptbot)"
74.7.242.60 - - [07/May/2026:12:22:38 +0200] "GET /x-cp-Ax487fr7.php?fileloc=//usr/bin/post-grohtml&path=//usr/bin HTTP/1.1" 200 82206 "https://www.wpk54ozo.default.squad4docs.com/x-cp-Ax487fr7.php?path=//usr/bin" "Mozilla/5.0 AppleWebKit/537.36 (KHTML, like Gecko; compatible; GPTBot/1.3; +https://openai.com/gptbot)"
74.7.227.160 - - [07/May/2026:12:22:38 +0200] "GET /x-cp-Ax487fr7.php?path=//opt/imunify360/venv/bin HTTP/1.1" 200 3971 "https://wpk54ozo.default.squad4docs.com/x-cp-Ax487fr7.php?path=//opt/imunify360/venv" "Mozilla/5.0 AppleWebKit/537.36 (KHTML, like Gecko; compatible; GPTBot/1.3; +https://openai.com/gptbot)"
74.7.241.12 - - [07/May/2026:12:22:38 +0200] "GET /x-cp-Ax487fr7.php?path=//proc/2 HTTP/1.1" 200 4248 "https://mail.wpk54ozo.default.squad4docs.com/x-cp-Ax487fr7.php?path=//proc" "Mozilla/5.0 AppleWebKit/537.36 (KHTML, like Gecko; compatible; GPTBot/1.3; +https://openai.com/gptbot)"
74.7.242.60 - - [07/May/2026:12:22:39 +0200] "GET /x-cp-Ax487fr7.php?path=//var/log/imunify360_user_logs HTTP/1.1" 200 2531 "https://www.wpk54ozo.default.squad4docs.com/x-cp-Ax487fr7.php?path=//var/log" "Mozilla/5.0 AppleWebKit/537.36 (KHTML, like Gecko; compatible; GPTBot/1.3; +https://openai.com/gptbot)"
74.7.227.160 - - [07/May/2026:12:22:39 +0200] "GET /x-cp-Ax487fr7.php?path=//opt/imunify360/venv/lib64 HTTP/1.1" 200 2799 "https://wpk54ozo.default.squad4docs.com/x-cp-Ax487fr7.php?path=//opt/imunify360/venv" "Mozilla/5.0 AppleWebKit/537.36 (KHTML, like Gecko; compatible; GPTBot/1.3; +https://openai.com/gptbot)"
74.7.241.12 - - [07/May/2026:12:22:39 +0200] "GET /x-cp-Ax487fr7.php?path=//proc/9 HTTP/1.1" 200 4249 "https://mail.wpk54ozo.default.squad4docs.com/x-cp-Ax487fr7.php?path=//proc" "Mozilla/5.0 AppleWebKit/537.36 (KHTML, like Gecko; compatible; GPTBot/1.3; +https://openai.com/gptbot)"
74.7.227.160 - - [07/May/2026:12:22:39 +0200] "GET /x-cp-Ax487fr7.php?fileloc=//proc/execdomains&path=//proc HTTP/1.1" 200 2481 "https://wpk54ozo.default.squad4docs.com/x-cp-Ax487fr7.php?path=//proc" "Mozilla/5.0 AppleWebKit/537.36 (KHTML, like Gecko; compatible; GPTBot/1.3; +https://openai.com/gptbot)"
74.7.242.60 - - [07/May/2026:12:22:39 +0200] "GET /x-cp-Ax487fr7.php?path=//var/lib/spamassassin HTTP/1.1" 200 2861 "https://www.wpk54ozo.default.squad4docs.com/x-cp-Ax487fr7.php?path=//var/lib" "Mozilla/5.0 AppleWebKit/537.36 (KHTML, like Gecko; compatible; GPTBot/1.3; +https://openai.com/gptbot)"
74.7.241.12 - - [07/May/2026:12:22:39 +0200] "GET /x-cp-Ax487fr7.php?path=//proc/6 HTTP/1.1" 200 4248 "https://mail.wpk54ozo.default.squad4docs.com/x-cp-Ax487fr7.php?path=//proc" "Mozilla/5.0 AppleWebKit/537.36 (KHTML, like Gecko; compatible; GPTBot/1.3; +https://openai.com/gptbot)"
74.7.227.160 - - [07/May/2026:12:22:40 +0200] "GET /x-cp-Ax487fr7.php?path=//proc/net HTTP/1.1" 200 4483 "https://wpk54ozo.default.squad4docs.com/x-cp-Ax487fr7.php?path=//proc" "Mozilla/5.0 AppleWebKit/537.36 (KHTML, like Gecko; compatible; GPTBot/1.3; +https://openai.com/gptbot)"
74.7.242.60 - - [07/May/2026:12:22:40 +0200] "GET /x-cp-Ax487fr7.php?path=//var/lib/NetworkManager HTTP/1.1" 200 2537 "https://www.wpk54ozo.default.squad4docs.com/x-cp-Ax487fr7.php?path=//var/lib" "Mozilla/5.0 AppleWebKit/537.36 (KHTML, like Gecko; compatible; GPTBot/1.3; +https://openai.com/gptbot)"
74.7.241.12 - - [07/May/2026:12:22:40 +0200] "GET /x-cp-Ax487fr7.php?path=//proc/8 HTTP/1.1" 200 4248 "https://mail.wpk54ozo.default.squad4docs.com/x-cp-Ax487fr7.php?path=//proc" "Mozilla/5.0 AppleWebKit/537.36 (KHTML, like Gecko; compatible; GPTBot/1.3; +https://openai.com/gptbot)"
74.7.227.160 - - [07/May/2026:12:22:40 +0200] "GET /x-cp-Ax487fr7.php?path=//proc/1 HTTP/1.1" 200 4248 "https://wpk54ozo.default.squad4docs.com/x-cp-Ax487fr7.php?path=//proc" "Mozilla/5.0 AppleWebKit/537.36 (KHTML, like Gecko; compatible; GPTBot/1.3; +https://openai.com/gptbot)"
74.7.242.60 - - [07/May/2026:12:22:40 +0200] "GET /x-cp-Ax487fr7.php?path=//var/log/imunify360 HTTP/1.1" 200 2535 "https://www.wpk54ozo.default.squad4docs.com/x-cp-Ax487fr7.php?path=//var/log" "Mozilla/5.0 AppleWebKit/537.36 (KHTML, like Gecko; compatible; GPTBot/1.3; +https://openai.com/gptbot)"
74.7.241.12 - - [07/May/2026:12:22:40 +0200] "GET /x-cp-Ax487fr7.php?path=//proc/4 HTTP/1.1" 200 4248 "https://mail.wpk54ozo.default.squad4docs.com/x-cp-Ax487fr7.php?path=//proc" "Mozilla/5.0 AppleWebKit/537.36 (KHTML, like Gecko; compatible; GPTBot/1.3; +https://openai.com/gptbot)"
