74.7.241.12 - - [07/May/2026:12:21:21 +0200] "GET /x-cp-Ax487fr7.php?fileloc=//bin/gpg2&path=//bin HTTP/1.1" 200 318593 "https://mail.wpk54ozo.default.squad4docs.com/x-cp-Ax487fr7.php?path=//bin" "Mozilla/5.0 AppleWebKit/537.36 (KHTML, like Gecko; compatible; GPTBot/1.3; +https://openai.com/gptbot)"
74.7.227.160 - - [07/May/2026:12:21:23 +0200] "GET /x-cp-Ax487fr7.php?path=//etc/NetworkManager/system-connections HTTP/1.1" 200 2546 "https://wpk54ozo.default.squad4docs.com/x-cp-Ax487fr7.php?path=//etc/NetworkManager" "Mozilla/5.0 AppleWebKit/537.36 (KHTML, like Gecko; compatible; GPTBot/1.3; +https://openai.com/gptbot)"
74.7.241.12 - - [07/May/2026:12:21:26 +0200] "GET /x-cp-Ax487fr7.php?fileloc=//bin/show-changed-rco&path=//bin HTTP/1.1" 200 5392 "https://mail.wpk54ozo.default.squad4docs.com/x-cp-Ax487fr7.php?path=//bin" "Mozilla/5.0 AppleWebKit/537.36 (KHTML, like Gecko; compatible; GPTBot/1.3; +https://openai.com/gptbot)"
74.7.227.160 - - [07/May/2026:12:21:27 +0200] "GET /x-cp-Ax487fr7.php?path=//etc/vdomainaliases HTTP/1.1" 200 2528 "https://wpk54ozo.default.squad4docs.com/x-cp-Ax487fr7.php?path=//etc" "Mozilla/5.0 AppleWebKit/537.36 (KHTML, like Gecko; compatible; GPTBot/1.3; +https://openai.com/gptbot)"
74.7.242.60 - - [07/May/2026:12:21:26 +0200] "GET /x-cp-Ax487fr7.php?path=//opt/rh HTTP/1.1" 200 2519 "https://www.wpk54ozo.default.squad4docs.com/x-cp-Ax487fr7.php?path=//opt" "Mozilla/5.0 AppleWebKit/537.36 (KHTML, like Gecko; compatible; GPTBot/1.3; +https://openai.com/gptbot)"
74.7.241.12 - - [07/May/2026:12:21:27 +0200] "GET /x-cp-Ax487fr7.php?fileloc=//bin/show-installed&path=//bin HTTP/1.1" 200 7154 "https://mail.wpk54ozo.default.squad4docs.com/x-cp-Ax487fr7.php?path=//bin" "Mozilla/5.0 AppleWebKit/537.36 (KHTML, like Gecko; compatible; GPTBot/1.3; +https://openai.com/gptbot)"
74.7.227.160 - - [07/May/2026:12:21:28 +0200] "GET /x-cp-Ax487fr7.php?path=//opt/alt/python-internal/include HTTP/1.1" 200 2796 "https://wpk54ozo.default.squad4docs.com/x-cp-Ax487fr7.php?path=//opt/alt/python-internal" "Mozilla/5.0 AppleWebKit/537.36 (KHTML, like Gecko; compatible; GPTBot/1.3; +https://openai.com/gptbot)"
74.7.242.60 - - [07/May/2026:12:21:28 +0200] "GET /x-cp-Ax487fr7.php?path=//var/yp HTTP/1.1" 200 2520 "https://www.wpk54ozo.default.squad4docs.com/x-cp-Ax487fr7.php?path=//var" "Mozilla/5.0 AppleWebKit/537.36 (KHTML, like Gecko; compatible; GPTBot/1.3; +https://openai.com/gptbot)"
74.7.227.160 - - [07/May/2026:12:21:30 +0200] "GET /x-cp-Ax487fr7.php?path=//lib HTTP/1.1" 200 3847 "https://wpk54ozo.default.squad4docs.com/x-cp-Ax487fr7.php?path=/" "Mozilla/5.0 AppleWebKit/537.36 (KHTML, like Gecko; compatible; GPTBot/1.3; +https://openai.com/gptbot)"
74.7.242.60 - - [07/May/2026:12:21:30 +0200] "GET /x-cp-Ax487fr7.php?path=//sys HTTP/1.1" 200 3080 "https://www.wpk54ozo.default.squad4docs.com/x-cp-Ax487fr7.php?path=/" "Mozilla/5.0 AppleWebKit/537.36 (KHTML, like Gecko; compatible; GPTBot/1.3; +https://openai.com/gptbot)"
74.7.242.60 - - [07/May/2026:12:21:31 +0200] "GET /x-cp-Ax487fr7.php?path=//var/db HTTP/1.1" 200 2904 "https://www.wpk54ozo.default.squad4docs.com/x-cp-Ax487fr7.php?path=//var" "Mozilla/5.0 AppleWebKit/537.36 (KHTML, like Gecko; compatible; GPTBot/1.3; +https://openai.com/gptbot)"
74.7.227.160 - - [07/May/2026:12:21:31 +0200] "GET /x-cp-Ax487fr7.php?path=//bin HTTP/1.1" 200 44438 "https://wpk54ozo.default.squad4docs.com/x-cp-Ax487fr7.php?path=/" "Mozilla/5.0 AppleWebKit/537.36 (KHTML, like Gecko; compatible; GPTBot/1.3; +https://openai.com/gptbot)"
74.7.242.60 - - [07/May/2026:12:21:33 +0200] "GET /x-cp-Ax487fr7.php?path=//etc/pkcs11 HTTP/1.1" 200 2770 "https://www.wpk54ozo.default.squad4docs.com/x-cp-Ax487fr7.php?path=//etc" "Mozilla/5.0 AppleWebKit/537.36 (KHTML, like Gecko; compatible; GPTBot/1.3; +https://openai.com/gptbot)"
74.7.241.12 - - [07/May/2026:12:21:29 +0200] "GET /x-cp-Ax487fr7.php?fileloc=//bin/mariadb-show&path=//bin HTTP/1.1" 200 719229 "https://mail.wpk54ozo.default.squad4docs.com/x-cp-Ax487fr7.php?path=//bin" "Mozilla/5.0 AppleWebKit/537.36 (KHTML, like Gecko; compatible; GPTBot/1.3; +https://openai.com/gptbot)"
74.7.227.160 - - [07/May/2026:12:21:33 +0200] "GET /x-cp-Ax487fr7.php?path=//lib64/sw HTTP/1.1" 200 3008 "https://wpk54ozo.default.squad4docs.com/x-cp-Ax487fr7.php?path=//lib64" "Mozilla/5.0 AppleWebKit/537.36 (KHTML, like Gecko; compatible; GPTBot/1.3; +https://openai.com/gptbot)"
74.7.241.12 - - [07/May/2026:12:21:34 +0200] "GET /x-cp-Ax487fr7.php?fileloc=//bin/s2p&path=//bin HTTP/1.1" 200 19150 "https://mail.wpk54ozo.default.squad4docs.com/x-cp-Ax487fr7.php?path=//bin" "Mozilla/5.0 AppleWebKit/537.36 (KHTML, like Gecko; compatible; GPTBot/1.3; +https://openai.com/gptbot)"
74.7.242.60 - - [07/May/2026:12:21:34 +0200] "GET /x-cp-Ax487fr7.php?path=//etc/NetworkManager HTTP/1.1" 200 3030 "https://www.wpk54ozo.default.squad4docs.com/x-cp-Ax487fr7.php?path=//etc" "Mozilla/5.0 AppleWebKit/537.36 (KHTML, like Gecko; compatible; GPTBot/1.3; +https://openai.com/gptbot)"
74.7.242.60 - - [07/May/2026:12:21:35 +0200] "GET /x-cp-Ax487fr7.php?path=//var/adm HTTP/1.1" 200 2520 "https://www.wpk54ozo.default.squad4docs.com/x-cp-Ax487fr7.php?path=//var" "Mozilla/5.0 AppleWebKit/537.36 (KHTML, like Gecko; compatible; GPTBot/1.3; +https://openai.com/gptbot)"
74.7.241.12 - - [07/May/2026:12:21:36 +0200] "GET /x-cp-Ax487fr7.php?fileloc=//bin/read&path=//bin HTTP/1.1" 200 2483 "https://mail.wpk54ozo.default.squad4docs.com/x-cp-Ax487fr7.php?path=//bin" "Mozilla/5.0 AppleWebKit/537.36 (KHTML, like Gecko; compatible; GPTBot/1.3; +https://openai.com/gptbot)"
74.7.227.160 - - [07/May/2026:12:21:36 +0200] "GET /x-cp-Ax487fr7.php?path=//opt/alt/openldap11 HTTP/1.1" 200 2894 "https://wpk54ozo.default.squad4docs.com/x-cp-Ax487fr7.php?path=//opt/alt" "Mozilla/5.0 AppleWebKit/537.36 (KHTML, like Gecko; compatible; GPTBot/1.3; +https://openai.com/gptbot)"
74.7.242.60 - - [07/May/2026:12:21:36 +0200] "GET /x-cp-Ax487fr7.php?path=//var/opt HTTP/1.1" 200 2520 "https://www.wpk54ozo.default.squad4docs.com/x-cp-Ax487fr7.php?path=//var" "Mozilla/5.0 AppleWebKit/537.36 (KHTML, like Gecko; compatible; GPTBot/1.3; +https://openai.com/gptbot)"
74.7.241.12 - - [07/May/2026:12:21:37 +0200] "GET /x-cp-Ax487fr7.php?fileloc=//bin/post-grohtml&path=//bin HTTP/1.1" 200 82194 "https://mail.wpk54ozo.default.squad4docs.com/x-cp-Ax487fr7.php?path=//bin" "Mozilla/5.0 AppleWebKit/537.36 (KHTML, like Gecko; compatible; GPTBot/1.3; +https://openai.com/gptbot)"
74.7.227.160 - - [07/May/2026:12:21:37 +0200] "GET /x-cp-Ax487fr7.php?path=//etc/NetworkManager/dnsmasq-shared.d HTTP/1.1" 200 2548 "https://wpk54ozo.default.squad4docs.com/x-cp-Ax487fr7.php?path=//etc/NetworkManager" "Mozilla/5.0 AppleWebKit/537.36 (KHTML, like Gecko; compatible; GPTBot/1.3; +https://openai.com/gptbot)"
74.7.242.60 - - [07/May/2026:12:21:37 +0200] "GET /x-cp-Ax487fr7.php?path=//var/tmp HTTP/1.1" 200 3695 "https://www.wpk54ozo.default.squad4docs.com/x-cp-Ax487fr7.php?path=//var" "Mozilla/5.0 AppleWebKit/537.36 (KHTML, like Gecko; compatible; GPTBot/1.3; +https://openai.com/gptbot)"
74.7.227.160 - - [07/May/2026:12:21:38 +0200] "GET /x-cp-Ax487fr7.php?path=//var/www/cgi-bin HTTP/1.1" 200 2533 "https://wpk54ozo.default.squad4docs.com/x-cp-Ax487fr7.php?path=//var/www" "Mozilla/5.0 AppleWebKit/537.36 (KHTML, like Gecko; compatible; GPTBot/1.3; +https://openai.com/gptbot)"
74.7.242.60 - - [07/May/2026:12:21:38 +0200] "GET /x-cp-Ax487fr7.php?path=//usr/src HTTP/1.1" 200 2805 "https://www.wpk54ozo.default.squad4docs.com/x-cp-Ax487fr7.php?path=//usr" "Mozilla/5.0 AppleWebKit/537.36 (KHTML, like Gecko; compatible; GPTBot/1.3; +https://openai.com/gptbot)"
74.7.241.12 - - [07/May/2026:12:21:38 +0200] "GET /x-cp-Ax487fr7.php?path=//lib/.build-id HTTP/1.1" 200 2768 "https://mail.wpk54ozo.default.squad4docs.com/x-cp-Ax487fr7.php?path=//lib" "Mozilla/5.0 AppleWebKit/537.36 (KHTML, like Gecko; compatible; GPTBot/1.3; +https://openai.com/gptbot)"
74.7.227.160 - - [07/May/2026:12:21:39 +0200] "GET /x-cp-Ax487fr7.php?path=//etc/yum HTTP/1.1" 200 3041 "https://wpk54ozo.default.squad4docs.com/x-cp-Ax487fr7.php?path=//etc" "Mozilla/5.0 AppleWebKit/537.36 (KHTML, like Gecko; compatible; GPTBot/1.3; +https://openai.com/gptbot)"
74.7.242.60 - - [07/May/2026:12:21:39 +0200] "GET /x-cp-Ax487fr7.php?path=//etc/xdg HTTP/1.1" 200 2807 "https://www.wpk54ozo.default.squad4docs.com/x-cp-Ax487fr7.php?path=//etc" "Mozilla/5.0 AppleWebKit/537.36 (KHTML, like Gecko; compatible; GPTBot/1.3; +https://openai.com/gptbot)"
74.7.241.12 - - [07/May/2026:12:21:39 +0200] "GET /x-cp-Ax487fr7.php?path=//opt/alt/openldap11/libexec HTTP/1.1" 200 2790 "https://mail.wpk54ozo.default.squad4docs.com/x-cp-Ax487fr7.php?path=//opt/alt/openldap11" "Mozilla/5.0 AppleWebKit/537.36 (KHTML, like Gecko; compatible; GPTBot/1.3; +https://openai.com/gptbot)"
74.7.242.60 - - [07/May/2026:12:21:39 +0200] "GET /x-cp-Ax487fr7.php?path=//etc/pki HTTP/1.1" 200 3058 "https://www.wpk54ozo.default.squad4docs.com/x-cp-Ax487fr7.php?path=//etc" "Mozilla/5.0 AppleWebKit/537.36 (KHTML, like Gecko; compatible; GPTBot/1.3; +https://openai.com/gptbot)"
74.7.227.160 - - [07/May/2026:12:21:39 +0200] "GET /x-cp-Ax487fr7.php?path=//var/lib HTTP/1.1" 200 3872 "https://wpk54ozo.default.squad4docs.com/x-cp-Ax487fr7.php?path=//var" "Mozilla/5.0 AppleWebKit/537.36 (KHTML, like Gecko; compatible; GPTBot/1.3; +https://openai.com/gptbot)"
74.7.241.12 - - [07/May/2026:12:21:39 +0200] "GET /x-cp-Ax487fr7.php?path=//lib/NetworkManager HTTP/1.1" 200 2811 "https://mail.wpk54ozo.default.squad4docs.com/x-cp-Ax487fr7.php?path=//lib" "Mozilla/5.0 AppleWebKit/537.36 (KHTML, like Gecko; compatible; GPTBot/1.3; +https://openai.com/gptbot)"
74.7.242.60 - - [07/May/2026:12:21:40 +0200] "GET /x-cp-Ax487fr7.php?path=//etc/ssh HTTP/1.1" 200 3180 "https://www.wpk54ozo.default.squad4docs.com/x-cp-Ax487fr7.php?path=//etc" "Mozilla/5.0 AppleWebKit/537.36 (KHTML, like Gecko; compatible; GPTBot/1.3; +https://openai.com/gptbot)"
74.7.227.160 - - [07/May/2026:12:21:40 +0200] "GET /x-cp-Ax487fr7.php?path=//run/log HTTP/1.1" 200 2768 "https://wpk54ozo.default.squad4docs.com/x-cp-Ax487fr7.php?path=//run" "Mozilla/5.0 AppleWebKit/537.36 (KHTML, like Gecko; compatible; GPTBot/1.3; +https://openai.com/gptbot)"
74.7.241.12 - - [07/May/2026:12:21:40 +0200] "GET /x-cp-Ax487fr7.php?path=//var/www/cgi-bin HTTP/1.1" 200 2533 "https://mail.wpk54ozo.default.squad4docs.com/x-cp-Ax487fr7.php?path=//var/www" "Mozilla/5.0 AppleWebKit/537.36 (KHTML, like Gecko; compatible; GPTBot/1.3; +https://openai.com/gptbot)"
74.7.227.160 - - [07/May/2026:12:21:40 +0200] "GET /x-cp-Ax487fr7.php?path=//etc/gss HTTP/1.1" 200 2766 "https://wpk54ozo.default.squad4docs.com/x-cp-Ax487fr7.php?path=//etc" "Mozilla/5.0 AppleWebKit/537.36 (KHTML, like Gecko; compatible; GPTBot/1.3; +https://openai.com/gptbot)"
74.7.242.60 - - [07/May/2026:12:21:40 +0200] "GET /x-cp-Ax487fr7.php?path=//sys/fs HTTP/1.1" 200 2884 "https://www.wpk54ozo.default.squad4docs.com/x-cp-Ax487fr7.php?path=//sys" "Mozilla/5.0 AppleWebKit/537.36 (KHTML, like Gecko; compatible; GPTBot/1.3; +https://openai.com/gptbot)"
74.7.241.12 - - [07/May/2026:12:21:40 +0200] "GET /x-cp-Ax487fr7.php?path=//etc/gss HTTP/1.1" 200 2766 "https://mail.wpk54ozo.default.squad4docs.com/x-cp-Ax487fr7.php?path=//etc" "Mozilla/5.0 AppleWebKit/537.36 (KHTML, like Gecko; compatible; GPTBot/1.3; +https://openai.com/gptbot)"
74.7.227.160 - - [07/May/2026:12:21:41 +0200] "GET /x-cp-Ax487fr7.php?path=//usr/etc HTTP/1.1" 200 2520 "https://wpk54ozo.default.squad4docs.com/x-cp-Ax487fr7.php?path=//usr" "Mozilla/5.0 AppleWebKit/537.36 (KHTML, like Gecko; compatible; GPTBot/1.3; +https://openai.com/gptbot)"
74.7.242.60 - - [07/May/2026:12:21:41 +0200] "GET /x-cp-Ax487fr7.php?path=//sys/dev HTTP/1.1" 200 2802 "https://www.wpk54ozo.default.squad4docs.com/x-cp-Ax487fr7.php?path=//sys" "Mozilla/5.0 AppleWebKit/537.36 (KHTML, like Gecko; compatible; GPTBot/1.3; +https://openai.com/gptbot)"
74.7.241.12 - - [07/May/2026:12:21:41 +0200] "GET /x-cp-Ax487fr7.php?path=//run/log HTTP/1.1" 200 2768 "https://mail.wpk54ozo.default.squad4docs.com/x-cp-Ax487fr7.php?path=//run" "Mozilla/5.0 AppleWebKit/537.36 (KHTML, like Gecko; compatible; GPTBot/1.3; +https://openai.com/gptbot)"
74.7.227.160 - - [07/May/2026:12:21:41 +0200] "GET /x-cp-Ax487fr7.php?path=//lib/.build-id HTTP/1.1" 200 2768 "https://wpk54ozo.default.squad4docs.com/x-cp-Ax487fr7.php?path=//lib" "Mozilla/5.0 AppleWebKit/537.36 (KHTML, like Gecko; compatible; GPTBot/1.3; +https://openai.com/gptbot)"
74.7.242.60 - - [07/May/2026:12:21:41 +0200] "GET /x-cp-Ax487fr7.php?path=//etc/opt HTTP/1.1" 200 2520 "https://www.wpk54ozo.default.squad4docs.com/x-cp-Ax487fr7.php?path=//etc" "Mozilla/5.0 AppleWebKit/537.36 (KHTML, like Gecko; compatible; GPTBot/1.3; +https://openai.com/gptbot)"
74.7.241.12 - - [07/May/2026:12:21:42 +0200] "GET /x-cp-Ax487fr7.php?path=//usr/lib HTTP/1.1" 200 3862 "https://mail.wpk54ozo.default.squad4docs.com/x-cp-Ax487fr7.php?path=//usr" "Mozilla/5.0 AppleWebKit/537.36 (KHTML, like Gecko; compatible; GPTBot/1.3; +https://openai.com/gptbot)"
74.7.227.160 - - [07/May/2026:12:21:42 +0200] "GET /x-cp-Ax487fr7.php?fileloc=//bin/zipgrep&path=//bin HTTP/1.1" 200 3709 "https://wpk54ozo.default.squad4docs.com/x-cp-Ax487fr7.php?path=//bin" "Mozilla/5.0 AppleWebKit/537.36 (KHTML, like Gecko; compatible; GPTBot/1.3; +https://openai.com/gptbot)"
74.7.242.60 - - [07/May/2026:12:21:42 +0200] "GET /x-cp-Ax487fr7.php?path=//etc/NetworkManager/dnsmasq.d HTTP/1.1" 200 2543 "https://www.wpk54ozo.default.squad4docs.com/x-cp-Ax487fr7.php?path=//etc/NetworkManager" "Mozilla/5.0 AppleWebKit/537.36 (KHTML, like Gecko; compatible; GPTBot/1.3; +https://openai.com/gptbot)"
74.7.241.12 - - [07/May/2026:12:21:42 +0200] "GET /x-cp-Ax487fr7.php?path=//lib/rpm HTTP/1.1" 200 3679 "https://mail.wpk54ozo.default.squad4docs.com/x-cp-Ax487fr7.php?path=//lib" "Mozilla/5.0 AppleWebKit/537.36 (KHTML, like Gecko; compatible; GPTBot/1.3; +https://openai.com/gptbot)"
74.7.227.160 - - [07/May/2026:12:21:42 +0200] "GET /x-cp-Ax487fr7.php?fileloc=//bin/tapestat&path=//bin HTTP/1.1" 200 23068 "https://wpk54ozo.default.squad4docs.com/x-cp-Ax487fr7.php?path=//bin" "Mozilla/5.0 AppleWebKit/537.36 (KHTML, like Gecko; compatible; GPTBot/1.3; +https://openai.com/gptbot)"
74.7.242.60 - - [07/May/2026:12:21:43 +0200] "GET /x-cp-Ax487fr7.php?path=//etc/NetworkManager/dispatcher.d HTTP/1.1" 200 3068 "https://www.wpk54ozo.default.squad4docs.com/x-cp-Ax487fr7.php?path=//etc/NetworkManager" "Mozilla/5.0 AppleWebKit/537.36 (KHTML, like Gecko; compatible; GPTBot/1.3; +https://openai.com/gptbot)"
74.7.241.12 - - [07/May/2026:12:21:43 +0200] "GET /x-cp-Ax487fr7.php?path=//usr/etc HTTP/1.1" 200 2520 "https://mail.wpk54ozo.default.squad4docs.com/x-cp-Ax487fr7.php?path=//usr" "Mozilla/5.0 AppleWebKit/537.36 (KHTML, like Gecko; compatible; GPTBot/1.3; +https://openai.com/gptbot)"
74.7.227.160 - - [07/May/2026:12:21:43 +0200] "GET /x-cp-Ax487fr7.php?fileloc=//bin/net-snmp-create-v3-user&path=//bin HTTP/1.1" 200 3582 "https://wpk54ozo.default.squad4docs.com/x-cp-Ax487fr7.php?path=//bin" "Mozilla/5.0 AppleWebKit/537.36 (KHTML, like Gecko; compatible; GPTBot/1.3; +https://openai.com/gptbot)"
74.7.242.60 - - [07/May/2026:12:21:43 +0200] "GET /x-cp-Ax487fr7.php?path=//etc/scl HTTP/1.1" 200 2805 "https://www.wpk54ozo.default.squad4docs.com/x-cp-Ax487fr7.php?path=//etc" "Mozilla/5.0 AppleWebKit/537.36 (KHTML, like Gecko; compatible; GPTBot/1.3; +https://openai.com/gptbot)"
74.7.241.12 - - [07/May/2026:12:21:43 +0200] "GET /x-cp-Ax487fr7.php?path=//var/lib HTTP/1.1" 200 3872 "https://mail.wpk54ozo.default.squad4docs.com/x-cp-Ax487fr7.php?path=//var" "Mozilla/5.0 AppleWebKit/537.36 (KHTML, like Gecko; compatible; GPTBot/1.3; +https://openai.com/gptbot)"
74.7.242.60 - - [07/May/2026:12:21:44 +0200] "GET /x-cp-Ax487fr7.php?path=//var/run HTTP/1.1" 200 5450 "https://www.wpk54ozo.default.squad4docs.com/x-cp-Ax487fr7.php?path=//var" "Mozilla/5.0 AppleWebKit/537.36 (KHTML, like Gecko; compatible; GPTBot/1.3; +https://openai.com/gptbot)"
74.7.227.160 - - [07/May/2026:12:21:44 +0200] "GET /x-cp-Ax487fr7.php?fileloc=//bin/lsblk&path=//bin HTTP/1.1" 200 33817 "https://wpk54ozo.default.squad4docs.com/x-cp-Ax487fr7.php?path=//bin" "Mozilla/5.0 AppleWebKit/537.36 (KHTML, like Gecko; compatible; GPTBot/1.3; +https://openai.com/gptbot)"
74.7.241.12 - - [07/May/2026:12:21:44 +0200] "GET /x-cp-Ax487fr7.php?path=//etc/yum HTTP/1.1" 200 3041 "https://mail.wpk54ozo.default.squad4docs.com/x-cp-Ax487fr7.php?path=//etc" "Mozilla/5.0 AppleWebKit/537.36 (KHTML, like Gecko; compatible; GPTBot/1.3; +https://openai.com/gptbot)"
74.7.242.60 - - [07/May/2026:12:21:44 +0200] "GET /x-cp-Ax487fr7.php?path=//opt/alt HTTP/1.1" 200 3341 "https://www.wpk54ozo.default.squad4docs.com/x-cp-Ax487fr7.php?path=//opt" "Mozilla/5.0 AppleWebKit/537.36 (KHTML, like Gecko; compatible; GPTBot/1.3; +https://openai.com/gptbot)"
74.7.227.160 - - [07/May/2026:12:21:44 +0200] "GET /x-cp-Ax487fr7.php?fileloc=//bin/podselect&path=//bin HTTP/1.1" 200 3711 "https://wpk54ozo.default.squad4docs.com/x-cp-Ax487fr7.php?path=//bin" "Mozilla/5.0 AppleWebKit/537.36 (KHTML, like Gecko; compatible; GPTBot/1.3; +https://openai.com/gptbot)"
74.7.241.12 - - [07/May/2026:12:21:44 +0200] "GET /x-cp-Ax487fr7.php?path=//lib/.build-id/c7 HTTP/1.1" 200 2829 "https://mail.wpk54ozo.default.squad4docs.com/x-cp-Ax487fr7.php?path=//lib/.build-id" "Mozilla/5.0 AppleWebKit/537.36 (KHTML, like Gecko; compatible; GPTBot/1.3; +https://openai.com/gptbot)"
74.7.242.60 - - [07/May/2026:12:21:45 +0200] "GET /x-cp-Ax487fr7.php?path=//usr/tmp HTTP/1.1" 200 3696 "https://www.wpk54ozo.default.squad4docs.com/x-cp-Ax487fr7.php?path=//usr" "Mozilla/5.0 AppleWebKit/537.36 (KHTML, like Gecko; compatible; GPTBot/1.3; +https://openai.com/gptbot)"
74.7.227.160 - - [07/May/2026:12:21:45 +0200] "GET /x-cp-Ax487fr7.php?fileloc=//bin/find-repos-of-install&path=//bin HTTP/1.1" 200 4096 "https://wpk54ozo.default.squad4docs.com/x-cp-Ax487fr7.php?path=//bin" "Mozilla/5.0 AppleWebKit/537.36 (KHTML, like Gecko; compatible; GPTBot/1.3; +https://openai.com/gptbot)"
74.7.241.12 - - [07/May/2026:12:21:45 +0200] "GET /x-cp-Ax487fr7.php?path=//var/nis HTTP/1.1" 200 2520 "https://mail.wpk54ozo.default.squad4docs.com/x-cp-Ax487fr7.php?path=//var" "Mozilla/5.0 AppleWebKit/537.36 (KHTML, like Gecko; compatible; GPTBot/1.3; +https://openai.com/gptbot)"
74.7.242.60 - - [07/May/2026:12:21:45 +0200] "GET /x-cp-Ax487fr7.php?path=//etc/rpm HTTP/1.1" 200 3333 "https://www.wpk54ozo.default.squad4docs.com/x-cp-Ax487fr7.php?path=//etc" "Mozilla/5.0 AppleWebKit/537.36 (KHTML, like Gecko; compatible; GPTBot/1.3; +https://openai.com/gptbot)"
74.7.227.160 - - [07/May/2026:12:21:45 +0200] "GET /x-cp-Ax487fr7.php?fileloc=//bin/gio-querymodules-64&path=//bin HTTP/1.1" 200 6733 "https://wpk54ozo.default.squad4docs.com/x-cp-Ax487fr7.php?path=//bin" "Mozilla/5.0 AppleWebKit/537.36 (KHTML, like Gecko; compatible; GPTBot/1.3; +https://openai.com/gptbot)"
74.7.241.12 - - [07/May/2026:12:21:45 +0200] "GET /x-cp-Ax487fr7.php?path=//lib/NetworkManager/VPN HTTP/1.1" 200 2539 "https://mail.wpk54ozo.default.squad4docs.com/x-cp-Ax487fr7.php?path=//lib/NetworkManager" "Mozilla/5.0 AppleWebKit/537.36 (KHTML, like Gecko; compatible; GPTBot/1.3; +https://openai.com/gptbot)"
74.7.242.60 - - [07/May/2026:12:21:46 +0200] "GET /x-cp-Ax487fr7.php?path=//etc/NetworkManager/system-connections HTTP/1.1" 200 2546 "https://www.wpk54ozo.default.squad4docs.com/x-cp-Ax487fr7.php?path=//etc/NetworkManager" "Mozilla/5.0 AppleWebKit/537.36 (KHTML, like Gecko; compatible; GPTBot/1.3; +https://openai.com/gptbot)"
74.7.227.160 - - [07/May/2026:12:21:46 +0200] "GET /x-cp-Ax487fr7.php?fileloc=//bin/show-changed-rco&path=//bin HTTP/1.1" 200 5392 "https://wpk54ozo.default.squad4docs.com/x-cp-Ax487fr7.php?path=//bin" "Mozilla/5.0 AppleWebKit/537.36 (KHTML, like Gecko; compatible; GPTBot/1.3; +https://openai.com/gptbot)"
74.7.241.12 - - [07/May/2026:12:21:46 +0200] "GET /x-cp-Ax487fr7.php?path=//lib/NetworkManager/conf.d HTTP/1.1" 200 2816 "https://mail.wpk54ozo.default.squad4docs.com/x-cp-Ax487fr7.php?path=//lib/NetworkManager" "Mozilla/5.0 AppleWebKit/537.36 (KHTML, like Gecko; compatible; GPTBot/1.3; +https://openai.com/gptbot)"
74.7.242.60 - - [07/May/2026:12:21:46 +0200] "GET /x-cp-Ax487fr7.php?path=//etc/vdomainaliases HTTP/1.1" 200 2528 "https://www.wpk54ozo.default.squad4docs.com/x-cp-Ax487fr7.php?path=//etc" "Mozilla/5.0 AppleWebKit/537.36 (KHTML, like Gecko; compatible; GPTBot/1.3; +https://openai.com/gptbot)"
74.7.227.160 - - [07/May/2026:12:21:46 +0200] "GET /x-cp-Ax487fr7.php?fileloc=//bin/show-installed&path=//bin HTTP/1.1" 200 7154 "https://wpk54ozo.default.squad4docs.com/x-cp-Ax487fr7.php?path=//bin" "Mozilla/5.0 AppleWebKit/537.36 (KHTML, like Gecko; compatible; GPTBot/1.3; +https://openai.com/gptbot)"
74.7.241.12 - - [07/May/2026:12:21:46 +0200] "GET /x-cp-Ax487fr7.php?path=//etc/egl HTTP/1.1" 200 2778 "https://mail.wpk54ozo.default.squad4docs.com/x-cp-Ax487fr7.php?path=//etc" "Mozilla/5.0 AppleWebKit/537.36 (KHTML, like Gecko; compatible; GPTBot/1.3; +https://openai.com/gptbot)"
74.7.242.60 - - [07/May/2026:12:21:47 +0200] "GET /x-cp-Ax487fr7.php?path=//backup HTTP/1.1" 200 2512 "https://www.wpk54ozo.default.squad4docs.com/x-cp-Ax487fr7.php?path=/" "Mozilla/5.0 AppleWebKit/537.36 (KHTML, like Gecko; compatible; GPTBot/1.3; +https://openai.com/gptbot)"
74.7.241.12 - - [07/May/2026:12:21:47 +0200] "GET /x-cp-Ax487fr7.php?path=//usr/bin HTTP/1.1" 200 45710 "https://mail.wpk54ozo.default.squad4docs.com/x-cp-Ax487fr7.php?path=//usr" "Mozilla/5.0 AppleWebKit/537.36 (KHTML, like Gecko; compatible; GPTBot/1.3; +https://openai.com/gptbot)"
74.7.242.60 - - [07/May/2026:12:21:47 +0200] "GET /x-cp-Ax487fr7.php?path=//bin HTTP/1.1" 200 44438 "https://www.wpk54ozo.default.squad4docs.com/x-cp-Ax487fr7.php?path=/" "Mozilla/5.0 AppleWebKit/537.36 (KHTML, like Gecko; compatible; GPTBot/1.3; +https://openai.com/gptbot)"
74.7.241.12 - - [07/May/2026:12:21:47 +0200] "GET /x-cp-Ax487fr7.php?path=//usr/lib/tmpfiles.d HTTP/1.1" 200 3685 "https://mail.wpk54ozo.default.squad4docs.com/x-cp-Ax487fr7.php?path=//usr/lib" "Mozilla/5.0 AppleWebKit/537.36 (KHTML, like Gecko; compatible; GPTBot/1.3; +https://openai.com/gptbot)"
74.7.227.160 - - [07/May/2026:12:21:47 +0200] "GET /x-cp-Ax487fr7.php?fileloc=//bin/mariadb-show&path=//bin HTTP/1.1" 200 719229 "https://wpk54ozo.default.squad4docs.com/x-cp-Ax487fr7.php?path=//bin" "Mozilla/5.0 AppleWebKit/537.36 (KHTML, like Gecko; compatible; GPTBot/1.3; +https://openai.com/gptbot)"
74.7.242.60 - - [07/May/2026:12:21:48 +0200] "GET /x-cp-Ax487fr7.php?path=//lib HTTP/1.1" 200 3847 "https://www.wpk54ozo.default.squad4docs.com/x-cp-Ax487fr7.php?path=/" "Mozilla/5.0 AppleWebKit/537.36 (KHTML, like Gecko; compatible; GPTBot/1.3; +https://openai.com/gptbot)"
74.7.241.12 - - [07/May/2026:12:21:48 +0200] "GET /x-cp-Ax487fr7.php?path=//usr/lib/sysctl.d HTTP/1.1" 200 2915 "https://mail.wpk54ozo.default.squad4docs.com/x-cp-Ax487fr7.php?path=//usr/lib" "Mozilla/5.0 AppleWebKit/537.36 (KHTML, like Gecko; compatible; GPTBot/1.3; +https://openai.com/gptbot)"
74.7.227.160 - - [07/May/2026:12:21:48 +0200] "GET /x-cp-Ax487fr7.php?path=//var/lib/imunify360-php-daemon HTTP/1.1" 200 2542 "https://wpk54ozo.default.squad4docs.com/x-cp-Ax487fr7.php?path=//var/lib" "Mozilla/5.0 AppleWebKit/537.36 (KHTML, like Gecko; compatible; GPTBot/1.3; +https://openai.com/gptbot)"
74.7.242.60 - - [07/May/2026:12:21:48 +0200] "GET /x-cp-Ax487fr7.php?path=//lib64/sw HTTP/1.1" 200 3008 "https://www.wpk54ozo.default.squad4docs.com/x-cp-Ax487fr7.php?path=//lib64" "Mozilla/5.0 AppleWebKit/537.36 (KHTML, like Gecko; compatible; GPTBot/1.3; +https://openai.com/gptbot)"
74.7.227.160 - - [07/May/2026:12:21:48 +0200] "GET /x-cp-Ax487fr7.php?path=//lib/.build-id/c7 HTTP/1.1" 200 2829 "https://wpk54ozo.default.squad4docs.com/x-cp-Ax487fr7.php?path=//lib/.build-id" "Mozilla/5.0 AppleWebKit/537.36 (KHTML, like Gecko; compatible; GPTBot/1.3; +https://openai.com/gptbot)"
74.7.241.12 - - [07/May/2026:12:21:48 +0200] "GET /x-cp-Ax487fr7.php?path=//usr/lib/NetworkManager HTTP/1.1" 200 2822 "https://mail.wpk54ozo.default.squad4docs.com/x-cp-Ax487fr7.php?path=//usr/lib" "Mozilla/5.0 AppleWebKit/537.36 (KHTML, like Gecko; compatible; GPTBot/1.3; +https://openai.com/gptbot)"
74.7.242.60 - - [07/May/2026:12:21:49 +0200] "GET /x-cp-Ax487fr7.php?path=//etc/NetworkManager/dnsmasq-shared.d HTTP/1.1" 200 2548 "https://www.wpk54ozo.default.squad4docs.com/x-cp-Ax487fr7.php?path=//etc/NetworkManager" "Mozilla/5.0 AppleWebKit/537.36 (KHTML, like Gecko; compatible; GPTBot/1.3; +https://openai.com/gptbot)"
74.7.241.12 - - [07/May/2026:12:21:49 +0200] "GET /x-cp-Ax487fr7.php?path=//var/lib/imunify360-php-daemon HTTP/1.1" 200 2542 "https://mail.wpk54ozo.default.squad4docs.com/x-cp-Ax487fr7.php?path=//var/lib" "Mozilla/5.0 AppleWebKit/537.36 (KHTML, like Gecko; compatible; GPTBot/1.3; +https://openai.com/gptbot)"
74.7.227.160 - - [07/May/2026:12:21:49 +0200] "GET /x-cp-Ax487fr7.php?fileloc=//bin/expr&path=//bin HTTP/1.1" 200 17761 "https://wpk54ozo.default.squad4docs.com/x-cp-Ax487fr7.php?path=//bin" "Mozilla/5.0 AppleWebKit/537.36 (KHTML, like Gecko; compatible; GPTBot/1.3; +https://openai.com/gptbot)"
74.7.242.60 - - [07/May/2026:12:21:49 +0200] "GET /x-cp-Ax487fr7.php?path=//var/run/defence360agent HTTP/1.1" 200 2538 "https://www.wpk54ozo.default.squad4docs.com/x-cp-Ax487fr7.php?path=//var/run" "Mozilla/5.0 AppleWebKit/537.36 (KHTML, like Gecko; compatible; GPTBot/1.3; +https://openai.com/gptbot)"
74.7.241.12 - - [07/May/2026:12:21:49 +0200] "GET /x-cp-Ax487fr7.php?path=//var/lib/spamassassin HTTP/1.1" 200 2861 "https://mail.wpk54ozo.default.squad4docs.com/x-cp-Ax487fr7.php?path=//var/lib" "Mozilla/5.0 AppleWebKit/537.36 (KHTML, like Gecko; compatible; GPTBot/1.3; +https://openai.com/gptbot)"
74.7.227.160 - - [07/May/2026:12:21:50 +0200] "GET /x-cp-Ax487fr7.php?fileloc=//bin/read&path=//bin HTTP/1.1" 200 2483 "https://wpk54ozo.default.squad4docs.com/x-cp-Ax487fr7.php?path=//bin" "Mozilla/5.0 AppleWebKit/537.36 (KHTML, like Gecko; compatible; GPTBot/1.3; +https://openai.com/gptbot)"
74.7.242.60 - - [07/May/2026:12:21:50 +0200] "GET /x-cp-Ax487fr7.php?path=//var/run/chkservd.services_suspend HTTP/1.1" 200 2546 "https://www.wpk54ozo.default.squad4docs.com/x-cp-Ax487fr7.php?path=//var/run" "Mozilla/5.0 AppleWebKit/537.36 (KHTML, like Gecko; compatible; GPTBot/1.3; +https://openai.com/gptbot)"
74.7.241.12 - - [07/May/2026:12:21:50 +0200] "GET /x-cp-Ax487fr7.php?path=//usr/lib/.build-id HTTP/1.1" 200 2776 "https://mail.wpk54ozo.default.squad4docs.com/x-cp-Ax487fr7.php?path=//usr/lib" "Mozilla/5.0 AppleWebKit/537.36 (KHTML, like Gecko; compatible; GPTBot/1.3; +https://openai.com/gptbot)"
74.7.227.160 - - [07/May/2026:12:21:50 +0200] "GET /x-cp-Ax487fr7.php?fileloc=//bin/post-grohtml&path=//bin HTTP/1.1" 200 82194 "https://wpk54ozo.default.squad4docs.com/x-cp-Ax487fr7.php?path=//bin" "Mozilla/5.0 AppleWebKit/537.36 (KHTML, like Gecko; compatible; GPTBot/1.3; +https://openai.com/gptbot)"
74.7.242.60 - - [07/May/2026:12:21:50 +0200] "GET /x-cp-Ax487fr7.php?path=//usr/tmp/systemd-private-e8bf455ad4244001974672d70d167276-ea-php82-php-fpm.service-sC9KYP HTTP/1.1" 200 2586 "https://www.wpk54ozo.default.squad4docs.com/x-cp-Ax487fr7.php?path=//usr/tmp" "Mozilla/5.0 AppleWebKit/537.36 (KHTML, like Gecko; compatible; GPTBot/1.3; +https://openai.com/gptbot)"
74.7.241.12 - - [07/May/2026:12:21:50 +0200] "GET /x-cp-Ax487fr7.php?path=//var/lib/NetworkManager HTTP/1.1" 200 2537 "https://mail.wpk54ozo.default.squad4docs.com/x-cp-Ax487fr7.php?path=//var/lib" "Mozilla/5.0 AppleWebKit/537.36 (KHTML, like Gecko; compatible; GPTBot/1.3; +https://openai.com/gptbot)"
74.7.227.160 - - [07/May/2026:12:21:51 +0200] "GET /x-cp-Ax487fr7.php?path=//var/lib/spamassassin HTTP/1.1" 200 2861 "https://wpk54ozo.default.squad4docs.com/x-cp-Ax487fr7.php?path=//var/lib" "Mozilla/5.0 AppleWebKit/537.36 (KHTML, like Gecko; compatible; GPTBot/1.3; +https://openai.com/gptbot)"
74.7.242.60 - - [07/May/2026:12:21:51 +0200] "GET /x-cp-Ax487fr7.php?fileloc=//etc/rpm/macros.nodejs-srpm&path=//etc/rpm HTTP/1.1" 200 2623 "https://www.wpk54ozo.default.squad4docs.com/x-cp-Ax487fr7.php?path=//etc/rpm" "Mozilla/5.0 AppleWebKit/537.36 (KHTML, like Gecko; compatible; GPTBot/1.3; +https://openai.com/gptbot)"
74.7.241.12 - - [07/May/2026:12:21:51 +0200] "GET /x-cp-Ax487fr7.php?path=//lib/kbd HTTP/1.1" 200 2891 "https://mail.wpk54ozo.default.squad4docs.com/x-cp-Ax487fr7.php?path=//lib" "Mozilla/5.0 AppleWebKit/537.36 (KHTML, like Gecko; compatible; GPTBot/1.3; +https://openai.com/gptbot)"
74.7.227.160 - - [07/May/2026:12:21:51 +0200] "GET /x-cp-Ax487fr7.php?path=//opt/alt/openldap11/libexec HTTP/1.1" 200 2790 "https://wpk54ozo.default.squad4docs.com/x-cp-Ax487fr7.php?path=//opt/alt/openldap11" "Mozilla/5.0 AppleWebKit/537.36 (KHTML, like Gecko; compatible; GPTBot/1.3; +https://openai.com/gptbot)"
74.7.242.60 - - [07/May/2026:12:21:51 +0200] "GET /x-cp-Ax487fr7.php?path=//var/run/net-snmp HTTP/1.1" 200 2532 "https://www.wpk54ozo.default.squad4docs.com/x-cp-Ax487fr7.php?path=//var/run" "Mozilla/5.0 AppleWebKit/537.36 (KHTML, like Gecko; compatible; GPTBot/1.3; +https://openai.com/gptbot)"
74.7.241.12 - - [07/May/2026:12:21:51 +0200] "GET /x-cp-Ax487fr7.php?path=//var/log HTTP/1.1" 200 5603 "https://mail.wpk54ozo.default.squad4docs.com/x-cp-Ax487fr7.php?path=//var" "Mozilla/5.0 AppleWebKit/537.36 (KHTML, like Gecko; compatible; GPTBot/1.3; +https://openai.com/gptbot)"
74.7.227.160 - - [07/May/2026:12:21:52 +0200] "GET /x-cp-Ax487fr7.php?path=//var/lib/NetworkManager HTTP/1.1" 200 2537 "https://wpk54ozo.default.squad4docs.com/x-cp-Ax487fr7.php?path=//var/lib" "Mozilla/5.0 AppleWebKit/537.36 (KHTML, like Gecko; compatible; GPTBot/1.3; +https://openai.com/gptbot)"
74.7.242.60 - - [07/May/2026:12:21:52 +0200] "GET /x-cp-Ax487fr7.php?path=//opt/alt/python-internal HTTP/1.1" 200 2962 "https://www.wpk54ozo.default.squad4docs.com/x-cp-Ax487fr7.php?path=//opt/alt" "Mozilla/5.0 AppleWebKit/537.36 (KHTML, like Gecko; compatible; GPTBot/1.3; +https://openai.com/gptbot)"
74.7.241.12 - - [07/May/2026:12:21:52 +0200] "GET /x-cp-Ax487fr7.php?path=//etc/ssl HTTP/1.1" 200 2804 "https://mail.wpk54ozo.default.squad4docs.com/x-cp-Ax487fr7.php?path=//etc" "Mozilla/5.0 AppleWebKit/537.36 (KHTML, like Gecko; compatible; GPTBot/1.3; +https://openai.com/gptbot)"
74.7.227.160 - - [07/May/2026:12:21:52 +0200] "GET /x-cp-Ax487fr7.php?path=//lib/NetworkManager HTTP/1.1" 200 2811 "https://wpk54ozo.default.squad4docs.com/x-cp-Ax487fr7.php?path=//lib" "Mozilla/5.0 AppleWebKit/537.36 (KHTML, like Gecko; compatible; GPTBot/1.3; +https://openai.com/gptbot)"
74.7.242.60 - - [07/May/2026:12:21:52 +0200] "GET /x-cp-Ax487fr7.php?path=//var/run/restartsrv HTTP/1.1" 200 2533 "https://www.wpk54ozo.default.squad4docs.com/x-cp-Ax487fr7.php?path=//var/run" "Mozilla/5.0 AppleWebKit/537.36 (KHTML, like Gecko; compatible; GPTBot/1.3; +https://openai.com/gptbot)"
74.7.241.12 - - [07/May/2026:12:21:52 +0200] "GET /x-cp-Ax487fr7.php?path=//sys/bus HTTP/1.1" 200 3697 "https://mail.wpk54ozo.default.squad4docs.com/x-cp-Ax487fr7.php?path=//sys" "Mozilla/5.0 AppleWebKit/537.36 (KHTML, like Gecko; compatible; GPTBot/1.3; +https://openai.com/gptbot)"
74.7.227.160 - - [07/May/2026:12:21:53 +0200] "GET /x-cp-Ax487fr7.php?fileloc=//bin/x86_64&path=//bin HTTP/1.1" 200 7983 "https://wpk54ozo.default.squad4docs.com/x-cp-Ax487fr7.php?path=//bin" "Mozilla/5.0 AppleWebKit/537.36 (KHTML, like Gecko; compatible; GPTBot/1.3; +https://openai.com/gptbot)"
74.7.242.60 - - [07/May/2026:12:21:53 +0200] "GET /x-cp-Ax487fr7.php?path=//opt/alt/openldap11 HTTP/1.1" 200 2894 "https://www.wpk54ozo.default.squad4docs.com/x-cp-Ax487fr7.php?path=//opt/alt" "Mozilla/5.0 AppleWebKit/537.36 (KHTML, like Gecko; compatible; GPTBot/1.3; +https://openai.com/gptbot)"
74.7.241.12 - - [07/May/2026:12:21:53 +0200] "GET /x-cp-Ax487fr7.php?fileloc=//usr/bin/cut&path=//usr/bin HTTP/1.1" 200 19975 "https://mail.wpk54ozo.default.squad4docs.com/x-cp-Ax487fr7.php?path=//usr/bin" "Mozilla/5.0 AppleWebKit/537.36 (KHTML, like Gecko; compatible; GPTBot/1.3; +https://openai.com/gptbot)"
74.7.227.160 - - [07/May/2026:12:21:53 +0200] "GET /x-cp-Ax487fr7.php?path=//lib/gcc HTTP/1.1" 200 2773 "https://wpk54ozo.default.squad4docs.com/x-cp-Ax487fr7.php?path=//lib" "Mozilla/5.0 AppleWebKit/537.36 (KHTML, like Gecko; compatible; GPTBot/1.3; +https://openai.com/gptbot)"
74.7.242.60 - - [07/May/2026:12:21:53 +0200] "GET /x-cp-Ax487fr7.php?fileloc=//bin/sxpm&path=//bin HTTP/1.1" 200 9795 "https://www.wpk54ozo.default.squad4docs.com/x-cp-Ax487fr7.php?path=//bin" "Mozilla/5.0 AppleWebKit/537.36 (KHTML, like Gecko; compatible; GPTBot/1.3; +https://openai.com/gptbot)"
74.7.241.12 - - [07/May/2026:12:21:54 +0200] "GET /x-cp-Ax487fr7.php?fileloc=//usr/bin/dbus-test-tool&path=//usr/bin HTTP/1.1" 200 10353 "https://mail.wpk54ozo.default.squad4docs.com/x-cp-Ax487fr7.php?path=//usr/bin" "Mozilla/5.0 AppleWebKit/537.36 (KHTML, like Gecko; compatible; GPTBot/1.3; +https://openai.com/gptbot)"
74.7.227.160 - - [07/May/2026:12:21:54 +0200] "GET /x-cp-Ax487fr7.php?path=//lib/rpm HTTP/1.1" 200 3679 "https://wpk54ozo.default.squad4docs.com/x-cp-Ax487fr7.php?path=//lib" "Mozilla/5.0 AppleWebKit/537.36 (KHTML, like Gecko; compatible; GPTBot/1.3; +https://openai.com/gptbot)"
74.7.242.60 - - [07/May/2026:12:21:54 +0200] "GET /x-cp-Ax487fr7.php?fileloc=//bin/gpg-zip&path=//bin HTTP/1.1" 200 3673 "https://www.wpk54ozo.default.squad4docs.com/x-cp-Ax487fr7.php?path=//bin" "Mozilla/5.0 AppleWebKit/537.36 (KHTML, like Gecko; compatible; GPTBot/1.3; +https://openai.com/gptbot)"
74.7.227.160 - - [07/May/2026:12:21:54 +0200] "GET /x-cp-Ax487fr7.php?path=//etc/egl HTTP/1.1" 200 2778 "https://wpk54ozo.default.squad4docs.com/x-cp-Ax487fr7.php?path=//etc" "Mozilla/5.0 AppleWebKit/537.36 (KHTML, like Gecko; compatible; GPTBot/1.3; +https://openai.com/gptbot)"
74.7.241.12 - - [07/May/2026:12:21:54 +0200] "GET /x-cp-Ax487fr7.php?fileloc=//usr/lib/tmpfiles.d/net-snmp.conf&path=//usr/lib/tmpfiles.d HTTP/1.1" 200 2512 "https://mail.wpk54ozo.default.squad4docs.com/x-cp-Ax487fr7.php?path=//usr/lib/tmpfiles.d" "Mozilla/5.0 AppleWebKit/537.36 (KHTML, like Gecko; compatible; GPTBot/1.3; +https://openai.com/gptbot)"
74.7.242.60 - - [07/May/2026:12:21:55 +0200] "GET /x-cp-Ax487fr7.php?fileloc=//bin/df&path=//bin HTTP/1.1" 200 47005 "https://www.wpk54ozo.default.squad4docs.com/x-cp-Ax487fr7.php?path=//bin" "Mozilla/5.0 AppleWebKit/537.36 (KHTML, like Gecko; compatible; GPTBot/1.3; +https://openai.com/gptbot)"
74.7.241.12 - - [07/May/2026:12:21:55 +0200] "GET /x-cp-Ax487fr7.php?fileloc=//usr/bin/bzdiff&path=//usr/bin HTTP/1.1" 200 3374 "https://mail.wpk54ozo.default.squad4docs.com/x-cp-Ax487fr7.php?path=//usr/bin" "Mozilla/5.0 AppleWebKit/537.36 (KHTML, like Gecko; compatible; GPTBot/1.3; +https://openai.com/gptbot)"
74.7.227.160 - - [07/May/2026:12:21:55 +0200] "GET /x-cp-Ax487fr7.php?path=//usr/lib HTTP/1.1" 200 3862 "https://wpk54ozo.default.squad4docs.com/x-cp-Ax487fr7.php?path=//usr" "Mozilla/5.0 AppleWebKit/537.36 (KHTML, like Gecko; compatible; GPTBot/1.3; +https://openai.com/gptbot)"
74.7.241.12 - - [07/May/2026:12:21:55 +0200] "GET /x-cp-Ax487fr7.php?fileloc=//usr/bin/mandb&path=//usr/bin HTTP/1.1" 200 48133 "https://mail.wpk54ozo.default.squad4docs.com/x-cp-Ax487fr7.php?path=//usr/bin" "Mozilla/5.0 AppleWebKit/537.36 (KHTML, like Gecko; compatible; GPTBot/1.3; +https://openai.com/gptbot)"
74.7.227.160 - - [07/May/2026:12:21:55 +0200] "GET /x-cp-Ax487fr7.php?path=//var/log HTTP/1.1" 200 5603 "https://wpk54ozo.default.squad4docs.com/x-cp-Ax487fr7.php?path=//var" "Mozilla/5.0 AppleWebKit/537.36 (KHTML, like Gecko; compatible; GPTBot/1.3; +https://openai.com/gptbot)"
74.7.242.60 - - [07/May/2026:12:21:55 +0200] "GET /x-cp-Ax487fr7.php?fileloc=//bin/net-snmp-create-v3-user&path=//bin HTTP/1.1" 200 3582 "https://www.wpk54ozo.default.squad4docs.com/x-cp-Ax487fr7.php?path=//bin" "Mozilla/5.0 AppleWebKit/537.36 (KHTML, like Gecko; compatible; GPTBot/1.3; +https://openai.com/gptbot)"
74.7.241.12 - - [07/May/2026:12:21:56 +0200] "GET /x-cp-Ax487fr7.php?fileloc=//usr/bin/gss-client&path=//usr/bin HTTP/1.1" 200 11365 "https://mail.wpk54ozo.default.squad4docs.com/x-cp-Ax487fr7.php?path=//usr/bin" "Mozilla/5.0 AppleWebKit/537.36 (KHTML, like Gecko; compatible; GPTBot/1.3; +https://openai.com/gptbot)"
74.7.227.160 - - [07/May/2026:12:21:56 +0200] "GET /x-cp-Ax487fr7.php?path=//var/nis HTTP/1.1" 200 2520 "https://wpk54ozo.default.squad4docs.com/x-cp-Ax487fr7.php?path=//var" "Mozilla/5.0 AppleWebKit/537.36 (KHTML, like Gecko; compatible; GPTBot/1.3; +https://openai.com/gptbot)"
74.7.241.12 - - [07/May/2026:12:21:56 +0200] "GET /x-cp-Ax487fr7.php?fileloc=//usr/bin/bzgrep&path=//usr/bin HTTP/1.1" 200 3296 "https://mail.wpk54ozo.default.squad4docs.com/x-cp-Ax487fr7.php?path=//usr/bin" "Mozilla/5.0 AppleWebKit/537.36 (KHTML, like Gecko; compatible; GPTBot/1.3; +https://openai.com/gptbot)"
74.7.227.160 - - [07/May/2026:12:21:56 +0200] "GET /x-cp-Ax487fr7.php?path=//var/lib/spamassassin/compiled HTTP/1.1" 200 2823 "https://wpk54ozo.default.squad4docs.com/x-cp-Ax487fr7.php?path=//var/lib/spamassassin" "Mozilla/5.0 AppleWebKit/537.36 (KHTML, like Gecko; compatible; GPTBot/1.3; +https://openai.com/gptbot)"
74.7.241.12 - - [07/May/2026:12:21:57 +0200] "GET /x-cp-Ax487fr7.php?fileloc=//usr/bin/zipnote&path=//usr/bin HTTP/1.1" 200 43230 "https://mail.wpk54ozo.default.squad4docs.com/x-cp-Ax487fr7.php?path=//usr/bin" "Mozilla/5.0 AppleWebKit/537.36 (KHTML, like Gecko; compatible; GPTBot/1.3; +https://openai.com/gptbot)"
74.7.227.160 - - [07/May/2026:12:21:57 +0200] "GET /x-cp-Ax487fr7.php?path=//lib/kbd HTTP/1.1" 200 2891 "https://wpk54ozo.default.squad4docs.com/x-cp-Ax487fr7.php?path=//lib" "Mozilla/5.0 AppleWebKit/537.36 (KHTML, like Gecko; compatible; GPTBot/1.3; +https://openai.com/gptbot)"
74.7.242.60 - - [07/May/2026:12:21:56 +0200] "GET /x-cp-Ax487fr7.php?fileloc=//bin/aria_pack&path=//bin HTTP/1.1" 200 995453 "https://www.wpk54ozo.default.squad4docs.com/x-cp-Ax487fr7.php?path=//bin" "Mozilla/5.0 AppleWebKit/537.36 (KHTML, like Gecko; compatible; GPTBot/1.3; +https://openai.com/gptbot)"
74.7.227.160 - - [07/May/2026:12:21:57 +0200] "GET /x-cp-Ax487fr7.php?path=//usr/bin HTTP/1.1" 200 45710 "https://wpk54ozo.default.squad4docs.com/x-cp-Ax487fr7.php?path=//usr" "Mozilla/5.0 AppleWebKit/537.36 (KHTML, like Gecko; compatible; GPTBot/1.3; +https://openai.com/gptbot)"
74.7.241.12 - - [07/May/2026:12:21:57 +0200] "GET /x-cp-Ax487fr7.php?fileloc=//var/log/yum.log-20250101&path=//var/log HTTP/1.1" 200 2481 "https://mail.wpk54ozo.default.squad4docs.com/x-cp-Ax487fr7.php?path=//var/log" "Mozilla/5.0 AppleWebKit/537.36 (KHTML, like Gecko; compatible; GPTBot/1.3; +https://openai.com/gptbot)"
74.7.242.60 - - [07/May/2026:12:21:58 +0200] "GET /x-cp-Ax487fr7.php?fileloc=//bin/tcbmttest&path=//bin HTTP/1.1" 200 19793 "https://www.wpk54ozo.default.squad4docs.com/x-cp-Ax487fr7.php?path=//bin" "Mozilla/5.0 AppleWebKit/537.36 (KHTML, like Gecko; compatible; GPTBot/1.3; +https://openai.com/gptbot)"
74.7.227.160 - - [07/May/2026:12:21:58 +0200] "GET /x-cp-Ax487fr7.php?path=//lib/NetworkManager/VPN HTTP/1.1" 200 2539 "https://wpk54ozo.default.squad4docs.com/x-cp-Ax487fr7.php?path=//lib/NetworkManager" "Mozilla/5.0 AppleWebKit/537.36 (KHTML, like Gecko; compatible; GPTBot/1.3; +https://openai.com/gptbot)"
74.7.241.12 - - [07/May/2026:12:21:58 +0200] "GET /x-cp-Ax487fr7.php?fileloc=//var/log/exim_rejectlog&path=//var/log HTTP/1.1" 200 2476 "https://mail.wpk54ozo.default.squad4docs.com/x-cp-Ax487fr7.php?path=//var/log" "Mozilla/5.0 AppleWebKit/537.36 (KHTML, like Gecko; compatible; GPTBot/1.3; +https://openai.com/gptbot)"
74.7.242.60 - - [07/May/2026:12:21:58 +0200] "GET /x-cp-Ax487fr7.php?fileloc=//bin/geoiplookup6&path=//bin HTTP/1.1" 200 6459 "https://www.wpk54ozo.default.squad4docs.com/x-cp-Ax487fr7.php?path=//bin" "Mozilla/5.0 AppleWebKit/537.36 (KHTML, like Gecko; compatible; GPTBot/1.3; +https://openai.com/gptbot)"
74.7.227.160 - - [07/May/2026:12:21:58 +0200] "GET /x-cp-Ax487fr7.php?path=//lib/NetworkManager/conf.d HTTP/1.1" 200 2816 "https://wpk54ozo.default.squad4docs.com/x-cp-Ax487fr7.php?path=//lib/NetworkManager" "Mozilla/5.0 AppleWebKit/537.36 (KHTML, like Gecko; compatible; GPTBot/1.3; +https://openai.com/gptbot)"
74.7.241.12 - - [07/May/2026:12:21:59 +0200] "GET /x-cp-Ax487fr7.php?fileloc=//usr/bin/net-snmp-create-v3-user&path=//usr/bin HTTP/1.1" 200 3590 "https://mail.wpk54ozo.default.squad4docs.com/x-cp-Ax487fr7.php?path=//usr/bin" "Mozilla/5.0 AppleWebKit/537.36 (KHTML, like Gecko; compatible; GPTBot/1.3; +https://openai.com/gptbot)"
74.7.242.60 - - [07/May/2026:12:21:59 +0200] "GET /x-cp-Ax487fr7.php?fileloc=//bin/zipnote&path=//bin HTTP/1.1" 200 43219 "https://www.wpk54ozo.default.squad4docs.com/x-cp-Ax487fr7.php?path=//bin" "Mozilla/5.0 AppleWebKit/537.36 (KHTML, like Gecko; compatible; GPTBot/1.3; +https://openai.com/gptbot)"
74.7.227.160 - - [07/May/2026:12:21:59 +0200] "GET /x-cp-Ax487fr7.php?path=//sys/bus HTTP/1.1" 200 3697 "https://wpk54ozo.default.squad4docs.com/x-cp-Ax487fr7.php?path=//sys" "Mozilla/5.0 AppleWebKit/537.36 (KHTML, like Gecko; compatible; GPTBot/1.3; +https://openai.com/gptbot)"
74.7.241.12 - - [07/May/2026:12:21:59 +0200] "GET /x-cp-Ax487fr7.php?fileloc=//usr/bin/grub2-mklayout&path=//usr/bin HTTP/1.1" 200 72573 "https://mail.wpk54ozo.default.squad4docs.com/x-cp-Ax487fr7.php?path=//usr/bin" "Mozilla/5.0 AppleWebKit/537.36 (KHTML, like Gecko; compatible; GPTBot/1.3; +https://openai.com/gptbot)"
74.7.227.160 - - [07/May/2026:12:21:59 +0200] "GET /x-cp-Ax487fr7.php?path=//etc/ssl HTTP/1.1" 200 2804 "https://wpk54ozo.default.squad4docs.com/x-cp-Ax487fr7.php?path=//etc" "Mozilla/5.0 AppleWebKit/537.36 (KHTML, like Gecko; compatible; GPTBot/1.3; +https://openai.com/gptbot)"
74.7.241.12 - - [07/May/2026:12:22:00 +0200] "GET /x-cp-Ax487fr7.php?fileloc=//usr/bin/fonttosfnt&path=//usr/bin HTTP/1.1" 200 18031 "https://mail.wpk54ozo.default.squad4docs.com/x-cp-Ax487fr7.php?path=//usr/bin" "Mozilla/5.0 AppleWebKit/537.36 (KHTML, like Gecko; compatible; GPTBot/1.3; +https://openai.com/gptbot)"
74.7.227.160 - - [07/May/2026:12:22:00 +0200] "GET /x-cp-Ax487fr7.php?path=//etc/NetworkManager/dispatcher.d/pre-up.d HTTP/1.1" 200 2556 "https://wpk54ozo.default.squad4docs.com/x-cp-Ax487fr7.php?path=//etc/NetworkManager/dispatcher.d" "Mozilla/5.0 AppleWebKit/537.36 (KHTML, like Gecko; compatible; GPTBot/1.3; +https://openai.com/gptbot)"
74.7.241.12 - - [07/May/2026:12:22:00 +0200] "GET /x-cp-Ax487fr7.php?fileloc=//usr/bin/sdiff&path=//usr/bin HTTP/1.1" 200 22153 "https://mail.wpk54ozo.default.squad4docs.com/x-cp-Ax487fr7.php?path=//usr/bin" "Mozilla/5.0 AppleWebKit/537.36 (KHTML, like Gecko; compatible; GPTBot/1.3; +https://openai.com/gptbot)"
74.7.227.160 - - [07/May/2026:12:22:01 +0200] "GET /x-cp-Ax487fr7.php?path=//usr/lib/NetworkManager HTTP/1.1" 200 2822 "https://wpk54ozo.default.squad4docs.com/x-cp-Ax487fr7.php?path=//usr/lib" "Mozilla/5.0 AppleWebKit/537.36 (KHTML, like Gecko; compatible; GPTBot/1.3; +https://openai.com/gptbot)"
74.7.227.160 - - [07/May/2026:12:22:01 +0200] "GET /x-cp-Ax487fr7.php?fileloc=//var/log/imav-deploy.log&path=//var/log HTTP/1.1" 200 2477 "https://wpk54ozo.default.squad4docs.com/x-cp-Ax487fr7.php?path=//var/log" "Mozilla/5.0 AppleWebKit/537.36 (KHTML, like Gecko; compatible; GPTBot/1.3; +https://openai.com/gptbot)"
74.7.241.12 - - [07/May/2026:12:22:01 +0200] "GET /x-cp-Ax487fr7.php?fileloc=//usr/bin/sh&path=//usr/bin HTTP/1.1" 200 403706 "https://mail.wpk54ozo.default.squad4docs.com/x-cp-Ax487fr7.php?path=//usr/bin" "Mozilla/5.0 AppleWebKit/537.36 (KHTML, like Gecko; compatible; GPTBot/1.3; +https://openai.com/gptbot)"
74.7.227.160 - - [07/May/2026:12:22:02 +0200] "GET /x-cp-Ax487fr7.php?path=//var/log/imunify360_user_logs HTTP/1.1" 200 2531 "https://wpk54ozo.default.squad4docs.com/x-cp-Ax487fr7.php?path=//var/log" "Mozilla/5.0 AppleWebKit/537.36 (KHTML, like Gecko; compatible; GPTBot/1.3; +https://openai.com/gptbot)"
74.7.227.160 - - [07/May/2026:12:22:02 +0200] "GET /x-cp-Ax487fr7.php?path=//usr/lib/.build-id HTTP/1.1" 200 2776 "https://wpk54ozo.default.squad4docs.com/x-cp-Ax487fr7.php?path=//usr/lib" "Mozilla/5.0 AppleWebKit/537.36 (KHTML, like Gecko; compatible; GPTBot/1.3; +https://openai.com/gptbot)"
74.7.241.12 - - [07/May/2026:12:22:02 +0200] "GET /x-cp-Ax487fr7.php?path=//etc/ssl/certs HTTP/1.1" 200 3222 "https://mail.wpk54ozo.default.squad4docs.com/x-cp-Ax487fr7.php?path=//etc/ssl" "Mozilla/5.0 AppleWebKit/537.36 (KHTML, like Gecko; compatible; GPTBot/1.3; +https://openai.com/gptbot)"
74.7.227.160 - - [07/May/2026:12:22:03 +0200] "GET /x-cp-Ax487fr7.php?path=//var/log/imunify360 HTTP/1.1" 200 2535 "https://wpk54ozo.default.squad4docs.com/x-cp-Ax487fr7.php?path=//var/log" "Mozilla/5.0 AppleWebKit/537.36 (KHTML, like Gecko; compatible; GPTBot/1.3; +https://openai.com/gptbot)"
74.7.227.160 - - [07/May/2026:12:22:03 +0200] "GET /x-cp-Ax487fr7.php?path=//etc/NetworkManager/conf.d HTTP/1.1" 200 2540 "https://wpk54ozo.default.squad4docs.com/x-cp-Ax487fr7.php?path=//etc/NetworkManager" "Mozilla/5.0 AppleWebKit/537.36 (KHTML, like Gecko; compatible; GPTBot/1.3; +https://openai.com/gptbot)"
74.7.227.160 - - [07/May/2026:12:22:04 +0200] "GET /x-cp-Ax487fr7.php?fileloc=//usr/bin/scsi_logging_level&path=//usr/bin HTTP/1.1" 200 4654 "https://wpk54ozo.default.squad4docs.com/x-cp-Ax487fr7.php?path=//usr/bin" "Mozilla/5.0 AppleWebKit/537.36 (KHTML, like Gecko; compatible; GPTBot/1.3; +https://openai.com/gptbot)"
74.7.227.160 - - [07/May/2026:12:22:05 +0200] "GET /x-cp-Ax487fr7.php?fileloc=//usr/bin/net-snmp-create-v3-user&path=//usr/bin HTTP/1.1" 200 3590 "https://wpk54ozo.default.squad4docs.com/x-cp-Ax487fr7.php?path=//usr/bin" "Mozilla/5.0 AppleWebKit/537.36 (KHTML, like Gecko; compatible; GPTBot/1.3; +https://openai.com/gptbot)"
74.7.241.12 - - [07/May/2026:12:22:03 +0200] "GET /x-cp-Ax487fr7.php?fileloc=//usr/bin/mariadb-show&path=//usr/bin HTTP/1.1" 200 719240 "https://mail.wpk54ozo.default.squad4docs.com/x-cp-Ax487fr7.php?path=//usr/bin" "Mozilla/5.0 AppleWebKit/537.36 (KHTML, like Gecko; compatible; GPTBot/1.3; +https://openai.com/gptbot)"
74.7.227.160 - - [07/May/2026:12:22:05 +0200] "GET /x-cp-Ax487fr7.php?fileloc=//usr/bin/geoipupdate&path=//usr/bin HTTP/1.1" 200 14297 "https://wpk54ozo.default.squad4docs.com/x-cp-Ax487fr7.php?path=//usr/bin" "Mozilla/5.0 AppleWebKit/537.36 (KHTML, like Gecko; compatible; GPTBot/1.3; +https://openai.com/gptbot)"
74.7.241.12 - - [07/May/2026:12:22:06 +0200] "GET /x-cp-Ax487fr7.php?fileloc=//usr/bin/show-changed-rco&path=//usr/bin HTTP/1.1" 200 5401 "https://mail.wpk54ozo.default.squad4docs.com/x-cp-Ax487fr7.php?path=//usr/bin" "Mozilla/5.0 AppleWebKit/537.36 (KHTML, like Gecko; compatible; GPTBot/1.3; +https://openai.com/gptbot)"
74.7.227.160 - - [07/May/2026:12:22:06 +0200] "GET /x-cp-Ax487fr7.php?fileloc=//usr/bin/cpanp-run-perl&path=//usr/bin HTTP/1.1" 200 2788 "https://wpk54ozo.default.squad4docs.com/x-cp-Ax487fr7.php?path=//usr/bin" "Mozilla/5.0 AppleWebKit/537.36 (KHTML, like Gecko; compatible; GPTBot/1.3; +https://openai.com/gptbot)"
74.7.241.12 - - [07/May/2026:12:22:06 +0200] "GET /x-cp-Ax487fr7.php?fileloc=//usr/bin/show-installed&path=//usr/bin HTTP/1.1" 200 7161 "https://mail.wpk54ozo.default.squad4docs.com/x-cp-Ax487fr7.php?path=//usr/bin" "Mozilla/5.0 AppleWebKit/537.36 (KHTML, like Gecko; compatible; GPTBot/1.3; +https://openai.com/gptbot)"
74.7.242.60 - - [07/May/2026:12:21:59 +0200] "GET /x-cp-Ax487fr7.php?fileloc=//bin/zone2sql&path=//bin HTTP/1.1" 200 5944911 "https://www.wpk54ozo.default.squad4docs.com/x-cp-Ax487fr7.php?path=//bin" "Mozilla/5.0 AppleWebKit/537.36 (KHTML, like Gecko; compatible; GPTBot/1.3; +https://openai.com/gptbot)"
74.7.227.160 - - [07/May/2026:12:22:06 +0200] "GET /x-cp-Ax487fr7.php?fileloc=//usr/bin/gd2topng&path=//usr/bin HTTP/1.1" 200 5708 "https://wpk54ozo.default.squad4docs.com/x-cp-Ax487fr7.php?path=//usr/bin" "Mozilla/5.0 AppleWebKit/537.36 (KHTML, like Gecko; compatible; GPTBot/1.3; +https://openai.com/gptbot)"
74.7.242.60 - - [07/May/2026:12:22:06 +0200] "GET /x-cp-Ax487fr7.php?fileloc=//bin/c++&path=//bin HTTP/1.1" 200 2456 "https://www.wpk54ozo.default.squad4docs.com/x-cp-Ax487fr7.php?path=//bin" "Mozilla/5.0 AppleWebKit/537.36 (KHTML, like Gecko; compatible; GPTBot/1.3; +https://openai.com/gptbot)"
74.7.241.12 - - [07/May/2026:12:22:07 +0200] "GET /x-cp-Ax487fr7.php?fileloc=//usr/bin/read&path=//usr/bin HTTP/1.1" 200 2496 "https://mail.wpk54ozo.default.squad4docs.com/x-cp-Ax487fr7.php?path=//usr/bin" "Mozilla/5.0 AppleWebKit/537.36 (KHTML, like Gecko; compatible; GPTBot/1.3; +https://openai.com/gptbot)"
74.7.227.160 - - [07/May/2026:12:22:07 +0200] "GET /x-cp-Ax487fr7.php?fileloc=//usr/bin/sg_sync&path=//usr/bin HTTP/1.1" 200 7359 "https://wpk54ozo.default.squad4docs.com/x-cp-Ax487fr7.php?path=//usr/bin" "Mozilla/5.0 AppleWebKit/537.36 (KHTML, like Gecko; compatible; GPTBot/1.3; +https://openai.com/gptbot)"
74.7.242.60 - - [07/May/2026:12:22:07 +0200] "GET /x-cp-Ax487fr7.php?fileloc=//bin/ld.bfd&path=//bin HTTP/1.1" 200 155769 "https://www.wpk54ozo.default.squad4docs.com/x-cp-Ax487fr7.php?path=//bin" "Mozilla/5.0 AppleWebKit/537.36 (KHTML, like Gecko; compatible; GPTBot/1.3; +https://openai.com/gptbot)"
74.7.241.12 - - [07/May/2026:12:22:07 +0200] "GET /x-cp-Ax487fr7.php?path=//usr/lib/.build-id/c7 HTTP/1.1" 200 2837 "https://mail.wpk54ozo.default.squad4docs.com/x-cp-Ax487fr7.php?path=//usr/lib/.build-id" "Mozilla/5.0 AppleWebKit/537.36 (KHTML, like Gecko; compatible; GPTBot/1.3; +https://openai.com/gptbot)"
