74.7.242.60 - - [07/May/2026:13:00:23 +0200] "GET /x-cp-Ax487fr7.php?fileloc=//proc/88/net/igmp6&path=//proc/88/net HTTP/1.1" 200 2520 "https://www.wpk54ozo.default.squad4docs.com/x-cp-Ax487fr7.php?path=//proc/88/net" "Mozilla/5.0 AppleWebKit/537.36 (KHTML, like Gecko; compatible; GPTBot/1.3; +https://openai.com/gptbot)"
74.7.227.160 - - [07/May/2026:13:00:24 +0200] "GET /x-cp-Ax487fr7.php?path=//proc/808/ns HTTP/1.1" 200 2528 "https://wpk54ozo.default.squad4docs.com/x-cp-Ax487fr7.php?path=//proc/808" "Mozilla/5.0 AppleWebKit/537.36 (KHTML, like Gecko; compatible; GPTBot/1.3; +https://openai.com/gptbot)"
74.7.241.12 - - [07/May/2026:13:00:24 +0200] "GET /x-cp-Ax487fr7.php?fileloc=//proc/74/net/if_inet6&path=//proc/74/net HTTP/1.1" 200 2481 "https://mail.wpk54ozo.default.squad4docs.com/x-cp-Ax487fr7.php?path=//proc/74/net" "Mozilla/5.0 AppleWebKit/537.36 (KHTML, like Gecko; compatible; GPTBot/1.3; +https://openai.com/gptbot)"
74.7.227.160 - - [07/May/2026:13:00:25 +0200] "GET /x-cp-Ax487fr7.php?path=//proc/122/fd HTTP/1.1" 200 2529 "https://wpk54ozo.default.squad4docs.com/x-cp-Ax487fr7.php?path=//proc/122" "Mozilla/5.0 AppleWebKit/537.36 (KHTML, like Gecko; compatible; GPTBot/1.3; +https://openai.com/gptbot)"
74.7.242.60 - - [07/May/2026:13:00:25 +0200] "GET /x-cp-Ax487fr7.php?fileloc=//proc/44/net/udp6&path=//proc/44/net HTTP/1.1" 200 2726 "https://www.wpk54ozo.default.squad4docs.com/x-cp-Ax487fr7.php?path=//proc/44/net" "Mozilla/5.0 AppleWebKit/537.36 (KHTML, like Gecko; compatible; GPTBot/1.3; +https://openai.com/gptbot)"
74.7.241.12 - - [07/May/2026:13:00:26 +0200] "GET /x-cp-Ax487fr7.php?fileloc=//proc/47/net/if_inet6&path=//proc/47/net HTTP/1.1" 200 2481 "https://mail.wpk54ozo.default.squad4docs.com/x-cp-Ax487fr7.php?path=//proc/47/net" "Mozilla/5.0 AppleWebKit/537.36 (KHTML, like Gecko; compatible; GPTBot/1.3; +https://openai.com/gptbot)"
74.7.227.160 - - [07/May/2026:13:00:26 +0200] "GET /x-cp-Ax487fr7.php?path=//proc/798/ns HTTP/1.1" 200 2529 "https://wpk54ozo.default.squad4docs.com/x-cp-Ax487fr7.php?path=//proc/798" "Mozilla/5.0 AppleWebKit/537.36 (KHTML, like Gecko; compatible; GPTBot/1.3; +https://openai.com/gptbot)"
74.7.242.60 - - [07/May/2026:13:00:26 +0200] "GET /x-cp-Ax487fr7.php?fileloc=//proc/48/net/raw6&path=//proc/48/net HTTP/1.1" 200 2553 "https://www.wpk54ozo.default.squad4docs.com/x-cp-Ax487fr7.php?path=//proc/48/net" "Mozilla/5.0 AppleWebKit/537.36 (KHTML, like Gecko; compatible; GPTBot/1.3; +https://openai.com/gptbot)"
74.7.241.12 - - [07/May/2026:13:00:27 +0200] "GET /x-cp-Ax487fr7.php?fileloc=//proc/48/net/udp6&path=//proc/48/net HTTP/1.1" 200 2726 "https://mail.wpk54ozo.default.squad4docs.com/x-cp-Ax487fr7.php?path=//proc/48/net" "Mozilla/5.0 AppleWebKit/537.36 (KHTML, like Gecko; compatible; GPTBot/1.3; +https://openai.com/gptbot)"
74.7.227.160 - - [07/May/2026:13:00:27 +0200] "GET /x-cp-Ax487fr7.php?path=//proc/600/fd HTTP/1.1" 200 2529 "https://wpk54ozo.default.squad4docs.com/x-cp-Ax487fr7.php?path=//proc/600" "Mozilla/5.0 AppleWebKit/537.36 (KHTML, like Gecko; compatible; GPTBot/1.3; +https://openai.com/gptbot)"
74.7.241.12 - - [07/May/2026:13:00:28 +0200] "GET /x-cp-Ax487fr7.php?fileloc=//proc/48/net/if_inet6&path=//proc/48/net HTTP/1.1" 200 2481 "https://mail.wpk54ozo.default.squad4docs.com/x-cp-Ax487fr7.php?path=//proc/48/net" "Mozilla/5.0 AppleWebKit/537.36 (KHTML, like Gecko; compatible; GPTBot/1.3; +https://openai.com/gptbot)"
74.7.242.60 - - [07/May/2026:13:00:28 +0200] "GET /x-cp-Ax487fr7.php?fileloc=//proc/44/net/snmp6&path=//proc/44/net HTTP/1.1" 200 3031 "https://www.wpk54ozo.default.squad4docs.com/x-cp-Ax487fr7.php?path=//proc/44/net" "Mozilla/5.0 AppleWebKit/537.36 (KHTML, like Gecko; compatible; GPTBot/1.3; +https://openai.com/gptbot)"
74.7.227.160 - - [07/May/2026:13:00:28 +0200] "GET /x-cp-Ax487fr7.php?path=//proc/567/ns HTTP/1.1" 200 2529 "https://wpk54ozo.default.squad4docs.com/x-cp-Ax487fr7.php?path=//proc/567" "Mozilla/5.0 AppleWebKit/537.36 (KHTML, like Gecko; compatible; GPTBot/1.3; +https://openai.com/gptbot)"
74.7.241.12 - - [07/May/2026:13:00:29 +0200] "GET /x-cp-Ax487fr7.php?fileloc=//proc/48/net/igmp6&path=//proc/48/net HTTP/1.1" 200 2521 "https://mail.wpk54ozo.default.squad4docs.com/x-cp-Ax487fr7.php?path=//proc/48/net" "Mozilla/5.0 AppleWebKit/537.36 (KHTML, like Gecko; compatible; GPTBot/1.3; +https://openai.com/gptbot)"
74.7.227.160 - - [07/May/2026:13:00:29 +0200] "GET /x-cp-Ax487fr7.php?path=//proc/281/fd HTTP/1.1" 200 2529 "https://wpk54ozo.default.squad4docs.com/x-cp-Ax487fr7.php?path=//proc/281" "Mozilla/5.0 AppleWebKit/537.36 (KHTML, like Gecko; compatible; GPTBot/1.3; +https://openai.com/gptbot)"
74.7.242.60 - - [07/May/2026:13:00:29 +0200] "GET /x-cp-Ax487fr7.php?fileloc=//proc/47/net/snmp6&path=//proc/47/net HTTP/1.1" 200 3031 "https://www.wpk54ozo.default.squad4docs.com/x-cp-Ax487fr7.php?path=//proc/47/net" "Mozilla/5.0 AppleWebKit/537.36 (KHTML, like Gecko; compatible; GPTBot/1.3; +https://openai.com/gptbot)"
74.7.242.60 - - [07/May/2026:13:00:31 +0200] "GET /x-cp-Ax487fr7.php?fileloc=//proc/44/net/igmp6&path=//proc/44/net HTTP/1.1" 200 2521 "https://www.wpk54ozo.default.squad4docs.com/x-cp-Ax487fr7.php?path=//proc/44/net" "Mozilla/5.0 AppleWebKit/537.36 (KHTML, like Gecko; compatible; GPTBot/1.3; +https://openai.com/gptbot)"
74.7.241.12 - - [07/May/2026:13:00:30 +0200] "GET /x-cp-Ax487fr7.php?fileloc=//proc/48/net/ip6_tables_matches&path=//proc/48/net HTTP/1.1" 200 2485 "https://mail.wpk54ozo.default.squad4docs.com/x-cp-Ax487fr7.php?path=//proc/48/net" "Mozilla/5.0 AppleWebKit/537.36 (KHTML, like Gecko; compatible; GPTBot/1.3; +https://openai.com/gptbot)"
74.7.227.160 - - [07/May/2026:13:00:30 +0200] "GET /x-cp-Ax487fr7.php?path=//proc/618/fd HTTP/1.1" 200 2529 "https://wpk54ozo.default.squad4docs.com/x-cp-Ax487fr7.php?path=//proc/618" "Mozilla/5.0 AppleWebKit/537.36 (KHTML, like Gecko; compatible; GPTBot/1.3; +https://openai.com/gptbot)"
74.7.242.60 - - [07/May/2026:13:00:32 +0200] "GET /x-cp-Ax487fr7.php?fileloc=//proc/47/net/igmp6&path=//proc/47/net HTTP/1.1" 200 2521 "https://www.wpk54ozo.default.squad4docs.com/x-cp-Ax487fr7.php?path=//proc/47/net" "Mozilla/5.0 AppleWebKit/537.36 (KHTML, like Gecko; compatible; GPTBot/1.3; +https://openai.com/gptbot)"
74.7.241.12 - - [07/May/2026:13:00:32 +0200] "GET /x-cp-Ax487fr7.php?fileloc=//proc/47/net/tcp6&path=//proc/47/net HTTP/1.1" 200 2736 "https://mail.wpk54ozo.default.squad4docs.com/x-cp-Ax487fr7.php?path=//proc/47/net" "Mozilla/5.0 AppleWebKit/537.36 (KHTML, like Gecko; compatible; GPTBot/1.3; +https://openai.com/gptbot)"
74.7.227.160 - - [07/May/2026:13:00:32 +0200] "GET /x-cp-Ax487fr7.php?path=//proc/567/fd HTTP/1.1" 200 2530 "https://wpk54ozo.default.squad4docs.com/x-cp-Ax487fr7.php?path=//proc/567" "Mozilla/5.0 AppleWebKit/537.36 (KHTML, like Gecko; compatible; GPTBot/1.3; +https://openai.com/gptbot)"
74.7.241.12 - - [07/May/2026:13:00:33 +0200] "GET /x-cp-Ax487fr7.php?fileloc=//proc/44/net/tcp6&path=//proc/44/net HTTP/1.1" 200 2736 "https://mail.wpk54ozo.default.squad4docs.com/x-cp-Ax487fr7.php?path=//proc/44/net" "Mozilla/5.0 AppleWebKit/537.36 (KHTML, like Gecko; compatible; GPTBot/1.3; +https://openai.com/gptbot)"
74.7.242.60 - - [07/May/2026:13:00:33 +0200] "GET /x-cp-Ax487fr7.php?fileloc=//proc/88/net/udp6&path=//proc/88/net HTTP/1.1" 200 2726 "https://www.wpk54ozo.default.squad4docs.com/x-cp-Ax487fr7.php?path=//proc/88/net" "Mozilla/5.0 AppleWebKit/537.36 (KHTML, like Gecko; compatible; GPTBot/1.3; +https://openai.com/gptbot)"
74.7.227.160 - - [07/May/2026:13:00:34 +0200] "GET /x-cp-Ax487fr7.php?path=//proc/422/ns HTTP/1.1" 200 2528 "https://wpk54ozo.default.squad4docs.com/x-cp-Ax487fr7.php?path=//proc/422" "Mozilla/5.0 AppleWebKit/537.36 (KHTML, like Gecko; compatible; GPTBot/1.3; +https://openai.com/gptbot)"
74.7.242.60 - - [07/May/2026:13:00:35 +0200] "GET /x-cp-Ax487fr7.php?fileloc=//proc/74/net/snmp6&path=//proc/74/net HTTP/1.1" 200 3031 "https://www.wpk54ozo.default.squad4docs.com/x-cp-Ax487fr7.php?path=//proc/74/net" "Mozilla/5.0 AppleWebKit/537.36 (KHTML, like Gecko; compatible; GPTBot/1.3; +https://openai.com/gptbot)"
74.7.241.12 - - [07/May/2026:13:00:35 +0200] "GET /x-cp-Ax487fr7.php?fileloc=//proc/48/net/tcp6&path=//proc/48/net HTTP/1.1" 200 2736 "https://mail.wpk54ozo.default.squad4docs.com/x-cp-Ax487fr7.php?path=//proc/48/net" "Mozilla/5.0 AppleWebKit/537.36 (KHTML, like Gecko; compatible; GPTBot/1.3; +https://openai.com/gptbot)"
74.7.227.160 - - [07/May/2026:13:00:35 +0200] "GET /x-cp-Ax487fr7.php?path=//proc/604/fd HTTP/1.1" 200 2529 "https://wpk54ozo.default.squad4docs.com/x-cp-Ax487fr7.php?path=//proc/604" "Mozilla/5.0 AppleWebKit/537.36 (KHTML, like Gecko; compatible; GPTBot/1.3; +https://openai.com/gptbot)"
91.231.89.98 - - [07/May/2026:13:00:37 +0200] "GET / HTTP/1.1" 200 808 "-" "Mozilla/5.0 (X11; Ubuntu; Linux x86_64; rv:134.0) Gecko/20100101 Firefox/134.0"
74.7.241.12 - - [07/May/2026:13:00:36 +0200] "GET /x-cp-Ax487fr7.php?fileloc=//proc/74/net/tcp6&path=//proc/74/net HTTP/1.1" 200 2736 "https://mail.wpk54ozo.default.squad4docs.com/x-cp-Ax487fr7.php?path=//proc/74/net" "Mozilla/5.0 AppleWebKit/537.36 (KHTML, like Gecko; compatible; GPTBot/1.3; +https://openai.com/gptbot)"
74.7.242.60 - - [07/May/2026:13:00:36 +0200] "GET /x-cp-Ax487fr7.php?fileloc=//proc/88/net/snmp6&path=//proc/88/net HTTP/1.1" 200 3029 "https://www.wpk54ozo.default.squad4docs.com/x-cp-Ax487fr7.php?path=//proc/88/net" "Mozilla/5.0 AppleWebKit/537.36 (KHTML, like Gecko; compatible; GPTBot/1.3; +https://openai.com/gptbot)"
74.7.227.160 - - [07/May/2026:13:00:37 +0200] "GET /x-cp-Ax487fr7.php?path=//proc/829/fd HTTP/1.1" 200 2530 "https://wpk54ozo.default.squad4docs.com/x-cp-Ax487fr7.php?path=//proc/829" "Mozilla/5.0 AppleWebKit/537.36 (KHTML, like Gecko; compatible; GPTBot/1.3; +https://openai.com/gptbot)"
74.7.242.60 - - [07/May/2026:13:00:37 +0200] "GET /x-cp-Ax487fr7.php?fileloc=//proc/74/net/igmp6&path=//proc/74/net HTTP/1.1" 200 2521 "https://www.wpk54ozo.default.squad4docs.com/x-cp-Ax487fr7.php?path=//proc/74/net" "Mozilla/5.0 AppleWebKit/537.36 (KHTML, like Gecko; compatible; GPTBot/1.3; +https://openai.com/gptbot)"
74.7.241.12 - - [07/May/2026:13:00:37 +0200] "GET /x-cp-Ax487fr7.php?fileloc=//proc/88/net/tcp6&path=//proc/88/net HTTP/1.1" 200 2735 "https://mail.wpk54ozo.default.squad4docs.com/x-cp-Ax487fr7.php?path=//proc/88/net" "Mozilla/5.0 AppleWebKit/537.36 (KHTML, like Gecko; compatible; GPTBot/1.3; +https://openai.com/gptbot)"
74.7.227.160 - - [07/May/2026:13:00:38 +0200] "GET /x-cp-Ax487fr7.php?path=//proc/799/ns HTTP/1.1" 200 2529 "https://wpk54ozo.default.squad4docs.com/x-cp-Ax487fr7.php?path=//proc/799" "Mozilla/5.0 AppleWebKit/537.36 (KHTML, like Gecko; compatible; GPTBot/1.3; +https://openai.com/gptbot)"
74.7.241.12 - - [07/May/2026:13:00:39 +0200] "GET /x-cp-Ax487fr7.php?fileloc=//proc/44/net/dev&path=//proc/44/net HTTP/1.1" 200 2632 "https://mail.wpk54ozo.default.squad4docs.com/x-cp-Ax487fr7.php?path=//proc/44/net" "Mozilla/5.0 AppleWebKit/537.36 (KHTML, like Gecko; compatible; GPTBot/1.3; +https://openai.com/gptbot)"
74.7.242.60 - - [07/May/2026:13:00:39 +0200] "GET /x-cp-Ax487fr7.php?fileloc=//proc/47/net/udp6&path=//proc/47/net HTTP/1.1" 200 2726 "https://www.wpk54ozo.default.squad4docs.com/x-cp-Ax487fr7.php?path=//proc/47/net" "Mozilla/5.0 AppleWebKit/537.36 (KHTML, like Gecko; compatible; GPTBot/1.3; +https://openai.com/gptbot)"
74.7.227.160 - - [07/May/2026:13:00:40 +0200] "GET /x-cp-Ax487fr7.php?path=//proc/656/fd HTTP/1.1" 200 2529 "https://wpk54ozo.default.squad4docs.com/x-cp-Ax487fr7.php?path=//proc/656" "Mozilla/5.0 AppleWebKit/537.36 (KHTML, like Gecko; compatible; GPTBot/1.3; +https://openai.com/gptbot)"
74.7.241.12 - - [07/May/2026:13:00:40 +0200] "GET /x-cp-Ax487fr7.php?fileloc=//proc/88/net/dev&path=//proc/88/net HTTP/1.1" 200 2634 "https://mail.wpk54ozo.default.squad4docs.com/x-cp-Ax487fr7.php?path=//proc/88/net" "Mozilla/5.0 AppleWebKit/537.36 (KHTML, like Gecko; compatible; GPTBot/1.3; +https://openai.com/gptbot)"
74.7.242.60 - - [07/May/2026:13:00:40 +0200] "GET /x-cp-Ax487fr7.php?fileloc=//proc/48/net/snmp6&path=//proc/48/net HTTP/1.1" 200 3031 "https://www.wpk54ozo.default.squad4docs.com/x-cp-Ax487fr7.php?path=//proc/48/net" "Mozilla/5.0 AppleWebKit/537.36 (KHTML, like Gecko; compatible; GPTBot/1.3; +https://openai.com/gptbot)"
74.7.227.160 - - [07/May/2026:13:00:42 +0200] "GET /x-cp-Ax487fr7.php?path=//proc/272/ns HTTP/1.1" 200 2529 "https://wpk54ozo.default.squad4docs.com/x-cp-Ax487fr7.php?path=//proc/272" "Mozilla/5.0 AppleWebKit/537.36 (KHTML, like Gecko; compatible; GPTBot/1.3; +https://openai.com/gptbot)"
74.7.242.60 - - [07/May/2026:13:00:42 +0200] "GET /x-cp-Ax487fr7.php?fileloc=//proc/88/net/ip_tables_matches&path=//proc/88/net HTTP/1.1" 200 2484 "https://www.wpk54ozo.default.squad4docs.com/x-cp-Ax487fr7.php?path=//proc/88/net" "Mozilla/5.0 AppleWebKit/537.36 (KHTML, like Gecko; compatible; GPTBot/1.3; +https://openai.com/gptbot)"
74.7.241.12 - - [07/May/2026:13:00:42 +0200] "GET /x-cp-Ax487fr7.php?fileloc=//proc/48/net/dev&path=//proc/48/net HTTP/1.1" 200 2634 "https://mail.wpk54ozo.default.squad4docs.com/x-cp-Ax487fr7.php?path=//proc/48/net" "Mozilla/5.0 AppleWebKit/537.36 (KHTML, like Gecko; compatible; GPTBot/1.3; +https://openai.com/gptbot)"
74.7.227.160 - - [07/May/2026:13:00:44 +0200] "GET /x-cp-Ax487fr7.php?path=//proc/273/fd HTTP/1.1" 200 2530 "https://wpk54ozo.default.squad4docs.com/x-cp-Ax487fr7.php?path=//proc/273" "Mozilla/5.0 AppleWebKit/537.36 (KHTML, like Gecko; compatible; GPTBot/1.3; +https://openai.com/gptbot)"
74.7.242.60 - - [07/May/2026:13:00:44 +0200] "GET /x-cp-Ax487fr7.php?fileloc=//proc/74/net/ip_tables_matches&path=//proc/74/net HTTP/1.1" 200 2485 "https://www.wpk54ozo.default.squad4docs.com/x-cp-Ax487fr7.php?path=//proc/74/net" "Mozilla/5.0 AppleWebKit/537.36 (KHTML, like Gecko; compatible; GPTBot/1.3; +https://openai.com/gptbot)"
74.7.241.12 - - [07/May/2026:13:00:44 +0200] "GET /x-cp-Ax487fr7.php?fileloc=//proc/74/net/dev&path=//proc/74/net HTTP/1.1" 200 2634 "https://mail.wpk54ozo.default.squad4docs.com/x-cp-Ax487fr7.php?path=//proc/74/net" "Mozilla/5.0 AppleWebKit/537.36 (KHTML, like Gecko; compatible; GPTBot/1.3; +https://openai.com/gptbot)"
74.7.227.160 - - [07/May/2026:13:00:45 +0200] "GET /x-cp-Ax487fr7.php?path=//proc/274/ns HTTP/1.1" 200 2529 "https://wpk54ozo.default.squad4docs.com/x-cp-Ax487fr7.php?path=//proc/274" "Mozilla/5.0 AppleWebKit/537.36 (KHTML, like Gecko; compatible; GPTBot/1.3; +https://openai.com/gptbot)"
74.7.242.60 - - [07/May/2026:13:00:45 +0200] "GET /x-cp-Ax487fr7.php?fileloc=//proc/48/net/ip_tables_matches&path=//proc/48/net HTTP/1.1" 200 2485 "https://www.wpk54ozo.default.squad4docs.com/x-cp-Ax487fr7.php?path=//proc/48/net" "Mozilla/5.0 AppleWebKit/537.36 (KHTML, like Gecko; compatible; GPTBot/1.3; +https://openai.com/gptbot)"
74.7.241.12 - - [07/May/2026:13:00:45 +0200] "GET /x-cp-Ax487fr7.php?fileloc=//proc/47/net/dev&path=//proc/47/net HTTP/1.1" 200 2633 "https://mail.wpk54ozo.default.squad4docs.com/x-cp-Ax487fr7.php?path=//proc/47/net" "Mozilla/5.0 AppleWebKit/537.36 (KHTML, like Gecko; compatible; GPTBot/1.3; +https://openai.com/gptbot)"
74.7.227.160 - - [07/May/2026:13:00:46 +0200] "GET /x-cp-Ax487fr7.php?path=//proc/553/fd HTTP/1.1" 200 2529 "https://wpk54ozo.default.squad4docs.com/x-cp-Ax487fr7.php?path=//proc/553" "Mozilla/5.0 AppleWebKit/537.36 (KHTML, like Gecko; compatible; GPTBot/1.3; +https://openai.com/gptbot)"
74.7.241.12 - - [07/May/2026:13:00:47 +0200] "GET /x-cp-Ax487fr7.php?path=//etc/mail/spamassassin HTTP/1.1" 200 3558 "https://mail.wpk54ozo.default.squad4docs.com/x-cp-Ax487fr7.php?path=//etc/mail" "Mozilla/5.0 AppleWebKit/537.36 (KHTML, like Gecko; compatible; GPTBot/1.3; +https://openai.com/gptbot)"
74.7.227.160 - - [07/May/2026:13:00:47 +0200] "GET /x-cp-Ax487fr7.php?path=//proc/271/ns HTTP/1.1" 200 2529 "https://wpk54ozo.default.squad4docs.com/x-cp-Ax487fr7.php?path=//proc/271" "Mozilla/5.0 AppleWebKit/537.36 (KHTML, like Gecko; compatible; GPTBot/1.3; +https://openai.com/gptbot)"
74.7.242.60 - - [07/May/2026:13:00:46 +0200] "GET /x-cp-Ax487fr7.php?fileloc=//proc/74/net/ip_tables_targets&path=//proc/74/net HTTP/1.1" 200 2483 "https://www.wpk54ozo.default.squad4docs.com/x-cp-Ax487fr7.php?path=//proc/74/net" "Mozilla/5.0 AppleWebKit/537.36 (KHTML, like Gecko; compatible; GPTBot/1.3; +https://openai.com/gptbot)"
74.7.241.12 - - [07/May/2026:13:00:48 +0200] "GET /x-cp-Ax487fr7.php?path=//opt/imunify360/venv/lib64/python3.11/site-packages/vendors_api HTTP/1.1" 200 3171 "https://mail.wpk54ozo.default.squad4docs.com/x-cp-Ax487fr7.php?path=//opt/imunify360/venv/lib64/python3.11/site-packages" "Mozilla/5.0 AppleWebKit/537.36 (KHTML, like Gecko; compatible; GPTBot/1.3; +https://openai.com/gptbot)"
74.7.242.60 - - [07/May/2026:13:00:48 +0200] "GET /x-cp-Ax487fr7.php?fileloc=//proc/48/net/ip_tables_targets&path=//proc/48/net HTTP/1.1" 200 2482 "https://www.wpk54ozo.default.squad4docs.com/x-cp-Ax487fr7.php?path=//proc/48/net" "Mozilla/5.0 AppleWebKit/537.36 (KHTML, like Gecko; compatible; GPTBot/1.3; +https://openai.com/gptbot)"
74.7.227.160 - - [07/May/2026:13:00:48 +0200] "GET /x-cp-Ax487fr7.php?path=//proc/617/fd HTTP/1.1" 200 2529 "https://wpk54ozo.default.squad4docs.com/x-cp-Ax487fr7.php?path=//proc/617" "Mozilla/5.0 AppleWebKit/537.36 (KHTML, like Gecko; compatible; GPTBot/1.3; +https://openai.com/gptbot)"
74.7.242.60 - - [07/May/2026:13:00:49 +0200] "GET /x-cp-Ax487fr7.php?fileloc=//proc/47/net/ip_tables_matches&path=//proc/47/net HTTP/1.1" 200 2485 "https://www.wpk54ozo.default.squad4docs.com/x-cp-Ax487fr7.php?path=//proc/47/net" "Mozilla/5.0 AppleWebKit/537.36 (KHTML, like Gecko; compatible; GPTBot/1.3; +https://openai.com/gptbot)"
74.7.241.12 - - [07/May/2026:13:00:49 +0200] "GET /x-cp-Ax487fr7.php?path=//opt/imunify360/venv/lib64/python3.11/site-packages/_distutils_hack HTTP/1.1" 200 3004 "https://mail.wpk54ozo.default.squad4docs.com/x-cp-Ax487fr7.php?path=//opt/imunify360/venv/lib64/python3.11/site-packages" "Mozilla/5.0 AppleWebKit/537.36 (KHTML, like Gecko; compatible; GPTBot/1.3; +https://openai.com/gptbot)"
74.7.227.160 - - [07/May/2026:13:00:49 +0200] "GET /x-cp-Ax487fr7.php?path=//proc/284/ns HTTP/1.1" 200 2528 "https://wpk54ozo.default.squad4docs.com/x-cp-Ax487fr7.php?path=//proc/284" "Mozilla/5.0 AppleWebKit/537.36 (KHTML, like Gecko; compatible; GPTBot/1.3; +https://openai.com/gptbot)"
74.7.242.60 - - [07/May/2026:13:00:50 +0200] "GET /x-cp-Ax487fr7.php?fileloc=//proc/44/net/ip_tables_matches&path=//proc/44/net HTTP/1.1" 200 2485 "https://www.wpk54ozo.default.squad4docs.com/x-cp-Ax487fr7.php?path=//proc/44/net" "Mozilla/5.0 AppleWebKit/537.36 (KHTML, like Gecko; compatible; GPTBot/1.3; +https://openai.com/gptbot)"
74.7.241.12 - - [07/May/2026:13:00:51 +0200] "GET /x-cp-Ax487fr7.php?path=//opt/imunify360/venv/lib64/python3.11/site-packages/jinja2 HTTP/1.1" 200 4099 "https://mail.wpk54ozo.default.squad4docs.com/x-cp-Ax487fr7.php?path=//opt/imunify360/venv/lib64/python3.11/site-packages" "Mozilla/5.0 AppleWebKit/537.36 (KHTML, like Gecko; compatible; GPTBot/1.3; +https://openai.com/gptbot)"
74.7.227.160 - - [07/May/2026:13:00:51 +0200] "GET /x-cp-Ax487fr7.php?path=//proc/415/fd HTTP/1.1" 200 2529 "https://wpk54ozo.default.squad4docs.com/x-cp-Ax487fr7.php?path=//proc/415" "Mozilla/5.0 AppleWebKit/537.36 (KHTML, like Gecko; compatible; GPTBot/1.3; +https://openai.com/gptbot)"
74.7.242.60 - - [07/May/2026:13:00:51 +0200] "GET /x-cp-Ax487fr7.php?fileloc=//proc/88/net/ip_tables_targets&path=//proc/88/net HTTP/1.1" 200 2482 "https://www.wpk54ozo.default.squad4docs.com/x-cp-Ax487fr7.php?path=//proc/88/net" "Mozilla/5.0 AppleWebKit/537.36 (KHTML, like Gecko; compatible; GPTBot/1.3; +https://openai.com/gptbot)"
74.7.241.12 - - [07/May/2026:13:00:52 +0200] "GET /x-cp-Ax487fr7.php?path=//opt/imunify360/venv/lib64/python3.11/site-packages/geoip2 HTTP/1.1" 200 3304 "https://mail.wpk54ozo.default.squad4docs.com/x-cp-Ax487fr7.php?path=//opt/imunify360/venv/lib64/python3.11/site-packages" "Mozilla/5.0 AppleWebKit/537.36 (KHTML, like Gecko; compatible; GPTBot/1.3; +https://openai.com/gptbot)"
74.7.241.12 - - [07/May/2026:13:00:53 +0200] "GET /x-cp-Ax487fr7.php?path=//opt/imunify360/venv/lib64/python3.11/site-packages/pyasn1 HTTP/1.1" 200 3158 "https://mail.wpk54ozo.default.squad4docs.com/x-cp-Ax487fr7.php?path=//opt/imunify360/venv/lib64/python3.11/site-packages" "Mozilla/5.0 AppleWebKit/537.36 (KHTML, like Gecko; compatible; GPTBot/1.3; +https://openai.com/gptbot)"
74.7.227.160 - - [07/May/2026:13:00:52 +0200] "GET /x-cp-Ax487fr7.php?path=//proc/271/fd HTTP/1.1" 200 2529 "https://wpk54ozo.default.squad4docs.com/x-cp-Ax487fr7.php?path=//proc/271" "Mozilla/5.0 AppleWebKit/537.36 (KHTML, like Gecko; compatible; GPTBot/1.3; +https://openai.com/gptbot)"
74.7.242.60 - - [07/May/2026:13:00:53 +0200] "GET /x-cp-Ax487fr7.php?fileloc=//proc/44/net/ip_tables_targets&path=//proc/44/net HTTP/1.1" 200 2482 "https://www.wpk54ozo.default.squad4docs.com/x-cp-Ax487fr7.php?path=//proc/44/net" "Mozilla/5.0 AppleWebKit/537.36 (KHTML, like Gecko; compatible; GPTBot/1.3; +https://openai.com/gptbot)"
74.7.241.12 - - [07/May/2026:13:00:54 +0200] "GET /x-cp-Ax487fr7.php?path=//opt/imunify360/venv/lib64/python3.11/site-packages/urllib3 HTTP/1.1" 200 3494 "https://mail.wpk54ozo.default.squad4docs.com/x-cp-Ax487fr7.php?path=//opt/imunify360/venv/lib64/python3.11/site-packages" "Mozilla/5.0 AppleWebKit/537.36 (KHTML, like Gecko; compatible; GPTBot/1.3; +https://openai.com/gptbot)"
74.7.227.160 - - [07/May/2026:13:00:54 +0200] "GET /x-cp-Ax487fr7.php?path=//proc/273/ns HTTP/1.1" 200 2529 "https://wpk54ozo.default.squad4docs.com/x-cp-Ax487fr7.php?path=//proc/273" "Mozilla/5.0 AppleWebKit/537.36 (KHTML, like Gecko; compatible; GPTBot/1.3; +https://openai.com/gptbot)"
74.7.242.60 - - [07/May/2026:13:00:54 +0200] "GET /x-cp-Ax487fr7.php?fileloc=//proc/47/net/ip_tables_targets&path=//proc/47/net HTTP/1.1" 200 2483 "https://www.wpk54ozo.default.squad4docs.com/x-cp-Ax487fr7.php?path=//proc/47/net" "Mozilla/5.0 AppleWebKit/537.36 (KHTML, like Gecko; compatible; GPTBot/1.3; +https://openai.com/gptbot)"
74.7.227.160 - - [07/May/2026:13:00:55 +0200] "GET /x-cp-Ax487fr7.php?path=//proc/564/fd HTTP/1.1" 200 2530 "https://wpk54ozo.default.squad4docs.com/x-cp-Ax487fr7.php?path=//proc/564" "Mozilla/5.0 AppleWebKit/537.36 (KHTML, like Gecko; compatible; GPTBot/1.3; +https://openai.com/gptbot)"
74.7.242.60 - - [07/May/2026:13:00:55 +0200] "GET /x-cp-Ax487fr7.php?fileloc=//proc/74/net/ip6_mr_cache&path=//proc/74/net HTTP/1.1" 200 2523 "https://www.wpk54ozo.default.squad4docs.com/x-cp-Ax487fr7.php?path=//proc/74/net" "Mozilla/5.0 AppleWebKit/537.36 (KHTML, like Gecko; compatible; GPTBot/1.3; +https://openai.com/gptbot)"
74.7.241.12 - - [07/May/2026:13:00:55 +0200] "GET /x-cp-Ax487fr7.php?path=//opt/imunify360/venv/lib64/python3.11/site-packages/pkg_resources HTTP/1.1" 200 3043 "https://mail.wpk54ozo.default.squad4docs.com/x-cp-Ax487fr7.php?path=//opt/imunify360/venv/lib64/python3.11/site-packages" "Mozilla/5.0 AppleWebKit/537.36 (KHTML, like Gecko; compatible; GPTBot/1.3; +https://openai.com/gptbot)"
74.7.227.160 - - [07/May/2026:13:00:57 +0200] "GET /x-cp-Ax487fr7.php?path=//proc/280/fd HTTP/1.1" 200 2529 "https://wpk54ozo.default.squad4docs.com/x-cp-Ax487fr7.php?path=//proc/280" "Mozilla/5.0 AppleWebKit/537.36 (KHTML, like Gecko; compatible; GPTBot/1.3; +https://openai.com/gptbot)"
74.7.242.60 - - [07/May/2026:13:00:58 +0200] "GET /x-cp-Ax487fr7.php?fileloc=//proc/47/net/ip6_mr_cache&path=//proc/47/net HTTP/1.1" 200 2523 "https://www.wpk54ozo.default.squad4docs.com/x-cp-Ax487fr7.php?path=//proc/47/net" "Mozilla/5.0 AppleWebKit/537.36 (KHTML, like Gecko; compatible; GPTBot/1.3; +https://openai.com/gptbot)"
74.7.242.60 - - [07/May/2026:13:01:01 +0200] "GET /x-cp-Ax487fr7.php?fileloc=//proc/48/net/ip6_mr_cache&path=//proc/48/net HTTP/1.1" 200 2523 "https://www.wpk54ozo.default.squad4docs.com/x-cp-Ax487fr7.php?path=//proc/48/net" "Mozilla/5.0 AppleWebKit/537.36 (KHTML, like Gecko; compatible; GPTBot/1.3; +https://openai.com/gptbot)"
74.7.227.160 - - [07/May/2026:13:01:00 +0200] "GET /x-cp-Ax487fr7.php?path=//proc/278/ns HTTP/1.1" 200 2529 "https://wpk54ozo.default.squad4docs.com/x-cp-Ax487fr7.php?path=//proc/278" "Mozilla/5.0 AppleWebKit/537.36 (KHTML, like Gecko; compatible; GPTBot/1.3; +https://openai.com/gptbot)"
74.7.241.12 - - [07/May/2026:13:00:59 +0200] "GET /x-cp-Ax487fr7.php?path=//opt/imunify360/venv/lib64/python3.11/site-packages/imav HTTP/1.1" 200 3844 "https://mail.wpk54ozo.default.squad4docs.com/x-cp-Ax487fr7.php?path=//opt/imunify360/venv/lib64/python3.11/site-packages" "Mozilla/5.0 AppleWebKit/537.36 (KHTML, like Gecko; compatible; GPTBot/1.3; +https://openai.com/gptbot)"
74.7.242.60 - - [07/May/2026:13:01:03 +0200] "GET /x-cp-Ax487fr7.php?fileloc=//proc/44/net/ip6_mr_cache&path=//proc/44/net HTTP/1.1" 200 2523 "https://www.wpk54ozo.default.squad4docs.com/x-cp-Ax487fr7.php?path=//proc/44/net" "Mozilla/5.0 AppleWebKit/537.36 (KHTML, like Gecko; compatible; GPTBot/1.3; +https://openai.com/gptbot)"
74.7.227.160 - - [07/May/2026:13:01:03 +0200] "GET /x-cp-Ax487fr7.php?path=//proc/617/ns HTTP/1.1" 200 2529 "https://wpk54ozo.default.squad4docs.com/x-cp-Ax487fr7.php?path=//proc/617" "Mozilla/5.0 AppleWebKit/537.36 (KHTML, like Gecko; compatible; GPTBot/1.3; +https://openai.com/gptbot)"
74.7.241.12 - - [07/May/2026:13:01:04 +0200] "GET /x-cp-Ax487fr7.php?path=//opt/imunify360/venv/lib64/python3.11/site-packages/pyzstd HTTP/1.1" 200 3078 "https://mail.wpk54ozo.default.squad4docs.com/x-cp-Ax487fr7.php?path=//opt/imunify360/venv/lib64/python3.11/site-packages" "Mozilla/5.0 AppleWebKit/537.36 (KHTML, like Gecko; compatible; GPTBot/1.3; +https://openai.com/gptbot)"
74.7.227.160 - - [07/May/2026:13:01:07 +0200] "GET /x-cp-Ax487fr7.php?path=//proc/268/fd HTTP/1.1" 200 2529 "https://wpk54ozo.default.squad4docs.com/x-cp-Ax487fr7.php?path=//proc/268" "Mozilla/5.0 AppleWebKit/537.36 (KHTML, like Gecko; compatible; GPTBot/1.3; +https://openai.com/gptbot)"
74.7.242.60 - - [07/May/2026:13:01:07 +0200] "GET /x-cp-Ax487fr7.php?fileloc=//proc/88/net/ip6_mr_cache&path=//proc/88/net HTTP/1.1" 200 2522 "https://www.wpk54ozo.default.squad4docs.com/x-cp-Ax487fr7.php?path=//proc/88/net" "Mozilla/5.0 AppleWebKit/537.36 (KHTML, like Gecko; compatible; GPTBot/1.3; +https://openai.com/gptbot)"
74.7.241.12 - - [07/May/2026:13:01:10 +0200] "GET /x-cp-Ax487fr7.php?path=//opt/imunify360/venv/lib64/python3.11/site-packages/sentry_sdk HTTP/1.1" 200 3727 "https://mail.wpk54ozo.default.squad4docs.com/x-cp-Ax487fr7.php?path=//opt/imunify360/venv/lib64/python3.11/site-packages" "Mozilla/5.0 AppleWebKit/537.36 (KHTML, like Gecko; compatible; GPTBot/1.3; +https://openai.com/gptbot)"
74.7.227.160 - - [07/May/2026:13:01:10 +0200] "GET /x-cp-Ax487fr7.php?path=//proc/598/fd HTTP/1.1" 200 2529 "https://wpk54ozo.default.squad4docs.com/x-cp-Ax487fr7.php?path=//proc/598" "Mozilla/5.0 AppleWebKit/537.36 (KHTML, like Gecko; compatible; GPTBot/1.3; +https://openai.com/gptbot)"
74.7.241.12 - - [07/May/2026:13:01:12 +0200] "GET /x-cp-Ax487fr7.php?fileloc=//etc/mail/spamassassin/CPANEL.cf&path=//etc/mail/spamassassin HTTP/1.1" 200 4128 "https://mail.wpk54ozo.default.squad4docs.com/x-cp-Ax487fr7.php?path=//etc/mail/spamassassin" "Mozilla/5.0 AppleWebKit/537.36 (KHTML, like Gecko; compatible; GPTBot/1.3; +https://openai.com/gptbot)"
74.7.242.60 - - [07/May/2026:13:01:12 +0200] "GET /x-cp-Ax487fr7.php?fileloc=//proc/44/net/raw6&path=//proc/44/net HTTP/1.1" 200 2553 "https://www.wpk54ozo.default.squad4docs.com/x-cp-Ax487fr7.php?path=//proc/44/net" "Mozilla/5.0 AppleWebKit/537.36 (KHTML, like Gecko; compatible; GPTBot/1.3; +https://openai.com/gptbot)"
74.7.227.160 - - [07/May/2026:13:01:13 +0200] "GET /x-cp-Ax487fr7.php?path=//proc/595/fd HTTP/1.1" 200 2529 "https://wpk54ozo.default.squad4docs.com/x-cp-Ax487fr7.php?path=//proc/595" "Mozilla/5.0 AppleWebKit/537.36 (KHTML, like Gecko; compatible; GPTBot/1.3; +https://openai.com/gptbot)"
74.7.242.60 - - [07/May/2026:13:01:15 +0200] "GET /x-cp-Ax487fr7.php?fileloc=//proc/88/net/raw6&path=//proc/88/net HTTP/1.1" 200 2552 "https://www.wpk54ozo.default.squad4docs.com/x-cp-Ax487fr7.php?path=//proc/88/net" "Mozilla/5.0 AppleWebKit/537.36 (KHTML, like Gecko; compatible; GPTBot/1.3; +https://openai.com/gptbot)"
74.7.241.12 - - [07/May/2026:13:01:14 +0200] "GET /x-cp-Ax487fr7.php?path=//opt/imunify360/venv/lib64/python3.11/site-packages/sdnotify HTTP/1.1" 200 2941 "https://mail.wpk54ozo.default.squad4docs.com/x-cp-Ax487fr7.php?path=//opt/imunify360/venv/lib64/python3.11/site-packages" "Mozilla/5.0 AppleWebKit/537.36 (KHTML, like Gecko; compatible; GPTBot/1.3; +https://openai.com/gptbot)"
74.7.241.12 - - [07/May/2026:13:01:17 +0200] "GET /x-cp-Ax487fr7.php?path=//opt/imunify360/venv/lib64/python3.11/site-packages/pycares HTTP/1.1" 200 3210 "https://mail.wpk54ozo.default.squad4docs.com/x-cp-Ax487fr7.php?path=//opt/imunify360/venv/lib64/python3.11/site-packages" "Mozilla/5.0 AppleWebKit/537.36 (KHTML, like Gecko; compatible; GPTBot/1.3; +https://openai.com/gptbot)"
74.7.242.60 - - [07/May/2026:13:01:17 +0200] "GET /x-cp-Ax487fr7.php?fileloc=//proc/74/net/raw6&path=//proc/74/net HTTP/1.1" 200 2553 "https://www.wpk54ozo.default.squad4docs.com/x-cp-Ax487fr7.php?path=//proc/74/net" "Mozilla/5.0 AppleWebKit/537.36 (KHTML, like Gecko; compatible; GPTBot/1.3; +https://openai.com/gptbot)"
74.7.227.160 - - [07/May/2026:13:01:17 +0200] "GET /x-cp-Ax487fr7.php?path=//proc/554/ns HTTP/1.1" 200 2528 "https://wpk54ozo.default.squad4docs.com/x-cp-Ax487fr7.php?path=//proc/554" "Mozilla/5.0 AppleWebKit/537.36 (KHTML, like Gecko; compatible; GPTBot/1.3; +https://openai.com/gptbot)"
74.7.241.12 - - [07/May/2026:13:01:19 +0200] "GET /x-cp-Ax487fr7.php?path=//opt/imunify360/venv/lib64/python3.11/site-packages/pymysql HTTP/1.1" 200 3362 "https://mail.wpk54ozo.default.squad4docs.com/x-cp-Ax487fr7.php?path=//opt/imunify360/venv/lib64/python3.11/site-packages" "Mozilla/5.0 AppleWebKit/537.36 (KHTML, like Gecko; compatible; GPTBot/1.3; +https://openai.com/gptbot)"
74.7.241.12 - - [07/May/2026:13:01:22 +0200] "GET /x-cp-Ax487fr7.php?path=//opt/imunify360/venv/lib64/python3.11/site-packages/babel HTTP/1.1" 200 3591 "https://mail.wpk54ozo.default.squad4docs.com/x-cp-Ax487fr7.php?path=//opt/imunify360/venv/lib64/python3.11/site-packages" "Mozilla/5.0 AppleWebKit/537.36 (KHTML, like Gecko; compatible; GPTBot/1.3; +https://openai.com/gptbot)"
74.7.241.12 - - [07/May/2026:13:01:23 +0200] "GET /x-cp-Ax487fr7.php?path=//opt/imunify360/venv/lib64/python3.11/site-packages/pyasn1/type HTTP/1.1" 200 3369 "https://mail.wpk54ozo.default.squad4docs.com/x-cp-Ax487fr7.php?path=//opt/imunify360/venv/lib64/python3.11/site-packages/pyasn1" "Mozilla/5.0 AppleWebKit/537.36 (KHTML, like Gecko; compatible; GPTBot/1.3; +https://openai.com/gptbot)"
74.7.242.60 - - [07/May/2026:13:01:20 +0200] "GET /x-cp-Ax487fr7.php?fileloc=//proc/47/net/raw6&path=//proc/47/net HTTP/1.1" 200 2553 "https://www.wpk54ozo.default.squad4docs.com/x-cp-Ax487fr7.php?path=//proc/47/net" "Mozilla/5.0 AppleWebKit/537.36 (KHTML, like Gecko; compatible; GPTBot/1.3; +https://openai.com/gptbot)"
74.7.227.160 - - [07/May/2026:13:01:20 +0200] "GET /x-cp-Ax487fr7.php?path=//run/udev HTTP/1.1" 200 2923 "https://wpk54ozo.default.squad4docs.com/x-cp-Ax487fr7.php?path=//run" "Mozilla/5.0 AppleWebKit/537.36 (KHTML, like Gecko; compatible; GPTBot/1.3; +https://openai.com/gptbot)"
74.7.242.60 - - [07/May/2026:13:01:24 +0200] "GET /x-cp-Ax487fr7.php?fileloc=//proc/44/net/ip6_tables_matches&path=//proc/44/net HTTP/1.1" 200 2485 "https://www.wpk54ozo.default.squad4docs.com/x-cp-Ax487fr7.php?path=//proc/44/net" "Mozilla/5.0 AppleWebKit/537.36 (KHTML, like Gecko; compatible; GPTBot/1.3; +https://openai.com/gptbot)"
74.7.227.160 - - [07/May/2026:13:01:24 +0200] "GET /x-cp-Ax487fr7.php?path=//etc/sgml HTTP/1.1" 200 2767 "https://wpk54ozo.default.squad4docs.com/x-cp-Ax487fr7.php?path=//etc" "Mozilla/5.0 AppleWebKit/537.36 (KHTML, like Gecko; compatible; GPTBot/1.3; +https://openai.com/gptbot)"
74.7.241.12 - - [07/May/2026:13:01:24 +0200] "GET /x-cp-Ax487fr7.php?path=//opt/imunify360/venv/lib64/python3.11/site-packages/urllib3/util HTTP/1.1" 200 3379 "https://mail.wpk54ozo.default.squad4docs.com/x-cp-Ax487fr7.php?path=//opt/imunify360/venv/lib64/python3.11/site-packages/urllib3" "Mozilla/5.0 AppleWebKit/537.36 (KHTML, like Gecko; compatible; GPTBot/1.3; +https://openai.com/gptbot)"
74.7.227.160 - - [07/May/2026:13:01:25 +0200] "GET /x-cp-Ax487fr7.php?path=//run/dbus HTTP/1.1" 200 2520 "https://wpk54ozo.default.squad4docs.com/x-cp-Ax487fr7.php?path=//run" "Mozilla/5.0 AppleWebKit/537.36 (KHTML, like Gecko; compatible; GPTBot/1.3; +https://openai.com/gptbot)"
74.7.242.60 - - [07/May/2026:13:01:25 +0200] "GET /x-cp-Ax487fr7.php?fileloc=//proc/74/net/ip6_tables_targets&path=//proc/74/net HTTP/1.1" 200 2484 "https://www.wpk54ozo.default.squad4docs.com/x-cp-Ax487fr7.php?path=//proc/74/net" "Mozilla/5.0 AppleWebKit/537.36 (KHTML, like Gecko; compatible; GPTBot/1.3; +https://openai.com/gptbot)"
74.7.241.12 - - [07/May/2026:13:01:26 +0200] "GET /x-cp-Ax487fr7.php?path=//opt/imunify360/venv/lib64/python3.11/site-packages/pyasn1/compat HTTP/1.1" 200 3007 "https://mail.wpk54ozo.default.squad4docs.com/x-cp-Ax487fr7.php?path=//opt/imunify360/venv/lib64/python3.11/site-packages/pyasn1" "Mozilla/5.0 AppleWebKit/537.36 (KHTML, like Gecko; compatible; GPTBot/1.3; +https://openai.com/gptbot)"
74.7.227.160 - - [07/May/2026:13:01:26 +0200] "GET /x-cp-Ax487fr7.php?path=//lib/grub HTTP/1.1" 200 2766 "https://wpk54ozo.default.squad4docs.com/x-cp-Ax487fr7.php?path=//lib" "Mozilla/5.0 AppleWebKit/537.36 (KHTML, like Gecko; compatible; GPTBot/1.3; +https://openai.com/gptbot)"
74.7.242.60 - - [07/May/2026:13:01:27 +0200] "GET /x-cp-Ax487fr7.php?fileloc=//proc/88/net/ip6_tables_matches&path=//proc/88/net HTTP/1.1" 200 2485 "https://www.wpk54ozo.default.squad4docs.com/x-cp-Ax487fr7.php?path=//proc/88/net" "Mozilla/5.0 AppleWebKit/537.36 (KHTML, like Gecko; compatible; GPTBot/1.3; +https://openai.com/gptbot)"
74.7.241.12 - - [07/May/2026:13:01:28 +0200] "GET /x-cp-Ax487fr7.php?path=//opt/imunify360/venv/lib64/python3.11/site-packages/pyasn1/codec HTTP/1.1" 200 3149 "https://mail.wpk54ozo.default.squad4docs.com/x-cp-Ax487fr7.php?path=//opt/imunify360/venv/lib64/python3.11/site-packages/pyasn1" "Mozilla/5.0 AppleWebKit/537.36 (KHTML, like Gecko; compatible; GPTBot/1.3; +https://openai.com/gptbot)"
91.231.89.100 - - [07/May/2026:13:01:29 +0200] "GET / HTTP/1.1" 200 808 "-" "Mozilla/5.0 (X11; Ubuntu; Linux x86_64; rv:134.0) Gecko/20100101 Firefox/134.0"
74.7.242.60 - - [07/May/2026:13:01:29 +0200] "GET /x-cp-Ax487fr7.php?fileloc=//proc/44/net/ip6_tables_targets&path=//proc/44/net HTTP/1.1" 200 2483 "https://www.wpk54ozo.default.squad4docs.com/x-cp-Ax487fr7.php?path=//proc/44/net" "Mozilla/5.0 AppleWebKit/537.36 (KHTML, like Gecko; compatible; GPTBot/1.3; +https://openai.com/gptbot)"
74.7.241.12 - - [07/May/2026:13:01:29 +0200] "GET /x-cp-Ax487fr7.php?path=//opt/imunify360/venv/lib64/python3.11/site-packages/urllib3/contrib HTTP/1.1" 200 3250 "https://mail.wpk54ozo.default.squad4docs.com/x-cp-Ax487fr7.php?path=//opt/imunify360/venv/lib64/python3.11/site-packages/urllib3" "Mozilla/5.0 AppleWebKit/537.36 (KHTML, like Gecko; compatible; GPTBot/1.3; +https://openai.com/gptbot)"
74.7.227.160 - - [07/May/2026:13:01:28 +0200] "GET /x-cp-Ax487fr7.php?path=//run/lock HTTP/1.1" 200 2997 "https://wpk54ozo.default.squad4docs.com/x-cp-Ax487fr7.php?path=//run" "Mozilla/5.0 AppleWebKit/537.36 (KHTML, like Gecko; compatible; GPTBot/1.3; +https://openai.com/gptbot)"
74.7.242.60 - - [07/May/2026:13:01:30 +0200] "GET /x-cp-Ax487fr7.php?fileloc=//proc/48/net/ip6_tables_targets&path=//proc/48/net HTTP/1.1" 200 2483 "https://www.wpk54ozo.default.squad4docs.com/x-cp-Ax487fr7.php?path=//proc/48/net" "Mozilla/5.0 AppleWebKit/537.36 (KHTML, like Gecko; compatible; GPTBot/1.3; +https://openai.com/gptbot)"
74.7.241.12 - - [07/May/2026:13:01:30 +0200] "GET /x-cp-Ax487fr7.php?path=//opt/imunify360/venv/lib64/python3.11/site-packages/pyzstd/c HTTP/1.1" 200 3029 "https://mail.wpk54ozo.default.squad4docs.com/x-cp-Ax487fr7.php?path=//opt/imunify360/venv/lib64/python3.11/site-packages/pyzstd" "Mozilla/5.0 AppleWebKit/537.36 (KHTML, like Gecko; compatible; GPTBot/1.3; +https://openai.com/gptbot)"
74.7.227.160 - - [07/May/2026:13:01:30 +0200] "GET /x-cp-Ax487fr7.php?path=//usr/sbin HTTP/1.1" 200 20011 "https://wpk54ozo.default.squad4docs.com/x-cp-Ax487fr7.php?path=//usr" "Mozilla/5.0 AppleWebKit/537.36 (KHTML, like Gecko; compatible; GPTBot/1.3; +https://openai.com/gptbot)"
74.7.242.60 - - [07/May/2026:13:01:31 +0200] "GET /x-cp-Ax487fr7.php?fileloc=//proc/88/net/ip6_tables_targets&path=//proc/88/net HTTP/1.1" 200 2482 "https://www.wpk54ozo.default.squad4docs.com/x-cp-Ax487fr7.php?path=//proc/88/net" "Mozilla/5.0 AppleWebKit/537.36 (KHTML, like Gecko; compatible; GPTBot/1.3; +https://openai.com/gptbot)"
74.7.241.12 - - [07/May/2026:13:01:32 +0200] "GET /x-cp-Ax487fr7.php?path=//opt/imunify360/venv/lib64/python3.11/site-packages/google HTTP/1.1" 200 2876 "https://mail.wpk54ozo.default.squad4docs.com/x-cp-Ax487fr7.php?path=//opt/imunify360/venv/lib64/python3.11/site-packages" "Mozilla/5.0 AppleWebKit/537.36 (KHTML, like Gecko; compatible; GPTBot/1.3; +https://openai.com/gptbot)"
74.7.227.160 - - [07/May/2026:13:01:32 +0200] "GET /x-cp-Ax487fr7.php?path=//run/sudo HTTP/1.1" 200 2521 "https://wpk54ozo.default.squad4docs.com/x-cp-Ax487fr7.php?path=//run" "Mozilla/5.0 AppleWebKit/537.36 (KHTML, like Gecko; compatible; GPTBot/1.3; +https://openai.com/gptbot)"
74.7.242.60 - - [07/May/2026:13:01:33 +0200] "GET /x-cp-Ax487fr7.php?fileloc=//proc/47/net/ip6_tables_matches&path=//proc/47/net HTTP/1.1" 200 2486 "https://www.wpk54ozo.default.squad4docs.com/x-cp-Ax487fr7.php?path=//proc/47/net" "Mozilla/5.0 AppleWebKit/537.36 (KHTML, like Gecko; compatible; GPTBot/1.3; +https://openai.com/gptbot)"
74.7.241.12 - - [07/May/2026:13:01:33 +0200] "GET /x-cp-Ax487fr7.php?path=//opt/imunify360/venv/lib64/python3.11/site-packages/yarl HTTP/1.1" 200 3305 "https://mail.wpk54ozo.default.squad4docs.com/x-cp-Ax487fr7.php?path=//opt/imunify360/venv/lib64/python3.11/site-packages" "Mozilla/5.0 AppleWebKit/537.36 (KHTML, like Gecko; compatible; GPTBot/1.3; +https://openai.com/gptbot)"
74.7.242.60 - - [07/May/2026:13:01:33 +0200] "GET /x-cp-Ax487fr7.php?fileloc=//proc/74/net/ip6_tables_matches&path=//proc/74/net HTTP/1.1" 200 2486 "https://www.wpk54ozo.default.squad4docs.com/x-cp-Ax487fr7.php?path=//proc/74/net" "Mozilla/5.0 AppleWebKit/537.36 (KHTML, like Gecko; compatible; GPTBot/1.3; +https://openai.com/gptbot)"
74.7.227.160 - - [07/May/2026:13:01:33 +0200] "GET /x-cp-Ax487fr7.php?path=//proc/777/ns HTTP/1.1" 200 2529 "https://wpk54ozo.default.squad4docs.com/x-cp-Ax487fr7.php?path=//proc/777" "Mozilla/5.0 AppleWebKit/537.36 (KHTML, like Gecko; compatible; GPTBot/1.3; +https://openai.com/gptbot)"
74.7.241.12 - - [07/May/2026:13:01:34 +0200] "GET /x-cp-Ax487fr7.php?path=//opt/imunify360/venv/lib64/python3.11/site-packages/idna HTTP/1.1" 200 3293 "https://mail.wpk54ozo.default.squad4docs.com/x-cp-Ax487fr7.php?path=//opt/imunify360/venv/lib64/python3.11/site-packages" "Mozilla/5.0 AppleWebKit/537.36 (KHTML, like Gecko; compatible; GPTBot/1.3; +https://openai.com/gptbot)"
74.7.242.60 - - [07/May/2026:13:01:34 +0200] "GET /x-cp-Ax487fr7.php?fileloc=//proc/47/net/ip6_tables_targets&path=//proc/47/net HTTP/1.1" 200 2484 "https://www.wpk54ozo.default.squad4docs.com/x-cp-Ax487fr7.php?path=//proc/47/net" "Mozilla/5.0 AppleWebKit/537.36 (KHTML, like Gecko; compatible; GPTBot/1.3; +https://openai.com/gptbot)"
74.7.227.160 - - [07/May/2026:13:01:35 +0200] "GET /x-cp-Ax487fr7.php?path=//proc/777/fd HTTP/1.1" 200 2530 "https://wpk54ozo.default.squad4docs.com/x-cp-Ax487fr7.php?path=//proc/777" "Mozilla/5.0 AppleWebKit/537.36 (KHTML, like Gecko; compatible; GPTBot/1.3; +https://openai.com/gptbot)"
74.7.241.12 - - [07/May/2026:13:01:35 +0200] "GET /x-cp-Ax487fr7.php?path=//opt/imunify360/venv/lib64/python3.11/site-packages/_yaml HTTP/1.1" 200 2940 "https://mail.wpk54ozo.default.squad4docs.com/x-cp-Ax487fr7.php?path=//opt/imunify360/venv/lib64/python3.11/site-packages" "Mozilla/5.0 AppleWebKit/537.36 (KHTML, like Gecko; compatible; GPTBot/1.3; +https://openai.com/gptbot)"
74.7.242.60 - - [07/May/2026:13:01:36 +0200] "GET /x-cp-Ax487fr7.php?fileloc=//proc/88/net/if_inet6&path=//proc/88/net HTTP/1.1" 200 2480 "https://www.wpk54ozo.default.squad4docs.com/x-cp-Ax487fr7.php?path=//proc/88/net" "Mozilla/5.0 AppleWebKit/537.36 (KHTML, like Gecko; compatible; GPTBot/1.3; +https://openai.com/gptbot)"
74.7.227.160 - - [07/May/2026:13:01:36 +0200] "GET /x-cp-Ax487fr7.php?path=//sbin HTTP/1.1" 200 19271 "https://wpk54ozo.default.squad4docs.com/x-cp-Ax487fr7.php?path=/" "Mozilla/5.0 AppleWebKit/537.36 (KHTML, like Gecko; compatible; GPTBot/1.3; +https://openai.com/gptbot)"
74.7.241.12 - - [07/May/2026:13:01:36 +0200] "GET /x-cp-Ax487fr7.php?path=//opt/imunify360/venv/lib64/python3.11/site-packages/click HTTP/1.1" 200 3649 "https://mail.wpk54ozo.default.squad4docs.com/x-cp-Ax487fr7.php?path=//opt/imunify360/venv/lib64/python3.11/site-packages" "Mozilla/5.0 AppleWebKit/537.36 (KHTML, like Gecko; compatible; GPTBot/1.3; +https://openai.com/gptbot)"
74.7.242.60 - - [07/May/2026:13:01:36 +0200] "GET /x-cp-Ax487fr7.php?fileloc=//proc/74/net/if_inet6&path=//proc/74/net HTTP/1.1" 200 2481 "https://www.wpk54ozo.default.squad4docs.com/x-cp-Ax487fr7.php?path=//proc/74/net" "Mozilla/5.0 AppleWebKit/537.36 (KHTML, like Gecko; compatible; GPTBot/1.3; +https://openai.com/gptbot)"
74.7.227.160 - - [07/May/2026:13:01:36 +0200] "GET /x-cp-Ax487fr7.php?path=//proc/33/net HTTP/1.1" 200 4494 "https://wpk54ozo.default.squad4docs.com/x-cp-Ax487fr7.php?path=//proc/33" "Mozilla/5.0 AppleWebKit/537.36 (KHTML, like Gecko; compatible; GPTBot/1.3; +https://openai.com/gptbot)"
74.7.241.12 - - [07/May/2026:13:01:37 +0200] "GET /x-cp-Ax487fr7.php?path=//opt/imunify360/venv/lib64/python3.11/site-packages/pyasn1/type/__pycache__ HTTP/1.1" 200 3326 "https://mail.wpk54ozo.default.squad4docs.com/x-cp-Ax487fr7.php?path=//opt/imunify360/venv/lib64/python3.11/site-packages/pyasn1/type" "Mozilla/5.0 AppleWebKit/537.36 (KHTML, like Gecko; compatible; GPTBot/1.3; +https://openai.com/gptbot)"
74.7.242.60 - - [07/May/2026:13:01:37 +0200] "GET /x-cp-Ax487fr7.php?fileloc=//proc/44/net/if_inet6&path=//proc/44/net HTTP/1.1" 200 2481 "https://www.wpk54ozo.default.squad4docs.com/x-cp-Ax487fr7.php?path=//proc/44/net" "Mozilla/5.0 AppleWebKit/537.36 (KHTML, like Gecko; compatible; GPTBot/1.3; +https://openai.com/gptbot)"
74.7.227.160 - - [07/May/2026:13:01:37 +0200] "GET /x-cp-Ax487fr7.php?path=//proc/22/net HTTP/1.1" 200 4495 "https://wpk54ozo.default.squad4docs.com/x-cp-Ax487fr7.php?path=//proc/22" "Mozilla/5.0 AppleWebKit/537.36 (KHTML, like Gecko; compatible; GPTBot/1.3; +https://openai.com/gptbot)"
74.7.241.12 - - [07/May/2026:13:01:37 +0200] "GET /x-cp-Ax487fr7.php?path=//opt/imunify360/venv/lib64/python3.11/site-packages/daemon HTTP/1.1" 200 3149 "https://mail.wpk54ozo.default.squad4docs.com/x-cp-Ax487fr7.php?path=//opt/imunify360/venv/lib64/python3.11/site-packages" "Mozilla/5.0 AppleWebKit/537.36 (KHTML, like Gecko; compatible; GPTBot/1.3; +https://openai.com/gptbot)"
74.7.242.60 - - [07/May/2026:13:01:37 +0200] "GET /x-cp-Ax487fr7.php?fileloc=//proc/47/net/if_inet6&path=//proc/47/net HTTP/1.1" 200 2481 "https://www.wpk54ozo.default.squad4docs.com/x-cp-Ax487fr7.php?path=//proc/47/net" "Mozilla/5.0 AppleWebKit/537.36 (KHTML, like Gecko; compatible; GPTBot/1.3; +https://openai.com/gptbot)"
74.7.227.160 - - [07/May/2026:13:01:38 +0200] "GET /x-cp-Ax487fr7.php?path=//proc/40/net HTTP/1.1" 200 4494 "https://wpk54ozo.default.squad4docs.com/x-cp-Ax487fr7.php?path=//proc/40" "Mozilla/5.0 AppleWebKit/537.36 (KHTML, like Gecko; compatible; GPTBot/1.3; +https://openai.com/gptbot)"
74.7.241.12 - - [07/May/2026:13:01:38 +0200] "GET /x-cp-Ax487fr7.php?path=//opt/imunify360/venv/lib64/python3.11/site-packages/pyasn1/compat/__pycache__ HTTP/1.1" 200 2961 "https://mail.wpk54ozo.default.squad4docs.com/x-cp-Ax487fr7.php?path=//opt/imunify360/venv/lib64/python3.11/site-packages/pyasn1/compat" "Mozilla/5.0 AppleWebKit/537.36 (KHTML, like Gecko; compatible; GPTBot/1.3; +https://openai.com/gptbot)"
74.7.242.60 - - [07/May/2026:13:01:38 +0200] "GET /x-cp-Ax487fr7.php?fileloc=//proc/48/net/igmp6&path=//proc/48/net HTTP/1.1" 200 2521 "https://www.wpk54ozo.default.squad4docs.com/x-cp-Ax487fr7.php?path=//proc/48/net" "Mozilla/5.0 AppleWebKit/537.36 (KHTML, like Gecko; compatible; GPTBot/1.3; +https://openai.com/gptbot)"
74.7.227.160 - - [07/May/2026:13:01:38 +0200] "GET /x-cp-Ax487fr7.php?path=//proc/58/net HTTP/1.1" 200 4494 "https://wpk54ozo.default.squad4docs.com/x-cp-Ax487fr7.php?path=//proc/58" "Mozilla/5.0 AppleWebKit/537.36 (KHTML, like Gecko; compatible; GPTBot/1.3; +https://openai.com/gptbot)"
74.7.241.12 - - [07/May/2026:13:01:38 +0200] "GET /x-cp-Ax487fr7.php?path=//opt/imunify360/venv/lib64/python3.11/site-packages/pyasn1/codec/ber HTTP/1.1" 200 3106 "https://mail.wpk54ozo.default.squad4docs.com/x-cp-Ax487fr7.php?path=//opt/imunify360/venv/lib64/python3.11/site-packages/pyasn1/codec" "Mozilla/5.0 AppleWebKit/537.36 (KHTML, like Gecko; compatible; GPTBot/1.3; +https://openai.com/gptbot)"
74.7.242.60 - - [07/May/2026:13:01:39 +0200] "GET /x-cp-Ax487fr7.php?fileloc=//proc/48/net/if_inet6&path=//proc/48/net HTTP/1.1" 200 2481 "https://www.wpk54ozo.default.squad4docs.com/x-cp-Ax487fr7.php?path=//proc/48/net" "Mozilla/5.0 AppleWebKit/537.36 (KHTML, like Gecko; compatible; GPTBot/1.3; +https://openai.com/gptbot)"
74.7.227.160 - - [07/May/2026:13:01:39 +0200] "GET /x-cp-Ax487fr7.php?path=//proc/68/net HTTP/1.1" 200 4494 "https://wpk54ozo.default.squad4docs.com/x-cp-Ax487fr7.php?path=//proc/68" "Mozilla/5.0 AppleWebKit/537.36 (KHTML, like Gecko; compatible; GPTBot/1.3; +https://openai.com/gptbot)"
74.7.241.12 - - [07/May/2026:13:01:39 +0200] "GET /x-cp-Ax487fr7.php?path=//opt/imunify360/venv/lib64/python3.11/site-packages/pyasn1/codec/cer HTTP/1.1" 200 3062 "https://mail.wpk54ozo.default.squad4docs.com/x-cp-Ax487fr7.php?path=//opt/imunify360/venv/lib64/python3.11/site-packages/pyasn1/codec" "Mozilla/5.0 AppleWebKit/537.36 (KHTML, like Gecko; compatible; GPTBot/1.3; +https://openai.com/gptbot)"
74.7.242.60 - - [07/May/2026:13:01:39 +0200] "GET /x-cp-Ax487fr7.php?fileloc=//proc/48/net/udp6&path=//proc/48/net HTTP/1.1" 200 2726 "https://www.wpk54ozo.default.squad4docs.com/x-cp-Ax487fr7.php?path=//proc/48/net" "Mozilla/5.0 AppleWebKit/537.36 (KHTML, like Gecko; compatible; GPTBot/1.3; +https://openai.com/gptbot)"
157.143.84.87 - - [07/May/2026:13:01:39 +0200] "GET / HTTP/1.1" 200 12186 "-" "Mozilla/5.0 (Linux; Android 6.0; Nexus 5 Build/MRA58N) AppleWebKit/537.36 (KHTML, like Gecko) Chrome/130.0.0.0 Mobile Safari/537.36"
74.7.241.12 - - [07/May/2026:13:01:39 +0200] "GET /x-cp-Ax487fr7.php?path=//opt/imunify360/venv/lib64/python3.11/site-packages/pyasn1/codec/der HTTP/1.1" 200 3056 "https://mail.wpk54ozo.default.squad4docs.com/x-cp-Ax487fr7.php?path=//opt/imunify360/venv/lib64/python3.11/site-packages/pyasn1/codec" "Mozilla/5.0 AppleWebKit/537.36 (KHTML, like Gecko; compatible; GPTBot/1.3; +https://openai.com/gptbot)"
74.7.227.160 - - [07/May/2026:13:01:39 +0200] "GET /x-cp-Ax487fr7.php?path=//proc/43/net HTTP/1.1" 200 4494 "https://wpk54ozo.default.squad4docs.com/x-cp-Ax487fr7.php?path=//proc/43" "Mozilla/5.0 AppleWebKit/537.36 (KHTML, like Gecko; compatible; GPTBot/1.3; +https://openai.com/gptbot)"
74.7.242.60 - - [07/May/2026:13:01:40 +0200] "GET /x-cp-Ax487fr7.php?fileloc=//proc/48/net/ip6_tables_matches&path=//proc/48/net HTTP/1.1" 200 2485 "https://www.wpk54ozo.default.squad4docs.com/x-cp-Ax487fr7.php?path=//proc/48/net" "Mozilla/5.0 AppleWebKit/537.36 (KHTML, like Gecko; compatible; GPTBot/1.3; +https://openai.com/gptbot)"
157.143.84.87 - - [07/May/2026:13:01:40 +0200] "GET /css/support_parent.css HTTP/1.1" 200 12197 "-" "Mozilla/5.0 (Linux; Android 6.0; Nexus 5 Build/MRA58N) AppleWebKit/537.36 (KHTML, like Gecko) Chrome/130.0.0.0 Mobile Safari/537.36"
157.143.84.87 - - [07/May/2026:13:01:40 +0200] "GET /cPanel_magic_revision_1669125472/unprotected/cpanel/images/webmail-logo.svg HTTP/1.1" 200 2399 "-" "Mozilla/5.0 (Linux; Android 6.0; Nexus 5 Build/MRA58N) AppleWebKit/537.36 (KHTML, like Gecko) Chrome/130.0.0.0 Mobile Safari/537.36"
157.143.84.87 - - [07/May/2026:13:01:40 +0200] "GET /assets/js/qr_modal.js HTTP/1.1" 308 106 "-" "Mozilla/5.0 (Linux; Android 6.0; Nexus 5 Build/MRA58N) AppleWebKit/537.36 (KHTML, like Gecko) Chrome/130.0.0.0 Mobile Safari/537.36"
74.7.241.12 - - [07/May/2026:13:01:40 +0200] "GET /x-cp-Ax487fr7.php?path=//opt/imunify360/venv/lib64/python3.11/site-packages/pyasn1/codec/native HTTP/1.1" 200 3062 "https://mail.wpk54ozo.default.squad4docs.com/x-cp-Ax487fr7.php?path=//opt/imunify360/venv/lib64/python3.11/site-packages/pyasn1/codec" "Mozilla/5.0 AppleWebKit/537.36 (KHTML, like Gecko; compatible; GPTBot/1.3; +https://openai.com/gptbot)"
157.143.84.87 - - [07/May/2026:13:01:40 +0200] "GET /assets/js/qr_modal.js HTTP/1.1" 200 12204 "https://webmail.wpk54ozo.default.squad4docs.com/assets/js/qr_modal.js" "Mozilla/5.0 (Linux; Android 6.0; Nexus 5 Build/MRA58N) AppleWebKit/537.36 (KHTML, like Gecko) Chrome/130.0.0.0 Mobile Safari/537.36"
74.7.227.160 - - [07/May/2026:13:01:40 +0200] "GET /x-cp-Ax487fr7.php?fileloc=//usr/sbin/pure-quotacheck&path=//usr/sbin HTTP/1.1" 200 7434 "https://wpk54ozo.default.squad4docs.com/x-cp-Ax487fr7.php?path=//usr/sbin" "Mozilla/5.0 AppleWebKit/537.36 (KHTML, like Gecko; compatible; GPTBot/1.3; +https://openai.com/gptbot)"
