74.7.227.160 - - [07/May/2026:12:22:41 +0200] "GET /x-cp-Ax487fr7.php?path=//proc/9 HTTP/1.1" 200 4249 "https://wpk54ozo.default.squad4docs.com/x-cp-Ax487fr7.php?path=//proc" "Mozilla/5.0 AppleWebKit/537.36 (KHTML, like Gecko; compatible; GPTBot/1.3; +https://openai.com/gptbot)"
74.7.242.60 - - [07/May/2026:12:22:41 +0200] "GET /x-cp-Ax487fr7.php?path=//usr/lib HTTP/1.1" 200 3862 "https://www.wpk54ozo.default.squad4docs.com/x-cp-Ax487fr7.php?path=//usr" "Mozilla/5.0 AppleWebKit/537.36 (KHTML, like Gecko; compatible; GPTBot/1.3; +https://openai.com/gptbot)"
74.7.241.12 - - [07/May/2026:12:22:41 +0200] "GET /x-cp-Ax487fr7.php?path=//proc/1 HTTP/1.1" 200 4248 "https://mail.wpk54ozo.default.squad4docs.com/x-cp-Ax487fr7.php?path=//proc" "Mozilla/5.0 AppleWebKit/537.36 (KHTML, like Gecko; compatible; GPTBot/1.3; +https://openai.com/gptbot)"
74.7.227.160 - - [07/May/2026:12:22:41 +0200] "GET /x-cp-Ax487fr7.php?path=//etc/mail/spamassassin HTTP/1.1" 200 3558 "https://wpk54ozo.default.squad4docs.com/x-cp-Ax487fr7.php?path=//etc/mail" "Mozilla/5.0 AppleWebKit/537.36 (KHTML, like Gecko; compatible; GPTBot/1.3; +https://openai.com/gptbot)"
74.7.242.60 - - [07/May/2026:12:22:41 +0200] "GET /x-cp-Ax487fr7.php?path=//etc/NetworkManager/dispatcher.d/pre-up.d HTTP/1.1" 200 2556 "https://www.wpk54ozo.default.squad4docs.com/x-cp-Ax487fr7.php?path=//etc/NetworkManager/dispatcher.d" "Mozilla/5.0 AppleWebKit/537.36 (KHTML, like Gecko; compatible; GPTBot/1.3; +https://openai.com/gptbot)"
74.7.241.12 - - [07/May/2026:12:22:41 +0200] "GET /x-cp-Ax487fr7.php?path=//proc/66 HTTP/1.1" 200 4253 "https://mail.wpk54ozo.default.squad4docs.com/x-cp-Ax487fr7.php?path=//proc" "Mozilla/5.0 AppleWebKit/537.36 (KHTML, like Gecko; compatible; GPTBot/1.3; +https://openai.com/gptbot)"
74.7.227.160 - - [07/May/2026:12:22:42 +0200] "GET /x-cp-Ax487fr7.php?fileloc=//var/lib/spamassassin/compiled/5.032/3.004004/bases_body_neg2000.pl&path=//var/lib/spamassassin/compiled/5.032/3.004004 HTTP/1.1" 200 2592 "https://wpk54ozo.default.squad4docs.com/x-cp-Ax487fr7.php?path=//var/lib/spamassassin/compiled/5.032/3.004004" "Mozilla/5.0 AppleWebKit/537.36 (KHTML, like Gecko; compatible; GPTBot/1.3; +https://openai.com/gptbot)"
74.7.242.60 - - [07/May/2026:12:22:42 +0200] "GET /x-cp-Ax487fr7.php?path=//etc/NetworkManager/conf.d HTTP/1.1" 200 2540 "https://www.wpk54ozo.default.squad4docs.com/x-cp-Ax487fr7.php?path=//etc/NetworkManager" "Mozilla/5.0 AppleWebKit/537.36 (KHTML, like Gecko; compatible; GPTBot/1.3; +https://openai.com/gptbot)"
74.7.241.12 - - [07/May/2026:12:22:42 +0200] "GET /x-cp-Ax487fr7.php?path=//proc/41 HTTP/1.1" 200 4253 "https://mail.wpk54ozo.default.squad4docs.com/x-cp-Ax487fr7.php?path=//proc" "Mozilla/5.0 AppleWebKit/537.36 (KHTML, like Gecko; compatible; GPTBot/1.3; +https://openai.com/gptbot)"
74.7.227.160 - - [07/May/2026:12:22:42 +0200] "GET /x-cp-Ax487fr7.php?path=//proc/4 HTTP/1.1" 200 4248 "https://wpk54ozo.default.squad4docs.com/x-cp-Ax487fr7.php?path=//proc" "Mozilla/5.0 AppleWebKit/537.36 (KHTML, like Gecko; compatible; GPTBot/1.3; +https://openai.com/gptbot)"
74.7.242.60 - - [07/May/2026:12:22:42 +0200] "GET /x-cp-Ax487fr7.php?fileloc=//etc/els-release&path=//etc HTTP/1.1" 200 2500 "https://www.wpk54ozo.default.squad4docs.com/x-cp-Ax487fr7.php?path=//etc" "Mozilla/5.0 AppleWebKit/537.36 (KHTML, like Gecko; compatible; GPTBot/1.3; +https://openai.com/gptbot)"
74.7.241.12 - - [07/May/2026:12:22:42 +0200] "GET /x-cp-Ax487fr7.php?fileloc=//proc/net/ptype&path=//proc/net HTTP/1.1" 200 2526 "https://mail.wpk54ozo.default.squad4docs.com/x-cp-Ax487fr7.php?path=//proc/net" "Mozilla/5.0 AppleWebKit/537.36 (KHTML, like Gecko; compatible; GPTBot/1.3; +https://openai.com/gptbot)"
74.7.242.60 - - [07/May/2026:12:22:43 +0200] "GET /x-cp-Ax487fr7.php?path=//opt/alt/openldap11/lib64 HTTP/1.1" 200 3091 "https://www.wpk54ozo.default.squad4docs.com/x-cp-Ax487fr7.php?path=//opt/alt/openldap11" "Mozilla/5.0 AppleWebKit/537.36 (KHTML, like Gecko; compatible; GPTBot/1.3; +https://openai.com/gptbot)"
74.7.227.160 - - [07/May/2026:12:22:43 +0200] "GET /x-cp-Ax487fr7.php?path=//proc/6 HTTP/1.1" 200 4248 "https://wpk54ozo.default.squad4docs.com/x-cp-Ax487fr7.php?path=//proc" "Mozilla/5.0 AppleWebKit/537.36 (KHTML, like Gecko; compatible; GPTBot/1.3; +https://openai.com/gptbot)"
74.7.241.12 - - [07/May/2026:12:22:43 +0200] "GET /x-cp-Ax487fr7.php?fileloc=//proc/net/route&path=//proc/net HTTP/1.1" 200 2602 "https://mail.wpk54ozo.default.squad4docs.com/x-cp-Ax487fr7.php?path=//proc/net" "Mozilla/5.0 AppleWebKit/537.36 (KHTML, like Gecko; compatible; GPTBot/1.3; +https://openai.com/gptbot)"
74.7.242.60 - - [07/May/2026:12:22:43 +0200] "GET /x-cp-Ax487fr7.php?fileloc=//bin/wsrep_sst_mysqldump&path=//bin HTTP/1.1" 200 5602 "https://www.wpk54ozo.default.squad4docs.com/x-cp-Ax487fr7.php?path=//bin" "Mozilla/5.0 AppleWebKit/537.36 (KHTML, like Gecko; compatible; GPTBot/1.3; +https://openai.com/gptbot)"
74.7.227.160 - - [07/May/2026:12:22:43 +0200] "GET /x-cp-Ax487fr7.php?path=//proc/7 HTTP/1.1" 200 4249 "https://wpk54ozo.default.squad4docs.com/x-cp-Ax487fr7.php?path=//proc" "Mozilla/5.0 AppleWebKit/537.36 (KHTML, like Gecko; compatible; GPTBot/1.3; +https://openai.com/gptbot)"
74.7.241.12 - - [07/May/2026:12:22:43 +0200] "GET /x-cp-Ax487fr7.php?fileloc=//proc/net/rt_cache&path=//proc/net HTTP/1.1" 200 2566 "https://mail.wpk54ozo.default.squad4docs.com/x-cp-Ax487fr7.php?path=//proc/net" "Mozilla/5.0 AppleWebKit/537.36 (KHTML, like Gecko; compatible; GPTBot/1.3; +https://openai.com/gptbot)"
74.7.242.60 - - [07/May/2026:12:22:44 +0200] "GET /x-cp-Ax487fr7.php?path=/home/myanpa HTTP/1.1" 200 2521 "https://www.wpk54ozo.default.squad4docs.com/x-cp-Ax487fr7.php?path=/home" "Mozilla/5.0 AppleWebKit/537.36 (KHTML, like Gecko; compatible; GPTBot/1.3; +https://openai.com/gptbot)"
74.7.227.160 - - [07/May/2026:12:22:44 +0200] "GET /x-cp-Ax487fr7.php?fileloc=//opt/imunify360/venv/bin/pip3&path=//opt/imunify360/venv/bin HTTP/1.1" 200 2669 "https://wpk54ozo.default.squad4docs.com/x-cp-Ax487fr7.php?path=//opt/imunify360/venv/bin" "Mozilla/5.0 AppleWebKit/537.36 (KHTML, like Gecko; compatible; GPTBot/1.3; +https://openai.com/gptbot)"
74.7.241.12 - - [07/May/2026:12:22:44 +0200] "GET /x-cp-Ax487fr7.php?fileloc=//proc/net/icmp&path=//proc/net HTTP/1.1" 200 2546 "https://mail.wpk54ozo.default.squad4docs.com/x-cp-Ax487fr7.php?path=//proc/net" "Mozilla/5.0 AppleWebKit/537.36 (KHTML, like Gecko; compatible; GPTBot/1.3; +https://openai.com/gptbot)"
74.7.242.60 - - [07/May/2026:12:22:44 +0200] "GET /x-cp-Ax487fr7.php?path=//var/lib/cloudlinux-app-version-detector HTTP/1.1" 200 2826 "https://www.wpk54ozo.default.squad4docs.com/x-cp-Ax487fr7.php?path=//var/lib" "Mozilla/5.0 AppleWebKit/537.36 (KHTML, like Gecko; compatible; GPTBot/1.3; +https://openai.com/gptbot)"
74.7.227.160 - - [07/May/2026:12:22:44 +0200] "GET /x-cp-Ax487fr7.php?path=//proc/2 HTTP/1.1" 200 4248 "https://wpk54ozo.default.squad4docs.com/x-cp-Ax487fr7.php?path=//proc" "Mozilla/5.0 AppleWebKit/537.36 (KHTML, like Gecko; compatible; GPTBot/1.3; +https://openai.com/gptbot)"
74.7.241.12 - - [07/May/2026:12:22:44 +0200] "GET /x-cp-Ax487fr7.php?fileloc=//proc/net/packet&path=//proc/net HTTP/1.1" 200 2538 "https://mail.wpk54ozo.default.squad4docs.com/x-cp-Ax487fr7.php?path=//proc/net" "Mozilla/5.0 AppleWebKit/537.36 (KHTML, like Gecko; compatible; GPTBot/1.3; +https://openai.com/gptbot)"
74.7.242.60 - - [07/May/2026:12:22:45 +0200] "GET /x-cp-Ax487fr7.php?path=//var/lib/spamassassin/compiled HTTP/1.1" 200 2823 "https://www.wpk54ozo.default.squad4docs.com/x-cp-Ax487fr7.php?path=//var/lib/spamassassin" "Mozilla/5.0 AppleWebKit/537.36 (KHTML, like Gecko; compatible; GPTBot/1.3; +https://openai.com/gptbot)"
74.7.227.160 - - [07/May/2026:12:22:45 +0200] "GET /x-cp-Ax487fr7.php?path=//proc/8 HTTP/1.1" 200 4248 "https://wpk54ozo.default.squad4docs.com/x-cp-Ax487fr7.php?path=//proc" "Mozilla/5.0 AppleWebKit/537.36 (KHTML, like Gecko; compatible; GPTBot/1.3; +https://openai.com/gptbot)"
74.7.241.12 - - [07/May/2026:12:22:45 +0200] "GET /x-cp-Ax487fr7.php?fileloc=//proc/net/netstat&path=//proc/net HTTP/1.1" 200 3555 "https://mail.wpk54ozo.default.squad4docs.com/x-cp-Ax487fr7.php?path=//proc/net" "Mozilla/5.0 AppleWebKit/537.36 (KHTML, like Gecko; compatible; GPTBot/1.3; +https://openai.com/gptbot)"
74.7.242.60 - - [07/May/2026:12:22:45 +0200] "GET /x-cp-Ax487fr7.php?path=//etc/ppp HTTP/1.1" 200 3059 "https://www.wpk54ozo.default.squad4docs.com/x-cp-Ax487fr7.php?path=//etc" "Mozilla/5.0 AppleWebKit/537.36 (KHTML, like Gecko; compatible; GPTBot/1.3; +https://openai.com/gptbot)"
74.7.227.160 - - [07/May/2026:12:22:45 +0200] "GET /x-cp-Ax487fr7.php?fileloc=//proc/net/udp6&path=//proc/net HTTP/1.1" 200 2719 "https://wpk54ozo.default.squad4docs.com/x-cp-Ax487fr7.php?path=//proc/net" "Mozilla/5.0 AppleWebKit/537.36 (KHTML, like Gecko; compatible; GPTBot/1.3; +https://openai.com/gptbot)"
74.7.241.12 - - [07/May/2026:12:22:46 +0200] "GET /x-cp-Ax487fr7.php?fileloc=//proc/net/tcp6&path=//proc/net HTTP/1.1" 200 2728 "https://mail.wpk54ozo.default.squad4docs.com/x-cp-Ax487fr7.php?path=//proc/net" "Mozilla/5.0 AppleWebKit/537.36 (KHTML, like Gecko; compatible; GPTBot/1.3; +https://openai.com/gptbot)"
74.7.242.60 - - [07/May/2026:12:22:46 +0200] "GET /x-cp-Ax487fr7.php?path=//var/lib/net-snmp HTTP/1.1" 200 2819 "https://www.wpk54ozo.default.squad4docs.com/x-cp-Ax487fr7.php?path=//var/lib" "Mozilla/5.0 AppleWebKit/537.36 (KHTML, like Gecko; compatible; GPTBot/1.3; +https://openai.com/gptbot)"
74.7.227.160 - - [07/May/2026:12:22:46 +0200] "GET /x-cp-Ax487fr7.php?fileloc=//proc/net/ptype&path=//proc/net HTTP/1.1" 200 2526 "https://wpk54ozo.default.squad4docs.com/x-cp-Ax487fr7.php?path=//proc/net" "Mozilla/5.0 AppleWebKit/537.36 (KHTML, like Gecko; compatible; GPTBot/1.3; +https://openai.com/gptbot)"
74.7.241.12 - - [07/May/2026:12:22:46 +0200] "GET /x-cp-Ax487fr7.php?fileloc=//proc/net/dev_mcast&path=//proc/net HTTP/1.1" 200 2502 "https://mail.wpk54ozo.default.squad4docs.com/x-cp-Ax487fr7.php?path=//proc/net" "Mozilla/5.0 AppleWebKit/537.36 (KHTML, like Gecko; compatible; GPTBot/1.3; +https://openai.com/gptbot)"
74.7.242.60 - - [07/May/2026:12:22:46 +0200] "GET /x-cp-Ax487fr7.php?path=//usr/lib/NetworkManager HTTP/1.1" 200 2822 "https://www.wpk54ozo.default.squad4docs.com/x-cp-Ax487fr7.php?path=//usr/lib" "Mozilla/5.0 AppleWebKit/537.36 (KHTML, like Gecko; compatible; GPTBot/1.3; +https://openai.com/gptbot)"
74.7.227.160 - - [07/May/2026:12:22:46 +0200] "GET /x-cp-Ax487fr7.php?fileloc=//proc/net/route&path=//proc/net HTTP/1.1" 200 2602 "https://wpk54ozo.default.squad4docs.com/x-cp-Ax487fr7.php?path=//proc/net" "Mozilla/5.0 AppleWebKit/537.36 (KHTML, like Gecko; compatible; GPTBot/1.3; +https://openai.com/gptbot)"
74.7.241.12 - - [07/May/2026:12:22:47 +0200] "GET /x-cp-Ax487fr7.php?fileloc=//proc/net/tcp&path=//proc/net HTTP/1.1" 200 4302 "https://mail.wpk54ozo.default.squad4docs.com/x-cp-Ax487fr7.php?path=//proc/net" "Mozilla/5.0 AppleWebKit/537.36 (KHTML, like Gecko; compatible; GPTBot/1.3; +https://openai.com/gptbot)"
74.7.242.60 - - [07/May/2026:12:22:47 +0200] "GET /x-cp-Ax487fr7.php?path=//usr/lib/.build-id HTTP/1.1" 200 2776 "https://www.wpk54ozo.default.squad4docs.com/x-cp-Ax487fr7.php?path=//usr/lib" "Mozilla/5.0 AppleWebKit/537.36 (KHTML, like Gecko; compatible; GPTBot/1.3; +https://openai.com/gptbot)"
74.7.227.160 - - [07/May/2026:12:22:47 +0200] "GET /x-cp-Ax487fr7.php?fileloc=//proc/net/rt_cache&path=//proc/net HTTP/1.1" 200 2566 "https://wpk54ozo.default.squad4docs.com/x-cp-Ax487fr7.php?path=//proc/net" "Mozilla/5.0 AppleWebKit/537.36 (KHTML, like Gecko; compatible; GPTBot/1.3; +https://openai.com/gptbot)"
74.7.241.12 - - [07/May/2026:12:22:47 +0200] "GET /x-cp-Ax487fr7.php?fileloc=//proc/net/rt_acct&path=//proc/net HTTP/1.1" 200 2510 "https://mail.wpk54ozo.default.squad4docs.com/x-cp-Ax487fr7.php?path=//proc/net" "Mozilla/5.0 AppleWebKit/537.36 (KHTML, like Gecko; compatible; GPTBot/1.3; +https://openai.com/gptbot)"
74.7.242.60 - - [07/May/2026:12:22:47 +0200] "GET /x-cp-Ax487fr7.php?path=/home/heal71threset3 HTTP/1.1" 200 2526 "https://www.wpk54ozo.default.squad4docs.com/x-cp-Ax487fr7.php?path=/home" "Mozilla/5.0 AppleWebKit/537.36 (KHTML, like Gecko; compatible; GPTBot/1.3; +https://openai.com/gptbot)"
74.7.227.160 - - [07/May/2026:12:22:48 +0200] "GET /x-cp-Ax487fr7.php?fileloc=//proc/net/packet&path=//proc/net HTTP/1.1" 200 2538 "https://wpk54ozo.default.squad4docs.com/x-cp-Ax487fr7.php?path=//proc/net" "Mozilla/5.0 AppleWebKit/537.36 (KHTML, like Gecko; compatible; GPTBot/1.3; +https://openai.com/gptbot)"
74.7.241.12 - - [07/May/2026:12:22:48 +0200] "GET /x-cp-Ax487fr7.php?fileloc=//proc/41/stat&path=//proc/41 HTTP/1.1" 200 2546 "https://mail.wpk54ozo.default.squad4docs.com/x-cp-Ax487fr7.php?path=//proc/41" "Mozilla/5.0 AppleWebKit/537.36 (KHTML, like Gecko; compatible; GPTBot/1.3; +https://openai.com/gptbot)"
74.7.242.60 - - [07/May/2026:12:22:48 +0200] "GET /x-cp-Ax487fr7.php?path=//etc/dhcp HTTP/1.1" 200 2521 "https://www.wpk54ozo.default.squad4docs.com/x-cp-Ax487fr7.php?path=//etc" "Mozilla/5.0 AppleWebKit/537.36 (KHTML, like Gecko; compatible; GPTBot/1.3; +https://openai.com/gptbot)"
74.7.227.160 - - [07/May/2026:12:22:48 +0200] "GET /x-cp-Ax487fr7.php?fileloc=//proc/net/icmp&path=//proc/net HTTP/1.1" 200 2546 "https://wpk54ozo.default.squad4docs.com/x-cp-Ax487fr7.php?path=//proc/net" "Mozilla/5.0 AppleWebKit/537.36 (KHTML, like Gecko; compatible; GPTBot/1.3; +https://openai.com/gptbot)"
74.7.241.12 - - [07/May/2026:12:22:48 +0200] "GET /x-cp-Ax487fr7.php?fileloc=//proc/net/arp&path=//proc/net HTTP/1.1" 200 2565 "https://mail.wpk54ozo.default.squad4docs.com/x-cp-Ax487fr7.php?path=//proc/net" "Mozilla/5.0 AppleWebKit/537.36 (KHTML, like Gecko; compatible; GPTBot/1.3; +https://openai.com/gptbot)"
74.7.227.160 - - [07/May/2026:12:22:49 +0200] "GET /x-cp-Ax487fr7.php?fileloc=//proc/net/netstat&path=//proc/net HTTP/1.1" 200 3556 "https://wpk54ozo.default.squad4docs.com/x-cp-Ax487fr7.php?path=//proc/net" "Mozilla/5.0 AppleWebKit/537.36 (KHTML, like Gecko; compatible; GPTBot/1.3; +https://openai.com/gptbot)"
74.7.242.60 - - [07/May/2026:12:22:49 +0200] "GET /x-cp-Ax487fr7.php?path=//scripts HTTP/1.1" 200 21211 "https://www.wpk54ozo.default.squad4docs.com/x-cp-Ax487fr7.php?path=/" "Mozilla/5.0 AppleWebKit/537.36 (KHTML, like Gecko; compatible; GPTBot/1.3; +https://openai.com/gptbot)"
74.7.241.12 - - [07/May/2026:12:22:49 +0200] "GET /x-cp-Ax487fr7.php?fileloc=//proc/net/snmp&path=//proc/net HTTP/1.1" 200 3013 "https://mail.wpk54ozo.default.squad4docs.com/x-cp-Ax487fr7.php?path=//proc/net" "Mozilla/5.0 AppleWebKit/537.36 (KHTML, like Gecko; compatible; GPTBot/1.3; +https://openai.com/gptbot)"
74.7.227.160 - - [07/May/2026:12:22:49 +0200] "GET /x-cp-Ax487fr7.php?fileloc=//proc/net/tcp6&path=//proc/net HTTP/1.1" 200 2728 "https://wpk54ozo.default.squad4docs.com/x-cp-Ax487fr7.php?path=//proc/net" "Mozilla/5.0 AppleWebKit/537.36 (KHTML, like Gecko; compatible; GPTBot/1.3; +https://openai.com/gptbot)"
74.7.242.60 - - [07/May/2026:12:22:49 +0200] "GET /x-cp-Ax487fr7.php?path=//opt/alt/python-internal/etc HTTP/1.1" 200 2822 "https://www.wpk54ozo.default.squad4docs.com/x-cp-Ax487fr7.php?path=//opt/alt/python-internal" "Mozilla/5.0 AppleWebKit/537.36 (KHTML, like Gecko; compatible; GPTBot/1.3; +https://openai.com/gptbot)"
74.7.241.12 - - [07/May/2026:12:22:49 +0200] "GET /x-cp-Ax487fr7.php?fileloc=//proc/net/unix&path=//proc/net HTTP/1.1" 200 5949 "https://mail.wpk54ozo.default.squad4docs.com/x-cp-Ax487fr7.php?path=//proc/net" "Mozilla/5.0 AppleWebKit/537.36 (KHTML, like Gecko; compatible; GPTBot/1.3; +https://openai.com/gptbot)"
74.7.227.160 - - [07/May/2026:12:22:50 +0200] "GET /x-cp-Ax487fr7.php?fileloc=//proc/net/dev_mcast&path=//proc/net HTTP/1.1" 200 2502 "https://wpk54ozo.default.squad4docs.com/x-cp-Ax487fr7.php?path=//proc/net" "Mozilla/5.0 AppleWebKit/537.36 (KHTML, like Gecko; compatible; GPTBot/1.3; +https://openai.com/gptbot)"
74.7.242.60 - - [07/May/2026:12:22:50 +0200] "GET /x-cp-Ax487fr7.php?path=//var/run/cryptsetup HTTP/1.1" 200 2534 "https://www.wpk54ozo.default.squad4docs.com/x-cp-Ax487fr7.php?path=//var/run" "Mozilla/5.0 AppleWebKit/537.36 (KHTML, like Gecko; compatible; GPTBot/1.3; +https://openai.com/gptbot)"
74.7.241.12 - - [07/May/2026:12:22:50 +0200] "GET /x-cp-Ax487fr7.php?fileloc=//proc/net/psched&path=//proc/net HTTP/1.1" 200 2496 "https://mail.wpk54ozo.default.squad4docs.com/x-cp-Ax487fr7.php?path=//proc/net" "Mozilla/5.0 AppleWebKit/537.36 (KHTML, like Gecko; compatible; GPTBot/1.3; +https://openai.com/gptbot)"
74.7.227.160 - - [07/May/2026:12:22:50 +0200] "GET /x-cp-Ax487fr7.php?fileloc=//proc/net/arp&path=//proc/net HTTP/1.1" 200 2565 "https://wpk54ozo.default.squad4docs.com/x-cp-Ax487fr7.php?path=//proc/net" "Mozilla/5.0 AppleWebKit/537.36 (KHTML, like Gecko; compatible; GPTBot/1.3; +https://openai.com/gptbot)"
74.7.242.60 - - [07/May/2026:12:22:50 +0200] "GET /x-cp-Ax487fr7.php?path=//opt/alt/python-internal/bin HTTP/1.1" 200 2938 "https://www.wpk54ozo.default.squad4docs.com/x-cp-Ax487fr7.php?path=//opt/alt/python-internal" "Mozilla/5.0 AppleWebKit/537.36 (KHTML, like Gecko; compatible; GPTBot/1.3; +https://openai.com/gptbot)"
74.7.241.12 - - [07/May/2026:12:22:50 +0200] "GET /x-cp-Ax487fr7.php?fileloc=//proc/net/fib_trie&path=//proc/net HTTP/1.1" 200 2670 "https://mail.wpk54ozo.default.squad4docs.com/x-cp-Ax487fr7.php?path=//proc/net" "Mozilla/5.0 AppleWebKit/537.36 (KHTML, like Gecko; compatible; GPTBot/1.3; +https://openai.com/gptbot)"
74.7.227.160 - - [07/May/2026:12:22:51 +0200] "GET /x-cp-Ax487fr7.php?fileloc=//proc/net/tcp&path=//proc/net HTTP/1.1" 200 4263 "https://wpk54ozo.default.squad4docs.com/x-cp-Ax487fr7.php?path=//proc/net" "Mozilla/5.0 AppleWebKit/537.36 (KHTML, like Gecko; compatible; GPTBot/1.3; +https://openai.com/gptbot)"
74.7.241.12 - - [07/May/2026:12:22:51 +0200] "GET /x-cp-Ax487fr7.php?fileloc=//proc/net/igmp&path=//proc/net HTTP/1.1" 200 2554 "https://mail.wpk54ozo.default.squad4docs.com/x-cp-Ax487fr7.php?path=//proc/net" "Mozilla/5.0 AppleWebKit/537.36 (KHTML, like Gecko; compatible; GPTBot/1.3; +https://openai.com/gptbot)"
74.7.242.60 - - [07/May/2026:12:22:51 +0200] "GET /x-cp-Ax487fr7.php?path=//sys/bus/node HTTP/1.1" 200 2989 "https://www.wpk54ozo.default.squad4docs.com/x-cp-Ax487fr7.php?path=//sys/bus" "Mozilla/5.0 AppleWebKit/537.36 (KHTML, like Gecko; compatible; GPTBot/1.3; +https://openai.com/gptbot)"
74.7.227.160 - - [07/May/2026:12:22:51 +0200] "GET /x-cp-Ax487fr7.php?fileloc=//proc/net/rt_acct&path=//proc/net HTTP/1.1" 200 2510 "https://wpk54ozo.default.squad4docs.com/x-cp-Ax487fr7.php?path=//proc/net" "Mozilla/5.0 AppleWebKit/537.36 (KHTML, like Gecko; compatible; GPTBot/1.3; +https://openai.com/gptbot)"
74.7.242.60 - - [07/May/2026:12:22:51 +0200] "GET /x-cp-Ax487fr7.php?path=//etc/NetworkManager/dispatcher.d/pre-down.d HTTP/1.1" 200 2558 "https://www.wpk54ozo.default.squad4docs.com/x-cp-Ax487fr7.php?path=//etc/NetworkManager/dispatcher.d" "Mozilla/5.0 AppleWebKit/537.36 (KHTML, like Gecko; compatible; GPTBot/1.3; +https://openai.com/gptbot)"
74.7.241.12 - - [07/May/2026:12:22:51 +0200] "GET /x-cp-Ax487fr7.php?fileloc=//proc/net/ip_tables_names&path=//proc/net HTTP/1.1" 200 2475 "https://mail.wpk54ozo.default.squad4docs.com/x-cp-Ax487fr7.php?path=//proc/net" "Mozilla/5.0 AppleWebKit/537.36 (KHTML, like Gecko; compatible; GPTBot/1.3; +https://openai.com/gptbot)"
74.7.227.160 - - [07/May/2026:12:22:52 +0200] "GET /x-cp-Ax487fr7.php?fileloc=//proc/net/unix&path=//proc/net HTTP/1.1" 200 5949 "https://wpk54ozo.default.squad4docs.com/x-cp-Ax487fr7.php?path=//proc/net" "Mozilla/5.0 AppleWebKit/537.36 (KHTML, like Gecko; compatible; GPTBot/1.3; +https://openai.com/gptbot)"
74.7.242.60 - - [07/May/2026:12:22:52 +0200] "GET /x-cp-Ax487fr7.php?path=//var/lib/net-snmp/mib_indexes HTTP/1.1" 200 2809 "https://www.wpk54ozo.default.squad4docs.com/x-cp-Ax487fr7.php?path=//var/lib/net-snmp" "Mozilla/5.0 AppleWebKit/537.36 (KHTML, like Gecko; compatible; GPTBot/1.3; +https://openai.com/gptbot)"
74.7.241.12 - - [07/May/2026:12:22:52 +0200] "GET /x-cp-Ax487fr7.php?fileloc=//proc/net/connector&path=//proc/net HTTP/1.1" 200 2495 "https://mail.wpk54ozo.default.squad4docs.com/x-cp-Ax487fr7.php?path=//proc/net" "Mozilla/5.0 AppleWebKit/537.36 (KHTML, like Gecko; compatible; GPTBot/1.3; +https://openai.com/gptbot)"
74.7.227.160 - - [07/May/2026:12:22:52 +0200] "GET /x-cp-Ax487fr7.php?fileloc=//proc/net/snmp&path=//proc/net HTTP/1.1" 200 3013 "https://wpk54ozo.default.squad4docs.com/x-cp-Ax487fr7.php?path=//proc/net" "Mozilla/5.0 AppleWebKit/537.36 (KHTML, like Gecko; compatible; GPTBot/1.3; +https://openai.com/gptbot)"
74.7.242.60 - - [07/May/2026:12:22:52 +0200] "GET /x-cp-Ax487fr7.php?path=//usr/lib/NetworkManager/VPN HTTP/1.1" 200 2546 "https://www.wpk54ozo.default.squad4docs.com/x-cp-Ax487fr7.php?path=//usr/lib/NetworkManager" "Mozilla/5.0 AppleWebKit/537.36 (KHTML, like Gecko; compatible; GPTBot/1.3; +https://openai.com/gptbot)"
74.7.241.12 - - [07/May/2026:12:22:52 +0200] "GET /x-cp-Ax487fr7.php?fileloc=//proc/net/protocols&path=//proc/net HTTP/1.1" 200 2797 "https://mail.wpk54ozo.default.squad4docs.com/x-cp-Ax487fr7.php?path=//proc/net" "Mozilla/5.0 AppleWebKit/537.36 (KHTML, like Gecko; compatible; GPTBot/1.3; +https://openai.com/gptbot)"
74.7.227.160 - - [07/May/2026:12:22:53 +0200] "GET /x-cp-Ax487fr7.php?fileloc=//proc/net/psched&path=//proc/net HTTP/1.1" 200 2496 "https://wpk54ozo.default.squad4docs.com/x-cp-Ax487fr7.php?path=//proc/net" "Mozilla/5.0 AppleWebKit/537.36 (KHTML, like Gecko; compatible; GPTBot/1.3; +https://openai.com/gptbot)"
74.7.241.12 - - [07/May/2026:12:22:53 +0200] "GET /x-cp-Ax487fr7.php?fileloc=//proc/net/xfrm_stat&path=//proc/net HTTP/1.1" 200 2655 "https://mail.wpk54ozo.default.squad4docs.com/x-cp-Ax487fr7.php?path=//proc/net" "Mozilla/5.0 AppleWebKit/537.36 (KHTML, like Gecko; compatible; GPTBot/1.3; +https://openai.com/gptbot)"
74.7.242.60 - - [07/May/2026:12:22:53 +0200] "GET /x-cp-Ax487fr7.php?path=//usr/lib/.build-id/c7 HTTP/1.1" 200 2837 "https://www.wpk54ozo.default.squad4docs.com/x-cp-Ax487fr7.php?path=//usr/lib/.build-id" "Mozilla/5.0 AppleWebKit/537.36 (KHTML, like Gecko; compatible; GPTBot/1.3; +https://openai.com/gptbot)"
74.7.242.60 - - [07/May/2026:12:22:55 +0200] "GET /x-cp-Ax487fr7.php?path=//etc/NetworkManager/dispatcher.d/no-wait.d HTTP/1.1" 200 2557 "https://www.wpk54ozo.default.squad4docs.com/x-cp-Ax487fr7.php?path=//etc/NetworkManager/dispatcher.d" "Mozilla/5.0 AppleWebKit/537.36 (KHTML, like Gecko; compatible; GPTBot/1.3; +https://openai.com/gptbot)"
74.7.227.160 - - [07/May/2026:12:22:54 +0200] "GET /x-cp-Ax487fr7.php?fileloc=//proc/net/fib_trie&path=//proc/net HTTP/1.1" 200 2670 "https://wpk54ozo.default.squad4docs.com/x-cp-Ax487fr7.php?path=//proc/net" "Mozilla/5.0 AppleWebKit/537.36 (KHTML, like Gecko; compatible; GPTBot/1.3; +https://openai.com/gptbot)"
74.7.241.12 - - [07/May/2026:12:22:55 +0200] "GET /x-cp-Ax487fr7.php?fileloc=//proc/net/sockstat&path=//proc/net HTTP/1.1" 200 2556 "https://mail.wpk54ozo.default.squad4docs.com/x-cp-Ax487fr7.php?path=//proc/net" "Mozilla/5.0 AppleWebKit/537.36 (KHTML, like Gecko; compatible; GPTBot/1.3; +https://openai.com/gptbot)"
74.7.242.60 - - [07/May/2026:12:22:56 +0200] "GET /x-cp-Ax487fr7.php?path=//opt/imunify360 HTTP/1.1" 200 2808 "https://www.wpk54ozo.default.squad4docs.com/x-cp-Ax487fr7.php?path=//opt" "Mozilla/5.0 AppleWebKit/537.36 (KHTML, like Gecko; compatible; GPTBot/1.3; +https://openai.com/gptbot)"
74.7.241.12 - - [07/May/2026:12:22:57 +0200] "GET /x-cp-Ax487fr7.php?fileloc=//proc/net/netlink&path=//proc/net HTTP/1.1" 200 2728 "https://mail.wpk54ozo.default.squad4docs.com/x-cp-Ax487fr7.php?path=//proc/net" "Mozilla/5.0 AppleWebKit/537.36 (KHTML, like Gecko; compatible; GPTBot/1.3; +https://openai.com/gptbot)"
74.7.227.160 - - [07/May/2026:12:22:56 +0200] "GET /x-cp-Ax487fr7.php?fileloc=//proc/net/igmp&path=//proc/net HTTP/1.1" 200 2554 "https://wpk54ozo.default.squad4docs.com/x-cp-Ax487fr7.php?path=//proc/net" "Mozilla/5.0 AppleWebKit/537.36 (KHTML, like Gecko; compatible; GPTBot/1.3; +https://openai.com/gptbot)"
74.7.242.60 - - [07/May/2026:12:22:58 +0200] "GET /x-cp-Ax487fr7.php?fileloc=//scripts/patch_mail_spamassassin_compiledregexps_body_0&path=//scripts HTTP/1.1" 200 3382 "https://www.wpk54ozo.default.squad4docs.com/x-cp-Ax487fr7.php?path=//scripts" "Mozilla/5.0 AppleWebKit/537.36 (KHTML, like Gecko; compatible; GPTBot/1.3; +https://openai.com/gptbot)"
74.7.227.160 - - [07/May/2026:12:22:58 +0200] "GET /x-cp-Ax487fr7.php?fileloc=//proc/net/ip_tables_names&path=//proc/net HTTP/1.1" 200 2475 "https://wpk54ozo.default.squad4docs.com/x-cp-Ax487fr7.php?path=//proc/net" "Mozilla/5.0 AppleWebKit/537.36 (KHTML, like Gecko; compatible; GPTBot/1.3; +https://openai.com/gptbot)"
74.7.241.12 - - [07/May/2026:12:22:58 +0200] "GET /x-cp-Ax487fr7.php?fileloc=//proc/net/mcfilter&path=//proc/net HTTP/1.1" 200 2504 "https://mail.wpk54ozo.default.squad4docs.com/x-cp-Ax487fr7.php?path=//proc/net" "Mozilla/5.0 AppleWebKit/537.36 (KHTML, like Gecko; compatible; GPTBot/1.3; +https://openai.com/gptbot)"
74.7.227.160 - - [07/May/2026:12:22:59 +0200] "GET /x-cp-Ax487fr7.php?fileloc=//proc/net/protocols&path=//proc/net HTTP/1.1" 200 2800 "https://wpk54ozo.default.squad4docs.com/x-cp-Ax487fr7.php?path=//proc/net" "Mozilla/5.0 AppleWebKit/537.36 (KHTML, like Gecko; compatible; GPTBot/1.3; +https://openai.com/gptbot)"
74.7.242.60 - - [07/May/2026:12:22:59 +0200] "GET /x-cp-Ax487fr7.php?fileloc=//scripts/convert2dovecot&path=//scripts HTTP/1.1" 200 2749 "https://www.wpk54ozo.default.squad4docs.com/x-cp-Ax487fr7.php?path=//scripts" "Mozilla/5.0 AppleWebKit/537.36 (KHTML, like Gecko; compatible; GPTBot/1.3; +https://openai.com/gptbot)"
74.7.241.12 - - [07/May/2026:12:23:00 +0200] "GET /x-cp-Ax487fr7.php?fileloc=//proc/net/udplite&path=//proc/net HTTP/1.1" 200 2548 "https://mail.wpk54ozo.default.squad4docs.com/x-cp-Ax487fr7.php?path=//proc/net" "Mozilla/5.0 AppleWebKit/537.36 (KHTML, like Gecko; compatible; GPTBot/1.3; +https://openai.com/gptbot)"
74.7.227.160 - - [07/May/2026:12:23:00 +0200] "GET /x-cp-Ax487fr7.php?fileloc=//proc/net/connector&path=//proc/net HTTP/1.1" 200 2495 "https://wpk54ozo.default.squad4docs.com/x-cp-Ax487fr7.php?path=//proc/net" "Mozilla/5.0 AppleWebKit/537.36 (KHTML, like Gecko; compatible; GPTBot/1.3; +https://openai.com/gptbot)"
74.7.242.60 - - [07/May/2026:12:23:01 +0200] "GET /x-cp-Ax487fr7.php?fileloc=//scripts/rsync-user-homedir.pl&path=//scripts HTTP/1.1" 200 4917 "https://www.wpk54ozo.default.squad4docs.com/x-cp-Ax487fr7.php?path=//scripts" "Mozilla/5.0 AppleWebKit/537.36 (KHTML, like Gecko; compatible; GPTBot/1.3; +https://openai.com/gptbot)"
74.7.241.12 - - [07/May/2026:12:23:01 +0200] "GET /x-cp-Ax487fr7.php?fileloc=//proc/net/ipv6_route&path=//proc/net HTTP/1.1" 200 2595 "https://mail.wpk54ozo.default.squad4docs.com/x-cp-Ax487fr7.php?path=//proc/net" "Mozilla/5.0 AppleWebKit/537.36 (KHTML, like Gecko; compatible; GPTBot/1.3; +https://openai.com/gptbot)"
74.7.227.160 - - [07/May/2026:12:23:01 +0200] "GET /x-cp-Ax487fr7.php?fileloc=//proc/net/xfrm_stat&path=//proc/net HTTP/1.1" 200 2655 "https://wpk54ozo.default.squad4docs.com/x-cp-Ax487fr7.php?path=//proc/net" "Mozilla/5.0 AppleWebKit/537.36 (KHTML, like Gecko; compatible; GPTBot/1.3; +https://openai.com/gptbot)"
74.7.227.160 - - [07/May/2026:12:23:02 +0200] "GET /x-cp-Ax487fr7.php?fileloc=//proc/net/netlink&path=//proc/net HTTP/1.1" 200 2728 "https://wpk54ozo.default.squad4docs.com/x-cp-Ax487fr7.php?path=//proc/net" "Mozilla/5.0 AppleWebKit/537.36 (KHTML, like Gecko; compatible; GPTBot/1.3; +https://openai.com/gptbot)"
74.7.241.12 - - [07/May/2026:12:23:02 +0200] "GET /x-cp-Ax487fr7.php?fileloc=//proc/net/wireless&path=//proc/net HTTP/1.1" 200 2572 "https://mail.wpk54ozo.default.squad4docs.com/x-cp-Ax487fr7.php?path=//proc/net" "Mozilla/5.0 AppleWebKit/537.36 (KHTML, like Gecko; compatible; GPTBot/1.3; +https://openai.com/gptbot)"
74.7.242.60 - - [07/May/2026:12:23:02 +0200] "GET /x-cp-Ax487fr7.php?fileloc=//scripts/locale_import&path=//scripts HTTP/1.1" 200 4104 "https://www.wpk54ozo.default.squad4docs.com/x-cp-Ax487fr7.php?path=//scripts" "Mozilla/5.0 AppleWebKit/537.36 (KHTML, like Gecko; compatible; GPTBot/1.3; +https://openai.com/gptbot)"
74.7.227.160 - - [07/May/2026:12:23:03 +0200] "GET /x-cp-Ax487fr7.php?fileloc=//proc/net/mcfilter&path=//proc/net HTTP/1.1" 200 2504 "https://wpk54ozo.default.squad4docs.com/x-cp-Ax487fr7.php?path=//proc/net" "Mozilla/5.0 AppleWebKit/537.36 (KHTML, like Gecko; compatible; GPTBot/1.3; +https://openai.com/gptbot)"
74.7.241.12 - - [07/May/2026:12:23:03 +0200] "GET /x-cp-Ax487fr7.php?fileloc=//proc/net/raw6&path=//proc/net HTTP/1.1" 200 2545 "https://mail.wpk54ozo.default.squad4docs.com/x-cp-Ax487fr7.php?path=//proc/net" "Mozilla/5.0 AppleWebKit/537.36 (KHTML, like Gecko; compatible; GPTBot/1.3; +https://openai.com/gptbot)"
74.7.242.60 - - [07/May/2026:12:23:03 +0200] "GET /x-cp-Ax487fr7.php?path=//var/lib/spamassassin/compiled/5.032 HTTP/1.1" 200 2805 "https://www.wpk54ozo.default.squad4docs.com/x-cp-Ax487fr7.php?path=//var/lib/spamassassin/compiled" "Mozilla/5.0 AppleWebKit/537.36 (KHTML, like Gecko; compatible; GPTBot/1.3; +https://openai.com/gptbot)"
74.7.227.160 - - [07/May/2026:12:23:04 +0200] "GET /x-cp-Ax487fr7.php?fileloc=//proc/net/udplite&path=//proc/net HTTP/1.1" 200 2548 "https://wpk54ozo.default.squad4docs.com/x-cp-Ax487fr7.php?path=//proc/net" "Mozilla/5.0 AppleWebKit/537.36 (KHTML, like Gecko; compatible; GPTBot/1.3; +https://openai.com/gptbot)"
74.7.242.60 - - [07/May/2026:12:23:04 +0200] "GET /x-cp-Ax487fr7.php?path=//var/lib/spamassassin/compiled/5.036 HTTP/1.1" 200 2806 "https://www.wpk54ozo.default.squad4docs.com/x-cp-Ax487fr7.php?path=//var/lib/spamassassin/compiled" "Mozilla/5.0 AppleWebKit/537.36 (KHTML, like Gecko; compatible; GPTBot/1.3; +https://openai.com/gptbot)"
74.7.241.12 - - [07/May/2026:12:23:04 +0200] "GET /x-cp-Ax487fr7.php?fileloc=//proc/net/igmp6&path=//proc/net HTTP/1.1" 200 2514 "https://mail.wpk54ozo.default.squad4docs.com/x-cp-Ax487fr7.php?path=//proc/net" "Mozilla/5.0 AppleWebKit/537.36 (KHTML, like Gecko; compatible; GPTBot/1.3; +https://openai.com/gptbot)"
74.7.227.160 - - [07/May/2026:12:23:05 +0200] "GET /x-cp-Ax487fr7.php?fileloc=//proc/net/sockstat&path=//proc/net HTTP/1.1" 200 2555 "https://wpk54ozo.default.squad4docs.com/x-cp-Ax487fr7.php?path=//proc/net" "Mozilla/5.0 AppleWebKit/537.36 (KHTML, like Gecko; compatible; GPTBot/1.3; +https://openai.com/gptbot)"
74.7.241.12 - - [07/May/2026:12:23:05 +0200] "GET /x-cp-Ax487fr7.php?fileloc=//proc/net/snmp6&path=//proc/net HTTP/1.1" 200 3022 "https://mail.wpk54ozo.default.squad4docs.com/x-cp-Ax487fr7.php?path=//proc/net" "Mozilla/5.0 AppleWebKit/537.36 (KHTML, like Gecko; compatible; GPTBot/1.3; +https://openai.com/gptbot)"
74.7.242.60 - - [07/May/2026:12:23:05 +0200] "GET /x-cp-Ax487fr7.php?fileloc=//var/lib/net-snmp/mib_indexes/0&path=//var/lib/net-snmp/mib_indexes HTTP/1.1" 200 3228 "https://www.wpk54ozo.default.squad4docs.com/x-cp-Ax487fr7.php?path=//var/lib/net-snmp/mib_indexes" "Mozilla/5.0 AppleWebKit/537.36 (KHTML, like Gecko; compatible; GPTBot/1.3; +https://openai.com/gptbot)"
74.7.227.160 - - [07/May/2026:12:23:06 +0200] "GET /x-cp-Ax487fr7.php?fileloc=//proc/net/ipv6_route&path=//proc/net HTTP/1.1" 200 2596 "https://wpk54ozo.default.squad4docs.com/x-cp-Ax487fr7.php?path=//proc/net" "Mozilla/5.0 AppleWebKit/537.36 (KHTML, like Gecko; compatible; GPTBot/1.3; +https://openai.com/gptbot)"
74.7.241.12 - - [07/May/2026:12:23:07 +0200] "GET /x-cp-Ax487fr7.php?fileloc=//proc/net/udp6&path=//proc/net HTTP/1.1" 200 2719 "https://mail.wpk54ozo.default.squad4docs.com/x-cp-Ax487fr7.php?path=//proc/net" "Mozilla/5.0 AppleWebKit/537.36 (KHTML, like Gecko; compatible; GPTBot/1.3; +https://openai.com/gptbot)"
74.7.242.60 - - [07/May/2026:12:23:07 +0200] "GET /x-cp-Ax487fr7.php?path=//root HTTP/1.1" 200 2511 "https://www.wpk54ozo.default.squad4docs.com/x-cp-Ax487fr7.php?path=/" "Mozilla/5.0 AppleWebKit/537.36 (KHTML, like Gecko; compatible; GPTBot/1.3; +https://openai.com/gptbot)"
74.7.227.160 - - [07/May/2026:12:23:08 +0200] "GET /x-cp-Ax487fr7.php?fileloc=//proc/net/wireless&path=//proc/net HTTP/1.1" 200 2572 "https://wpk54ozo.default.squad4docs.com/x-cp-Ax487fr7.php?path=//proc/net" "Mozilla/5.0 AppleWebKit/537.36 (KHTML, like Gecko; compatible; GPTBot/1.3; +https://openai.com/gptbot)"
74.7.241.12 - - [07/May/2026:12:23:08 +0200] "GET /x-cp-Ax487fr7.php?fileloc=//proc/net/if_inet6&path=//proc/net HTTP/1.1" 200 2473 "https://mail.wpk54ozo.default.squad4docs.com/x-cp-Ax487fr7.php?path=//proc/net" "Mozilla/5.0 AppleWebKit/537.36 (KHTML, like Gecko; compatible; GPTBot/1.3; +https://openai.com/gptbot)"
74.7.242.60 - - [07/May/2026:12:23:08 +0200] "GET /x-cp-Ax487fr7.php?path=//boot HTTP/1.1" 200 3891 "https://www.wpk54ozo.default.squad4docs.com/x-cp-Ax487fr7.php?path=/" "Mozilla/5.0 AppleWebKit/537.36 (KHTML, like Gecko; compatible; GPTBot/1.3; +https://openai.com/gptbot)"
74.7.241.12 - - [07/May/2026:12:23:09 +0200] "GET /x-cp-Ax487fr7.php?fileloc=//proc/net/raw&path=//proc/net HTTP/1.1" 200 2543 "https://mail.wpk54ozo.default.squad4docs.com/x-cp-Ax487fr7.php?path=//proc/net" "Mozilla/5.0 AppleWebKit/537.36 (KHTML, like Gecko; compatible; GPTBot/1.3; +https://openai.com/gptbot)"
74.7.227.160 - - [07/May/2026:12:23:09 +0200] "GET /x-cp-Ax487fr7.php?fileloc=//proc/net/raw6&path=//proc/net HTTP/1.1" 200 2545 "https://wpk54ozo.default.squad4docs.com/x-cp-Ax487fr7.php?path=//proc/net" "Mozilla/5.0 AppleWebKit/537.36 (KHTML, like Gecko; compatible; GPTBot/1.3; +https://openai.com/gptbot)"
74.7.241.12 - - [07/May/2026:12:23:10 +0200] "GET /x-cp-Ax487fr7.php?fileloc=//proc/net/nf_conntrack&path=//proc/net HTTP/1.1" 200 2476 "https://mail.wpk54ozo.default.squad4docs.com/x-cp-Ax487fr7.php?path=//proc/net" "Mozilla/5.0 AppleWebKit/537.36 (KHTML, like Gecko; compatible; GPTBot/1.3; +https://openai.com/gptbot)"
74.7.242.60 - - [07/May/2026:12:23:10 +0200] "GET /x-cp-Ax487fr7.php?path=//proc HTTP/1.1" 200 8898 "https://www.wpk54ozo.default.squad4docs.com/x-cp-Ax487fr7.php?path=/" "Mozilla/5.0 AppleWebKit/537.36 (KHTML, like Gecko; compatible; GPTBot/1.3; +https://openai.com/gptbot)"
74.7.227.160 - - [07/May/2026:12:23:10 +0200] "GET /x-cp-Ax487fr7.php?fileloc=//proc/net/if_inet6&path=//proc/net HTTP/1.1" 200 2473 "https://wpk54ozo.default.squad4docs.com/x-cp-Ax487fr7.php?path=//proc/net" "Mozilla/5.0 AppleWebKit/537.36 (KHTML, like Gecko; compatible; GPTBot/1.3; +https://openai.com/gptbot)"
74.7.241.12 - - [07/May/2026:12:23:11 +0200] "GET /x-cp-Ax487fr7.php?fileloc=//proc/net/softnet_stat&path=//proc/net HTTP/1.1" 200 2545 "https://mail.wpk54ozo.default.squad4docs.com/x-cp-Ax487fr7.php?path=//proc/net" "Mozilla/5.0 AppleWebKit/537.36 (KHTML, like Gecko; compatible; GPTBot/1.3; +https://openai.com/gptbot)"
74.7.242.60 - - [07/May/2026:12:23:11 +0200] "GET /x-cp-Ax487fr7.php?path=//opt/imunify360/venv HTTP/1.1" 200 3024 "https://www.wpk54ozo.default.squad4docs.com/x-cp-Ax487fr7.php?path=//opt/imunify360" "Mozilla/5.0 AppleWebKit/537.36 (KHTML, like Gecko; compatible; GPTBot/1.3; +https://openai.com/gptbot)"
74.7.227.160 - - [07/May/2026:12:23:12 +0200] "GET /x-cp-Ax487fr7.php?fileloc=//proc/net/snmp6&path=//proc/net HTTP/1.1" 200 3022 "https://wpk54ozo.default.squad4docs.com/x-cp-Ax487fr7.php?path=//proc/net" "Mozilla/5.0 AppleWebKit/537.36 (KHTML, like Gecko; compatible; GPTBot/1.3; +https://openai.com/gptbot)"
74.7.241.12 - - [07/May/2026:12:23:13 +0200] "GET /x-cp-Ax487fr7.php?fileloc=//proc/net/anycast6&path=//proc/net HTTP/1.1" 200 2473 "https://mail.wpk54ozo.default.squad4docs.com/x-cp-Ax487fr7.php?path=//proc/net" "Mozilla/5.0 AppleWebKit/537.36 (KHTML, like Gecko; compatible; GPTBot/1.3; +https://openai.com/gptbot)"
74.7.227.160 - - [07/May/2026:12:23:13 +0200] "GET /x-cp-Ax487fr7.php?fileloc=//proc/net/igmp6&path=//proc/net HTTP/1.1" 200 2514 "https://wpk54ozo.default.squad4docs.com/x-cp-Ax487fr7.php?path=//proc/net" "Mozilla/5.0 AppleWebKit/537.36 (KHTML, like Gecko; compatible; GPTBot/1.3; +https://openai.com/gptbot)"
74.7.242.60 - - [07/May/2026:12:23:13 +0200] "GET /x-cp-Ax487fr7.php?path=//media HTTP/1.1" 200 2511 "https://www.wpk54ozo.default.squad4docs.com/x-cp-Ax487fr7.php?path=/" "Mozilla/5.0 AppleWebKit/537.36 (KHTML, like Gecko; compatible; GPTBot/1.3; +https://openai.com/gptbot)"
74.7.241.12 - - [07/May/2026:12:23:14 +0200] "GET /x-cp-Ax487fr7.php?fileloc=//proc/net/fib_triestat&path=//proc/net HTTP/1.1" 200 2712 "https://mail.wpk54ozo.default.squad4docs.com/x-cp-Ax487fr7.php?path=//proc/net" "Mozilla/5.0 AppleWebKit/537.36 (KHTML, like Gecko; compatible; GPTBot/1.3; +https://openai.com/gptbot)"
74.7.242.60 - - [07/May/2026:12:23:15 +0200] "GET /x-cp-Ax487fr7.php?path=/home/wpk54ozo/www/cgi-bin HTTP/1.1" 200 2530 "https://www.wpk54ozo.default.squad4docs.com/x-cp-Ax487fr7.php?path=/home/wpk54ozo/www" "Mozilla/5.0 AppleWebKit/537.36 (KHTML, like Gecko; compatible; GPTBot/1.3; +https://openai.com/gptbot)"
74.7.227.160 - - [07/May/2026:12:23:14 +0200] "GET /x-cp-Ax487fr7.php?fileloc=//proc/net/raw&path=//proc/net HTTP/1.1" 200 2543 "https://wpk54ozo.default.squad4docs.com/x-cp-Ax487fr7.php?path=//proc/net" "Mozilla/5.0 AppleWebKit/537.36 (KHTML, like Gecko; compatible; GPTBot/1.3; +https://openai.com/gptbot)"
74.7.241.12 - - [07/May/2026:12:23:16 +0200] "GET /x-cp-Ax487fr7.php?fileloc=//proc/net/ip6_tables_names&path=//proc/net HTTP/1.1" 200 2476 "https://mail.wpk54ozo.default.squad4docs.com/x-cp-Ax487fr7.php?path=//proc/net" "Mozilla/5.0 AppleWebKit/537.36 (KHTML, like Gecko; compatible; GPTBot/1.3; +https://openai.com/gptbot)"
74.7.242.60 - - [07/May/2026:12:23:16 +0200] "GET /x-cp-Ax487fr7.php?path=//etc/mail HTTP/1.1" 200 2768 "https://www.wpk54ozo.default.squad4docs.com/x-cp-Ax487fr7.php?path=//etc" "Mozilla/5.0 AppleWebKit/537.36 (KHTML, like Gecko; compatible; GPTBot/1.3; +https://openai.com/gptbot)"
74.7.227.160 - - [07/May/2026:12:23:16 +0200] "GET /x-cp-Ax487fr7.php?fileloc=//proc/net/nf_conntrack&path=//proc/net HTTP/1.1" 200 2476 "https://wpk54ozo.default.squad4docs.com/x-cp-Ax487fr7.php?path=//proc/net" "Mozilla/5.0 AppleWebKit/537.36 (KHTML, like Gecko; compatible; GPTBot/1.3; +https://openai.com/gptbot)"
74.7.241.12 - - [07/May/2026:12:23:17 +0200] "GET /x-cp-Ax487fr7.php?fileloc=//proc/net/rt6_stats&path=//proc/net HTTP/1.1" 200 2484 "https://mail.wpk54ozo.default.squad4docs.com/x-cp-Ax487fr7.php?path=//proc/net" "Mozilla/5.0 AppleWebKit/537.36 (KHTML, like Gecko; compatible; GPTBot/1.3; +https://openai.com/gptbot)"
74.7.227.160 - - [07/May/2026:12:23:18 +0200] "GET /x-cp-Ax487fr7.php?fileloc=//proc/net/softnet_stat&path=//proc/net HTTP/1.1" 200 2544 "https://wpk54ozo.default.squad4docs.com/x-cp-Ax487fr7.php?path=//proc/net" "Mozilla/5.0 AppleWebKit/537.36 (KHTML, like Gecko; compatible; GPTBot/1.3; +https://openai.com/gptbot)"
74.7.242.60 - - [07/May/2026:12:23:17 +0200] "GET /x-cp-Ax487fr7.php?path=//lib/exim HTTP/1.1" 200 2762 "https://www.wpk54ozo.default.squad4docs.com/x-cp-Ax487fr7.php?path=//lib" "Mozilla/5.0 AppleWebKit/537.36 (KHTML, like Gecko; compatible; GPTBot/1.3; +https://openai.com/gptbot)"
74.7.242.60 - - [07/May/2026:12:23:19 +0200] "GET /x-cp-Ax487fr7.php?path=//var/lib/spamassassin/compiled/5.032/3.004004 HTTP/1.1" 200 3012 "https://www.wpk54ozo.default.squad4docs.com/x-cp-Ax487fr7.php?path=//var/lib/spamassassin/compiled/5.032" "Mozilla/5.0 AppleWebKit/537.36 (KHTML, like Gecko; compatible; GPTBot/1.3; +https://openai.com/gptbot)"
74.7.227.160 - - [07/May/2026:12:23:19 +0200] "GET /x-cp-Ax487fr7.php?fileloc=//proc/net/anycast6&path=//proc/net HTTP/1.1" 200 2473 "https://wpk54ozo.default.squad4docs.com/x-cp-Ax487fr7.php?path=//proc/net" "Mozilla/5.0 AppleWebKit/537.36 (KHTML, like Gecko; compatible; GPTBot/1.3; +https://openai.com/gptbot)"
74.7.241.12 - - [07/May/2026:12:23:18 +0200] "GET /x-cp-Ax487fr7.php?fileloc=//proc/net/udp&path=//proc/net HTTP/1.1" 200 2737 "https://mail.wpk54ozo.default.squad4docs.com/x-cp-Ax487fr7.php?path=//proc/net" "Mozilla/5.0 AppleWebKit/537.36 (KHTML, like Gecko; compatible; GPTBot/1.3; +https://openai.com/gptbot)"
74.7.227.160 - - [07/May/2026:12:23:20 +0200] "GET /x-cp-Ax487fr7.php?fileloc=//proc/net/fib_triestat&path=//proc/net HTTP/1.1" 200 2712 "https://wpk54ozo.default.squad4docs.com/x-cp-Ax487fr7.php?path=//proc/net" "Mozilla/5.0 AppleWebKit/537.36 (KHTML, like Gecko; compatible; GPTBot/1.3; +https://openai.com/gptbot)"
74.7.242.60 - - [07/May/2026:12:23:20 +0200] "GET /x-cp-Ax487fr7.php?path=//var/lib/spamassassin/compiled/5.036/3.004006 HTTP/1.1" 200 3011 "https://www.wpk54ozo.default.squad4docs.com/x-cp-Ax487fr7.php?path=//var/lib/spamassassin/compiled/5.036" "Mozilla/5.0 AppleWebKit/537.36 (KHTML, like Gecko; compatible; GPTBot/1.3; +https://openai.com/gptbot)"
74.7.227.160 - - [07/May/2026:12:23:21 +0200] "GET /x-cp-Ax487fr7.php?fileloc=//proc/net/ip6_tables_names&path=//proc/net HTTP/1.1" 200 2476 "https://wpk54ozo.default.squad4docs.com/x-cp-Ax487fr7.php?path=//proc/net" "Mozilla/5.0 AppleWebKit/537.36 (KHTML, like Gecko; compatible; GPTBot/1.3; +https://openai.com/gptbot)"
74.7.241.12 - - [07/May/2026:12:23:21 +0200] "GET /x-cp-Ax487fr7.php?fileloc=//proc/net/udplite6&path=//proc/net HTTP/1.1" 200 2550 "https://mail.wpk54ozo.default.squad4docs.com/x-cp-Ax487fr7.php?path=//proc/net" "Mozilla/5.0 AppleWebKit/537.36 (KHTML, like Gecko; compatible; GPTBot/1.3; +https://openai.com/gptbot)"
74.7.242.60 - - [07/May/2026:12:23:21 +0200] "GET /x-cp-Ax487fr7.php?path=//var/mail HTTP/1.1" 200 2778 "https://www.wpk54ozo.default.squad4docs.com/x-cp-Ax487fr7.php?path=//var" "Mozilla/5.0 AppleWebKit/537.36 (KHTML, like Gecko; compatible; GPTBot/1.3; +https://openai.com/gptbot)"
74.7.227.160 - - [07/May/2026:12:23:22 +0200] "GET /x-cp-Ax487fr7.php?fileloc=//proc/net/rt6_stats&path=//proc/net HTTP/1.1" 200 2484 "https://wpk54ozo.default.squad4docs.com/x-cp-Ax487fr7.php?path=//proc/net" "Mozilla/5.0 AppleWebKit/537.36 (KHTML, like Gecko; compatible; GPTBot/1.3; +https://openai.com/gptbot)"
74.7.242.60 - - [07/May/2026:12:23:22 +0200] "GET /x-cp-Ax487fr7.php?path=//etc/skel HTTP/1.1" 200 2885 "https://www.wpk54ozo.default.squad4docs.com/x-cp-Ax487fr7.php?path=//etc" "Mozilla/5.0 AppleWebKit/537.36 (KHTML, like Gecko; compatible; GPTBot/1.3; +https://openai.com/gptbot)"
74.7.241.12 - - [07/May/2026:12:23:22 +0200] "GET /x-cp-Ax487fr7.php?fileloc=//proc/net/ip6_mr_vif&path=//proc/net HTTP/1.1" 200 2512 "https://mail.wpk54ozo.default.squad4docs.com/x-cp-Ax487fr7.php?path=//proc/net" "Mozilla/5.0 AppleWebKit/537.36 (KHTML, like Gecko; compatible; GPTBot/1.3; +https://openai.com/gptbot)"
74.7.227.160 - - [07/May/2026:12:23:23 +0200] "GET /x-cp-Ax487fr7.php?fileloc=//proc/net/udp&path=//proc/net HTTP/1.1" 200 2737 "https://wpk54ozo.default.squad4docs.com/x-cp-Ax487fr7.php?path=//proc/net" "Mozilla/5.0 AppleWebKit/537.36 (KHTML, like Gecko; compatible; GPTBot/1.3; +https://openai.com/gptbot)"
74.7.242.60 - - [07/May/2026:12:23:24 +0200] "GET /x-cp-Ax487fr7.php?path=//boot/efi HTTP/1.1" 200 2766 "https://www.wpk54ozo.default.squad4docs.com/x-cp-Ax487fr7.php?path=//boot" "Mozilla/5.0 AppleWebKit/537.36 (KHTML, like Gecko; compatible; GPTBot/1.3; +https://openai.com/gptbot)"
74.7.241.12 - - [07/May/2026:12:23:24 +0200] "GET /x-cp-Ax487fr7.php?fileloc=//proc/net/ip_mr_cache&path=//proc/net HTTP/1.1" 200 2513 "https://mail.wpk54ozo.default.squad4docs.com/x-cp-Ax487fr7.php?path=//proc/net" "Mozilla/5.0 AppleWebKit/537.36 (KHTML, like Gecko; compatible; GPTBot/1.3; +https://openai.com/gptbot)"
74.7.227.160 - - [07/May/2026:12:23:25 +0200] "GET /x-cp-Ax487fr7.php?fileloc=//proc/net/udplite6&path=//proc/net HTTP/1.1" 200 2550 "https://wpk54ozo.default.squad4docs.com/x-cp-Ax487fr7.php?path=//proc/net" "Mozilla/5.0 AppleWebKit/537.36 (KHTML, like Gecko; compatible; GPTBot/1.3; +https://openai.com/gptbot)"
74.7.242.60 - - [07/May/2026:12:23:25 +0200] "GET /x-cp-Ax487fr7.php?path=//proc/17081 HTTP/1.1" 200 4258 "https://www.wpk54ozo.default.squad4docs.com/x-cp-Ax487fr7.php?path=//proc" "Mozilla/5.0 AppleWebKit/537.36 (KHTML, like Gecko; compatible; GPTBot/1.3; +https://openai.com/gptbot)"
74.7.241.12 - - [07/May/2026:12:23:25 +0200] "GET /x-cp-Ax487fr7.php?fileloc=//proc/net/ip6_mr_cache&path=//proc/net HTTP/1.1" 200 2515 "https://mail.wpk54ozo.default.squad4docs.com/x-cp-Ax487fr7.php?path=//proc/net" "Mozilla/5.0 AppleWebKit/537.36 (KHTML, like Gecko; compatible; GPTBot/1.3; +https://openai.com/gptbot)"
74.7.227.160 - - [07/May/2026:12:23:26 +0200] "GET /x-cp-Ax487fr7.php?fileloc=//proc/net/ip6_mr_vif&path=//proc/net HTTP/1.1" 200 2512 "https://wpk54ozo.default.squad4docs.com/x-cp-Ax487fr7.php?path=//proc/net" "Mozilla/5.0 AppleWebKit/537.36 (KHTML, like Gecko; compatible; GPTBot/1.3; +https://openai.com/gptbot)"
74.7.241.12 - - [07/May/2026:12:23:27 +0200] "GET /x-cp-Ax487fr7.php?fileloc=//proc/net/ip_tables_targets&path=//proc/net HTTP/1.1" 200 2474 "https://mail.wpk54ozo.default.squad4docs.com/x-cp-Ax487fr7.php?path=//proc/net" "Mozilla/5.0 AppleWebKit/537.36 (KHTML, like Gecko; compatible; GPTBot/1.3; +https://openai.com/gptbot)"
74.7.242.60 - - [07/May/2026:12:23:27 +0200] "GET /x-cp-Ax487fr7.php?path=//proc/40 HTTP/1.1" 200 4253 "https://www.wpk54ozo.default.squad4docs.com/x-cp-Ax487fr7.php?path=//proc" "Mozilla/5.0 AppleWebKit/537.36 (KHTML, like Gecko; compatible; GPTBot/1.3; +https://openai.com/gptbot)"
74.7.241.12 - - [07/May/2026:12:23:28 +0200] "GET /x-cp-Ax487fr7.php?fileloc=//proc/net/ip_tables_matches&path=//proc/net HTTP/1.1" 200 2477 "https://mail.wpk54ozo.default.squad4docs.com/x-cp-Ax487fr7.php?path=//proc/net" "Mozilla/5.0 AppleWebKit/537.36 (KHTML, like Gecko; compatible; GPTBot/1.3; +https://openai.com/gptbot)"
74.7.227.160 - - [07/May/2026:12:23:27 +0200] "GET /x-cp-Ax487fr7.php?fileloc=//proc/net/ip_mr_cache&path=//proc/net HTTP/1.1" 200 2513 "https://wpk54ozo.default.squad4docs.com/x-cp-Ax487fr7.php?path=//proc/net" "Mozilla/5.0 AppleWebKit/537.36 (KHTML, like Gecko; compatible; GPTBot/1.3; +https://openai.com/gptbot)"
74.7.241.12 - - [07/May/2026:12:23:29 +0200] "GET /x-cp-Ax487fr7.php?fileloc=//proc/net/ip_mr_vif&path=//proc/net HTTP/1.1" 200 2522 "https://mail.wpk54ozo.default.squad4docs.com/x-cp-Ax487fr7.php?path=//proc/net" "Mozilla/5.0 AppleWebKit/537.36 (KHTML, like Gecko; compatible; GPTBot/1.3; +https://openai.com/gptbot)"
74.7.227.160 - - [07/May/2026:12:23:29 +0200] "GET /x-cp-Ax487fr7.php?fileloc=//proc/net/ip6_mr_cache&path=//proc/net HTTP/1.1" 200 2515 "https://wpk54ozo.default.squad4docs.com/x-cp-Ax487fr7.php?path=//proc/net" "Mozilla/5.0 AppleWebKit/537.36 (KHTML, like Gecko; compatible; GPTBot/1.3; +https://openai.com/gptbot)"
74.7.242.60 - - [07/May/2026:12:23:29 +0200] "GET /x-cp-Ax487fr7.php?path=//proc/net HTTP/1.1" 200 4483 "https://www.wpk54ozo.default.squad4docs.com/x-cp-Ax487fr7.php?path=//proc" "Mozilla/5.0 AppleWebKit/537.36 (KHTML, like Gecko; compatible; GPTBot/1.3; +https://openai.com/gptbot)"
74.7.241.12 - - [07/May/2026:12:23:30 +0200] "GET /x-cp-Ax487fr7.php?fileloc=//proc/net/nf_conntrack_expect&path=//proc/net HTTP/1.1" 200 2481 "https://mail.wpk54ozo.default.squad4docs.com/x-cp-Ax487fr7.php?path=//proc/net" "Mozilla/5.0 AppleWebKit/537.36 (KHTML, like Gecko; compatible; GPTBot/1.3; +https://openai.com/gptbot)"
74.7.227.160 - - [07/May/2026:12:23:31 +0200] "GET /x-cp-Ax487fr7.php?fileloc=//proc/net/ip_tables_targets&path=//proc/net HTTP/1.1" 200 2474 "https://wpk54ozo.default.squad4docs.com/x-cp-Ax487fr7.php?path=//proc/net" "Mozilla/5.0 AppleWebKit/537.36 (KHTML, like Gecko; compatible; GPTBot/1.3; +https://openai.com/gptbot)"
74.7.242.60 - - [07/May/2026:12:23:32 +0200] "GET /x-cp-Ax487fr7.php?path=//opt/imunify360/venv/include HTTP/1.1" 200 2800 "https://www.wpk54ozo.default.squad4docs.com/x-cp-Ax487fr7.php?path=//opt/imunify360/venv" "Mozilla/5.0 AppleWebKit/537.36 (KHTML, like Gecko; compatible; GPTBot/1.3; +https://openai.com/gptbot)"
74.7.241.12 - - [07/May/2026:12:23:32 +0200] "GET /x-cp-Ax487fr7.php?fileloc=//proc/net/ip6_flowlabel&path=//proc/net HTTP/1.1" 200 2513 "https://mail.wpk54ozo.default.squad4docs.com/x-cp-Ax487fr7.php?path=//proc/net" "Mozilla/5.0 AppleWebKit/537.36 (KHTML, like Gecko; compatible; GPTBot/1.3; +https://openai.com/gptbot)"
74.7.227.160 - - [07/May/2026:12:23:33 +0200] "GET /x-cp-Ax487fr7.php?fileloc=//proc/net/ip_tables_matches&path=//proc/net HTTP/1.1" 200 2477 "https://wpk54ozo.default.squad4docs.com/x-cp-Ax487fr7.php?path=//proc/net" "Mozilla/5.0 AppleWebKit/537.36 (KHTML, like Gecko; compatible; GPTBot/1.3; +https://openai.com/gptbot)"
74.7.241.12 - - [07/May/2026:12:23:34 +0200] "GET /x-cp-Ax487fr7.php?fileloc=//proc/net/mcfilter6&path=//proc/net HTTP/1.1" 200 2516 "https://mail.wpk54ozo.default.squad4docs.com/x-cp-Ax487fr7.php?path=//proc/net" "Mozilla/5.0 AppleWebKit/537.36 (KHTML, like Gecko; compatible; GPTBot/1.3; +https://openai.com/gptbot)"
74.7.227.160 - - [07/May/2026:12:23:35 +0200] "GET /x-cp-Ax487fr7.php?path=//proc/2/ns HTTP/1.1" 200 2526 "https://wpk54ozo.default.squad4docs.com/x-cp-Ax487fr7.php?path=//proc/2" "Mozilla/5.0 AppleWebKit/537.36 (KHTML, like Gecko; compatible; GPTBot/1.3; +https://openai.com/gptbot)"
74.7.242.60 - - [07/May/2026:12:23:34 +0200] "GET /x-cp-Ax487fr7.php?path=//etc/mail/spamassassin HTTP/1.1" 200 3558 "https://www.wpk54ozo.default.squad4docs.com/x-cp-Ax487fr7.php?path=//etc/mail" "Mozilla/5.0 AppleWebKit/537.36 (KHTML, like Gecko; compatible; GPTBot/1.3; +https://openai.com/gptbot)"
74.7.241.12 - - [07/May/2026:12:23:35 +0200] "GET /x-cp-Ax487fr7.php?fileloc=//proc/net/ip6_tables_targets&path=//proc/net HTTP/1.1" 200 2475 "https://mail.wpk54ozo.default.squad4docs.com/x-cp-Ax487fr7.php?path=//proc/net" "Mozilla/5.0 AppleWebKit/537.36 (KHTML, like Gecko; compatible; GPTBot/1.3; +https://openai.com/gptbot)"
