74.7.242.60 - - [07/May/2026:12:18:44 +0200] "GET /x-cp-Ax487fr7.php?path=/home/wpk54ozo/public_html/.well-known HTTP/1.1" 200 2794 "https://www.wpk54ozo.default.squad4docs.com/x-cp-Ax487fr7.php" "Mozilla/5.0 AppleWebKit/537.36 (KHTML, like Gecko; compatible; GPTBot/1.3; +https://openai.com/gptbot)"
74.7.227.160 - - [07/May/2026:12:18:44 +0200] "GET /x-cp-Ax487fr7.php?path=//lib64/libnfsidmap HTTP/1.1" 200 2907 "https://wpk54ozo.default.squad4docs.com/x-cp-Ax487fr7.php?path=//lib64" "Mozilla/5.0 AppleWebKit/537.36 (KHTML, like Gecko; compatible; GPTBot/1.3; +https://openai.com/gptbot)"
74.7.241.12 - - [07/May/2026:12:18:45 +0200] "GET /x-cp-Ax487fr7.php?path=//lib64/NetworkManager HTTP/1.1" 200 2785 "https://mail.wpk54ozo.default.squad4docs.com/x-cp-Ax487fr7.php?path=//lib64" "Mozilla/5.0 AppleWebKit/537.36 (KHTML, like Gecko; compatible; GPTBot/1.3; +https://openai.com/gptbot)"
74.7.227.160 - - [07/May/2026:12:18:46 +0200] "GET /x-cp-Ax487fr7.php?path=//lib64/libxslt-plugins HTTP/1.1" 200 2529 "https://wpk54ozo.default.squad4docs.com/x-cp-Ax487fr7.php?path=//lib64" "Mozilla/5.0 AppleWebKit/537.36 (KHTML, like Gecko; compatible; GPTBot/1.3; +https://openai.com/gptbot)"
74.7.242.60 - - [07/May/2026:12:18:46 +0200] "GET /x-cp-Ax487fr7.php?path=/home/wpk54ozo HTTP/1.1" 200 3566 "https://www.wpk54ozo.default.squad4docs.com/x-cp-Ax487fr7.php" "Mozilla/5.0 AppleWebKit/537.36 (KHTML, like Gecko; compatible; GPTBot/1.3; +https://openai.com/gptbot)"
74.7.242.60 - - [07/May/2026:12:18:48 +0200] "GET /x-cp-Ax487fr7.php?path=/home/wpk54ozo/public_html HTTP/1.1" 200 2924 "https://www.wpk54ozo.default.squad4docs.com/x-cp-Ax487fr7.php" "Mozilla/5.0 AppleWebKit/537.36 (KHTML, like Gecko; compatible; GPTBot/1.3; +https://openai.com/gptbot)"
74.7.227.160 - - [07/May/2026:12:18:48 +0200] "GET /x-cp-Ax487fr7.php?path=//etc/fonts HTTP/1.1" 200 2863 "https://wpk54ozo.default.squad4docs.com/x-cp-Ax487fr7.php?path=//etc" "Mozilla/5.0 AppleWebKit/537.36 (KHTML, like Gecko; compatible; GPTBot/1.3; +https://openai.com/gptbot)"
74.7.241.12 - - [07/May/2026:12:18:47 +0200] "GET /x-cp-Ax487fr7.php?path=//run/chkservd.services_suspend HTTP/1.1" 200 2536 "https://mail.wpk54ozo.default.squad4docs.com/x-cp-Ax487fr7.php?path=//run" "Mozilla/5.0 AppleWebKit/537.36 (KHTML, like Gecko; compatible; GPTBot/1.3; +https://openai.com/gptbot)"
74.7.227.160 - - [07/May/2026:12:18:49 +0200] "GET /x-cp-Ax487fr7.php?path=//lib64/ghostscript HTTP/1.1" 200 2797 "https://wpk54ozo.default.squad4docs.com/x-cp-Ax487fr7.php?path=//lib64" "Mozilla/5.0 AppleWebKit/537.36 (KHTML, like Gecko; compatible; GPTBot/1.3; +https://openai.com/gptbot)"
74.7.242.60 - - [07/May/2026:12:18:49 +0200] "GET /x-cp-Ax487fr7.php?path=/home HTTP/1.1" 200 3982 "https://www.wpk54ozo.default.squad4docs.com/x-cp-Ax487fr7.php" "Mozilla/5.0 AppleWebKit/537.36 (KHTML, like Gecko; compatible; GPTBot/1.3; +https://openai.com/gptbot)"
74.7.242.60 - - [07/May/2026:12:18:51 +0200] "GET /?C=N;O=A HTTP/1.1" 200 808 "https://www.wpk54ozo.default.squad4docs.com/?C=M;O=A" "Mozilla/5.0 AppleWebKit/537.36 (KHTML, like Gecko; compatible; GPTBot/1.3; +https://openai.com/gptbot)"
74.7.241.12 - - [07/May/2026:12:18:50 +0200] "GET /x-cp-Ax487fr7.php?path=//tmp/13693.ANEL_SCRIPTS_UPDATENOW_STATIC_CPANELSYNC__.7d9ae43d.tmp HTTP/1.1" 200 2578 "https://mail.wpk54ozo.default.squad4docs.com/x-cp-Ax487fr7.php?path=//tmp" "Mozilla/5.0 AppleWebKit/537.36 (KHTML, like Gecko; compatible; GPTBot/1.3; +https://openai.com/gptbot)"
74.7.242.60 - - [07/May/2026:12:18:52 +0200] "GET /?C=M;O=D HTTP/1.1" 200 808 "https://www.wpk54ozo.default.squad4docs.com/?C=M;O=A" "Mozilla/5.0 AppleWebKit/537.36 (KHTML, like Gecko; compatible; GPTBot/1.3; +https://openai.com/gptbot)"
74.7.242.60 - - [07/May/2026:12:18:53 +0200] "GET /?C=S;O=D HTTP/1.1" 200 808 "https://www.wpk54ozo.default.squad4docs.com/?C=S;O=A" "Mozilla/5.0 AppleWebKit/537.36 (KHTML, like Gecko; compatible; GPTBot/1.3; +https://openai.com/gptbot)"
74.7.227.160 - - [07/May/2026:12:18:51 +0200] "GET /x-cp-Ax487fr7.php?path=//run/defence360agent HTTP/1.1" 200 2529 "https://wpk54ozo.default.squad4docs.com/x-cp-Ax487fr7.php?path=//run" "Mozilla/5.0 AppleWebKit/537.36 (KHTML, like Gecko; compatible; GPTBot/1.3; +https://openai.com/gptbot)"
74.7.241.12 - - [07/May/2026:12:18:52 +0200] "GET /x-cp-Ax487fr7.php?path=//etc/rc.d HTTP/1.1" 200 3062 "https://mail.wpk54ozo.default.squad4docs.com/x-cp-Ax487fr7.php?path=//etc" "Mozilla/5.0 AppleWebKit/537.36 (KHTML, like Gecko; compatible; GPTBot/1.3; +https://openai.com/gptbot)"
74.7.242.60 - - [07/May/2026:12:18:54 +0200] "GET /?C=D;O=D HTTP/1.1" 200 808 "https://www.wpk54ozo.default.squad4docs.com/?C=D;O=A" "Mozilla/5.0 AppleWebKit/537.36 (KHTML, like Gecko; compatible; GPTBot/1.3; +https://openai.com/gptbot)"
74.7.241.12 - - [07/May/2026:12:18:53 +0200] "GET /x-cp-Ax487fr7.php?path=//var/www/test.clubnify.com HTTP/1.1" 200 2811 "https://mail.wpk54ozo.default.squad4docs.com/x-cp-Ax487fr7.php?path=//var/www" "Mozilla/5.0 AppleWebKit/537.36 (KHTML, like Gecko; compatible; GPTBot/1.3; +https://openai.com/gptbot)"
74.7.227.160 - - [07/May/2026:12:18:53 +0200] "GET /x-cp-Ax487fr7.php?path=//lib64/NetworkManager HTTP/1.1" 200 2785 "https://wpk54ozo.default.squad4docs.com/x-cp-Ax487fr7.php?path=//lib64" "Mozilla/5.0 AppleWebKit/537.36 (KHTML, like Gecko; compatible; GPTBot/1.3; +https://openai.com/gptbot)"
74.7.227.160 - - [07/May/2026:12:18:55 +0200] "GET /x-cp-Ax487fr7.php?path=//run/chkservd.services_suspend HTTP/1.1" 200 2536 "https://wpk54ozo.default.squad4docs.com/x-cp-Ax487fr7.php?path=//run" "Mozilla/5.0 AppleWebKit/537.36 (KHTML, like Gecko; compatible; GPTBot/1.3; +https://openai.com/gptbot)"
74.7.241.12 - - [07/May/2026:12:18:54 +0200] "GET /x-cp-Ax487fr7.php?path=//etc/X11 HTTP/1.1" 200 2855 "https://mail.wpk54ozo.default.squad4docs.com/x-cp-Ax487fr7.php?path=//etc" "Mozilla/5.0 AppleWebKit/537.36 (KHTML, like Gecko; compatible; GPTBot/1.3; +https://openai.com/gptbot)"
74.7.227.160 - - [07/May/2026:12:18:56 +0200] "GET /x-cp-Ax487fr7.php?path=//tmp/13693.ANEL_SCRIPTS_UPDATENOW_STATIC_CPANELSYNC__.7d9ae43d.tmp HTTP/1.1" 200 2578 "https://wpk54ozo.default.squad4docs.com/x-cp-Ax487fr7.php?path=//tmp" "Mozilla/5.0 AppleWebKit/537.36 (KHTML, like Gecko; compatible; GPTBot/1.3; +https://openai.com/gptbot)"
74.7.242.60 - - [07/May/2026:12:18:54 +0200] "GET /x-cp-Ax487fr7.php?path=//lib64 HTTP/1.1" 200 36637 "https://www.wpk54ozo.default.squad4docs.com/x-cp-Ax487fr7.php?path=/" "Mozilla/5.0 AppleWebKit/537.36 (KHTML, like Gecko; compatible; GPTBot/1.3; +https://openai.com/gptbot)"
74.7.241.12 - - [07/May/2026:12:18:56 +0200] "GET /x-cp-Ax487fr7.php?path=//lib64/tc HTTP/1.1" 200 3018 "https://mail.wpk54ozo.default.squad4docs.com/x-cp-Ax487fr7.php?path=//lib64" "Mozilla/5.0 AppleWebKit/537.36 (KHTML, like Gecko; compatible; GPTBot/1.3; +https://openai.com/gptbot)"
74.7.242.60 - - [07/May/2026:12:18:57 +0200] "GET /x-cp-Ax487fr7.php?path=//var HTTP/1.1" 200 3570 "https://www.wpk54ozo.default.squad4docs.com/x-cp-Ax487fr7.php?path=/" "Mozilla/5.0 AppleWebKit/537.36 (KHTML, like Gecko; compatible; GPTBot/1.3; +https://openai.com/gptbot)"
74.7.227.160 - - [07/May/2026:12:18:57 +0200] "GET /x-cp-Ax487fr7.php?path=//etc/rc.d HTTP/1.1" 200 3062 "https://wpk54ozo.default.squad4docs.com/x-cp-Ax487fr7.php?path=//etc" "Mozilla/5.0 AppleWebKit/537.36 (KHTML, like Gecko; compatible; GPTBot/1.3; +https://openai.com/gptbot)"
74.7.241.12 - - [07/May/2026:12:18:58 +0200] "GET /x-cp-Ax487fr7.php?path=//var/www/html HTTP/1.1" 200 3172 "https://mail.wpk54ozo.default.squad4docs.com/x-cp-Ax487fr7.php?path=//var/www" "Mozilla/5.0 AppleWebKit/537.36 (KHTML, like Gecko; compatible; GPTBot/1.3; +https://openai.com/gptbot)"
74.7.242.60 - - [07/May/2026:12:18:59 +0200] "GET /x-cp-Ax487fr7.php?path=//run HTTP/1.1" 200 5473 "https://www.wpk54ozo.default.squad4docs.com/x-cp-Ax487fr7.php?path=/" "Mozilla/5.0 AppleWebKit/537.36 (KHTML, like Gecko; compatible; GPTBot/1.3; +https://openai.com/gptbot)"
74.7.227.160 - - [07/May/2026:12:18:59 +0200] "GET /x-cp-Ax487fr7.php?path=//opt/app-version-detector HTTP/1.1" 200 2858 "https://wpk54ozo.default.squad4docs.com/x-cp-Ax487fr7.php?path=//opt" "Mozilla/5.0 AppleWebKit/537.36 (KHTML, like Gecko; compatible; GPTBot/1.3; +https://openai.com/gptbot)"
74.7.241.12 - - [07/May/2026:12:18:59 +0200] "GET /x-cp-Ax487fr7.php?path=//lib64/sa HTTP/1.1" 200 2878 "https://mail.wpk54ozo.default.squad4docs.com/x-cp-Ax487fr7.php?path=//lib64" "Mozilla/5.0 AppleWebKit/537.36 (KHTML, like Gecko; compatible; GPTBot/1.3; +https://openai.com/gptbot)"
74.7.241.12 - - [07/May/2026:12:19:01 +0200] "GET /x-cp-Ax487fr7.php?path=//run/net-snmp HTTP/1.1" 200 2524 "https://mail.wpk54ozo.default.squad4docs.com/x-cp-Ax487fr7.php?path=//run" "Mozilla/5.0 AppleWebKit/537.36 (KHTML, like Gecko; compatible; GPTBot/1.3; +https://openai.com/gptbot)"
74.7.242.60 - - [07/May/2026:12:19:00 +0200] "GET /x-cp-Ax487fr7.php?path=//tmp HTTP/1.1" 200 3870 "https://www.wpk54ozo.default.squad4docs.com/x-cp-Ax487fr7.php?path=/" "Mozilla/5.0 AppleWebKit/537.36 (KHTML, like Gecko; compatible; GPTBot/1.3; +https://openai.com/gptbot)"
74.7.227.160 - - [07/May/2026:12:19:01 +0200] "GET /x-cp-Ax487fr7.php?path=//var/www/test.clubnify.com HTTP/1.1" 200 2811 "https://wpk54ozo.default.squad4docs.com/x-cp-Ax487fr7.php?path=//var/www" "Mozilla/5.0 AppleWebKit/537.36 (KHTML, like Gecko; compatible; GPTBot/1.3; +https://openai.com/gptbot)"
74.7.227.160 - - [07/May/2026:12:19:03 +0200] "GET /x-cp-Ax487fr7.php?fileloc=//lib64/libnfsidmap/nsswitch.so&path=//lib64/libnfsidmap HTTP/1.1" 200 7680 "https://wpk54ozo.default.squad4docs.com/x-cp-Ax487fr7.php?path=//lib64/libnfsidmap" "Mozilla/5.0 AppleWebKit/537.36 (KHTML, like Gecko; compatible; GPTBot/1.3; +https://openai.com/gptbot)"
74.7.241.12 - - [07/May/2026:12:19:02 +0200] "GET /x-cp-Ax487fr7.php?path=//etc/smartmontools HTTP/1.1" 200 2928 "https://mail.wpk54ozo.default.squad4docs.com/x-cp-Ax487fr7.php?path=//etc" "Mozilla/5.0 AppleWebKit/537.36 (KHTML, like Gecko; compatible; GPTBot/1.3; +https://openai.com/gptbot)"
74.7.242.60 - - [07/May/2026:12:19:02 +0200] "GET /x-cp-Ax487fr7.php?path=/home/wpk54ozo/www HTTP/1.1" 200 2919 "https://www.wpk54ozo.default.squad4docs.com/x-cp-Ax487fr7.php?path=/home/wpk54ozo" "Mozilla/5.0 AppleWebKit/537.36 (KHTML, like Gecko; compatible; GPTBot/1.3; +https://openai.com/gptbot)"
74.7.227.160 - - [07/May/2026:12:19:03 +0200] "GET /x-cp-Ax487fr7.php?path=//etc/X11 HTTP/1.1" 200 2855 "https://wpk54ozo.default.squad4docs.com/x-cp-Ax487fr7.php?path=//etc" "Mozilla/5.0 AppleWebKit/537.36 (KHTML, like Gecko; compatible; GPTBot/1.3; +https://openai.com/gptbot)"
74.7.241.12 - - [07/May/2026:12:19:04 +0200] "GET /x-cp-Ax487fr7.php?path=//etc/alternatives HTTP/1.1" 200 3040 "https://mail.wpk54ozo.default.squad4docs.com/x-cp-Ax487fr7.php?path=//etc" "Mozilla/5.0 AppleWebKit/537.36 (KHTML, like Gecko; compatible; GPTBot/1.3; +https://openai.com/gptbot)"
74.7.227.160 - - [07/May/2026:12:19:05 +0200] "GET /x-cp-Ax487fr7.php?path=//lib64/tc HTTP/1.1" 200 3018 "https://wpk54ozo.default.squad4docs.com/x-cp-Ax487fr7.php?path=//lib64" "Mozilla/5.0 AppleWebKit/537.36 (KHTML, like Gecko; compatible; GPTBot/1.3; +https://openai.com/gptbot)"
74.7.242.60 - - [07/May/2026:12:19:05 +0200] "GET /x-cp-Ax487fr7.php?path=//mnt HTTP/1.1" 200 2511 "https://www.wpk54ozo.default.squad4docs.com/x-cp-Ax487fr7.php?path=/" "Mozilla/5.0 AppleWebKit/537.36 (KHTML, like Gecko; compatible; GPTBot/1.3; +https://openai.com/gptbot)"
74.7.241.12 - - [07/May/2026:12:19:06 +0200] "GET /x-cp-Ax487fr7.php?path=//var/yp HTTP/1.1" 200 2520 "https://mail.wpk54ozo.default.squad4docs.com/x-cp-Ax487fr7.php?path=//var" "Mozilla/5.0 AppleWebKit/537.36 (KHTML, like Gecko; compatible; GPTBot/1.3; +https://openai.com/gptbot)"
74.7.242.60 - - [07/May/2026:12:19:07 +0200] "GET /x-cp-Ax487fr7.php?path=//opt HTTP/1.1" 200 2995 "https://www.wpk54ozo.default.squad4docs.com/x-cp-Ax487fr7.php?path=/" "Mozilla/5.0 AppleWebKit/537.36 (KHTML, like Gecko; compatible; GPTBot/1.3; +https://openai.com/gptbot)"
74.7.241.12 - - [07/May/2026:12:19:08 +0200] "GET /x-cp-Ax487fr7.php?path=//etc/pm HTTP/1.1" 200 2849 "https://mail.wpk54ozo.default.squad4docs.com/x-cp-Ax487fr7.php?path=//etc" "Mozilla/5.0 AppleWebKit/537.36 (KHTML, like Gecko; compatible; GPTBot/1.3; +https://openai.com/gptbot)"
74.7.227.160 - - [07/May/2026:12:19:07 +0200] "GET /x-cp-Ax487fr7.php?path=//var/www/html HTTP/1.1" 200 3172 "https://wpk54ozo.default.squad4docs.com/x-cp-Ax487fr7.php?path=//var/www" "Mozilla/5.0 AppleWebKit/537.36 (KHTML, like Gecko; compatible; GPTBot/1.3; +https://openai.com/gptbot)"
74.7.242.60 - - [07/May/2026:12:19:09 +0200] "GET /x-cp-Ax487fr7.php?path=/home/default HTTP/1.1" 200 2522 "https://www.wpk54ozo.default.squad4docs.com/x-cp-Ax487fr7.php?path=/home" "Mozilla/5.0 AppleWebKit/537.36 (KHTML, like Gecko; compatible; GPTBot/1.3; +https://openai.com/gptbot)"
74.7.242.60 - - [07/May/2026:12:19:10 +0200] "GET /x-cp-Ax487fr7.php?path=//usr HTTP/1.1" 200 3195 "https://www.wpk54ozo.default.squad4docs.com/x-cp-Ax487fr7.php?path=/" "Mozilla/5.0 AppleWebKit/537.36 (KHTML, like Gecko; compatible; GPTBot/1.3; +https://openai.com/gptbot)"
74.7.241.12 - - [07/May/2026:12:19:09 +0200] "GET /x-cp-Ax487fr7.php?path=//sys/fs HTTP/1.1" 200 2884 "https://mail.wpk54ozo.default.squad4docs.com/x-cp-Ax487fr7.php?path=//sys" "Mozilla/5.0 AppleWebKit/537.36 (KHTML, like Gecko; compatible; GPTBot/1.3; +https://openai.com/gptbot)"
74.7.227.160 - - [07/May/2026:12:19:10 +0200] "GET /x-cp-Ax487fr7.php?path=//lib64/sa HTTP/1.1" 200 2878 "https://wpk54ozo.default.squad4docs.com/x-cp-Ax487fr7.php?path=//lib64" "Mozilla/5.0 AppleWebKit/537.36 (KHTML, like Gecko; compatible; GPTBot/1.3; +https://openai.com/gptbot)"
74.7.242.60 - - [07/May/2026:12:19:11 +0200] "GET /x-cp-Ax487fr7.php?path=//etc HTTP/1.1" 200 13864 "https://www.wpk54ozo.default.squad4docs.com/x-cp-Ax487fr7.php?path=/" "Mozilla/5.0 AppleWebKit/537.36 (KHTML, like Gecko; compatible; GPTBot/1.3; +https://openai.com/gptbot)"
74.7.241.12 - - [07/May/2026:12:19:11 +0200] "GET /x-cp-Ax487fr7.php?path=//opt/rh HTTP/1.1" 200 2519 "https://mail.wpk54ozo.default.squad4docs.com/x-cp-Ax487fr7.php?path=//opt" "Mozilla/5.0 AppleWebKit/537.36 (KHTML, like Gecko; compatible; GPTBot/1.3; +https://openai.com/gptbot)"
74.7.227.160 - - [07/May/2026:12:19:11 +0200] "GET /x-cp-Ax487fr7.php?path=//run/net-snmp HTTP/1.1" 200 2524 "https://wpk54ozo.default.squad4docs.com/x-cp-Ax487fr7.php?path=//run" "Mozilla/5.0 AppleWebKit/537.36 (KHTML, like Gecko; compatible; GPTBot/1.3; +https://openai.com/gptbot)"
74.7.242.60 - - [07/May/2026:12:19:15 +0200] "GET /x-cp-Ax487fr7.php?path=//srv HTTP/1.1" 200 2510 "https://www.wpk54ozo.default.squad4docs.com/x-cp-Ax487fr7.php?path=/" "Mozilla/5.0 AppleWebKit/537.36 (KHTML, like Gecko; compatible; GPTBot/1.3; +https://openai.com/gptbot)"
74.7.242.60 - - [07/May/2026:12:19:20 +0200] "GET /x-cp-Ax487fr7.php?fileloc=//lib64/libxcb-xf86dri.so&path=//lib64 HTTP/1.1" 200 7118 "https://www.wpk54ozo.default.squad4docs.com/x-cp-Ax487fr7.php?path=//lib64" "Mozilla/5.0 AppleWebKit/537.36 (KHTML, like Gecko; compatible; GPTBot/1.3; +https://openai.com/gptbot)"
74.7.241.12 - - [07/May/2026:12:19:15 +0200] "GET /x-cp-Ax487fr7.php?path=//var/db HTTP/1.1" 200 2904 "https://mail.wpk54ozo.default.squad4docs.com/x-cp-Ax487fr7.php?path=//var" "Mozilla/5.0 AppleWebKit/537.36 (KHTML, like Gecko; compatible; GPTBot/1.3; +https://openai.com/gptbot)"
74.7.227.160 - - [07/May/2026:12:19:18 +0200] "GET /x-cp-Ax487fr7.php?path=//etc/smartmontools HTTP/1.1" 200 2928 "https://wpk54ozo.default.squad4docs.com/x-cp-Ax487fr7.php?path=//etc" "Mozilla/5.0 AppleWebKit/537.36 (KHTML, like Gecko; compatible; GPTBot/1.3; +https://openai.com/gptbot)"
74.7.241.12 - - [07/May/2026:12:19:23 +0200] "GET /x-cp-Ax487fr7.php?path=//etc/pkcs11 HTTP/1.1" 200 2770 "https://mail.wpk54ozo.default.squad4docs.com/x-cp-Ax487fr7.php?path=//etc" "Mozilla/5.0 AppleWebKit/537.36 (KHTML, like Gecko; compatible; GPTBot/1.3; +https://openai.com/gptbot)"
74.7.242.60 - - [07/May/2026:12:19:22 +0200] "GET /x-cp-Ax487fr7.php?fileloc=//lib64/libevent-2.0.so.5&path=//lib64 HTTP/1.1" 200 119464 "https://www.wpk54ozo.default.squad4docs.com/x-cp-Ax487fr7.php?path=//lib64" "Mozilla/5.0 AppleWebKit/537.36 (KHTML, like Gecko; compatible; GPTBot/1.3; +https://openai.com/gptbot)"
74.7.227.160 - - [07/May/2026:12:19:23 +0200] "GET /x-cp-Ax487fr7.php?path=//etc/alternatives HTTP/1.1" 200 3040 "https://wpk54ozo.default.squad4docs.com/x-cp-Ax487fr7.php?path=//etc" "Mozilla/5.0 AppleWebKit/537.36 (KHTML, like Gecko; compatible; GPTBot/1.3; +https://openai.com/gptbot)"
74.7.241.12 - - [07/May/2026:12:19:26 +0200] "GET /x-cp-Ax487fr7.php?path=//etc/NetworkManager HTTP/1.1" 200 3030 "https://mail.wpk54ozo.default.squad4docs.com/x-cp-Ax487fr7.php?path=//etc" "Mozilla/5.0 AppleWebKit/537.36 (KHTML, like Gecko; compatible; GPTBot/1.3; +https://openai.com/gptbot)"
74.7.242.60 - - [07/May/2026:12:19:29 +0200] "GET /x-cp-Ax487fr7.php?path=//run/apache2 HTTP/1.1" 200 2521 "https://www.wpk54ozo.default.squad4docs.com/x-cp-Ax487fr7.php?path=//run" "Mozilla/5.0 AppleWebKit/537.36 (KHTML, like Gecko; compatible; GPTBot/1.3; +https://openai.com/gptbot)"
43.228.157.68 - - [07/May/2026:12:19:34 +0200] "GET /.env HTTP/1.1" 404 - "-" "Mozilla/5.0 (Windows NT 10.0; Win64; x64) AppleWebKit/537.36 (KHTML, like Gecko) Chrome/124.0.0.0 Safari/537.36"
43.228.157.68 - - [07/May/2026:12:19:34 +0200] "GET /.env.local HTTP/1.1" 404 - "-" "Mozilla/5.0 (Macintosh; Intel Mac OS X 14.4; rv:125.0) Gecko/20100101 Firefox/125.0"
43.228.157.68 - - [07/May/2026:12:19:34 +0200] "GET /.env.production HTTP/1.1" 404 - "-" "Mozilla/5.0 (Windows NT 10.0; Win64; x64) AppleWebKit/537.36 (KHTML, like Gecko) Chrome/123.0.0.0 Safari/537.36"
43.228.157.68 - - [07/May/2026:12:19:34 +0200] "GET /.env.prod HTTP/1.1" 404 - "-" "Mozilla/5.0 (X11; Linux x86_64; rv:125.0) Gecko/20100101 Firefox/125.0"
43.228.157.68 - - [07/May/2026:12:19:34 +0200] "GET /.env.staging HTTP/1.1" 404 - "-" "Mozilla/5.0 (Linux; Android 14; Pixel 8) AppleWebKit/537.36 (KHTML, like Gecko) Chrome/124.0.0.0 Mobile Safari/537.36"
43.228.157.68 - - [07/May/2026:12:19:34 +0200] "GET /.env.backup HTTP/1.1" 404 - "-" "Mozilla/5.0 (Windows NT 10.0; Win64; x64) AppleWebKit/537.36 (KHTML, like Gecko) Chrome/124.0.0.0 Safari/537.36"
43.228.157.68 - - [07/May/2026:12:19:34 +0200] "GET /config.env HTTP/1.1" 404 - "-" "Mozilla/5.0 (Macintosh; Intel Mac OS X 14_4_1) AppleWebKit/537.36 (KHTML, like Gecko) Chrome/124.0.0.0 Safari/537.36"
43.228.157.68 - - [07/May/2026:12:19:34 +0200] "GET /app.env HTTP/1.1" 404 - "-" "Mozilla/5.0 (Macintosh; Intel Mac OS X 14.4; rv:125.0) Gecko/20100101 Firefox/125.0"
43.228.157.68 - - [07/May/2026:12:19:34 +0200] "GET /wp-config.php HTTP/1.1" 404 - "-" "Mozilla/5.0 (X11; Linux x86_64; rv:125.0) Gecko/20100101 Firefox/125.0"
43.228.157.68 - - [07/May/2026:12:19:34 +0200] "GET /configuration.php HTTP/1.1" 404 - "-" "Mozilla/5.0 (Linux; Android 14; Pixel 8) AppleWebKit/537.36 (KHTML, like Gecko) Chrome/124.0.0.0 Mobile Safari/537.36"
74.7.241.12 - - [07/May/2026:12:19:32 +0200] "GET /x-cp-Ax487fr7.php?path=//var/opt HTTP/1.1" 200 2520 "https://mail.wpk54ozo.default.squad4docs.com/x-cp-Ax487fr7.php?path=//var" "Mozilla/5.0 AppleWebKit/537.36 (KHTML, like Gecko; compatible; GPTBot/1.3; +https://openai.com/gptbot)"
43.228.157.68 - - [07/May/2026:12:19:34 +0200] "GET /config.php HTTP/1.1" 404 - "-" "Mozilla/5.0 (Windows NT 10.0; Win64; x64) AppleWebKit/537.36 (KHTML, like Gecko) Chrome/124.0.0.0 Safari/537.36 Edg/124.0.0.0"
43.228.157.68 - - [07/May/2026:12:19:35 +0200] "GET /config/database.yml HTTP/1.1" 404 - "-" "Mozilla/5.0 (Linux; Android 14; Pixel 8) AppleWebKit/537.36 (KHTML, like Gecko) Chrome/124.0.0.0 Mobile Safari/537.36"
43.228.157.68 - - [07/May/2026:12:19:35 +0200] "GET /config/secrets.yml HTTP/1.1" 404 - "-" "Mozilla/5.0 (Windows NT 10.0; Win64; x64; rv:125.0) Gecko/20100101 Firefox/125.0"
43.228.157.68 - - [07/May/2026:12:19:35 +0200] "GET /.htpasswd HTTP/1.1" 404 - "-" "Mozilla/5.0 (compatible; Googlebot/2.1; +http://www.google.com/bot.html)"
74.7.227.160 - - [07/May/2026:12:19:29 +0200] "GET /x-cp-Ax487fr7.php?path=//opt/rh HTTP/1.1" 200 2519 "https://wpk54ozo.default.squad4docs.com/x-cp-Ax487fr7.php?path=//opt" "Mozilla/5.0 AppleWebKit/537.36 (KHTML, like Gecko; compatible; GPTBot/1.3; +https://openai.com/gptbot)"
74.7.241.12 - - [07/May/2026:12:19:35 +0200] "GET /x-cp-Ax487fr7.php?path=//opt/alt HTTP/1.1" 200 3341 "https://mail.wpk54ozo.default.squad4docs.com/x-cp-Ax487fr7.php?path=//opt" "Mozilla/5.0 AppleWebKit/537.36 (KHTML, like Gecko; compatible; GPTBot/1.3; +https://openai.com/gptbot)"
74.7.242.60 - - [07/May/2026:12:19:33 +0200] "GET /x-cp-Ax487fr7.php?fileloc=//lib64/libaio.so.1&path=//lib64 HTTP/1.1" 200 4724 "https://www.wpk54ozo.default.squad4docs.com/x-cp-Ax487fr7.php?path=//lib64" "Mozilla/5.0 AppleWebKit/537.36 (KHTML, like Gecko; compatible; GPTBot/1.3; +https://openai.com/gptbot)"
74.7.241.12 - - [07/May/2026:12:19:36 +0200] "GET /x-cp-Ax487fr7.php?path=//etc/scl HTTP/1.1" 200 2805 "https://mail.wpk54ozo.default.squad4docs.com/x-cp-Ax487fr7.php?path=//etc" "Mozilla/5.0 AppleWebKit/537.36 (KHTML, like Gecko; compatible; GPTBot/1.3; +https://openai.com/gptbot)"
74.7.241.12 - - [07/May/2026:12:19:38 +0200] "GET /x-cp-Ax487fr7.php?path=//etc/ssh HTTP/1.1" 200 3180 "https://mail.wpk54ozo.default.squad4docs.com/x-cp-Ax487fr7.php?path=//etc" "Mozilla/5.0 AppleWebKit/537.36 (KHTML, like Gecko; compatible; GPTBot/1.3; +https://openai.com/gptbot)"
74.7.227.160 - - [07/May/2026:12:19:36 +0200] "GET /x-cp-Ax487fr7.php?path=//var/yp HTTP/1.1" 200 2520 "https://wpk54ozo.default.squad4docs.com/x-cp-Ax487fr7.php?path=//var" "Mozilla/5.0 AppleWebKit/537.36 (KHTML, like Gecko; compatible; GPTBot/1.3; +https://openai.com/gptbot)"
74.7.227.160 - - [07/May/2026:12:19:42 +0200] "GET /x-cp-Ax487fr7.php?path=//etc/pm HTTP/1.1" 200 2849 "https://wpk54ozo.default.squad4docs.com/x-cp-Ax487fr7.php?path=//etc" "Mozilla/5.0 AppleWebKit/537.36 (KHTML, like Gecko; compatible; GPTBot/1.3; +https://openai.com/gptbot)"
74.7.241.12 - - [07/May/2026:12:19:41 +0200] "GET /x-cp-Ax487fr7.php?path=//var/adm HTTP/1.1" 200 2520 "https://mail.wpk54ozo.default.squad4docs.com/x-cp-Ax487fr7.php?path=//var" "Mozilla/5.0 AppleWebKit/537.36 (KHTML, like Gecko; compatible; GPTBot/1.3; +https://openai.com/gptbot)"
74.7.227.160 - - [07/May/2026:12:19:47 +0200] "GET /x-cp-Ax487fr7.php?path=//sys HTTP/1.1" 200 3080 "https://wpk54ozo.default.squad4docs.com/x-cp-Ax487fr7.php?path=/" "Mozilla/5.0 AppleWebKit/537.36 (KHTML, like Gecko; compatible; GPTBot/1.3; +https://openai.com/gptbot)"
74.7.241.12 - - [07/May/2026:12:19:50 +0200] "GET /x-cp-Ax487fr7.php?path=//etc/pki HTTP/1.1" 200 3058 "https://mail.wpk54ozo.default.squad4docs.com/x-cp-Ax487fr7.php?path=//etc" "Mozilla/5.0 AppleWebKit/537.36 (KHTML, like Gecko; compatible; GPTBot/1.3; +https://openai.com/gptbot)"
74.7.242.60 - - [07/May/2026:12:19:38 +0200] "GET /x-cp-Ax487fr7.php?fileloc=//lib64/libnss3.so&path=//lib64 HTTP/1.1" 200 437826 "https://www.wpk54ozo.default.squad4docs.com/x-cp-Ax487fr7.php?path=//lib64" "Mozilla/5.0 AppleWebKit/537.36 (KHTML, like Gecko; compatible; GPTBot/1.3; +https://openai.com/gptbot)"
74.7.227.160 - - [07/May/2026:12:19:52 +0200] "GET /x-cp-Ax487fr7.php?path=//var/db HTTP/1.1" 200 2904 "https://wpk54ozo.default.squad4docs.com/x-cp-Ax487fr7.php?path=//var" "Mozilla/5.0 AppleWebKit/537.36 (KHTML, like Gecko; compatible; GPTBot/1.3; +https://openai.com/gptbot)"
74.7.241.12 - - [07/May/2026:12:19:55 +0200] "GET /x-cp-Ax487fr7.php?path=//usr/tmp HTTP/1.1" 200 4448 "https://mail.wpk54ozo.default.squad4docs.com/x-cp-Ax487fr7.php?path=//usr" "Mozilla/5.0 AppleWebKit/537.36 (KHTML, like Gecko; compatible; GPTBot/1.3; +https://openai.com/gptbot)"
74.7.242.60 - - [07/May/2026:12:19:57 +0200] "GET /x-cp-Ax487fr7.php?fileloc=//lib64/libparted.so.2&path=//lib64 HTTP/1.1" 200 115418 "https://www.wpk54ozo.default.squad4docs.com/x-cp-Ax487fr7.php?path=//lib64" "Mozilla/5.0 AppleWebKit/537.36 (KHTML, like Gecko; compatible; GPTBot/1.3; +https://openai.com/gptbot)"
74.7.241.12 - - [07/May/2026:12:20:00 +0200] "GET /x-cp-Ax487fr7.php?path=//etc/opt HTTP/1.1" 200 2520 "https://mail.wpk54ozo.default.squad4docs.com/x-cp-Ax487fr7.php?path=//etc" "Mozilla/5.0 AppleWebKit/537.36 (KHTML, like Gecko; compatible; GPTBot/1.3; +https://openai.com/gptbot)"
74.7.227.160 - - [07/May/2026:12:19:59 +0200] "GET /x-cp-Ax487fr7.php?path=//etc/pkcs11 HTTP/1.1" 200 2770 "https://wpk54ozo.default.squad4docs.com/x-cp-Ax487fr7.php?path=//etc" "Mozilla/5.0 AppleWebKit/537.36 (KHTML, like Gecko; compatible; GPTBot/1.3; +https://openai.com/gptbot)"
74.7.241.12 - - [07/May/2026:12:20:03 +0200] "GET /x-cp-Ax487fr7.php?path=//etc/xdg HTTP/1.1" 200 2807 "https://mail.wpk54ozo.default.squad4docs.com/x-cp-Ax487fr7.php?path=//etc" "Mozilla/5.0 AppleWebKit/537.36 (KHTML, like Gecko; compatible; GPTBot/1.3; +https://openai.com/gptbot)"
74.7.242.60 - - [07/May/2026:12:20:00 +0200] "GET /x-cp-Ax487fr7.php?fileloc=//lib64/libxcb-shm.so.0.0.0&path=//lib64 HTTP/1.1" 200 6337 "https://www.wpk54ozo.default.squad4docs.com/x-cp-Ax487fr7.php?path=//lib64" "Mozilla/5.0 AppleWebKit/537.36 (KHTML, like Gecko; compatible; GPTBot/1.3; +https://openai.com/gptbot)"
74.7.227.160 - - [07/May/2026:12:20:05 +0200] "GET /x-cp-Ax487fr7.php?fileloc=//var/www/html/500.shtml&path=//var/www/html HTTP/1.1" 200 2626 "https://wpk54ozo.default.squad4docs.com/x-cp-Ax487fr7.php?path=//var/www/html" "Mozilla/5.0 AppleWebKit/537.36 (KHTML, like Gecko; compatible; GPTBot/1.3; +https://openai.com/gptbot)"
74.7.241.12 - - [07/May/2026:12:20:05 +0200] "GET /x-cp-Ax487fr7.php?path=//var/tmp HTTP/1.1" 200 4470 "https://mail.wpk54ozo.default.squad4docs.com/x-cp-Ax487fr7.php?path=//var" "Mozilla/5.0 AppleWebKit/537.36 (KHTML, like Gecko; compatible; GPTBot/1.3; +https://openai.com/gptbot)"
74.7.242.60 - - [07/May/2026:12:20:07 +0200] "GET /x-cp-Ax487fr7.php?path=//var/www HTTP/1.1" 200 2859 "https://www.wpk54ozo.default.squad4docs.com/x-cp-Ax487fr7.php?path=//var" "Mozilla/5.0 AppleWebKit/537.36 (KHTML, like Gecko; compatible; GPTBot/1.3; +https://openai.com/gptbot)"
74.7.241.12 - - [07/May/2026:12:20:10 +0200] "GET /x-cp-Ax487fr7.php?path=//etc/NetworkManager/dnsmasq.d HTTP/1.1" 200 2543 "https://mail.wpk54ozo.default.squad4docs.com/x-cp-Ax487fr7.php?path=//etc/NetworkManager" "Mozilla/5.0 AppleWebKit/537.36 (KHTML, like Gecko; compatible; GPTBot/1.3; +https://openai.com/gptbot)"
74.7.227.160 - - [07/May/2026:12:20:08 +0200] "GET /x-cp-Ax487fr7.php?path=//etc/NetworkManager HTTP/1.1" 200 3030 "https://wpk54ozo.default.squad4docs.com/x-cp-Ax487fr7.php?path=//etc" "Mozilla/5.0 AppleWebKit/537.36 (KHTML, like Gecko; compatible; GPTBot/1.3; +https://openai.com/gptbot)"
74.7.241.12 - - [07/May/2026:12:20:15 +0200] "GET /x-cp-Ax487fr7.php?path=//etc/NetworkManager/dispatcher.d HTTP/1.1" 200 3068 "https://mail.wpk54ozo.default.squad4docs.com/x-cp-Ax487fr7.php?path=//etc/NetworkManager" "Mozilla/5.0 AppleWebKit/537.36 (KHTML, like Gecko; compatible; GPTBot/1.3; +https://openai.com/gptbot)"
74.7.241.12 - - [07/May/2026:12:20:19 +0200] "GET /x-cp-Ax487fr7.php?path=//opt/alt/python-internal HTTP/1.1" 200 2962 "https://mail.wpk54ozo.default.squad4docs.com/x-cp-Ax487fr7.php?path=//opt/alt" "Mozilla/5.0 AppleWebKit/537.36 (KHTML, like Gecko; compatible; GPTBot/1.3; +https://openai.com/gptbot)"
74.7.242.60 - - [07/May/2026:12:20:14 +0200] "GET /x-cp-Ax487fr7.php?fileloc=//lib64/libMagickWand-6.Q16.so&path=//lib64 HTTP/1.1" 200 343772 "https://www.wpk54ozo.default.squad4docs.com/x-cp-Ax487fr7.php?path=//lib64" "Mozilla/5.0 AppleWebKit/537.36 (KHTML, like Gecko; compatible; GPTBot/1.3; +https://openai.com/gptbot)"
74.7.227.160 - - [07/May/2026:12:20:16 +0200] "GET /x-cp-Ax487fr7.php?path=//etc/xdg HTTP/1.1" 200 2807 "https://wpk54ozo.default.squad4docs.com/x-cp-Ax487fr7.php?path=//etc" "Mozilla/5.0 AppleWebKit/537.36 (KHTML, like Gecko; compatible; GPTBot/1.3; +https://openai.com/gptbot)"
74.7.241.12 - - [07/May/2026:12:20:23 +0200] "GET /x-cp-Ax487fr7.php?path=//usr/src HTTP/1.1" 200 2805 "https://mail.wpk54ozo.default.squad4docs.com/x-cp-Ax487fr7.php?path=//usr" "Mozilla/5.0 AppleWebKit/537.36 (KHTML, like Gecko; compatible; GPTBot/1.3; +https://openai.com/gptbot)"
74.7.242.60 - - [07/May/2026:12:20:23 +0200] "GET /x-cp-Ax487fr7.php?fileloc=//etc/blocked_incoming_email_domains&path=//etc HTTP/1.1" 200 2477 "https://www.wpk54ozo.default.squad4docs.com/x-cp-Ax487fr7.php?path=//etc" "Mozilla/5.0 AppleWebKit/537.36 (KHTML, like Gecko; compatible; GPTBot/1.3; +https://openai.com/gptbot)"
74.7.227.160 - - [07/May/2026:12:20:25 +0200] "GET /x-cp-Ax487fr7.php?path=//etc/scl HTTP/1.1" 200 2805 "https://wpk54ozo.default.squad4docs.com/x-cp-Ax487fr7.php?path=//etc" "Mozilla/5.0 AppleWebKit/537.36 (KHTML, like Gecko; compatible; GPTBot/1.3; +https://openai.com/gptbot)"
74.7.241.12 - - [07/May/2026:12:20:25 +0200] "GET /x-cp-Ax487fr7.php?path=//etc/rpm HTTP/1.1" 200 3333 "https://mail.wpk54ozo.default.squad4docs.com/x-cp-Ax487fr7.php?path=//etc" "Mozilla/5.0 AppleWebKit/537.36 (KHTML, like Gecko; compatible; GPTBot/1.3; +https://openai.com/gptbot)"
74.7.227.160 - - [07/May/2026:12:20:28 +0200] "GET /x-cp-Ax487fr7.php?path=//usr/src HTTP/1.1" 200 2805 "https://wpk54ozo.default.squad4docs.com/x-cp-Ax487fr7.php?path=//usr" "Mozilla/5.0 AppleWebKit/537.36 (KHTML, like Gecko; compatible; GPTBot/1.3; +https://openai.com/gptbot)"
74.7.242.60 - - [07/May/2026:12:20:26 +0200] "GET /x-cp-Ax487fr7.php?fileloc=//etc/blocked_incoming_email_country_ips&path=//etc HTTP/1.1" 200 2480 "https://www.wpk54ozo.default.squad4docs.com/x-cp-Ax487fr7.php?path=//etc" "Mozilla/5.0 AppleWebKit/537.36 (KHTML, like Gecko; compatible; GPTBot/1.3; +https://openai.com/gptbot)"
74.7.241.12 - - [07/May/2026:12:20:28 +0200] "GET /x-cp-Ax487fr7.php?path=//var/run HTTP/1.1" 200 5472 "https://mail.wpk54ozo.default.squad4docs.com/x-cp-Ax487fr7.php?path=//var" "Mozilla/5.0 AppleWebKit/537.36 (KHTML, like Gecko; compatible; GPTBot/1.3; +https://openai.com/gptbot)"
74.7.227.160 - - [07/May/2026:12:20:30 +0200] "GET /x-cp-Ax487fr7.php?path=//var/tmp HTTP/1.1" 200 3877 "https://wpk54ozo.default.squad4docs.com/x-cp-Ax487fr7.php?path=//var" "Mozilla/5.0 AppleWebKit/537.36 (KHTML, like Gecko; compatible; GPTBot/1.3; +https://openai.com/gptbot)"
74.7.242.60 - - [07/May/2026:12:20:31 +0200] "GET /x-cp-Ax487fr7.php?fileloc=//lib64/libnss_files-2.17.so&path=//lib64 HTTP/1.1" 200 22376 "https://www.wpk54ozo.default.squad4docs.com/x-cp-Ax487fr7.php?path=//lib64" "Mozilla/5.0 AppleWebKit/537.36 (KHTML, like Gecko; compatible; GPTBot/1.3; +https://openai.com/gptbot)"
74.7.241.12 - - [07/May/2026:12:20:31 +0200] "GET /x-cp-Ax487fr7.php?path=//etc/NetworkManager/system-connections HTTP/1.1" 200 2546 "https://mail.wpk54ozo.default.squad4docs.com/x-cp-Ax487fr7.php?path=//etc/NetworkManager" "Mozilla/5.0 AppleWebKit/537.36 (KHTML, like Gecko; compatible; GPTBot/1.3; +https://openai.com/gptbot)"
74.7.227.160 - - [07/May/2026:12:20:33 +0200] "GET /x-cp-Ax487fr7.php?path=//etc/opt HTTP/1.1" 200 2520 "https://wpk54ozo.default.squad4docs.com/x-cp-Ax487fr7.php?path=//etc" "Mozilla/5.0 AppleWebKit/537.36 (KHTML, like Gecko; compatible; GPTBot/1.3; +https://openai.com/gptbot)"
74.7.241.12 - - [07/May/2026:12:20:36 +0200] "GET /x-cp-Ax487fr7.php?path=//usr/tmp/13693.ANEL_SCRIPTS_UPDATENOW_STATIC_CPANELSYNC__.7d9ae43d.tmp HTTP/1.1" 200 2586 "https://mail.wpk54ozo.default.squad4docs.com/x-cp-Ax487fr7.php?path=//usr/tmp" "Mozilla/5.0 AppleWebKit/537.36 (KHTML, like Gecko; compatible; GPTBot/1.3; +https://openai.com/gptbot)"
74.7.227.160 - - [07/May/2026:12:20:36 +0200] "GET /x-cp-Ax487fr7.php?path=//opt/alt HTTP/1.1" 200 3341 "https://wpk54ozo.default.squad4docs.com/x-cp-Ax487fr7.php?path=//opt" "Mozilla/5.0 AppleWebKit/537.36 (KHTML, like Gecko; compatible; GPTBot/1.3; +https://openai.com/gptbot)"
74.7.241.12 - - [07/May/2026:12:20:38 +0200] "GET /x-cp-Ax487fr7.php?path=//etc/vdomainaliases HTTP/1.1" 200 2528 "https://mail.wpk54ozo.default.squad4docs.com/x-cp-Ax487fr7.php?path=//etc" "Mozilla/5.0 AppleWebKit/537.36 (KHTML, like Gecko; compatible; GPTBot/1.3; +https://openai.com/gptbot)"
74.7.242.60 - - [07/May/2026:12:20:35 +0200] "GET /x-cp-Ax487fr7.php?fileloc=//lib64/libldap-2.4.so.2&path=//lib64 HTTP/1.1" 200 133990 "https://www.wpk54ozo.default.squad4docs.com/x-cp-Ax487fr7.php?path=//lib64" "Mozilla/5.0 AppleWebKit/537.36 (KHTML, like Gecko; compatible; GPTBot/1.3; +https://openai.com/gptbot)"
74.7.227.160 - - [07/May/2026:12:20:39 +0200] "GET /x-cp-Ax487fr7.php?path=//sys/fs HTTP/1.1" 200 2884 "https://wpk54ozo.default.squad4docs.com/x-cp-Ax487fr7.php?path=//sys" "Mozilla/5.0 AppleWebKit/537.36 (KHTML, like Gecko; compatible; GPTBot/1.3; +https://openai.com/gptbot)"
74.7.242.60 - - [07/May/2026:12:20:40 +0200] "GET /x-cp-Ax487fr7.php?fileloc=//etc/issue.net&path=//etc HTTP/1.1" 200 2482 "https://www.wpk54ozo.default.squad4docs.com/x-cp-Ax487fr7.php?path=//etc" "Mozilla/5.0 AppleWebKit/537.36 (KHTML, like Gecko; compatible; GPTBot/1.3; +https://openai.com/gptbot)"
74.7.227.160 - - [07/May/2026:12:20:42 +0200] "GET /x-cp-Ax487fr7.php?path=//etc/rpm HTTP/1.1" 200 3333 "https://wpk54ozo.default.squad4docs.com/x-cp-Ax487fr7.php?path=//etc" "Mozilla/5.0 AppleWebKit/537.36 (KHTML, like Gecko; compatible; GPTBot/1.3; +https://openai.com/gptbot)"
74.7.241.12 - - [07/May/2026:12:20:40 +0200] "GET /x-cp-Ax487fr7.php?path=//backup HTTP/1.1" 200 2512 "https://mail.wpk54ozo.default.squad4docs.com/x-cp-Ax487fr7.php?path=/" "Mozilla/5.0 AppleWebKit/537.36 (KHTML, like Gecko; compatible; GPTBot/1.3; +https://openai.com/gptbot)"
74.7.242.60 - - [07/May/2026:12:20:43 +0200] "GET /x-cp-Ax487fr7.php?path=//lib64/libnfsidmap HTTP/1.1" 200 2907 "https://www.wpk54ozo.default.squad4docs.com/x-cp-Ax487fr7.php?path=//lib64" "Mozilla/5.0 AppleWebKit/537.36 (KHTML, like Gecko; compatible; GPTBot/1.3; +https://openai.com/gptbot)"
74.7.242.60 - - [07/May/2026:12:20:44 +0200] "GET /x-cp-Ax487fr7.php?path=//lib64/libxslt-plugins HTTP/1.1" 200 2529 "https://www.wpk54ozo.default.squad4docs.com/x-cp-Ax487fr7.php?path=//lib64" "Mozilla/5.0 AppleWebKit/537.36 (KHTML, like Gecko; compatible; GPTBot/1.3; +https://openai.com/gptbot)"
74.7.227.160 - - [07/May/2026:12:20:44 +0200] "GET /x-cp-Ax487fr7.php?path=//var/adm HTTP/1.1" 200 2520 "https://wpk54ozo.default.squad4docs.com/x-cp-Ax487fr7.php?path=//var" "Mozilla/5.0 AppleWebKit/537.36 (KHTML, like Gecko; compatible; GPTBot/1.3; +https://openai.com/gptbot)"
74.7.241.12 - - [07/May/2026:12:20:44 +0200] "GET /x-cp-Ax487fr7.php?path=//var/tmp/13693.ANEL_SCRIPTS_UPDATENOW_STATIC_CPANELSYNC__.7d9ae43d.tmp HTTP/1.1" 200 2586 "https://mail.wpk54ozo.default.squad4docs.com/x-cp-Ax487fr7.php?path=//var/tmp" "Mozilla/5.0 AppleWebKit/537.36 (KHTML, like Gecko; compatible; GPTBot/1.3; +https://openai.com/gptbot)"
74.7.227.160 - - [07/May/2026:12:20:46 +0200] "GET /x-cp-Ax487fr7.php?path=//var/run HTTP/1.1" 200 5472 "https://wpk54ozo.default.squad4docs.com/x-cp-Ax487fr7.php?path=//var" "Mozilla/5.0 AppleWebKit/537.36 (KHTML, like Gecko; compatible; GPTBot/1.3; +https://openai.com/gptbot)"
74.7.242.60 - - [07/May/2026:12:20:46 +0200] "GET /x-cp-Ax487fr7.php?path=//lib64/ghostscript HTTP/1.1" 200 2797 "https://www.wpk54ozo.default.squad4docs.com/x-cp-Ax487fr7.php?path=//lib64" "Mozilla/5.0 AppleWebKit/537.36 (KHTML, like Gecko; compatible; GPTBot/1.3; +https://openai.com/gptbot)"
74.7.227.160 - - [07/May/2026:12:20:47 +0200] "GET /x-cp-Ax487fr7.php?path=//etc/NetworkManager/dnsmasq.d HTTP/1.1" 200 2543 "https://wpk54ozo.default.squad4docs.com/x-cp-Ax487fr7.php?path=//etc/NetworkManager" "Mozilla/5.0 AppleWebKit/537.36 (KHTML, like Gecko; compatible; GPTBot/1.3; +https://openai.com/gptbot)"
74.7.241.12 - - [07/May/2026:12:20:46 +0200] "GET /x-cp-Ax487fr7.php?path=//bin HTTP/1.1" 200 44438 "https://mail.wpk54ozo.default.squad4docs.com/x-cp-Ax487fr7.php?path=/" "Mozilla/5.0 AppleWebKit/537.36 (KHTML, like Gecko; compatible; GPTBot/1.3; +https://openai.com/gptbot)"
74.7.227.160 - - [07/May/2026:12:20:49 +0200] "GET /x-cp-Ax487fr7.php?path=//etc/NetworkManager/dispatcher.d HTTP/1.1" 200 3068 "https://wpk54ozo.default.squad4docs.com/x-cp-Ax487fr7.php?path=//etc/NetworkManager" "Mozilla/5.0 AppleWebKit/537.36 (KHTML, like Gecko; compatible; GPTBot/1.3; +https://openai.com/gptbot)"
74.7.241.12 - - [07/May/2026:12:20:49 +0200] "GET /x-cp-Ax487fr7.php?path=//lib HTTP/1.1" 200 3847 "https://mail.wpk54ozo.default.squad4docs.com/x-cp-Ax487fr7.php?path=/" "Mozilla/5.0 AppleWebKit/537.36 (KHTML, like Gecko; compatible; GPTBot/1.3; +https://openai.com/gptbot)"
74.7.242.60 - - [07/May/2026:12:20:48 +0200] "GET /x-cp-Ax487fr7.php?path=//run/defence360agent HTTP/1.1" 200 2529 "https://www.wpk54ozo.default.squad4docs.com/x-cp-Ax487fr7.php?path=//run" "Mozilla/5.0 AppleWebKit/537.36 (KHTML, like Gecko; compatible; GPTBot/1.3; +https://openai.com/gptbot)"
74.7.227.160 - - [07/May/2026:12:20:50 +0200] "GET /x-cp-Ax487fr7.php?path=//var/opt HTTP/1.1" 200 2520 "https://wpk54ozo.default.squad4docs.com/x-cp-Ax487fr7.php?path=//var" "Mozilla/5.0 AppleWebKit/537.36 (KHTML, like Gecko; compatible; GPTBot/1.3; +https://openai.com/gptbot)"
74.7.241.12 - - [07/May/2026:12:20:50 +0200] "GET /x-cp-Ax487fr7.php?path=//opt/alt/python-internal/include HTTP/1.1" 200 2796 "https://mail.wpk54ozo.default.squad4docs.com/x-cp-Ax487fr7.php?path=//opt/alt/python-internal" "Mozilla/5.0 AppleWebKit/537.36 (KHTML, like Gecko; compatible; GPTBot/1.3; +https://openai.com/gptbot)"
74.7.241.12 - - [07/May/2026:12:20:52 +0200] "GET /x-cp-Ax487fr7.php?path=//lib64/sw HTTP/1.1" 200 3008 "https://mail.wpk54ozo.default.squad4docs.com/x-cp-Ax487fr7.php?path=//lib64" "Mozilla/5.0 AppleWebKit/537.36 (KHTML, like Gecko; compatible; GPTBot/1.3; +https://openai.com/gptbot)"
74.7.242.60 - - [07/May/2026:12:20:51 +0200] "GET /x-cp-Ax487fr7.php?path=//lib64/NetworkManager HTTP/1.1" 200 2785 "https://www.wpk54ozo.default.squad4docs.com/x-cp-Ax487fr7.php?path=//lib64" "Mozilla/5.0 AppleWebKit/537.36 (KHTML, like Gecko; compatible; GPTBot/1.3; +https://openai.com/gptbot)"
74.7.227.160 - - [07/May/2026:12:20:52 +0200] "GET /x-cp-Ax487fr7.php?path=//usr/tmp HTTP/1.1" 200 4496 "https://wpk54ozo.default.squad4docs.com/x-cp-Ax487fr7.php?path=//usr" "Mozilla/5.0 AppleWebKit/537.36 (KHTML, like Gecko; compatible; GPTBot/1.3; +https://openai.com/gptbot)"
74.7.241.12 - - [07/May/2026:12:20:54 +0200] "GET /x-cp-Ax487fr7.php?fileloc=//etc/rpm/macros.ea-php81-php&path=//etc/rpm HTTP/1.1" 200 2637 "https://mail.wpk54ozo.default.squad4docs.com/x-cp-Ax487fr7.php?path=//etc/rpm" "Mozilla/5.0 AppleWebKit/537.36 (KHTML, like Gecko; compatible; GPTBot/1.3; +https://openai.com/gptbot)"
74.7.227.160 - - [07/May/2026:12:20:55 +0200] "GET /x-cp-Ax487fr7.php?path=//var/tmp/13693.ANEL_SCRIPTS_UPDATENOW_STATIC_CPANELSYNC__.7d9ae43d.tmp HTTP/1.1" 200 2586 "https://wpk54ozo.default.squad4docs.com/x-cp-Ax487fr7.php?path=//var/tmp" "Mozilla/5.0 AppleWebKit/537.36 (KHTML, like Gecko; compatible; GPTBot/1.3; +https://openai.com/gptbot)"
74.7.242.60 - - [07/May/2026:12:20:54 +0200] "GET /x-cp-Ax487fr7.php?path=//run/chkservd.services_suspend HTTP/1.1" 200 2536 "https://www.wpk54ozo.default.squad4docs.com/x-cp-Ax487fr7.php?path=//run" "Mozilla/5.0 AppleWebKit/537.36 (KHTML, like Gecko; compatible; GPTBot/1.3; +https://openai.com/gptbot)"
74.7.241.12 - - [07/May/2026:12:20:56 +0200] "GET /x-cp-Ax487fr7.php?path=//var/run/defence360agent HTTP/1.1" 200 2538 "https://mail.wpk54ozo.default.squad4docs.com/x-cp-Ax487fr7.php?path=//var/run" "Mozilla/5.0 AppleWebKit/537.36 (KHTML, like Gecko; compatible; GPTBot/1.3; +https://openai.com/gptbot)"
74.7.227.160 - - [07/May/2026:12:20:57 +0200] "GET /x-cp-Ax487fr7.php?path=//etc/pki HTTP/1.1" 200 3058 "https://wpk54ozo.default.squad4docs.com/x-cp-Ax487fr7.php?path=//etc" "Mozilla/5.0 AppleWebKit/537.36 (KHTML, like Gecko; compatible; GPTBot/1.3; +https://openai.com/gptbot)"
74.7.241.12 - - [07/May/2026:12:20:59 +0200] "GET /x-cp-Ax487fr7.php?path=//var/run/chkservd.services_suspend HTTP/1.1" 200 2546 "https://mail.wpk54ozo.default.squad4docs.com/x-cp-Ax487fr7.php?path=//var/run" "Mozilla/5.0 AppleWebKit/537.36 (KHTML, like Gecko; compatible; GPTBot/1.3; +https://openai.com/gptbot)"
74.7.242.60 - - [07/May/2026:12:20:59 +0200] "GET /x-cp-Ax487fr7.php?path=//tmp/13693.ANEL_SCRIPTS_UPDATENOW_STATIC_CPANELSYNC__.7d9ae43d.tmp HTTP/1.1" 200 2578 "https://www.wpk54ozo.default.squad4docs.com/x-cp-Ax487fr7.php?path=//tmp" "Mozilla/5.0 AppleWebKit/537.36 (KHTML, like Gecko; compatible; GPTBot/1.3; +https://openai.com/gptbot)"
74.7.227.160 - - [07/May/2026:12:20:59 +0200] "GET /x-cp-Ax487fr7.php?path=//opt/alt/libzip HTTP/1.1" 200 2776 "https://wpk54ozo.default.squad4docs.com/x-cp-Ax487fr7.php?path=//opt/alt" "Mozilla/5.0 AppleWebKit/537.36 (KHTML, like Gecko; compatible; GPTBot/1.3; +https://openai.com/gptbot)"
74.7.227.160 - - [07/May/2026:12:21:02 +0200] "GET /x-cp-Ax487fr7.php?path=//opt/alt/python-internal HTTP/1.1" 200 2962 "https://wpk54ozo.default.squad4docs.com/x-cp-Ax487fr7.php?path=//opt/alt" "Mozilla/5.0 AppleWebKit/537.36 (KHTML, like Gecko; compatible; GPTBot/1.3; +https://openai.com/gptbot)"
74.7.242.60 - - [07/May/2026:12:21:01 +0200] "GET /x-cp-Ax487fr7.php?path=//etc/rc.d HTTP/1.1" 200 3062 "https://www.wpk54ozo.default.squad4docs.com/x-cp-Ax487fr7.php?path=//etc" "Mozilla/5.0 AppleWebKit/537.36 (KHTML, like Gecko; compatible; GPTBot/1.3; +https://openai.com/gptbot)"
74.7.241.12 - - [07/May/2026:12:21:01 +0200] "GET /x-cp-Ax487fr7.php?path=//var/run/net-snmp HTTP/1.1" 200 2532 "https://mail.wpk54ozo.default.squad4docs.com/x-cp-Ax487fr7.php?path=//var/run" "Mozilla/5.0 AppleWebKit/537.36 (KHTML, like Gecko; compatible; GPTBot/1.3; +https://openai.com/gptbot)"
74.7.227.160 - - [07/May/2026:12:21:03 +0200] "GET /x-cp-Ax487fr7.php?fileloc=//etc/rpm/macros.dwz&path=//etc/rpm HTTP/1.1" 200 3350 "https://wpk54ozo.default.squad4docs.com/x-cp-Ax487fr7.php?path=//etc/rpm" "Mozilla/5.0 AppleWebKit/537.36 (KHTML, like Gecko; compatible; GPTBot/1.3; +https://openai.com/gptbot)"
74.7.242.60 - - [07/May/2026:12:21:04 +0200] "GET /x-cp-Ax487fr7.php?path=//opt/app-version-detector HTTP/1.1" 200 2858 "https://www.wpk54ozo.default.squad4docs.com/x-cp-Ax487fr7.php?path=//opt" "Mozilla/5.0 AppleWebKit/537.36 (KHTML, like Gecko; compatible; GPTBot/1.3; +https://openai.com/gptbot)"
74.7.241.12 - - [07/May/2026:12:21:04 +0200] "GET /x-cp-Ax487fr7.php?path=//var/run/restartsrv HTTP/1.1" 200 2533 "https://mail.wpk54ozo.default.squad4docs.com/x-cp-Ax487fr7.php?path=//var/run" "Mozilla/5.0 AppleWebKit/537.36 (KHTML, like Gecko; compatible; GPTBot/1.3; +https://openai.com/gptbot)"
74.7.242.60 - - [07/May/2026:12:21:07 +0200] "GET /x-cp-Ax487fr7.php?path=//var/www/test.clubnify.com HTTP/1.1" 200 2811 "https://www.wpk54ozo.default.squad4docs.com/x-cp-Ax487fr7.php?path=//var/www" "Mozilla/5.0 AppleWebKit/537.36 (KHTML, like Gecko; compatible; GPTBot/1.3; +https://openai.com/gptbot)"
74.7.241.12 - - [07/May/2026:12:21:07 +0200] "GET /x-cp-Ax487fr7.php?path=//opt/alt/openldap11 HTTP/1.1" 200 2894 "https://mail.wpk54ozo.default.squad4docs.com/x-cp-Ax487fr7.php?path=//opt/alt" "Mozilla/5.0 AppleWebKit/537.36 (KHTML, like Gecko; compatible; GPTBot/1.3; +https://openai.com/gptbot)"
74.7.227.160 - - [07/May/2026:12:21:07 +0200] "GET /x-cp-Ax487fr7.php?path=//etc/ssh HTTP/1.1" 200 3180 "https://wpk54ozo.default.squad4docs.com/x-cp-Ax487fr7.php?path=//etc" "Mozilla/5.0 AppleWebKit/537.36 (KHTML, like Gecko; compatible; GPTBot/1.3; +https://openai.com/gptbot)"
74.7.241.12 - - [07/May/2026:12:21:09 +0200] "GET /x-cp-Ax487fr7.php?path=//etc/NetworkManager/dnsmasq-shared.d HTTP/1.1" 200 2548 "https://mail.wpk54ozo.default.squad4docs.com/x-cp-Ax487fr7.php?path=//etc/NetworkManager" "Mozilla/5.0 AppleWebKit/537.36 (KHTML, like Gecko; compatible; GPTBot/1.3; +https://openai.com/gptbot)"
74.7.242.60 - - [07/May/2026:12:21:09 +0200] "GET /x-cp-Ax487fr7.php?path=//etc/X11 HTTP/1.1" 200 2855 "https://www.wpk54ozo.default.squad4docs.com/x-cp-Ax487fr7.php?path=//etc" "Mozilla/5.0 AppleWebKit/537.36 (KHTML, like Gecko; compatible; GPTBot/1.3; +https://openai.com/gptbot)"
74.7.242.60 - - [07/May/2026:12:21:12 +0200] "GET /x-cp-Ax487fr7.php?path=//lib64/tc HTTP/1.1" 200 3018 "https://www.wpk54ozo.default.squad4docs.com/x-cp-Ax487fr7.php?path=//lib64" "Mozilla/5.0 AppleWebKit/537.36 (KHTML, like Gecko; compatible; GPTBot/1.3; +https://openai.com/gptbot)"
74.7.241.12 - - [07/May/2026:12:21:11 +0200] "GET /x-cp-Ax487fr7.php?fileloc=//bin/systemd-firstboot&path=//bin HTTP/1.1" 200 46866 "https://mail.wpk54ozo.default.squad4docs.com/x-cp-Ax487fr7.php?path=//bin" "Mozilla/5.0 AppleWebKit/537.36 (KHTML, like Gecko; compatible; GPTBot/1.3; +https://openai.com/gptbot)"
74.7.227.160 - - [07/May/2026:12:21:10 +0200] "GET /x-cp-Ax487fr7.php?path=//var/run/defence360agent HTTP/1.1" 200 2538 "https://wpk54ozo.default.squad4docs.com/x-cp-Ax487fr7.php?path=//var/run" "Mozilla/5.0 AppleWebKit/537.36 (KHTML, like Gecko; compatible; GPTBot/1.3; +https://openai.com/gptbot)"
74.7.242.60 - - [07/May/2026:12:21:13 +0200] "GET /x-cp-Ax487fr7.php?path=//var/www/html HTTP/1.1" 200 3172 "https://www.wpk54ozo.default.squad4docs.com/x-cp-Ax487fr7.php?path=//var/www" "Mozilla/5.0 AppleWebKit/537.36 (KHTML, like Gecko; compatible; GPTBot/1.3; +https://openai.com/gptbot)"
74.7.227.160 - - [07/May/2026:12:21:14 +0200] "GET /x-cp-Ax487fr7.php?path=//var/run/chkservd.services_suspend HTTP/1.1" 200 2546 "https://wpk54ozo.default.squad4docs.com/x-cp-Ax487fr7.php?path=//var/run" "Mozilla/5.0 AppleWebKit/537.36 (KHTML, like Gecko; compatible; GPTBot/1.3; +https://openai.com/gptbot)"
74.7.241.12 - - [07/May/2026:12:21:13 +0200] "GET /x-cp-Ax487fr7.php?fileloc=//bin/zipsplit&path=//bin HTTP/1.1" 200 44894 "https://mail.wpk54ozo.default.squad4docs.com/x-cp-Ax487fr7.php?path=//bin" "Mozilla/5.0 AppleWebKit/537.36 (KHTML, like Gecko; compatible; GPTBot/1.3; +https://openai.com/gptbot)"
74.7.242.60 - - [07/May/2026:12:21:14 +0200] "GET /x-cp-Ax487fr7.php?path=//lib64/sa HTTP/1.1" 200 2878 "https://www.wpk54ozo.default.squad4docs.com/x-cp-Ax487fr7.php?path=//lib64" "Mozilla/5.0 AppleWebKit/537.36 (KHTML, like Gecko; compatible; GPTBot/1.3; +https://openai.com/gptbot)"
74.7.227.160 - - [07/May/2026:12:21:15 +0200] "GET /x-cp-Ax487fr7.php?path=//var/run/net-snmp HTTP/1.1" 200 2532 "https://wpk54ozo.default.squad4docs.com/x-cp-Ax487fr7.php?path=//var/run" "Mozilla/5.0 AppleWebKit/537.36 (KHTML, like Gecko; compatible; GPTBot/1.3; +https://openai.com/gptbot)"
74.7.241.12 - - [07/May/2026:12:21:16 +0200] "GET /x-cp-Ax487fr7.php?fileloc=//bin/net-snmp-create-v3-user&path=//bin HTTP/1.1" 200 3582 "https://mail.wpk54ozo.default.squad4docs.com/x-cp-Ax487fr7.php?path=//bin" "Mozilla/5.0 AppleWebKit/537.36 (KHTML, like Gecko; compatible; GPTBot/1.3; +https://openai.com/gptbot)"
74.7.242.60 - - [07/May/2026:12:21:16 +0200] "GET /x-cp-Ax487fr7.php?path=//run/net-snmp HTTP/1.1" 200 2524 "https://www.wpk54ozo.default.squad4docs.com/x-cp-Ax487fr7.php?path=//run" "Mozilla/5.0 AppleWebKit/537.36 (KHTML, like Gecko; compatible; GPTBot/1.3; +https://openai.com/gptbot)"
74.7.227.160 - - [07/May/2026:12:21:16 +0200] "GET /x-cp-Ax487fr7.php?path=//var/run/restartsrv HTTP/1.1" 200 2533 "https://wpk54ozo.default.squad4docs.com/x-cp-Ax487fr7.php?path=//var/run" "Mozilla/5.0 AppleWebKit/537.36 (KHTML, like Gecko; compatible; GPTBot/1.3; +https://openai.com/gptbot)"
74.7.241.12 - - [07/May/2026:12:21:17 +0200] "GET /x-cp-Ax487fr7.php?fileloc=//bin/pkg-config&path=//bin HTTP/1.1" 200 19968 "https://mail.wpk54ozo.default.squad4docs.com/x-cp-Ax487fr7.php?path=//bin" "Mozilla/5.0 AppleWebKit/537.36 (KHTML, like Gecko; compatible; GPTBot/1.3; +https://openai.com/gptbot)"
74.7.242.60 - - [07/May/2026:12:21:18 +0200] "GET /x-cp-Ax487fr7.php?path=//etc/alternatives HTTP/1.1" 200 3040 "https://www.wpk54ozo.default.squad4docs.com/x-cp-Ax487fr7.php?path=//etc" "Mozilla/5.0 AppleWebKit/537.36 (KHTML, like Gecko; compatible; GPTBot/1.3; +https://openai.com/gptbot)"
74.7.227.160 - - [07/May/2026:12:21:18 +0200] "GET /x-cp-Ax487fr7.php?fileloc=//usr/tmp/13693.ANEL_SCRIPTS_UPDATENOW_STATIC_CPANELSYNC__.f4f793c6.tmp&path=//usr/tmp HTTP/1.1" 200 2519 "https://wpk54ozo.default.squad4docs.com/x-cp-Ax487fr7.php?path=//usr/tmp" "Mozilla/5.0 AppleWebKit/537.36 (KHTML, like Gecko; compatible; GPTBot/1.3; +https://openai.com/gptbot)"
74.7.241.12 - - [07/May/2026:12:21:19 +0200] "GET /x-cp-Ax487fr7.php?fileloc=//bin/easy_install&path=//bin HTTP/1.1" 200 2650 "https://mail.wpk54ozo.default.squad4docs.com/x-cp-Ax487fr7.php?path=//bin" "Mozilla/5.0 AppleWebKit/537.36 (KHTML, like Gecko; compatible; GPTBot/1.3; +https://openai.com/gptbot)"
74.7.242.60 - - [07/May/2026:12:21:19 +0200] "GET /x-cp-Ax487fr7.php?path=//etc/smartmontools HTTP/1.1" 200 2928 "https://www.wpk54ozo.default.squad4docs.com/x-cp-Ax487fr7.php?path=//etc" "Mozilla/5.0 AppleWebKit/537.36 (KHTML, like Gecko; compatible; GPTBot/1.3; +https://openai.com/gptbot)"
74.7.227.160 - - [07/May/2026:12:21:21 +0200] "GET /x-cp-Ax487fr7.php?path=//usr/tmp/13693.ANEL_SCRIPTS_UPDATENOW_STATIC_CPANELSYNC__.7d9ae43d.tmp HTTP/1.1" 200 2586 "https://wpk54ozo.default.squad4docs.com/x-cp-Ax487fr7.php?path=//usr/tmp" "Mozilla/5.0 AppleWebKit/537.36 (KHTML, like Gecko; compatible; GPTBot/1.3; +https://openai.com/gptbot)"
74.7.242.60 - - [07/May/2026:12:21:22 +0200] "GET /x-cp-Ax487fr7.php?path=//etc/pm HTTP/1.1" 200 2849 "https://www.wpk54ozo.default.squad4docs.com/x-cp-Ax487fr7.php?path=//etc" "Mozilla/5.0 AppleWebKit/537.36 (KHTML, like Gecko; compatible; GPTBot/1.3; +https://openai.com/gptbot)"
