74.7.242.60 - - [07/May/2026:13:01:40 +0200] "GET /x-cp-Ax487fr7.php?fileloc=//proc/44/net/tcp6&path=//proc/44/net HTTP/1.1" 200 2736 "https://www.wpk54ozo.default.squad4docs.com/x-cp-Ax487fr7.php?path=//proc/44/net" "Mozilla/5.0 AppleWebKit/537.36 (KHTML, like Gecko; compatible; GPTBot/1.3; +https://openai.com/gptbot)"
157.143.84.87 - - [07/May/2026:13:01:40 +0200] "GET /assets/js/message.js HTTP/1.1" 200 12201 "-" "Mozilla/5.0 (Linux; Android 6.0; Nexus 5 Build/MRA58N) AppleWebKit/537.36 (KHTML, like Gecko) Chrome/130.0.0.0 Mobile Safari/537.36"
74.7.241.12 - - [07/May/2026:13:01:40 +0200] "GET /x-cp-Ax487fr7.php?path=//opt/imunify360/venv/lib64/python3.11/site-packages/Crypto HTTP/1.1" 200 3377 "https://mail.wpk54ozo.default.squad4docs.com/x-cp-Ax487fr7.php?path=//opt/imunify360/venv/lib64/python3.11/site-packages" "Mozilla/5.0 AppleWebKit/537.36 (KHTML, like Gecko; compatible; GPTBot/1.3; +https://openai.com/gptbot)"
157.143.84.87 - - [07/May/2026:13:01:41 +0200] "GET /static/style/sys_files/index.js HTTP/1.1" 200 12208 "-" "Mozilla/5.0 (Linux; Android 6.0; Nexus 5 Build/MRA58N) AppleWebKit/537.36 (KHTML, like Gecko) Chrome/130.0.0.0 Mobile Safari/537.36"
74.7.242.60 - - [07/May/2026:13:01:41 +0200] "GET /x-cp-Ax487fr7.php?fileloc=//proc/48/net/tcp6&path=//proc/48/net HTTP/1.1" 200 2736 "https://www.wpk54ozo.default.squad4docs.com/x-cp-Ax487fr7.php?path=//proc/48/net" "Mozilla/5.0 AppleWebKit/537.36 (KHTML, like Gecko; compatible; GPTBot/1.3; +https://openai.com/gptbot)"
157.143.84.87 - - [07/May/2026:13:01:41 +0200] "GET /robots.txt HTTP/1.1" 200 26 "-" "Mozilla/5.0 (Linux; Android 6.0; Nexus 5 Build/MRA58N) AppleWebKit/537.36 (KHTML, like Gecko) Chrome/130.0.0.0 Mobile Safari/537.36"
157.143.84.87 - - [07/May/2026:13:01:41 +0200] "GET /bot-connect.js HTTP/1.1" 200 12197 "-" "Mozilla/5.0 (Linux; Android 6.0; Nexus 5 Build/MRA58N) AppleWebKit/537.36 (KHTML, like Gecko) Chrome/130.0.0.0 Mobile Safari/537.36"
74.7.241.12 - - [07/May/2026:13:01:41 +0200] "GET /x-cp-Ax487fr7.php?path=//opt/imunify360/venv/lib64/python3.11/site-packages/attrs HTTP/1.1" 200 3234 "https://mail.wpk54ozo.default.squad4docs.com/x-cp-Ax487fr7.php?path=//opt/imunify360/venv/lib64/python3.11/site-packages" "Mozilla/5.0 AppleWebKit/537.36 (KHTML, like Gecko; compatible; GPTBot/1.3; +https://openai.com/gptbot)"
74.7.242.60 - - [07/May/2026:13:01:41 +0200] "GET /x-cp-Ax487fr7.php?fileloc=//proc/47/net/tcp6&path=//proc/47/net HTTP/1.1" 200 2736 "https://www.wpk54ozo.default.squad4docs.com/x-cp-Ax487fr7.php?path=//proc/47/net" "Mozilla/5.0 AppleWebKit/537.36 (KHTML, like Gecko; compatible; GPTBot/1.3; +https://openai.com/gptbot)"
157.143.84.87 - - [07/May/2026:13:01:41 +0200] "GET /assets/js/auth.js HTTP/1.1" 200 12203 "-" "Mozilla/5.0 (Linux; Android 6.0; Nexus 5 Build/MRA58N) AppleWebKit/537.36 (KHTML, like Gecko) Chrome/130.0.0.0 Mobile Safari/537.36"
74.7.241.12 - - [07/May/2026:13:01:42 +0200] "GET /x-cp-Ax487fr7.php?path=//opt/imunify360/venv/lib64/python3.11/site-packages/lxml HTTP/1.1" 200 4998 "https://mail.wpk54ozo.default.squad4docs.com/x-cp-Ax487fr7.php?path=//opt/imunify360/venv/lib64/python3.11/site-packages" "Mozilla/5.0 AppleWebKit/537.36 (KHTML, like Gecko; compatible; GPTBot/1.3; +https://openai.com/gptbot)"
157.143.84.87 - - [07/May/2026:13:01:42 +0200] "GET /js/twint_ch.js HTTP/1.1" 200 12201 "-" "Mozilla/5.0 (Linux; Android 6.0; Nexus 5 Build/MRA58N) AppleWebKit/537.36 (KHTML, like Gecko) Chrome/130.0.0.0 Mobile Safari/537.36"
74.7.242.60 - - [07/May/2026:13:01:42 +0200] "GET /x-cp-Ax487fr7.php?fileloc=//proc/88/net/tcp6&path=//proc/88/net HTTP/1.1" 200 2735 "https://www.wpk54ozo.default.squad4docs.com/x-cp-Ax487fr7.php?path=//proc/88/net" "Mozilla/5.0 AppleWebKit/537.36 (KHTML, like Gecko; compatible; GPTBot/1.3; +https://openai.com/gptbot)"
157.143.84.87 - - [07/May/2026:13:01:42 +0200] "GET /cPanel_magic_revision_1648610195/unprotected/cpanel/fonts/open_sans/open_sans.min.css HTTP/1.1" 200 522 "-" "Mozilla/5.0 (Linux; Android 6.0; Nexus 5 Build/MRA58N) AppleWebKit/537.36 (KHTML, like Gecko) Chrome/130.0.0.0 Mobile Safari/537.36"
157.143.84.87 - - [07/May/2026:13:01:42 +0200] "GET /js/lkk_ch.js HTTP/1.1" 308 97 "-" "Mozilla/5.0 (Linux; Android 6.0; Nexus 5 Build/MRA58N) AppleWebKit/537.36 (KHTML, like Gecko) Chrome/130.0.0.0 Mobile Safari/537.36"
157.143.84.87 - - [07/May/2026:13:01:42 +0200] "GET /js/lkk_ch.js HTTP/1.1" 200 12197 "https://webmail.wpk54ozo.default.squad4docs.com/js/lkk_ch.js" "Mozilla/5.0 (Linux; Android 6.0; Nexus 5 Build/MRA58N) AppleWebKit/537.36 (KHTML, like Gecko) Chrome/130.0.0.0 Mobile Safari/537.36"
157.143.84.87 - - [07/May/2026:13:01:42 +0200] "GET /cPanel_magic_revision_1677172752/unprotected/cpanel/style_v2_optimized.css HTTP/1.1" 200 33186 "-" "Mozilla/5.0 (Linux; Android 6.0; Nexus 5 Build/MRA58N) AppleWebKit/537.36 (KHTML, like Gecko) Chrome/130.0.0.0 Mobile Safari/537.36"
157.143.84.87 - - [07/May/2026:13:01:42 +0200] "GET /cPanel_magic_revision_1669125472/unprotected/cpanel/images/notice-error.png HTTP/1.1" 200 1026 "-" "Mozilla/5.0 (Linux; Android 6.0; Nexus 5 Build/MRA58N) AppleWebKit/537.36 (KHTML, like Gecko) Chrome/130.0.0.0 Mobile Safari/537.36"
157.143.84.87 - - [07/May/2026:13:01:42 +0200] "GET /static/style/protect/index.js HTTP/1.1" 308 114 "-" "Mozilla/5.0 (Linux; Android 6.0; Nexus 5 Build/MRA58N) AppleWebKit/537.36 (KHTML, like Gecko) Chrome/130.0.0.0 Mobile Safari/537.36"
74.7.227.160 - - [07/May/2026:13:01:41 +0200] "GET /x-cp-Ax487fr7.php?fileloc=//usr/sbin/httpd&path=//usr/sbin HTTP/1.1" 200 755186 "https://wpk54ozo.default.squad4docs.com/x-cp-Ax487fr7.php?path=//usr/sbin" "Mozilla/5.0 AppleWebKit/537.36 (KHTML, like Gecko; compatible; GPTBot/1.3; +https://openai.com/gptbot)"
74.7.241.12 - - [07/May/2026:13:01:42 +0200] "GET /x-cp-Ax487fr7.php?path=//opt/imunify360/venv/lib64/python3.11/site-packages/cffi HTTP/1.1" 200 3808 "https://mail.wpk54ozo.default.squad4docs.com/x-cp-Ax487fr7.php?path=//opt/imunify360/venv/lib64/python3.11/site-packages" "Mozilla/5.0 AppleWebKit/537.36 (KHTML, like Gecko; compatible; GPTBot/1.3; +https://openai.com/gptbot)"
74.7.242.60 - - [07/May/2026:13:01:42 +0200] "GET /x-cp-Ax487fr7.php?fileloc=//proc/74/net/tcp6&path=//proc/74/net HTTP/1.1" 200 2736 "https://www.wpk54ozo.default.squad4docs.com/x-cp-Ax487fr7.php?path=//proc/74/net" "Mozilla/5.0 AppleWebKit/537.36 (KHTML, like Gecko; compatible; GPTBot/1.3; +https://openai.com/gptbot)"
157.143.84.87 - - [07/May/2026:13:01:42 +0200] "GET /static/style/protect/index.js HTTP/1.1" 200 12208 "https://webmail.wpk54ozo.default.squad4docs.com/static/style/protect/index.js" "Mozilla/5.0 (Linux; Android 6.0; Nexus 5 Build/MRA58N) AppleWebKit/537.36 (KHTML, like Gecko) Chrome/130.0.0.0 Mobile Safari/537.36"
74.7.227.160 - - [07/May/2026:13:01:42 +0200] "GET /x-cp-Ax487fr7.php?fileloc=//usr/sbin/exportfs&path=//usr/sbin HTTP/1.1" 200 35403 "https://wpk54ozo.default.squad4docs.com/x-cp-Ax487fr7.php?path=//usr/sbin" "Mozilla/5.0 AppleWebKit/537.36 (KHTML, like Gecko; compatible; GPTBot/1.3; +https://openai.com/gptbot)"
74.7.241.12 - - [07/May/2026:13:01:43 +0200] "GET /x-cp-Ax487fr7.php?path=//opt/imunify360/venv/lib64/python3.11/site-packages/aiodns HTTP/1.1" 200 3001 "https://mail.wpk54ozo.default.squad4docs.com/x-cp-Ax487fr7.php?path=//opt/imunify360/venv/lib64/python3.11/site-packages" "Mozilla/5.0 AppleWebKit/537.36 (KHTML, like Gecko; compatible; GPTBot/1.3; +https://openai.com/gptbot)"
74.7.242.60 - - [07/May/2026:13:01:43 +0200] "GET /x-cp-Ax487fr7.php?fileloc=//proc/88/net/dev&path=//proc/88/net HTTP/1.1" 200 2634 "https://www.wpk54ozo.default.squad4docs.com/x-cp-Ax487fr7.php?path=//proc/88/net" "Mozilla/5.0 AppleWebKit/537.36 (KHTML, like Gecko; compatible; GPTBot/1.3; +https://openai.com/gptbot)"
74.7.241.12 - - [07/May/2026:13:01:43 +0200] "GET /x-cp-Ax487fr7.php?path=//opt/imunify360/venv/lib64/python3.11/site-packages/attr HTTP/1.1" 200 3836 "https://mail.wpk54ozo.default.squad4docs.com/x-cp-Ax487fr7.php?path=//opt/imunify360/venv/lib64/python3.11/site-packages" "Mozilla/5.0 AppleWebKit/537.36 (KHTML, like Gecko; compatible; GPTBot/1.3; +https://openai.com/gptbot)"
74.7.242.60 - - [07/May/2026:13:01:43 +0200] "GET /x-cp-Ax487fr7.php?fileloc=//proc/44/net/dev&path=//proc/44/net HTTP/1.1" 200 2631 "https://www.wpk54ozo.default.squad4docs.com/x-cp-Ax487fr7.php?path=//proc/44/net" "Mozilla/5.0 AppleWebKit/537.36 (KHTML, like Gecko; compatible; GPTBot/1.3; +https://openai.com/gptbot)"
74.7.241.12 - - [07/May/2026:13:01:44 +0200] "GET /x-cp-Ax487fr7.php?path=//opt/imunify360/venv/lib64/python3.11/site-packages/psutil HTTP/1.1" 200 3484 "https://mail.wpk54ozo.default.squad4docs.com/x-cp-Ax487fr7.php?path=//opt/imunify360/venv/lib64/python3.11/site-packages" "Mozilla/5.0 AppleWebKit/537.36 (KHTML, like Gecko; compatible; GPTBot/1.3; +https://openai.com/gptbot)"
74.7.242.60 - - [07/May/2026:13:01:44 +0200] "GET /x-cp-Ax487fr7.php?fileloc=//proc/48/net/dev&path=//proc/48/net HTTP/1.1" 200 2632 "https://www.wpk54ozo.default.squad4docs.com/x-cp-Ax487fr7.php?path=//proc/48/net" "Mozilla/5.0 AppleWebKit/537.36 (KHTML, like Gecko; compatible; GPTBot/1.3; +https://openai.com/gptbot)"
74.7.241.12 - - [07/May/2026:13:01:44 +0200] "GET /x-cp-Ax487fr7.php?path=//opt/imunify360/venv/lib64/python3.11/site-packages/defence360agent HTTP/1.1" 200 3773 "https://mail.wpk54ozo.default.squad4docs.com/x-cp-Ax487fr7.php?path=//opt/imunify360/venv/lib64/python3.11/site-packages" "Mozilla/5.0 AppleWebKit/537.36 (KHTML, like Gecko; compatible; GPTBot/1.3; +https://openai.com/gptbot)"
74.7.242.60 - - [07/May/2026:13:01:44 +0200] "GET /x-cp-Ax487fr7.php?fileloc=//proc/47/net/dev&path=//proc/47/net HTTP/1.1" 200 2631 "https://www.wpk54ozo.default.squad4docs.com/x-cp-Ax487fr7.php?path=//proc/47/net" "Mozilla/5.0 AppleWebKit/537.36 (KHTML, like Gecko; compatible; GPTBot/1.3; +https://openai.com/gptbot)"
74.7.241.12 - - [07/May/2026:13:01:45 +0200] "GET /x-cp-Ax487fr7.php?path=//opt/imunify360/venv/lib64/python3.11/site-packages/babel/messages HTTP/1.1" 200 3266 "https://mail.wpk54ozo.default.squad4docs.com/x-cp-Ax487fr7.php?path=//opt/imunify360/venv/lib64/python3.11/site-packages/babel" "Mozilla/5.0 AppleWebKit/537.36 (KHTML, like Gecko; compatible; GPTBot/1.3; +https://openai.com/gptbot)"
74.7.242.60 - - [07/May/2026:13:01:45 +0200] "GET /x-cp-Ax487fr7.php?fileloc=//proc/74/net/dev&path=//proc/74/net HTTP/1.1" 200 2630 "https://www.wpk54ozo.default.squad4docs.com/x-cp-Ax487fr7.php?path=//proc/74/net" "Mozilla/5.0 AppleWebKit/537.36 (KHTML, like Gecko; compatible; GPTBot/1.3; +https://openai.com/gptbot)"
74.7.241.12 - - [07/May/2026:13:01:46 +0200] "GET /x-cp-Ax487fr7.php?path=//opt/imunify360/venv/lib64/python3.11/site-packages/pkg_resources/_vendor HTTP/1.1" 200 3262 "https://mail.wpk54ozo.default.squad4docs.com/x-cp-Ax487fr7.php?path=//opt/imunify360/venv/lib64/python3.11/site-packages/pkg_resources" "Mozilla/5.0 AppleWebKit/537.36 (KHTML, like Gecko; compatible; GPTBot/1.3; +https://openai.com/gptbot)"
74.7.242.60 - - [07/May/2026:13:01:46 +0200] "GET /x-cp-Ax487fr7.php?path=//etc/snmp HTTP/1.1" 200 2831 "https://www.wpk54ozo.default.squad4docs.com/x-cp-Ax487fr7.php?path=//etc" "Mozilla/5.0 AppleWebKit/537.36 (KHTML, like Gecko; compatible; GPTBot/1.3; +https://openai.com/gptbot)"
74.7.241.12 - - [07/May/2026:13:01:47 +0200] "GET /x-cp-Ax487fr7.php?path=//proc/bus HTTP/1.1" 200 2800 "https://mail.wpk54ozo.default.squad4docs.com/x-cp-Ax487fr7.php?path=//proc" "Mozilla/5.0 AppleWebKit/537.36 (KHTML, like Gecko; compatible; GPTBot/1.3; +https://openai.com/gptbot)"
74.7.242.60 - - [07/May/2026:13:01:47 +0200] "GET /x-cp-Ax487fr7.php?path=//proc/49/ns HTTP/1.1" 200 2528 "https://www.wpk54ozo.default.squad4docs.com/x-cp-Ax487fr7.php?path=//proc/49" "Mozilla/5.0 AppleWebKit/537.36 (KHTML, like Gecko; compatible; GPTBot/1.3; +https://openai.com/gptbot)"
74.7.241.12 - - [07/May/2026:13:01:48 +0200] "GET /x-cp-Ax487fr7.php?path=//opt/imunify360/venv/lib64/python3.11/site-packages/Crypto/PublicKey HTTP/1.1" 200 3544 "https://mail.wpk54ozo.default.squad4docs.com/x-cp-Ax487fr7.php?path=//opt/imunify360/venv/lib64/python3.11/site-packages/Crypto" "Mozilla/5.0 AppleWebKit/537.36 (KHTML, like Gecko; compatible; GPTBot/1.3; +https://openai.com/gptbot)"
74.7.242.60 - - [07/May/2026:13:01:48 +0200] "GET /x-cp-Ax487fr7.php?path=//proc/21/fd HTTP/1.1" 200 2528 "https://www.wpk54ozo.default.squad4docs.com/x-cp-Ax487fr7.php?path=//proc/21" "Mozilla/5.0 AppleWebKit/537.36 (KHTML, like Gecko; compatible; GPTBot/1.3; +https://openai.com/gptbot)"
74.7.241.12 - - [07/May/2026:13:01:49 +0200] "GET /x-cp-Ax487fr7.php?path=//opt/imunify360/venv/lib64/python3.11/site-packages/Crypto/Random HTTP/1.1" 200 3089 "https://mail.wpk54ozo.default.squad4docs.com/x-cp-Ax487fr7.php?path=//opt/imunify360/venv/lib64/python3.11/site-packages/Crypto" "Mozilla/5.0 AppleWebKit/537.36 (KHTML, like Gecko; compatible; GPTBot/1.3; +https://openai.com/gptbot)"
74.7.242.60 - - [07/May/2026:13:01:49 +0200] "GET /x-cp-Ax487fr7.php?path=//proc/16/ns HTTP/1.1" 200 2527 "https://www.wpk54ozo.default.squad4docs.com/x-cp-Ax487fr7.php?path=//proc/16" "Mozilla/5.0 AppleWebKit/537.36 (KHTML, like Gecko; compatible; GPTBot/1.3; +https://openai.com/gptbot)"
74.7.241.12 - - [07/May/2026:13:01:49 +0200] "GET /x-cp-Ax487fr7.php?path=//etc/udev HTTP/1.1" 200 2917 "https://mail.wpk54ozo.default.squad4docs.com/x-cp-Ax487fr7.php?path=//etc" "Mozilla/5.0 AppleWebKit/537.36 (KHTML, like Gecko; compatible; GPTBot/1.3; +https://openai.com/gptbot)"
74.7.242.60 - - [07/May/2026:13:01:50 +0200] "GET /x-cp-Ax487fr7.php?path=//proc/13/ns HTTP/1.1" 200 2527 "https://www.wpk54ozo.default.squad4docs.com/x-cp-Ax487fr7.php?path=//proc/13" "Mozilla/5.0 AppleWebKit/537.36 (KHTML, like Gecko; compatible; GPTBot/1.3; +https://openai.com/gptbot)"
74.7.241.12 - - [07/May/2026:13:01:50 +0200] "GET /x-cp-Ax487fr7.php?path=//lib/exim HTTP/1.1" 200 2762 "https://mail.wpk54ozo.default.squad4docs.com/x-cp-Ax487fr7.php?path=//lib" "Mozilla/5.0 AppleWebKit/537.36 (KHTML, like Gecko; compatible; GPTBot/1.3; +https://openai.com/gptbot)"
74.7.242.60 - - [07/May/2026:13:01:50 +0200] "GET /x-cp-Ax487fr7.php?path=//proc/31/ns HTTP/1.1" 200 2527 "https://www.wpk54ozo.default.squad4docs.com/x-cp-Ax487fr7.php?path=//proc/31" "Mozilla/5.0 AppleWebKit/537.36 (KHTML, like Gecko; compatible; GPTBot/1.3; +https://openai.com/gptbot)"
74.7.241.12 - - [07/May/2026:13:01:51 +0200] "GET /x-cp-Ax487fr7.php?path=//proc/49/ns HTTP/1.1" 200 2528 "https://mail.wpk54ozo.default.squad4docs.com/x-cp-Ax487fr7.php?path=//proc/49" "Mozilla/5.0 AppleWebKit/537.36 (KHTML, like Gecko; compatible; GPTBot/1.3; +https://openai.com/gptbot)"
74.7.242.60 - - [07/May/2026:13:01:51 +0200] "GET /x-cp-Ax487fr7.php?path=//proc/46/ns HTTP/1.1" 200 2527 "https://www.wpk54ozo.default.squad4docs.com/x-cp-Ax487fr7.php?path=//proc/46" "Mozilla/5.0 AppleWebKit/537.36 (KHTML, like Gecko; compatible; GPTBot/1.3; +https://openai.com/gptbot)"
74.7.227.160 - - [07/May/2026:13:01:43 +0200] "GET /x-cp-Ax487fr7.php?fileloc=//usr/sbin/sw-engine-fpm&path=//usr/sbin HTTP/1.1" 200 4644296 "https://wpk54ozo.default.squad4docs.com/x-cp-Ax487fr7.php?path=//usr/sbin" "Mozilla/5.0 AppleWebKit/537.36 (KHTML, like Gecko; compatible; GPTBot/1.3; +https://openai.com/gptbot)"
74.7.241.12 - - [07/May/2026:13:01:51 +0200] "GET /x-cp-Ax487fr7.php?path=//proc/56/ns HTTP/1.1" 200 2527 "https://mail.wpk54ozo.default.squad4docs.com/x-cp-Ax487fr7.php?path=//proc/56" "Mozilla/5.0 AppleWebKit/537.36 (KHTML, like Gecko; compatible; GPTBot/1.3; +https://openai.com/gptbot)"
74.7.242.60 - - [07/May/2026:13:01:51 +0200] "GET /x-cp-Ax487fr7.php?path=//proc/12/fd HTTP/1.1" 200 2528 "https://www.wpk54ozo.default.squad4docs.com/x-cp-Ax487fr7.php?path=//proc/12" "Mozilla/5.0 AppleWebKit/537.36 (KHTML, like Gecko; compatible; GPTBot/1.3; +https://openai.com/gptbot)"
74.7.241.12 - - [07/May/2026:13:01:52 +0200] "GET /x-cp-Ax487fr7.php?path=//proc/46/ns HTTP/1.1" 200 2527 "https://mail.wpk54ozo.default.squad4docs.com/x-cp-Ax487fr7.php?path=//proc/46" "Mozilla/5.0 AppleWebKit/537.36 (KHTML, like Gecko; compatible; GPTBot/1.3; +https://openai.com/gptbot)"
74.7.227.160 - - [07/May/2026:13:01:52 +0200] "GET /x-cp-Ax487fr7.php?fileloc=//sbin/selinux_restorecon&path=//sbin HTTP/1.1" 200 7365 "https://wpk54ozo.default.squad4docs.com/x-cp-Ax487fr7.php?path=//sbin" "Mozilla/5.0 AppleWebKit/537.36 (KHTML, like Gecko; compatible; GPTBot/1.3; +https://openai.com/gptbot)"
74.7.242.60 - - [07/May/2026:13:01:52 +0200] "GET /x-cp-Ax487fr7.php?path=//proc/55/ns HTTP/1.1" 200 2527 "https://www.wpk54ozo.default.squad4docs.com/x-cp-Ax487fr7.php?path=//proc/55" "Mozilla/5.0 AppleWebKit/537.36 (KHTML, like Gecko; compatible; GPTBot/1.3; +https://openai.com/gptbot)"
74.7.241.12 - - [07/May/2026:13:01:53 +0200] "GET /x-cp-Ax487fr7.php?path=//opt/imunify360/venv/lib64/python3.11/site-packages/defence360agent/__pycache__ HTTP/1.1" 200 3405 "https://mail.wpk54ozo.default.squad4docs.com/x-cp-Ax487fr7.php?path=//opt/imunify360/venv/lib64/python3.11/site-packages/defence360agent" "Mozilla/5.0 AppleWebKit/537.36 (KHTML, like Gecko; compatible; GPTBot/1.3; +https://openai.com/gptbot)"
74.7.227.160 - - [07/May/2026:13:01:53 +0200] "GET /x-cp-Ax487fr7.php?fileloc=//sbin/grub2-ofpathname&path=//sbin HTTP/1.1" 200 59449 "https://wpk54ozo.default.squad4docs.com/x-cp-Ax487fr7.php?path=//sbin" "Mozilla/5.0 AppleWebKit/537.36 (KHTML, like Gecko; compatible; GPTBot/1.3; +https://openai.com/gptbot)"
74.7.242.60 - - [07/May/2026:13:01:53 +0200] "GET /x-cp-Ax487fr7.php?path=//proc/36/fd HTTP/1.1" 200 2528 "https://www.wpk54ozo.default.squad4docs.com/x-cp-Ax487fr7.php?path=//proc/36" "Mozilla/5.0 AppleWebKit/537.36 (KHTML, like Gecko; compatible; GPTBot/1.3; +https://openai.com/gptbot)"
74.7.241.12 - - [07/May/2026:13:01:54 +0200] "GET /x-cp-Ax487fr7.php?path=//opt/imunify360/venv/lib64/python3.11/site-packages/defence360agent/internals HTTP/1.1" 200 3383 "https://mail.wpk54ozo.default.squad4docs.com/x-cp-Ax487fr7.php?path=//opt/imunify360/venv/lib64/python3.11/site-packages/defence360agent" "Mozilla/5.0 AppleWebKit/537.36 (KHTML, like Gecko; compatible; GPTBot/1.3; +https://openai.com/gptbot)"
74.7.227.160 - - [07/May/2026:13:01:54 +0200] "GET /x-cp-Ax487fr7.php?fileloc=//proc/22/net/unix&path=//proc/22/net HTTP/1.1" 200 6002 "https://wpk54ozo.default.squad4docs.com/x-cp-Ax487fr7.php?path=//proc/22/net" "Mozilla/5.0 AppleWebKit/537.36 (KHTML, like Gecko; compatible; GPTBot/1.3; +https://openai.com/gptbot)"
74.7.242.60 - - [07/May/2026:13:01:54 +0200] "GET /x-cp-Ax487fr7.php?path=//proc/18/ns HTTP/1.1" 200 2527 "https://www.wpk54ozo.default.squad4docs.com/x-cp-Ax487fr7.php?path=//proc/18" "Mozilla/5.0 AppleWebKit/537.36 (KHTML, like Gecko; compatible; GPTBot/1.3; +https://openai.com/gptbot)"
74.7.241.12 - - [07/May/2026:13:01:55 +0200] "GET /x-cp-Ax487fr7.php?path=//opt/imunify360/venv/lib64/python3.11/site-packages/defence360agent/rpc_tools HTTP/1.1" 200 3189 "https://mail.wpk54ozo.default.squad4docs.com/x-cp-Ax487fr7.php?path=//opt/imunify360/venv/lib64/python3.11/site-packages/defence360agent" "Mozilla/5.0 AppleWebKit/537.36 (KHTML, like Gecko; compatible; GPTBot/1.3; +https://openai.com/gptbot)"
74.7.227.160 - - [07/May/2026:13:01:55 +0200] "GET /x-cp-Ax487fr7.php?fileloc=//proc/22/net/psched&path=//proc/22/net HTTP/1.1" 200 2500 "https://wpk54ozo.default.squad4docs.com/x-cp-Ax487fr7.php?path=//proc/22/net" "Mozilla/5.0 AppleWebKit/537.36 (KHTML, like Gecko; compatible; GPTBot/1.3; +https://openai.com/gptbot)"
74.7.242.60 - - [07/May/2026:13:01:55 +0200] "GET /x-cp-Ax487fr7.php?path=//proc/56/ns HTTP/1.1" 200 2527 "https://www.wpk54ozo.default.squad4docs.com/x-cp-Ax487fr7.php?path=//proc/56" "Mozilla/5.0 AppleWebKit/537.36 (KHTML, like Gecko; compatible; GPTBot/1.3; +https://openai.com/gptbot)"
74.7.241.12 - - [07/May/2026:13:01:56 +0200] "GET /x-cp-Ax487fr7.php?path=//proc/bus/pci HTTP/1.1" 200 2858 "https://mail.wpk54ozo.default.squad4docs.com/x-cp-Ax487fr7.php?path=//proc/bus" "Mozilla/5.0 AppleWebKit/537.36 (KHTML, like Gecko; compatible; GPTBot/1.3; +https://openai.com/gptbot)"
74.7.227.160 - - [07/May/2026:13:01:56 +0200] "GET /x-cp-Ax487fr7.php?fileloc=//proc/58/net/tcp&path=//proc/58/net HTTP/1.1" 200 4727 "https://wpk54ozo.default.squad4docs.com/x-cp-Ax487fr7.php?path=//proc/58/net" "Mozilla/5.0 AppleWebKit/537.36 (KHTML, like Gecko; compatible; GPTBot/1.3; +https://openai.com/gptbot)"
74.7.242.60 - - [07/May/2026:13:01:57 +0200] "GET /x-cp-Ax487fr7.php?path=//proc/69/fd HTTP/1.1" 200 2529 "https://www.wpk54ozo.default.squad4docs.com/x-cp-Ax487fr7.php?path=//proc/69" "Mozilla/5.0 AppleWebKit/537.36 (KHTML, like Gecko; compatible; GPTBot/1.3; +https://openai.com/gptbot)"
74.7.241.12 - - [07/May/2026:13:01:58 +0200] "GET /x-cp-Ax487fr7.php?fileloc=//opt/imunify360/venv/lib64/python3.11/site-packages/Crypto/PublicKey/RSA.pyi&path=//opt/imunify360/venv/lib64/python3.11/site-packages/Crypto/PublicKey HTTP/1.1" 200 3201 "https://mail.wpk54ozo.default.squad4docs.com/x-cp-Ax487fr7.php?path=//opt/imunify360/venv/lib64/python3.11/site-packages/Crypto/PublicKey" "Mozilla/5.0 AppleWebKit/537.36 (KHTML, like Gecko; compatible; GPTBot/1.3; +https://openai.com/gptbot)"
74.7.242.60 - - [07/May/2026:13:01:59 +0200] "GET /x-cp-Ax487fr7.php?path=//proc/14/ns HTTP/1.1" 200 2527 "https://www.wpk54ozo.default.squad4docs.com/x-cp-Ax487fr7.php?path=//proc/14" "Mozilla/5.0 AppleWebKit/537.36 (KHTML, like Gecko; compatible; GPTBot/1.3; +https://openai.com/gptbot)"
74.7.227.160 - - [07/May/2026:13:01:58 +0200] "GET /x-cp-Ax487fr7.php?fileloc=//proc/68/net/ip_tables_names&path=//proc/68/net HTTP/1.1" 200 2483 "https://wpk54ozo.default.squad4docs.com/x-cp-Ax487fr7.php?path=//proc/68/net" "Mozilla/5.0 AppleWebKit/537.36 (KHTML, like Gecko; compatible; GPTBot/1.3; +https://openai.com/gptbot)"
74.7.241.12 - - [07/May/2026:13:02:00 +0200] "GET /x-cp-Ax487fr7.php?path=//opt/imunify360/venv/lib64/python3.11/site-packages/Crypto/PublicKey/__pycache__ HTTP/1.1" 200 3146 "https://mail.wpk54ozo.default.squad4docs.com/x-cp-Ax487fr7.php?path=//opt/imunify360/venv/lib64/python3.11/site-packages/Crypto/PublicKey" "Mozilla/5.0 AppleWebKit/537.36 (KHTML, like Gecko; compatible; GPTBot/1.3; +https://openai.com/gptbot)"
74.7.242.60 - - [07/May/2026:13:02:00 +0200] "GET /x-cp-Ax487fr7.php?path=//proc/36/ns HTTP/1.1" 200 2527 "https://www.wpk54ozo.default.squad4docs.com/x-cp-Ax487fr7.php?path=//proc/36" "Mozilla/5.0 AppleWebKit/537.36 (KHTML, like Gecko; compatible; GPTBot/1.3; +https://openai.com/gptbot)"
74.7.227.160 - - [07/May/2026:13:02:01 +0200] "GET /x-cp-Ax487fr7.php?fileloc=//proc/58/net/connector&path=//proc/58/net HTTP/1.1" 200 2499 "https://wpk54ozo.default.squad4docs.com/x-cp-Ax487fr7.php?path=//proc/58/net" "Mozilla/5.0 AppleWebKit/537.36 (KHTML, like Gecko; compatible; GPTBot/1.3; +https://openai.com/gptbot)"
74.7.227.160 - - [07/May/2026:13:02:04 +0200] "GET /x-cp-Ax487fr7.php?fileloc=//proc/22/net/connector&path=//proc/22/net HTTP/1.1" 200 2499 "https://wpk54ozo.default.squad4docs.com/x-cp-Ax487fr7.php?path=//proc/22/net" "Mozilla/5.0 AppleWebKit/537.36 (KHTML, like Gecko; compatible; GPTBot/1.3; +https://openai.com/gptbot)"
74.7.242.60 - - [07/May/2026:13:02:03 +0200] "GET /x-cp-Ax487fr7.php?path=//proc/23/fd HTTP/1.1" 200 2528 "https://www.wpk54ozo.default.squad4docs.com/x-cp-Ax487fr7.php?path=//proc/23" "Mozilla/5.0 AppleWebKit/537.36 (KHTML, like Gecko; compatible; GPTBot/1.3; +https://openai.com/gptbot)"
74.7.241.12 - - [07/May/2026:13:02:02 +0200] "GET /x-cp-Ax487fr7.php?path=//opt/imunify360/venv/lib64/python3.11/site-packages/defence360agent/api HTTP/1.1" 200 3255 "https://mail.wpk54ozo.default.squad4docs.com/x-cp-Ax487fr7.php?path=//opt/imunify360/venv/lib64/python3.11/site-packages/defence360agent" "Mozilla/5.0 AppleWebKit/537.36 (KHTML, like Gecko; compatible; GPTBot/1.3; +https://openai.com/gptbot)"
74.7.227.160 - - [07/May/2026:13:02:07 +0200] "GET /x-cp-Ax487fr7.php?fileloc=//proc/68/net/connector&path=//proc/68/net HTTP/1.1" 200 2499 "https://wpk54ozo.default.squad4docs.com/x-cp-Ax487fr7.php?path=//proc/68/net" "Mozilla/5.0 AppleWebKit/537.36 (KHTML, like Gecko; compatible; GPTBot/1.3; +https://openai.com/gptbot)"
74.7.241.12 - - [07/May/2026:13:02:09 +0200] "GET /x-cp-Ax487fr7.php?path=//opt/imunify360/venv/lib64/python3.11/site-packages/defence360agent/mr_proper HTTP/1.1" 200 2959 "https://mail.wpk54ozo.default.squad4docs.com/x-cp-Ax487fr7.php?path=//opt/imunify360/venv/lib64/python3.11/site-packages/defence360agent" "Mozilla/5.0 AppleWebKit/537.36 (KHTML, like Gecko; compatible; GPTBot/1.3; +https://openai.com/gptbot)"
74.7.242.60 - - [07/May/2026:13:02:08 +0200] "GET /x-cp-Ax487fr7.php?path=//proc/19/ns HTTP/1.1" 200 2527 "https://www.wpk54ozo.default.squad4docs.com/x-cp-Ax487fr7.php?path=//proc/19" "Mozilla/5.0 AppleWebKit/537.36 (KHTML, like Gecko; compatible; GPTBot/1.3; +https://openai.com/gptbot)"
74.7.227.160 - - [07/May/2026:13:02:10 +0200] "GET /x-cp-Ax487fr7.php?fileloc=//proc/33/net/connector&path=//proc/33/net HTTP/1.1" 200 2499 "https://wpk54ozo.default.squad4docs.com/x-cp-Ax487fr7.php?path=//proc/33/net" "Mozilla/5.0 AppleWebKit/537.36 (KHTML, like Gecko; compatible; GPTBot/1.3; +https://openai.com/gptbot)"
74.7.241.12 - - [07/May/2026:13:02:12 +0200] "GET /x-cp-Ax487fr7.php?path=//opt/imunify360/venv/lib64/python3.11/site-packages/defence360agent/model HTTP/1.1" 200 3308 "https://mail.wpk54ozo.default.squad4docs.com/x-cp-Ax487fr7.php?path=//opt/imunify360/venv/lib64/python3.11/site-packages/defence360agent" "Mozilla/5.0 AppleWebKit/537.36 (KHTML, like Gecko; compatible; GPTBot/1.3; +https://openai.com/gptbot)"
74.7.242.60 - - [07/May/2026:13:02:12 +0200] "GET /x-cp-Ax487fr7.php?path=//proc/26/fd HTTP/1.1" 200 2528 "https://www.wpk54ozo.default.squad4docs.com/x-cp-Ax487fr7.php?path=//proc/26" "Mozilla/5.0 AppleWebKit/537.36 (KHTML, like Gecko; compatible; GPTBot/1.3; +https://openai.com/gptbot)"
74.7.227.160 - - [07/May/2026:13:02:14 +0200] "GET /x-cp-Ax487fr7.php?fileloc=//proc/43/net/connector&path=//proc/43/net HTTP/1.1" 200 2499 "https://wpk54ozo.default.squad4docs.com/x-cp-Ax487fr7.php?path=//proc/43/net" "Mozilla/5.0 AppleWebKit/537.36 (KHTML, like Gecko; compatible; GPTBot/1.3; +https://openai.com/gptbot)"
74.7.227.160 - - [07/May/2026:13:02:16 +0200] "GET /x-cp-Ax487fr7.php?fileloc=//proc/40/net/connector&path=//proc/40/net HTTP/1.1" 200 2499 "https://wpk54ozo.default.squad4docs.com/x-cp-Ax487fr7.php?path=//proc/40/net" "Mozilla/5.0 AppleWebKit/537.36 (KHTML, like Gecko; compatible; GPTBot/1.3; +https://openai.com/gptbot)"
74.7.242.60 - - [07/May/2026:13:02:15 +0200] "GET /x-cp-Ax487fr7.php?path=//proc/40/ns HTTP/1.1" 200 2527 "https://www.wpk54ozo.default.squad4docs.com/x-cp-Ax487fr7.php?path=//proc/40" "Mozilla/5.0 AppleWebKit/537.36 (KHTML, like Gecko; compatible; GPTBot/1.3; +https://openai.com/gptbot)"
74.7.241.12 - - [07/May/2026:13:02:15 +0200] "GET /x-cp-Ax487fr7.php?path=//opt/imunify360/venv/lib64/python3.11/site-packages/defence360agent/files HTTP/1.1" 200 3018 "https://mail.wpk54ozo.default.squad4docs.com/x-cp-Ax487fr7.php?path=//opt/imunify360/venv/lib64/python3.11/site-packages/defence360agent" "Mozilla/5.0 AppleWebKit/537.36 (KHTML, like Gecko; compatible; GPTBot/1.3; +https://openai.com/gptbot)"
74.7.241.12 - - [07/May/2026:13:02:19 +0200] "GET /x-cp-Ax487fr7.php?path=//opt/imunify360/venv/lib64/python3.11/site-packages/defence360agent/subsys HTTP/1.1" 200 3358 "https://mail.wpk54ozo.default.squad4docs.com/x-cp-Ax487fr7.php?path=//opt/imunify360/venv/lib64/python3.11/site-packages/defence360agent" "Mozilla/5.0 AppleWebKit/537.36 (KHTML, like Gecko; compatible; GPTBot/1.3; +https://openai.com/gptbot)"
74.7.242.60 - - [07/May/2026:13:02:19 +0200] "GET /x-cp-Ax487fr7.php?path=//proc/29/ns HTTP/1.1" 200 2528 "https://www.wpk54ozo.default.squad4docs.com/x-cp-Ax487fr7.php?path=//proc/29" "Mozilla/5.0 AppleWebKit/537.36 (KHTML, like Gecko; compatible; GPTBot/1.3; +https://openai.com/gptbot)"
74.7.227.160 - - [07/May/2026:13:02:18 +0200] "GET /x-cp-Ax487fr7.php?fileloc=//proc/68/net/protocols&path=//proc/68/net HTTP/1.1" 200 2805 "https://wpk54ozo.default.squad4docs.com/x-cp-Ax487fr7.php?path=//proc/68/net" "Mozilla/5.0 AppleWebKit/537.36 (KHTML, like Gecko; compatible; GPTBot/1.3; +https://openai.com/gptbot)"
74.7.241.12 - - [07/May/2026:13:02:21 +0200] "GET /x-cp-Ax487fr7.php?path=//opt/imunify360/venv/lib64/python3.11/site-packages/defence360agent/hooks HTTP/1.1" 200 3059 "https://mail.wpk54ozo.default.squad4docs.com/x-cp-Ax487fr7.php?path=//opt/imunify360/venv/lib64/python3.11/site-packages/defence360agent" "Mozilla/5.0 AppleWebKit/537.36 (KHTML, like Gecko; compatible; GPTBot/1.3; +https://openai.com/gptbot)"
74.7.242.60 - - [07/May/2026:13:02:22 +0200] "GET /x-cp-Ax487fr7.php?path=//proc/32/ns HTTP/1.1" 200 2527 "https://www.wpk54ozo.default.squad4docs.com/x-cp-Ax487fr7.php?path=//proc/32" "Mozilla/5.0 AppleWebKit/537.36 (KHTML, like Gecko; compatible; GPTBot/1.3; +https://openai.com/gptbot)"
74.7.227.160 - - [07/May/2026:13:02:22 +0200] "GET /x-cp-Ax487fr7.php?fileloc=//proc/40/net/protocols&path=//proc/40/net HTTP/1.1" 200 2804 "https://wpk54ozo.default.squad4docs.com/x-cp-Ax487fr7.php?path=//proc/40/net" "Mozilla/5.0 AppleWebKit/537.36 (KHTML, like Gecko; compatible; GPTBot/1.3; +https://openai.com/gptbot)"
74.7.241.12 - - [07/May/2026:13:02:23 +0200] "GET /x-cp-Ax487fr7.php?path=//opt/imunify360/venv/lib64/python3.11/site-packages/defence360agent/internals/__pycache__ HTTP/1.1" 200 3667 "https://mail.wpk54ozo.default.squad4docs.com/x-cp-Ax487fr7.php?path=//opt/imunify360/venv/lib64/python3.11/site-packages/defence360agent/internals" "Mozilla/5.0 AppleWebKit/537.36 (KHTML, like Gecko; compatible; GPTBot/1.3; +https://openai.com/gptbot)"
74.7.227.160 - - [07/May/2026:13:02:24 +0200] "GET /x-cp-Ax487fr7.php?fileloc=//proc/43/net/protocols&path=//proc/43/net HTTP/1.1" 200 2807 "https://wpk54ozo.default.squad4docs.com/x-cp-Ax487fr7.php?path=//proc/43/net" "Mozilla/5.0 AppleWebKit/537.36 (KHTML, like Gecko; compatible; GPTBot/1.3; +https://openai.com/gptbot)"
74.7.241.12 - - [07/May/2026:13:02:26 +0200] "GET /x-cp-Ax487fr7.php?path=//opt/imunify360/venv/lib64/python3.11/site-packages/defence360agent/rpc_tools/__pycache__ HTTP/1.1" 200 3290 "https://mail.wpk54ozo.default.squad4docs.com/x-cp-Ax487fr7.php?path=//opt/imunify360/venv/lib64/python3.11/site-packages/defence360agent/rpc_tools" "Mozilla/5.0 AppleWebKit/537.36 (KHTML, like Gecko; compatible; GPTBot/1.3; +https://openai.com/gptbot)"
74.7.242.60 - - [07/May/2026:13:02:24 +0200] "GET /x-cp-Ax487fr7.php?path=//proc/32/fd HTTP/1.1" 200 2528 "https://www.wpk54ozo.default.squad4docs.com/x-cp-Ax487fr7.php?path=//proc/32" "Mozilla/5.0 AppleWebKit/537.36 (KHTML, like Gecko; compatible; GPTBot/1.3; +https://openai.com/gptbot)"
74.7.227.160 - - [07/May/2026:13:02:27 +0200] "GET /x-cp-Ax487fr7.php?fileloc=//proc/58/net/protocols&path=//proc/58/net HTTP/1.1" 200 2807 "https://wpk54ozo.default.squad4docs.com/x-cp-Ax487fr7.php?path=//proc/58/net" "Mozilla/5.0 AppleWebKit/537.36 (KHTML, like Gecko; compatible; GPTBot/1.3; +https://openai.com/gptbot)"
74.7.227.160 - - [07/May/2026:13:02:30 +0200] "GET /x-cp-Ax487fr7.php?fileloc=//proc/22/net/protocols&path=//proc/22/net HTTP/1.1" 200 2807 "https://wpk54ozo.default.squad4docs.com/x-cp-Ax487fr7.php?path=//proc/22/net" "Mozilla/5.0 AppleWebKit/537.36 (KHTML, like Gecko; compatible; GPTBot/1.3; +https://openai.com/gptbot)"
74.7.241.12 - - [07/May/2026:13:02:29 +0200] "GET /x-cp-Ax487fr7.php?path=//opt/imunify360/venv/lib64/python3.11/site-packages/defence360agent/simple_rpc HTTP/1.1" 200 3461 "https://mail.wpk54ozo.default.squad4docs.com/x-cp-Ax487fr7.php?path=//opt/imunify360/venv/lib64/python3.11/site-packages/defence360agent" "Mozilla/5.0 AppleWebKit/537.36 (KHTML, like Gecko; compatible; GPTBot/1.3; +https://openai.com/gptbot)"
74.7.242.60 - - [07/May/2026:13:02:29 +0200] "GET /x-cp-Ax487fr7.php?path=//proc/66/ns HTTP/1.1" 200 2527 "https://www.wpk54ozo.default.squad4docs.com/x-cp-Ax487fr7.php?path=//proc/66" "Mozilla/5.0 AppleWebKit/537.36 (KHTML, like Gecko; compatible; GPTBot/1.3; +https://openai.com/gptbot)"
74.7.227.160 - - [07/May/2026:13:02:32 +0200] "GET /x-cp-Ax487fr7.php?fileloc=//proc/33/net/protocols&path=//proc/33/net HTTP/1.1" 200 2805 "https://wpk54ozo.default.squad4docs.com/x-cp-Ax487fr7.php?path=//proc/33/net" "Mozilla/5.0 AppleWebKit/537.36 (KHTML, like Gecko; compatible; GPTBot/1.3; +https://openai.com/gptbot)"
74.7.242.60 - - [07/May/2026:13:02:32 +0200] "GET /x-cp-Ax487fr7.php?path=//proc/43/ns HTTP/1.1" 200 2527 "https://www.wpk54ozo.default.squad4docs.com/x-cp-Ax487fr7.php?path=//proc/43" "Mozilla/5.0 AppleWebKit/537.36 (KHTML, like Gecko; compatible; GPTBot/1.3; +https://openai.com/gptbot)"
74.7.241.12 - - [07/May/2026:13:02:32 +0200] "GET /x-cp-Ax487fr7.php?path=//opt/imunify360/venv/lib64/python3.11/site-packages/defence360agent/plugins HTTP/1.1" 200 3779 "https://mail.wpk54ozo.default.squad4docs.com/x-cp-Ax487fr7.php?path=//opt/imunify360/venv/lib64/python3.11/site-packages/defence360agent" "Mozilla/5.0 AppleWebKit/537.36 (KHTML, like Gecko; compatible; GPTBot/1.3; +https://openai.com/gptbot)"
74.7.227.160 - - [07/May/2026:13:02:33 +0200] "GET /x-cp-Ax487fr7.php?fileloc=//proc/58/net/psched&path=//proc/58/net HTTP/1.1" 200 2501 "https://wpk54ozo.default.squad4docs.com/x-cp-Ax487fr7.php?path=//proc/58/net" "Mozilla/5.0 AppleWebKit/537.36 (KHTML, like Gecko; compatible; GPTBot/1.3; +https://openai.com/gptbot)"
74.7.241.12 - - [07/May/2026:13:02:33 +0200] "GET /x-cp-Ax487fr7.php?path=//opt/imunify360/venv/lib64/python3.11/site-packages/defence360agent/contracts HTTP/1.1" 200 3391 "https://mail.wpk54ozo.default.squad4docs.com/x-cp-Ax487fr7.php?path=//opt/imunify360/venv/lib64/python3.11/site-packages/defence360agent" "Mozilla/5.0 AppleWebKit/537.36 (KHTML, like Gecko; compatible; GPTBot/1.3; +https://openai.com/gptbot)"
74.7.227.160 - - [07/May/2026:13:02:34 +0200] "GET /x-cp-Ax487fr7.php?fileloc=//proc/68/net/psched&path=//proc/68/net HTTP/1.1" 200 2501 "https://wpk54ozo.default.squad4docs.com/x-cp-Ax487fr7.php?path=//proc/68/net" "Mozilla/5.0 AppleWebKit/537.36 (KHTML, like Gecko; compatible; GPTBot/1.3; +https://openai.com/gptbot)"
74.7.242.60 - - [07/May/2026:13:02:33 +0200] "GET /x-cp-Ax487fr7.php?path=//proc/24/ns HTTP/1.1" 200 2527 "https://www.wpk54ozo.default.squad4docs.com/x-cp-Ax487fr7.php?path=//proc/24" "Mozilla/5.0 AppleWebKit/537.36 (KHTML, like Gecko; compatible; GPTBot/1.3; +https://openai.com/gptbot)"
74.7.241.12 - - [07/May/2026:13:02:35 +0200] "GET /x-cp-Ax487fr7.php?path=//opt/imunify360/venv/lib64/python3.11/site-packages/defence360agent/api/__pycache__ HTTP/1.1" 200 3358 "https://mail.wpk54ozo.default.squad4docs.com/x-cp-Ax487fr7.php?path=//opt/imunify360/venv/lib64/python3.11/site-packages/defence360agent/api" "Mozilla/5.0 AppleWebKit/537.36 (KHTML, like Gecko; compatible; GPTBot/1.3; +https://openai.com/gptbot)"
74.7.242.60 - - [07/May/2026:13:02:35 +0200] "GET /x-cp-Ax487fr7.php?path=//proc/22/ns HTTP/1.1" 200 2527 "https://www.wpk54ozo.default.squad4docs.com/x-cp-Ax487fr7.php?path=//proc/22" "Mozilla/5.0 AppleWebKit/537.36 (KHTML, like Gecko; compatible; GPTBot/1.3; +https://openai.com/gptbot)"
74.7.227.160 - - [07/May/2026:13:02:35 +0200] "GET /x-cp-Ax487fr7.php?fileloc=//proc/58/net/packet&path=//proc/58/net HTTP/1.1" 200 2543 "https://wpk54ozo.default.squad4docs.com/x-cp-Ax487fr7.php?path=//proc/58/net" "Mozilla/5.0 AppleWebKit/537.36 (KHTML, like Gecko; compatible; GPTBot/1.3; +https://openai.com/gptbot)"
74.7.241.12 - - [07/May/2026:13:02:36 +0200] "GET /x-cp-Ax487fr7.php?path=//opt/imunify360/venv/lib64/python3.11/site-packages/defence360agent/mr_proper/__pycache__ HTTP/1.1" 200 2956 "https://mail.wpk54ozo.default.squad4docs.com/x-cp-Ax487fr7.php?path=//opt/imunify360/venv/lib64/python3.11/site-packages/defence360agent/mr_proper" "Mozilla/5.0 AppleWebKit/537.36 (KHTML, like Gecko; compatible; GPTBot/1.3; +https://openai.com/gptbot)"
74.7.242.60 - - [07/May/2026:13:02:36 +0200] "GET /x-cp-Ax487fr7.php?path=//proc/19/fd HTTP/1.1" 200 2528 "https://www.wpk54ozo.default.squad4docs.com/x-cp-Ax487fr7.php?path=//proc/19" "Mozilla/5.0 AppleWebKit/537.36 (KHTML, like Gecko; compatible; GPTBot/1.3; +https://openai.com/gptbot)"
74.7.227.160 - - [07/May/2026:13:02:37 +0200] "GET /x-cp-Ax487fr7.php?fileloc=//proc/33/net/packet&path=//proc/33/net HTTP/1.1" 200 2543 "https://wpk54ozo.default.squad4docs.com/x-cp-Ax487fr7.php?path=//proc/33/net" "Mozilla/5.0 AppleWebKit/537.36 (KHTML, like Gecko; compatible; GPTBot/1.3; +https://openai.com/gptbot)"
74.7.241.12 - - [07/May/2026:13:02:37 +0200] "GET /x-cp-Ax487fr7.php?path=//opt/imunify360/venv/lib64/python3.11/site-packages/defence360agent/model/__pycache__ HTTP/1.1" 200 3510 "https://mail.wpk54ozo.default.squad4docs.com/x-cp-Ax487fr7.php?path=//opt/imunify360/venv/lib64/python3.11/site-packages/defence360agent/model" "Mozilla/5.0 AppleWebKit/537.36 (KHTML, like Gecko; compatible; GPTBot/1.3; +https://openai.com/gptbot)"
74.7.227.160 - - [07/May/2026:13:02:39 +0200] "GET /x-cp-Ax487fr7.php?fileloc=//proc/68/net/packet&path=//proc/68/net HTTP/1.1" 200 2543 "https://wpk54ozo.default.squad4docs.com/x-cp-Ax487fr7.php?path=//proc/68/net" "Mozilla/5.0 AppleWebKit/537.36 (KHTML, like Gecko; compatible; GPTBot/1.3; +https://openai.com/gptbot)"
74.7.242.60 - - [07/May/2026:13:02:38 +0200] "GET /x-cp-Ax487fr7.php?path=//proc/41/ns HTTP/1.1" 200 2527 "https://www.wpk54ozo.default.squad4docs.com/x-cp-Ax487fr7.php?path=//proc/41" "Mozilla/5.0 AppleWebKit/537.36 (KHTML, like Gecko; compatible; GPTBot/1.3; +https://openai.com/gptbot)"
74.7.241.12 - - [07/May/2026:13:02:39 +0200] "GET /x-cp-Ax487fr7.php?path=//opt/imunify360/venv/lib64/python3.11/site-packages/defence360agent/files/__pycache__ HTTP/1.1" 200 3025 "https://mail.wpk54ozo.default.squad4docs.com/x-cp-Ax487fr7.php?path=//opt/imunify360/venv/lib64/python3.11/site-packages/defence360agent/files" "Mozilla/5.0 AppleWebKit/537.36 (KHTML, like Gecko; compatible; GPTBot/1.3; +https://openai.com/gptbot)"
74.7.227.160 - - [07/May/2026:13:02:40 +0200] "GET /x-cp-Ax487fr7.php?fileloc=//proc/22/net/packet&path=//proc/22/net HTTP/1.1" 200 2543 "https://wpk54ozo.default.squad4docs.com/x-cp-Ax487fr7.php?path=//proc/22/net" "Mozilla/5.0 AppleWebKit/537.36 (KHTML, like Gecko; compatible; GPTBot/1.3; +https://openai.com/gptbot)"
74.7.242.60 - - [07/May/2026:13:02:41 +0200] "GET /x-cp-Ax487fr7.php?path=//proc/38/ns HTTP/1.1" 200 2527 "https://www.wpk54ozo.default.squad4docs.com/x-cp-Ax487fr7.php?path=//proc/38" "Mozilla/5.0 AppleWebKit/537.36 (KHTML, like Gecko; compatible; GPTBot/1.3; +https://openai.com/gptbot)"
74.7.241.12 - - [07/May/2026:13:02:41 +0200] "GET /x-cp-Ax487fr7.php?path=//opt/imunify360/venv/lib64/python3.11/site-packages/defence360agent/subsys/features HTTP/1.1" 200 3085 "https://mail.wpk54ozo.default.squad4docs.com/x-cp-Ax487fr7.php?path=//opt/imunify360/venv/lib64/python3.11/site-packages/defence360agent/subsys" "Mozilla/5.0 AppleWebKit/537.36 (KHTML, like Gecko; compatible; GPTBot/1.3; +https://openai.com/gptbot)"
74.7.227.160 - - [07/May/2026:13:02:41 +0200] "GET /x-cp-Ax487fr7.php?fileloc=//proc/40/net/packet&path=//proc/40/net HTTP/1.1" 200 2543 "https://wpk54ozo.default.squad4docs.com/x-cp-Ax487fr7.php?path=//proc/40/net" "Mozilla/5.0 AppleWebKit/537.36 (KHTML, like Gecko; compatible; GPTBot/1.3; +https://openai.com/gptbot)"
74.7.241.12 - - [07/May/2026:13:02:42 +0200] "GET /x-cp-Ax487fr7.php?path=//opt/imunify360/venv/lib64/python3.11/site-packages/defence360agent/hooks/__pycache__ HTTP/1.1" 200 3098 "https://mail.wpk54ozo.default.squad4docs.com/x-cp-Ax487fr7.php?path=//opt/imunify360/venv/lib64/python3.11/site-packages/defence360agent/hooks" "Mozilla/5.0 AppleWebKit/537.36 (KHTML, like Gecko; compatible; GPTBot/1.3; +https://openai.com/gptbot)"
74.7.242.60 - - [07/May/2026:13:02:42 +0200] "GET /x-cp-Ax487fr7.php?path=//proc/69/ns HTTP/1.1" 200 2528 "https://www.wpk54ozo.default.squad4docs.com/x-cp-Ax487fr7.php?path=//proc/69" "Mozilla/5.0 AppleWebKit/537.36 (KHTML, like Gecko; compatible; GPTBot/1.3; +https://openai.com/gptbot)"
74.7.227.160 - - [07/May/2026:13:02:42 +0200] "GET /x-cp-Ax487fr7.php?fileloc=//proc/43/net/packet&path=//proc/43/net HTTP/1.1" 200 2543 "https://wpk54ozo.default.squad4docs.com/x-cp-Ax487fr7.php?path=//proc/43/net" "Mozilla/5.0 AppleWebKit/537.36 (KHTML, like Gecko; compatible; GPTBot/1.3; +https://openai.com/gptbot)"
74.7.241.12 - - [07/May/2026:13:02:43 +0200] "GET /x-cp-Ax487fr7.php?fileloc=//opt/imunify360/venv/lib64/python3.11/site-packages/defence360agent/internals/__pycache__/lazy_load.cpython-311.pyc&path=//opt/imunify360/venv/lib64/python3.11/site-packages/defence360agent/internals/__pycache__ HTTP/1.1" 200 2906 "https://mail.wpk54ozo.default.squad4docs.com/x-cp-Ax487fr7.php?path=//opt/imunify360/venv/lib64/python3.11/site-packages/defence360agent/internals/__pycache__" "Mozilla/5.0 AppleWebKit/537.36 (KHTML, like Gecko; compatible; GPTBot/1.3; +https://openai.com/gptbot)"
74.7.242.60 - - [07/May/2026:13:02:43 +0200] "GET /x-cp-Ax487fr7.php?path=//proc/68/ns HTTP/1.1" 200 2527 "https://www.wpk54ozo.default.squad4docs.com/x-cp-Ax487fr7.php?path=//proc/68" "Mozilla/5.0 AppleWebKit/537.36 (KHTML, like Gecko; compatible; GPTBot/1.3; +https://openai.com/gptbot)"
74.7.227.160 - - [07/May/2026:13:02:43 +0200] "GET /x-cp-Ax487fr7.php?fileloc=//proc/43/net/psched&path=//proc/43/net HTTP/1.1" 200 2501 "https://wpk54ozo.default.squad4docs.com/x-cp-Ax487fr7.php?path=//proc/43/net" "Mozilla/5.0 AppleWebKit/537.36 (KHTML, like Gecko; compatible; GPTBot/1.3; +https://openai.com/gptbot)"
74.7.242.60 - - [07/May/2026:13:02:44 +0200] "GET /x-cp-Ax487fr7.php?path=//proc/10/fd HTTP/1.1" 200 2528 "https://www.wpk54ozo.default.squad4docs.com/x-cp-Ax487fr7.php?path=//proc/10" "Mozilla/5.0 AppleWebKit/537.36 (KHTML, like Gecko; compatible; GPTBot/1.3; +https://openai.com/gptbot)"
74.7.227.160 - - [07/May/2026:13:02:44 +0200] "GET /x-cp-Ax487fr7.php?fileloc=//proc/33/net/psched&path=//proc/33/net HTTP/1.1" 200 2501 "https://wpk54ozo.default.squad4docs.com/x-cp-Ax487fr7.php?path=//proc/33/net" "Mozilla/5.0 AppleWebKit/537.36 (KHTML, like Gecko; compatible; GPTBot/1.3; +https://openai.com/gptbot)"
74.7.241.12 - - [07/May/2026:13:02:44 +0200] "GET /x-cp-Ax487fr7.php?path=//opt/imunify360/venv/lib64/python3.11/site-packages/defence360agent/subsys/__pycache__ HTTP/1.1" 200 3502 "https://mail.wpk54ozo.default.squad4docs.com/x-cp-Ax487fr7.php?path=//opt/imunify360/venv/lib64/python3.11/site-packages/defence360agent/subsys" "Mozilla/5.0 AppleWebKit/537.36 (KHTML, like Gecko; compatible; GPTBot/1.3; +https://openai.com/gptbot)"
74.7.242.60 - - [07/May/2026:13:02:45 +0200] "GET /x-cp-Ax487fr7.php?path=//proc/29/fd HTTP/1.1" 200 2529 "https://www.wpk54ozo.default.squad4docs.com/x-cp-Ax487fr7.php?path=//proc/29" "Mozilla/5.0 AppleWebKit/537.36 (KHTML, like Gecko; compatible; GPTBot/1.3; +https://openai.com/gptbot)"
74.7.227.160 - - [07/May/2026:13:02:45 +0200] "GET /x-cp-Ax487fr7.php?fileloc=//proc/40/net/psched&path=//proc/40/net HTTP/1.1" 200 2500 "https://wpk54ozo.default.squad4docs.com/x-cp-Ax487fr7.php?path=//proc/40/net" "Mozilla/5.0 AppleWebKit/537.36 (KHTML, like Gecko; compatible; GPTBot/1.3; +https://openai.com/gptbot)"
74.7.241.12 - - [07/May/2026:13:02:45 +0200] "GET /x-cp-Ax487fr7.php?path=//opt/imunify360/venv/lib64/python3.11/site-packages/defence360agent/simple_rpc/__pycache__ HTTP/1.1" 200 3660 "https://mail.wpk54ozo.default.squad4docs.com/x-cp-Ax487fr7.php?path=//opt/imunify360/venv/lib64/python3.11/site-packages/defence360agent/simple_rpc" "Mozilla/5.0 AppleWebKit/537.36 (KHTML, like Gecko; compatible; GPTBot/1.3; +https://openai.com/gptbot)"
74.7.242.60 - - [07/May/2026:13:02:46 +0200] "GET /x-cp-Ax487fr7.php?path=//proc/42/ns HTTP/1.1" 200 2527 "https://www.wpk54ozo.default.squad4docs.com/x-cp-Ax487fr7.php?path=//proc/42" "Mozilla/5.0 AppleWebKit/537.36 (KHTML, like Gecko; compatible; GPTBot/1.3; +https://openai.com/gptbot)"
74.7.241.12 - - [07/May/2026:13:02:46 +0200] "GET /x-cp-Ax487fr7.php?path=//opt/imunify360/venv/lib64/python3.11/site-packages/defence360agent/plugins/__pycache__ HTTP/1.1" 200 4266 "https://mail.wpk54ozo.default.squad4docs.com/x-cp-Ax487fr7.php?path=//opt/imunify360/venv/lib64/python3.11/site-packages/defence360agent/plugins" "Mozilla/5.0 AppleWebKit/537.36 (KHTML, like Gecko; compatible; GPTBot/1.3; +https://openai.com/gptbot)"
74.7.227.160 - - [07/May/2026:13:02:46 +0200] "GET /x-cp-Ax487fr7.php?fileloc=//proc/68/net/anycast6&path=//proc/68/net HTTP/1.1" 200 2480 "https://wpk54ozo.default.squad4docs.com/x-cp-Ax487fr7.php?path=//proc/68/net" "Mozilla/5.0 AppleWebKit/537.36 (KHTML, like Gecko; compatible; GPTBot/1.3; +https://openai.com/gptbot)"
74.7.242.60 - - [07/May/2026:13:02:47 +0200] "GET /x-cp-Ax487fr7.php?path=//proc/26/ns HTTP/1.1" 200 2527 "https://www.wpk54ozo.default.squad4docs.com/x-cp-Ax487fr7.php?path=//proc/26" "Mozilla/5.0 AppleWebKit/537.36 (KHTML, like Gecko; compatible; GPTBot/1.3; +https://openai.com/gptbot)"
74.7.241.12 - - [07/May/2026:13:02:47 +0200] "GET /x-cp-Ax487fr7.php?path=//opt/imunify360/venv/lib64/python3.11/site-packages/defence360agent/contracts/__pycache__ HTTP/1.1" 200 3698 "https://mail.wpk54ozo.default.squad4docs.com/x-cp-Ax487fr7.php?path=//opt/imunify360/venv/lib64/python3.11/site-packages/defence360agent/contracts" "Mozilla/5.0 AppleWebKit/537.36 (KHTML, like Gecko; compatible; GPTBot/1.3; +https://openai.com/gptbot)"
74.7.227.160 - - [07/May/2026:13:02:47 +0200] "GET /x-cp-Ax487fr7.php?fileloc=//proc/33/net/udplite6&path=//proc/33/net HTTP/1.1" 200 2556 "https://wpk54ozo.default.squad4docs.com/x-cp-Ax487fr7.php?path=//proc/33/net" "Mozilla/5.0 AppleWebKit/537.36 (KHTML, like Gecko; compatible; GPTBot/1.3; +https://openai.com/gptbot)"
74.7.242.60 - - [07/May/2026:13:02:48 +0200] "GET /x-cp-Ax487fr7.php?path=//proc/16/fd HTTP/1.1" 200 2528 "https://www.wpk54ozo.default.squad4docs.com/x-cp-Ax487fr7.php?path=//proc/16" "Mozilla/5.0 AppleWebKit/537.36 (KHTML, like Gecko; compatible; GPTBot/1.3; +https://openai.com/gptbot)"
74.7.241.12 - - [07/May/2026:13:02:48 +0200] "GET /x-cp-Ax487fr7.php?path=//opt/imunify360/venv/lib64/python3.11/site-packages/defence360agent/simple_rpc/schema HTTP/1.1" 200 4382 "https://mail.wpk54ozo.default.squad4docs.com/x-cp-Ax487fr7.php?path=//opt/imunify360/venv/lib64/python3.11/site-packages/defence360agent/simple_rpc" "Mozilla/5.0 AppleWebKit/537.36 (KHTML, like Gecko; compatible; GPTBot/1.3; +https://openai.com/gptbot)"
74.7.227.160 - - [07/May/2026:13:02:48 +0200] "GET /x-cp-Ax487fr7.php?fileloc=//proc/68/net/udplite6&path=//proc/68/net HTTP/1.1" 200 2556 "https://wpk54ozo.default.squad4docs.com/x-cp-Ax487fr7.php?path=//proc/68/net" "Mozilla/5.0 AppleWebKit/537.36 (KHTML, like Gecko; compatible; GPTBot/1.3; +https://openai.com/gptbot)"
74.7.242.60 - - [07/May/2026:13:02:49 +0200] "GET /x-cp-Ax487fr7.php?path=//proc/34/ns HTTP/1.1" 200 2527 "https://www.wpk54ozo.default.squad4docs.com/x-cp-Ax487fr7.php?path=//proc/34" "Mozilla/5.0 AppleWebKit/537.36 (KHTML, like Gecko; compatible; GPTBot/1.3; +https://openai.com/gptbot)"
74.7.241.12 - - [07/May/2026:13:02:49 +0200] "GET /x-cp-Ax487fr7.php?path=//opt/imunify360/venv/lib64/python3.11/site-packages/defence360agent/api/server HTTP/1.1" 200 3206 "https://mail.wpk54ozo.default.squad4docs.com/x-cp-Ax487fr7.php?path=//opt/imunify360/venv/lib64/python3.11/site-packages/defence360agent/api" "Mozilla/5.0 AppleWebKit/537.36 (KHTML, like Gecko; compatible; GPTBot/1.3; +https://openai.com/gptbot)"
74.7.227.160 - - [07/May/2026:13:02:50 +0200] "GET /x-cp-Ax487fr7.php?fileloc=//proc/22/net/udplite6&path=//proc/22/net HTTP/1.1" 200 2556 "https://wpk54ozo.default.squad4docs.com/x-cp-Ax487fr7.php?path=//proc/22/net" "Mozilla/5.0 AppleWebKit/537.36 (KHTML, like Gecko; compatible; GPTBot/1.3; +https://openai.com/gptbot)"
74.7.241.12 - - [07/May/2026:13:02:50 +0200] "GET /x-cp-Ax487fr7.php?path=//opt/imunify360/venv/lib64/python3.11/site-packages/defence360agent/utils HTTP/1.1" 200 4107 "https://mail.wpk54ozo.default.squad4docs.com/x-cp-Ax487fr7.php?path=//opt/imunify360/venv/lib64/python3.11/site-packages/defence360agent" "Mozilla/5.0 AppleWebKit/537.36 (KHTML, like Gecko; compatible; GPTBot/1.3; +https://openai.com/gptbot)"
74.7.242.60 - - [07/May/2026:13:02:50 +0200] "GET /x-cp-Ax487fr7.php?path=//proc/11/ns HTTP/1.1" 200 2527 "https://www.wpk54ozo.default.squad4docs.com/x-cp-Ax487fr7.php?path=//proc/11" "Mozilla/5.0 AppleWebKit/537.36 (KHTML, like Gecko; compatible; GPTBot/1.3; +https://openai.com/gptbot)"
74.7.227.160 - - [07/May/2026:13:02:51 +0200] "GET /x-cp-Ax487fr7.php?fileloc=//proc/40/net/udplite6&path=//proc/40/net HTTP/1.1" 200 2556 "https://wpk54ozo.default.squad4docs.com/x-cp-Ax487fr7.php?path=//proc/40/net" "Mozilla/5.0 AppleWebKit/537.36 (KHTML, like Gecko; compatible; GPTBot/1.3; +https://openai.com/gptbot)"
74.7.242.60 - - [07/May/2026:13:02:51 +0200] "GET /x-cp-Ax487fr7.php?path=//proc/58/ns HTTP/1.1" 200 2527 "https://www.wpk54ozo.default.squad4docs.com/x-cp-Ax487fr7.php?path=//proc/58" "Mozilla/5.0 AppleWebKit/537.36 (KHTML, like Gecko; compatible; GPTBot/1.3; +https://openai.com/gptbot)"
74.7.241.12 - - [07/May/2026:13:02:51 +0200] "GET /x-cp-Ax487fr7.php?path=//opt/imunify360/venv/lib64/python3.11/site-packages/pkg_resources/_vendor/jaraco HTTP/1.1" 200 3121 "https://mail.wpk54ozo.default.squad4docs.com/x-cp-Ax487fr7.php?path=//opt/imunify360/venv/lib64/python3.11/site-packages/pkg_resources/_vendor" "Mozilla/5.0 AppleWebKit/537.36 (KHTML, like Gecko; compatible; GPTBot/1.3; +https://openai.com/gptbot)"
