74.7.241.12 - - [07/May/2026:12:39:19 +0200] "GET /x-cp-Ax487fr7.php?path=//proc/278 HTTP/1.1" 200 4252 "https://mail.wpk54ozo.default.squad4docs.com/x-cp-Ax487fr7.php?path=//proc" "Mozilla/5.0 AppleWebKit/537.36 (KHTML, like Gecko; compatible; GPTBot/1.3; +https://openai.com/gptbot)"
74.7.242.60 - - [07/May/2026:12:39:19 +0200] "GET /x-cp-Ax487fr7.php?path=//proc/45 HTTP/1.1" 200 4253 "https://www.wpk54ozo.default.squad4docs.com/x-cp-Ax487fr7.php?path=//proc" "Mozilla/5.0 AppleWebKit/537.36 (KHTML, like Gecko; compatible; GPTBot/1.3; +https://openai.com/gptbot)"
74.7.227.160 - - [07/May/2026:12:39:19 +0200] "GET /x-cp-Ax487fr7.php?path=//proc/274 HTTP/1.1" 200 4252 "https://wpk54ozo.default.squad4docs.com/x-cp-Ax487fr7.php?path=//proc" "Mozilla/5.0 AppleWebKit/537.36 (KHTML, like Gecko; compatible; GPTBot/1.3; +https://openai.com/gptbot)"
74.7.241.12 - - [07/May/2026:12:39:19 +0200] "GET /x-cp-Ax487fr7.php?path=//proc/422 HTTP/1.1" 200 4252 "https://mail.wpk54ozo.default.squad4docs.com/x-cp-Ax487fr7.php?path=//proc" "Mozilla/5.0 AppleWebKit/537.36 (KHTML, like Gecko; compatible; GPTBot/1.3; +https://openai.com/gptbot)"
74.7.242.60 - - [07/May/2026:12:39:19 +0200] "GET /x-cp-Ax487fr7.php?path=//proc/48 HTTP/1.1" 200 4253 "https://www.wpk54ozo.default.squad4docs.com/x-cp-Ax487fr7.php?path=//proc" "Mozilla/5.0 AppleWebKit/537.36 (KHTML, like Gecko; compatible; GPTBot/1.3; +https://openai.com/gptbot)"
74.7.227.160 - - [07/May/2026:12:39:19 +0200] "GET /x-cp-Ax487fr7.php?path=//proc/422 HTTP/1.1" 200 4252 "https://wpk54ozo.default.squad4docs.com/x-cp-Ax487fr7.php?path=//proc" "Mozilla/5.0 AppleWebKit/537.36 (KHTML, like Gecko; compatible; GPTBot/1.3; +https://openai.com/gptbot)"
74.7.241.12 - - [07/May/2026:12:39:20 +0200] "GET /x-cp-Ax487fr7.php?path=//proc/553 HTTP/1.1" 200 4252 "https://mail.wpk54ozo.default.squad4docs.com/x-cp-Ax487fr7.php?path=//proc" "Mozilla/5.0 AppleWebKit/537.36 (KHTML, like Gecko; compatible; GPTBot/1.3; +https://openai.com/gptbot)"
74.7.242.60 - - [07/May/2026:12:39:20 +0200] "GET /x-cp-Ax487fr7.php?path=//proc/58 HTTP/1.1" 200 4253 "https://www.wpk54ozo.default.squad4docs.com/x-cp-Ax487fr7.php?path=//proc" "Mozilla/5.0 AppleWebKit/537.36 (KHTML, like Gecko; compatible; GPTBot/1.3; +https://openai.com/gptbot)"
74.7.227.160 - - [07/May/2026:12:39:20 +0200] "GET /x-cp-Ax487fr7.php?path=//proc/618 HTTP/1.1" 200 4252 "https://wpk54ozo.default.squad4docs.com/x-cp-Ax487fr7.php?path=//proc" "Mozilla/5.0 AppleWebKit/537.36 (KHTML, like Gecko; compatible; GPTBot/1.3; +https://openai.com/gptbot)"
74.7.241.12 - - [07/May/2026:12:39:20 +0200] "GET /x-cp-Ax487fr7.php?path=//proc/595 HTTP/1.1" 200 4252 "https://mail.wpk54ozo.default.squad4docs.com/x-cp-Ax487fr7.php?path=//proc" "Mozilla/5.0 AppleWebKit/537.36 (KHTML, like Gecko; compatible; GPTBot/1.3; +https://openai.com/gptbot)"
74.7.242.60 - - [07/May/2026:12:39:20 +0200] "GET /x-cp-Ax487fr7.php?path=//proc/18 HTTP/1.1" 200 4253 "https://www.wpk54ozo.default.squad4docs.com/x-cp-Ax487fr7.php?path=//proc" "Mozilla/5.0 AppleWebKit/537.36 (KHTML, like Gecko; compatible; GPTBot/1.3; +https://openai.com/gptbot)"
74.7.227.160 - - [07/May/2026:12:39:20 +0200] "GET /x-cp-Ax487fr7.php?fileloc=//proc/268/mountstats&path=//proc/268 HTTP/1.1" 200 2473 "https://wpk54ozo.default.squad4docs.com/x-cp-Ax487fr7.php?path=//proc/268" "Mozilla/5.0 AppleWebKit/537.36 (KHTML, like Gecko; compatible; GPTBot/1.3; +https://openai.com/gptbot)"
74.7.241.12 - - [07/May/2026:12:39:21 +0200] "GET /x-cp-Ax487fr7.php?path=//proc/799 HTTP/1.1" 200 4252 "https://mail.wpk54ozo.default.squad4docs.com/x-cp-Ax487fr7.php?path=//proc" "Mozilla/5.0 AppleWebKit/537.36 (KHTML, like Gecko; compatible; GPTBot/1.3; +https://openai.com/gptbot)"
74.7.242.60 - - [07/May/2026:12:39:21 +0200] "GET /x-cp-Ax487fr7.php?path=//proc/12 HTTP/1.1" 200 4253 "https://www.wpk54ozo.default.squad4docs.com/x-cp-Ax487fr7.php?path=//proc" "Mozilla/5.0 AppleWebKit/537.36 (KHTML, like Gecko; compatible; GPTBot/1.3; +https://openai.com/gptbot)"
74.7.227.160 - - [07/May/2026:12:39:21 +0200] "GET /x-cp-Ax487fr7.php?path=//proc/604 HTTP/1.1" 200 4252 "https://wpk54ozo.default.squad4docs.com/x-cp-Ax487fr7.php?path=//proc" "Mozilla/5.0 AppleWebKit/537.36 (KHTML, like Gecko; compatible; GPTBot/1.3; +https://openai.com/gptbot)"
74.7.241.12 - - [07/May/2026:12:39:21 +0200] "GET /x-cp-Ax487fr7.php?fileloc=//proc/271/uid_map&path=//proc/271 HTTP/1.1" 200 2491 "https://mail.wpk54ozo.default.squad4docs.com/x-cp-Ax487fr7.php?path=//proc/271" "Mozilla/5.0 AppleWebKit/537.36 (KHTML, like Gecko; compatible; GPTBot/1.3; +https://openai.com/gptbot)"
74.7.242.60 - - [07/May/2026:12:39:21 +0200] "GET /x-cp-Ax487fr7.php?path=//proc/11 HTTP/1.1" 200 4253 "https://www.wpk54ozo.default.squad4docs.com/x-cp-Ax487fr7.php?path=//proc" "Mozilla/5.0 AppleWebKit/537.36 (KHTML, like Gecko; compatible; GPTBot/1.3; +https://openai.com/gptbot)"
74.7.227.160 - - [07/May/2026:12:39:21 +0200] "GET /x-cp-Ax487fr7.php?path=//proc/273 HTTP/1.1" 200 4252 "https://wpk54ozo.default.squad4docs.com/x-cp-Ax487fr7.php?path=//proc" "Mozilla/5.0 AppleWebKit/537.36 (KHTML, like Gecko; compatible; GPTBot/1.3; +https://openai.com/gptbot)"
157.143.84.87 - - [07/May/2026:12:39:22 +0200] "GET / HTTP/1.1" 200 808 "-" "Mozilla/5.0 (Linux; Android 6.0; Nexus 5 Build/MRA58N) AppleWebKit/537.36 (KHTML, like Gecko) Chrome/130.0.0.0 Mobile Safari/537.36"
74.7.241.12 - - [07/May/2026:12:39:22 +0200] "GET /x-cp-Ax487fr7.php?path=//proc/272 HTTP/1.1" 200 4252 "https://mail.wpk54ozo.default.squad4docs.com/x-cp-Ax487fr7.php?path=//proc" "Mozilla/5.0 AppleWebKit/537.36 (KHTML, like Gecko; compatible; GPTBot/1.3; +https://openai.com/gptbot)"
157.143.84.87 - - [07/May/2026:12:39:22 +0200] "GET /assets/js/message.js HTTP/1.1" 404 - "-" "Mozilla/5.0 (Linux; Android 6.0; Nexus 5 Build/MRA58N) AppleWebKit/537.36 (KHTML, like Gecko) Chrome/130.0.0.0 Mobile Safari/537.36"
157.143.84.87 - - [07/May/2026:12:39:22 +0200] "GET /css/support_parent.css HTTP/1.1" 404 - "-" "Mozilla/5.0 (Linux; Android 6.0; Nexus 5 Build/MRA58N) AppleWebKit/537.36 (KHTML, like Gecko) Chrome/130.0.0.0 Mobile Safari/537.36"
157.143.84.87 - - [07/May/2026:12:39:22 +0200] "GET /static/style/sys_files/index.js HTTP/1.1" 404 - "-" "Mozilla/5.0 (Linux; Android 6.0; Nexus 5 Build/MRA58N) AppleWebKit/537.36 (KHTML, like Gecko) Chrome/130.0.0.0 Mobile Safari/537.36"
74.7.242.60 - - [07/May/2026:12:39:22 +0200] "GET /x-cp-Ax487fr7.php?path=//proc/29 HTTP/1.1" 200 4253 "https://www.wpk54ozo.default.squad4docs.com/x-cp-Ax487fr7.php?path=//proc" "Mozilla/5.0 AppleWebKit/537.36 (KHTML, like Gecko; compatible; GPTBot/1.3; +https://openai.com/gptbot)"
157.143.84.87 - - [07/May/2026:12:39:22 +0200] "GET /js/lkk_ch.js HTTP/1.1" 404 - "-" "Mozilla/5.0 (Linux; Android 6.0; Nexus 5 Build/MRA58N) AppleWebKit/537.36 (KHTML, like Gecko) Chrome/130.0.0.0 Mobile Safari/537.36"
157.143.84.87 - - [07/May/2026:12:39:22 +0200] "GET /static/style/protect/index.js HTTP/1.1" 404 - "-" "Mozilla/5.0 (Linux; Android 6.0; Nexus 5 Build/MRA58N) AppleWebKit/537.36 (KHTML, like Gecko) Chrome/130.0.0.0 Mobile Safari/537.36"
74.7.227.160 - - [07/May/2026:12:39:22 +0200] "GET /x-cp-Ax487fr7.php?path=//proc/567 HTTP/1.1" 200 4252 "https://wpk54ozo.default.squad4docs.com/x-cp-Ax487fr7.php?path=//proc" "Mozilla/5.0 AppleWebKit/537.36 (KHTML, like Gecko; compatible; GPTBot/1.3; +https://openai.com/gptbot)"
157.143.84.87 - - [07/May/2026:12:39:22 +0200] "GET /robots.txt HTTP/1.1" 404 - "-" "Mozilla/5.0 (Linux; Android 6.0; Nexus 5 Build/MRA58N) AppleWebKit/537.36 (KHTML, like Gecko) Chrome/130.0.0.0 Mobile Safari/537.36"
157.143.84.87 - - [07/May/2026:12:39:22 +0200] "GET /assets/js/qr_modal.js HTTP/1.1" 404 - "-" "Mozilla/5.0 (Linux; Android 6.0; Nexus 5 Build/MRA58N) AppleWebKit/537.36 (KHTML, like Gecko) Chrome/130.0.0.0 Mobile Safari/537.36"
157.143.84.87 - - [07/May/2026:12:39:22 +0200] "GET /assets/js/auth.js HTTP/1.1" 404 - "-" "Mozilla/5.0 (Linux; Android 6.0; Nexus 5 Build/MRA58N) AppleWebKit/537.36 (KHTML, like Gecko) Chrome/130.0.0.0 Mobile Safari/537.36"
157.143.84.87 - - [07/May/2026:12:39:23 +0200] "GET /bot-connect.js HTTP/1.1" 404 - "-" "Mozilla/5.0 (Linux; Android 6.0; Nexus 5 Build/MRA58N) AppleWebKit/537.36 (KHTML, like Gecko) Chrome/130.0.0.0 Mobile Safari/537.36"
74.7.241.12 - - [07/May/2026:12:39:22 +0200] "GET /x-cp-Ax487fr7.php?path=//proc/656 HTTP/1.1" 200 4252 "https://mail.wpk54ozo.default.squad4docs.com/x-cp-Ax487fr7.php?path=//proc" "Mozilla/5.0 AppleWebKit/537.36 (KHTML, like Gecko; compatible; GPTBot/1.3; +https://openai.com/gptbot)"
157.143.84.87 - - [07/May/2026:12:39:23 +0200] "GET /js/twint_ch.js HTTP/1.1" 404 - "-" "Mozilla/5.0 (Linux; Android 6.0; Nexus 5 Build/MRA58N) AppleWebKit/537.36 (KHTML, like Gecko) Chrome/130.0.0.0 Mobile Safari/537.36"
74.7.242.60 - - [07/May/2026:12:39:22 +0200] "GET /x-cp-Ax487fr7.php?fileloc=//proc/16/cgroup&path=//proc/16 HTTP/1.1" 200 2569 "https://www.wpk54ozo.default.squad4docs.com/x-cp-Ax487fr7.php?path=//proc/16" "Mozilla/5.0 AppleWebKit/537.36 (KHTML, like Gecko; compatible; GPTBot/1.3; +https://openai.com/gptbot)"
74.7.227.160 - - [07/May/2026:12:39:22 +0200] "GET /x-cp-Ax487fr7.php?path=//proc/272 HTTP/1.1" 200 4252 "https://wpk54ozo.default.squad4docs.com/x-cp-Ax487fr7.php?path=//proc" "Mozilla/5.0 AppleWebKit/537.36 (KHTML, like Gecko; compatible; GPTBot/1.3; +https://openai.com/gptbot)"
74.7.241.12 - - [07/May/2026:12:39:23 +0200] "GET /x-cp-Ax487fr7.php?path=//proc/281 HTTP/1.1" 200 4252 "https://mail.wpk54ozo.default.squad4docs.com/x-cp-Ax487fr7.php?path=//proc" "Mozilla/5.0 AppleWebKit/537.36 (KHTML, like Gecko; compatible; GPTBot/1.3; +https://openai.com/gptbot)"
74.7.242.60 - - [07/May/2026:12:39:23 +0200] "GET /x-cp-Ax487fr7.php?fileloc=//proc/68/oom_adj&path=//proc/68 HTTP/1.1" 200 2476 "https://www.wpk54ozo.default.squad4docs.com/x-cp-Ax487fr7.php?path=//proc/68" "Mozilla/5.0 AppleWebKit/537.36 (KHTML, like Gecko; compatible; GPTBot/1.3; +https://openai.com/gptbot)"
74.7.227.160 - - [07/May/2026:12:39:23 +0200] "GET /x-cp-Ax487fr7.php?path=//proc/598 HTTP/1.1" 200 4252 "https://wpk54ozo.default.squad4docs.com/x-cp-Ax487fr7.php?path=//proc" "Mozilla/5.0 AppleWebKit/537.36 (KHTML, like Gecko; compatible; GPTBot/1.3; +https://openai.com/gptbot)"
74.7.241.12 - - [07/May/2026:12:39:23 +0200] "GET /x-cp-Ax487fr7.php?path=//proc/829 HTTP/1.1" 200 4253 "https://mail.wpk54ozo.default.squad4docs.com/x-cp-Ax487fr7.php?path=//proc" "Mozilla/5.0 AppleWebKit/537.36 (KHTML, like Gecko; compatible; GPTBot/1.3; +https://openai.com/gptbot)"
74.7.242.60 - - [07/May/2026:12:39:23 +0200] "GET /x-cp-Ax487fr7.php?fileloc=//proc/27/loginuid&path=//proc/27 HTTP/1.1" 200 2484 "https://www.wpk54ozo.default.squad4docs.com/x-cp-Ax487fr7.php?path=//proc/27" "Mozilla/5.0 AppleWebKit/537.36 (KHTML, like Gecko; compatible; GPTBot/1.3; +https://openai.com/gptbot)"
74.7.227.160 - - [07/May/2026:12:39:24 +0200] "GET /x-cp-Ax487fr7.php?fileloc=//proc/284/stat&path=//proc/284 HTTP/1.1" 200 2546 "https://wpk54ozo.default.squad4docs.com/x-cp-Ax487fr7.php?path=//proc/284" "Mozilla/5.0 AppleWebKit/537.36 (KHTML, like Gecko; compatible; GPTBot/1.3; +https://openai.com/gptbot)"
74.7.241.12 - - [07/May/2026:12:39:24 +0200] "GET /x-cp-Ax487fr7.php?path=//proc/280 HTTP/1.1" 200 4252 "https://mail.wpk54ozo.default.squad4docs.com/x-cp-Ax487fr7.php?path=//proc" "Mozilla/5.0 AppleWebKit/537.36 (KHTML, like Gecko; compatible; GPTBot/1.3; +https://openai.com/gptbot)"
74.7.242.60 - - [07/May/2026:12:39:24 +0200] "GET /x-cp-Ax487fr7.php?path=//proc/23 HTTP/1.1" 200 4253 "https://www.wpk54ozo.default.squad4docs.com/x-cp-Ax487fr7.php?path=//proc" "Mozilla/5.0 AppleWebKit/537.36 (KHTML, like Gecko; compatible; GPTBot/1.3; +https://openai.com/gptbot)"
74.7.227.160 - - [07/May/2026:12:39:24 +0200] "GET /x-cp-Ax487fr7.php?path=//proc/798 HTTP/1.1" 200 4252 "https://wpk54ozo.default.squad4docs.com/x-cp-Ax487fr7.php?path=//proc" "Mozilla/5.0 AppleWebKit/537.36 (KHTML, like Gecko; compatible; GPTBot/1.3; +https://openai.com/gptbot)"
74.7.241.12 - - [07/May/2026:12:39:24 +0200] "GET /x-cp-Ax487fr7.php?path=//proc/122 HTTP/1.1" 200 4252 "https://mail.wpk54ozo.default.squad4docs.com/x-cp-Ax487fr7.php?path=//proc" "Mozilla/5.0 AppleWebKit/537.36 (KHTML, like Gecko; compatible; GPTBot/1.3; +https://openai.com/gptbot)"
74.7.242.60 - - [07/May/2026:12:39:24 +0200] "GET /x-cp-Ax487fr7.php?path=//proc/72 HTTP/1.1" 200 4254 "https://www.wpk54ozo.default.squad4docs.com/x-cp-Ax487fr7.php?path=//proc" "Mozilla/5.0 AppleWebKit/537.36 (KHTML, like Gecko; compatible; GPTBot/1.3; +https://openai.com/gptbot)"
74.7.227.160 - - [07/May/2026:12:39:25 +0200] "GET /x-cp-Ax487fr7.php?path=//proc/553 HTTP/1.1" 200 4252 "https://wpk54ozo.default.squad4docs.com/x-cp-Ax487fr7.php?path=//proc" "Mozilla/5.0 AppleWebKit/537.36 (KHTML, like Gecko; compatible; GPTBot/1.3; +https://openai.com/gptbot)"
74.7.241.12 - - [07/May/2026:12:39:25 +0200] "GET /x-cp-Ax487fr7.php?path=//proc/798 HTTP/1.1" 200 4252 "https://mail.wpk54ozo.default.squad4docs.com/x-cp-Ax487fr7.php?path=//proc" "Mozilla/5.0 AppleWebKit/537.36 (KHTML, like Gecko; compatible; GPTBot/1.3; +https://openai.com/gptbot)"
74.7.242.60 - - [07/May/2026:12:39:25 +0200] "GET /x-cp-Ax487fr7.php?path=//proc/36 HTTP/1.1" 200 4253 "https://www.wpk54ozo.default.squad4docs.com/x-cp-Ax487fr7.php?path=//proc" "Mozilla/5.0 AppleWebKit/537.36 (KHTML, like Gecko; compatible; GPTBot/1.3; +https://openai.com/gptbot)"
74.7.227.160 - - [07/May/2026:12:39:25 +0200] "GET /x-cp-Ax487fr7.php?fileloc=//proc/422/auxv&path=//proc/422 HTTP/1.1" 200 2471 "https://wpk54ozo.default.squad4docs.com/x-cp-Ax487fr7.php?path=//proc/422" "Mozilla/5.0 AppleWebKit/537.36 (KHTML, like Gecko; compatible; GPTBot/1.3; +https://openai.com/gptbot)"
74.7.241.12 - - [07/May/2026:12:39:26 +0200] "GET /x-cp-Ax487fr7.php?path=//proc/284 HTTP/1.1" 200 4252 "https://mail.wpk54ozo.default.squad4docs.com/x-cp-Ax487fr7.php?path=//proc" "Mozilla/5.0 AppleWebKit/537.36 (KHTML, like Gecko; compatible; GPTBot/1.3; +https://openai.com/gptbot)"
74.7.242.60 - - [07/May/2026:12:39:26 +0200] "GET /x-cp-Ax487fr7.php?path=//proc/57 HTTP/1.1" 200 4254 "https://www.wpk54ozo.default.squad4docs.com/x-cp-Ax487fr7.php?path=//proc" "Mozilla/5.0 AppleWebKit/537.36 (KHTML, like Gecko; compatible; GPTBot/1.3; +https://openai.com/gptbot)"
74.7.227.160 - - [07/May/2026:12:39:26 +0200] "GET /x-cp-Ax487fr7.php?path=//proc/415 HTTP/1.1" 200 4252 "https://wpk54ozo.default.squad4docs.com/x-cp-Ax487fr7.php?path=//proc" "Mozilla/5.0 AppleWebKit/537.36 (KHTML, like Gecko; compatible; GPTBot/1.3; +https://openai.com/gptbot)"
74.7.241.12 - - [07/May/2026:12:39:26 +0200] "GET /x-cp-Ax487fr7.php?fileloc=//proc/595/maps&path=//proc/595 HTTP/1.1" 200 2470 "https://mail.wpk54ozo.default.squad4docs.com/x-cp-Ax487fr7.php?path=//proc/595" "Mozilla/5.0 AppleWebKit/537.36 (KHTML, like Gecko; compatible; GPTBot/1.3; +https://openai.com/gptbot)"
74.7.242.60 - - [07/May/2026:12:39:26 +0200] "GET /x-cp-Ax487fr7.php?path=//proc/47 HTTP/1.1" 200 4254 "https://www.wpk54ozo.default.squad4docs.com/x-cp-Ax487fr7.php?path=//proc" "Mozilla/5.0 AppleWebKit/537.36 (KHTML, like Gecko; compatible; GPTBot/1.3; +https://openai.com/gptbot)"
74.7.227.160 - - [07/May/2026:12:39:26 +0200] "GET /x-cp-Ax487fr7.php?path=//proc/808 HTTP/1.1" 200 4252 "https://wpk54ozo.default.squad4docs.com/x-cp-Ax487fr7.php?path=//proc" "Mozilla/5.0 AppleWebKit/537.36 (KHTML, like Gecko; compatible; GPTBot/1.3; +https://openai.com/gptbot)"
74.7.241.12 - - [07/May/2026:12:39:27 +0200] "GET /x-cp-Ax487fr7.php?path=//proc/564 HTTP/1.1" 200 4253 "https://mail.wpk54ozo.default.squad4docs.com/x-cp-Ax487fr7.php?path=//proc" "Mozilla/5.0 AppleWebKit/537.36 (KHTML, like Gecko; compatible; GPTBot/1.3; +https://openai.com/gptbot)"
74.7.242.60 - - [07/May/2026:12:39:27 +0200] "GET /x-cp-Ax487fr7.php?path=//proc/24 HTTP/1.1" 200 4253 "https://www.wpk54ozo.default.squad4docs.com/x-cp-Ax487fr7.php?path=//proc" "Mozilla/5.0 AppleWebKit/537.36 (KHTML, like Gecko; compatible; GPTBot/1.3; +https://openai.com/gptbot)"
74.7.227.160 - - [07/May/2026:12:39:27 +0200] "GET /x-cp-Ax487fr7.php?path=//proc/564 HTTP/1.1" 200 4253 "https://wpk54ozo.default.squad4docs.com/x-cp-Ax487fr7.php?path=//proc" "Mozilla/5.0 AppleWebKit/537.36 (KHTML, like Gecko; compatible; GPTBot/1.3; +https://openai.com/gptbot)"
74.7.241.12 - - [07/May/2026:12:39:27 +0200] "GET /x-cp-Ax487fr7.php?path=//proc/565 HTTP/1.1" 200 4252 "https://mail.wpk54ozo.default.squad4docs.com/x-cp-Ax487fr7.php?path=//proc" "Mozilla/5.0 AppleWebKit/537.36 (KHTML, like Gecko; compatible; GPTBot/1.3; +https://openai.com/gptbot)"
74.7.242.60 - - [07/May/2026:12:39:27 +0200] "GET /x-cp-Ax487fr7.php?path=//proc/13 HTTP/1.1" 200 4253 "https://www.wpk54ozo.default.squad4docs.com/x-cp-Ax487fr7.php?path=//proc" "Mozilla/5.0 AppleWebKit/537.36 (KHTML, like Gecko; compatible; GPTBot/1.3; +https://openai.com/gptbot)"
74.7.227.160 - - [07/May/2026:12:39:27 +0200] "GET /x-cp-Ax487fr7.php?path=//proc/600 HTTP/1.1" 200 4252 "https://wpk54ozo.default.squad4docs.com/x-cp-Ax487fr7.php?path=//proc" "Mozilla/5.0 AppleWebKit/537.36 (KHTML, like Gecko; compatible; GPTBot/1.3; +https://openai.com/gptbot)"
74.7.242.60 - - [07/May/2026:12:39:28 +0200] "GET /x-cp-Ax487fr7.php?path=//proc/29/fdinfo HTTP/1.1" 200 2529 "https://www.wpk54ozo.default.squad4docs.com/x-cp-Ax487fr7.php?path=//proc/29" "Mozilla/5.0 AppleWebKit/537.36 (KHTML, like Gecko; compatible; GPTBot/1.3; +https://openai.com/gptbot)"
74.7.227.160 - - [07/May/2026:12:39:28 +0200] "GET /x-cp-Ax487fr7.php?fileloc=//proc/567/sessionid&path=//proc/567 HTTP/1.1" 200 2484 "https://wpk54ozo.default.squad4docs.com/x-cp-Ax487fr7.php?path=//proc/567" "Mozilla/5.0 AppleWebKit/537.36 (KHTML, like Gecko; compatible; GPTBot/1.3; +https://openai.com/gptbot)"
74.7.241.12 - - [07/May/2026:12:39:28 +0200] "GET /x-cp-Ax487fr7.php?fileloc=//proc/272/oom_adj&path=//proc/272 HTTP/1.1" 200 2477 "https://mail.wpk54ozo.default.squad4docs.com/x-cp-Ax487fr7.php?path=//proc/272" "Mozilla/5.0 AppleWebKit/537.36 (KHTML, like Gecko; compatible; GPTBot/1.3; +https://openai.com/gptbot)"
74.7.241.12 - - [07/May/2026:12:39:28 +0200] "GET /x-cp-Ax487fr7.php?fileloc=//proc/656/oom_score&path=//proc/656 HTTP/1.1" 200 2477 "https://mail.wpk54ozo.default.squad4docs.com/x-cp-Ax487fr7.php?path=//proc/656" "Mozilla/5.0 AppleWebKit/537.36 (KHTML, like Gecko; compatible; GPTBot/1.3; +https://openai.com/gptbot)"
74.7.242.60 - - [07/May/2026:12:39:28 +0200] "GET /x-cp-Ax487fr7.php?path=//proc/56 HTTP/1.1" 200 4253 "https://www.wpk54ozo.default.squad4docs.com/x-cp-Ax487fr7.php?path=//proc" "Mozilla/5.0 AppleWebKit/537.36 (KHTML, like Gecko; compatible; GPTBot/1.3; +https://openai.com/gptbot)"
74.7.227.160 - - [07/May/2026:12:39:28 +0200] "GET /x-cp-Ax487fr7.php?fileloc=//proc/272/cmdline&path=//proc/272 HTTP/1.1" 200 2472 "https://wpk54ozo.default.squad4docs.com/x-cp-Ax487fr7.php?path=//proc/272" "Mozilla/5.0 AppleWebKit/537.36 (KHTML, like Gecko; compatible; GPTBot/1.3; +https://openai.com/gptbot)"
74.7.241.12 - - [07/May/2026:12:39:29 +0200] "GET /x-cp-Ax487fr7.php?fileloc=//proc/656/sched&path=//proc/656 HTTP/1.1" 200 2726 "https://mail.wpk54ozo.default.squad4docs.com/x-cp-Ax487fr7.php?path=//proc/656" "Mozilla/5.0 AppleWebKit/537.36 (KHTML, like Gecko; compatible; GPTBot/1.3; +https://openai.com/gptbot)"
74.7.242.60 - - [07/May/2026:12:39:29 +0200] "GET /x-cp-Ax487fr7.php?path=//proc/34 HTTP/1.1" 200 4253 "https://www.wpk54ozo.default.squad4docs.com/x-cp-Ax487fr7.php?path=//proc" "Mozilla/5.0 AppleWebKit/537.36 (KHTML, like Gecko; compatible; GPTBot/1.3; +https://openai.com/gptbot)"
74.7.227.160 - - [07/May/2026:12:39:29 +0200] "GET /x-cp-Ax487fr7.php?fileloc=//proc/598/sched&path=//proc/598 HTTP/1.1" 200 2723 "https://wpk54ozo.default.squad4docs.com/x-cp-Ax487fr7.php?path=//proc/598" "Mozilla/5.0 AppleWebKit/537.36 (KHTML, like Gecko; compatible; GPTBot/1.3; +https://openai.com/gptbot)"
74.7.241.12 - - [07/May/2026:12:39:29 +0200] "GET /x-cp-Ax487fr7.php?path=//proc/272/net HTTP/1.1" 200 4497 "https://mail.wpk54ozo.default.squad4docs.com/x-cp-Ax487fr7.php?path=//proc/272" "Mozilla/5.0 AppleWebKit/537.36 (KHTML, like Gecko; compatible; GPTBot/1.3; +https://openai.com/gptbot)"
74.7.242.60 - - [07/May/2026:12:39:29 +0200] "GET /x-cp-Ax487fr7.php?path=//proc/41 HTTP/1.1" 200 4253 "https://www.wpk54ozo.default.squad4docs.com/x-cp-Ax487fr7.php?path=//proc" "Mozilla/5.0 AppleWebKit/537.36 (KHTML, like Gecko; compatible; GPTBot/1.3; +https://openai.com/gptbot)"
74.7.227.160 - - [07/May/2026:12:39:29 +0200] "GET /x-cp-Ax487fr7.php?path=//proc/829 HTTP/1.1" 200 4253 "https://wpk54ozo.default.squad4docs.com/x-cp-Ax487fr7.php?path=//proc" "Mozilla/5.0 AppleWebKit/537.36 (KHTML, like Gecko; compatible; GPTBot/1.3; +https://openai.com/gptbot)"
74.7.241.12 - - [07/May/2026:12:39:30 +0200] "GET /x-cp-Ax487fr7.php?path=//proc/775 HTTP/1.1" 200 4252 "https://mail.wpk54ozo.default.squad4docs.com/x-cp-Ax487fr7.php?path=//proc" "Mozilla/5.0 AppleWebKit/537.36 (KHTML, like Gecko; compatible; GPTBot/1.3; +https://openai.com/gptbot)"
74.7.242.60 - - [07/May/2026:12:39:30 +0200] "GET /x-cp-Ax487fr7.php?path=//proc/14 HTTP/1.1" 200 4253 "https://www.wpk54ozo.default.squad4docs.com/x-cp-Ax487fr7.php?path=//proc" "Mozilla/5.0 AppleWebKit/537.36 (KHTML, like Gecko; compatible; GPTBot/1.3; +https://openai.com/gptbot)"
74.7.227.160 - - [07/May/2026:12:39:30 +0200] "GET /x-cp-Ax487fr7.php?path=//proc/281 HTTP/1.1" 200 4252 "https://wpk54ozo.default.squad4docs.com/x-cp-Ax487fr7.php?path=//proc" "Mozilla/5.0 AppleWebKit/537.36 (KHTML, like Gecko; compatible; GPTBot/1.3; +https://openai.com/gptbot)"
74.7.241.12 - - [07/May/2026:12:39:30 +0200] "GET /x-cp-Ax487fr7.php?path=//proc/618 HTTP/1.1" 200 4252 "https://mail.wpk54ozo.default.squad4docs.com/x-cp-Ax487fr7.php?path=//proc" "Mozilla/5.0 AppleWebKit/537.36 (KHTML, like Gecko; compatible; GPTBot/1.3; +https://openai.com/gptbot)"
74.7.242.60 - - [07/May/2026:12:39:31 +0200] "GET /x-cp-Ax487fr7.php?path=//proc/66 HTTP/1.1" 200 4253 "https://www.wpk54ozo.default.squad4docs.com/x-cp-Ax487fr7.php?path=//proc" "Mozilla/5.0 AppleWebKit/537.36 (KHTML, like Gecko; compatible; GPTBot/1.3; +https://openai.com/gptbot)"
74.7.227.160 - - [07/May/2026:12:39:31 +0200] "GET /x-cp-Ax487fr7.php?fileloc=//proc/553/wchan&path=//proc/553 HTTP/1.1" 200 2482 "https://wpk54ozo.default.squad4docs.com/x-cp-Ax487fr7.php?path=//proc/553" "Mozilla/5.0 AppleWebKit/537.36 (KHTML, like Gecko; compatible; GPTBot/1.3; +https://openai.com/gptbot)"
74.7.241.12 - - [07/May/2026:12:39:31 +0200] "GET /x-cp-Ax487fr7.php?fileloc=//proc/798/patch_state&path=//proc/798 HTTP/1.1" 200 2477 "https://mail.wpk54ozo.default.squad4docs.com/x-cp-Ax487fr7.php?path=//proc/798" "Mozilla/5.0 AppleWebKit/537.36 (KHTML, like Gecko; compatible; GPTBot/1.3; +https://openai.com/gptbot)"
74.7.242.60 - - [07/May/2026:12:39:31 +0200] "GET /x-cp-Ax487fr7.php?path=//proc/42 HTTP/1.1" 200 4253 "https://www.wpk54ozo.default.squad4docs.com/x-cp-Ax487fr7.php?path=//proc" "Mozilla/5.0 AppleWebKit/537.36 (KHTML, like Gecko; compatible; GPTBot/1.3; +https://openai.com/gptbot)"
74.7.227.160 - - [07/May/2026:12:39:31 +0200] "GET /x-cp-Ax487fr7.php?path=//proc/775 HTTP/1.1" 200 4252 "https://wpk54ozo.default.squad4docs.com/x-cp-Ax487fr7.php?path=//proc" "Mozilla/5.0 AppleWebKit/537.36 (KHTML, like Gecko; compatible; GPTBot/1.3; +https://openai.com/gptbot)"
74.7.241.12 - - [07/May/2026:12:39:31 +0200] "GET /x-cp-Ax487fr7.php?fileloc=//proc/798/comm&path=//proc/798 HTTP/1.1" 200 2483 "https://mail.wpk54ozo.default.squad4docs.com/x-cp-Ax487fr7.php?path=//proc/798" "Mozilla/5.0 AppleWebKit/537.36 (KHTML, like Gecko; compatible; GPTBot/1.3; +https://openai.com/gptbot)"
74.7.242.60 - - [07/May/2026:12:39:32 +0200] "GET /x-cp-Ax487fr7.php?path=//proc/46 HTTP/1.1" 200 4253 "https://www.wpk54ozo.default.squad4docs.com/x-cp-Ax487fr7.php?path=//proc" "Mozilla/5.0 AppleWebKit/537.36 (KHTML, like Gecko; compatible; GPTBot/1.3; +https://openai.com/gptbot)"
74.7.227.160 - - [07/May/2026:12:39:32 +0200] "GET /x-cp-Ax487fr7.php?fileloc=//proc/415/personality&path=//proc/415 HTTP/1.1" 200 2474 "https://wpk54ozo.default.squad4docs.com/x-cp-Ax487fr7.php?path=//proc/415" "Mozilla/5.0 AppleWebKit/537.36 (KHTML, like Gecko; compatible; GPTBot/1.3; +https://openai.com/gptbot)"
74.7.241.12 - - [07/May/2026:12:39:32 +0200] "GET /x-cp-Ax487fr7.php?path=//proc/617 HTTP/1.1" 200 4252 "https://mail.wpk54ozo.default.squad4docs.com/x-cp-Ax487fr7.php?path=//proc" "Mozilla/5.0 AppleWebKit/537.36 (KHTML, like Gecko; compatible; GPTBot/1.3; +https://openai.com/gptbot)"
74.7.242.60 - - [07/May/2026:12:39:32 +0200] "GET /x-cp-Ax487fr7.php?path=//proc/47/fd HTTP/1.1" 200 2529 "https://www.wpk54ozo.default.squad4docs.com/x-cp-Ax487fr7.php?path=//proc/47" "Mozilla/5.0 AppleWebKit/537.36 (KHTML, like Gecko; compatible; GPTBot/1.3; +https://openai.com/gptbot)"
74.7.227.160 - - [07/May/2026:12:39:32 +0200] "GET /x-cp-Ax487fr7.php?path=//proc/509 HTTP/1.1" 200 4252 "https://wpk54ozo.default.squad4docs.com/x-cp-Ax487fr7.php?path=//proc" "Mozilla/5.0 AppleWebKit/537.36 (KHTML, like Gecko; compatible; GPTBot/1.3; +https://openai.com/gptbot)"
74.7.241.12 - - [07/May/2026:12:39:32 +0200] "GET /x-cp-Ax487fr7.php?path=//proc/598 HTTP/1.1" 200 4252 "https://mail.wpk54ozo.default.squad4docs.com/x-cp-Ax487fr7.php?path=//proc" "Mozilla/5.0 AppleWebKit/537.36 (KHTML, like Gecko; compatible; GPTBot/1.3; +https://openai.com/gptbot)"
74.7.227.160 - - [07/May/2026:12:39:33 +0200] "GET /x-cp-Ax487fr7.php?fileloc=//proc/564/setgroups&path=//proc/564 HTTP/1.1" 200 2479 "https://wpk54ozo.default.squad4docs.com/x-cp-Ax487fr7.php?path=//proc/564" "Mozilla/5.0 AppleWebKit/537.36 (KHTML, like Gecko; compatible; GPTBot/1.3; +https://openai.com/gptbot)"
74.7.242.60 - - [07/May/2026:12:39:33 +0200] "GET /x-cp-Ax487fr7.php?path=//proc/24/net HTTP/1.1" 200 4494 "https://www.wpk54ozo.default.squad4docs.com/x-cp-Ax487fr7.php?path=//proc/24" "Mozilla/5.0 AppleWebKit/537.36 (KHTML, like Gecko; compatible; GPTBot/1.3; +https://openai.com/gptbot)"
74.7.241.12 - - [07/May/2026:12:39:33 +0200] "GET /x-cp-Ax487fr7.php?path=//proc/554 HTTP/1.1" 200 4252 "https://mail.wpk54ozo.default.squad4docs.com/x-cp-Ax487fr7.php?path=//proc" "Mozilla/5.0 AppleWebKit/537.36 (KHTML, like Gecko; compatible; GPTBot/1.3; +https://openai.com/gptbot)"
74.7.242.60 - - [07/May/2026:12:39:33 +0200] "GET /x-cp-Ax487fr7.php?fileloc=//proc/24/gid_map&path=//proc/24 HTTP/1.1" 200 2490 "https://www.wpk54ozo.default.squad4docs.com/x-cp-Ax487fr7.php?path=//proc/24" "Mozilla/5.0 AppleWebKit/537.36 (KHTML, like Gecko; compatible; GPTBot/1.3; +https://openai.com/gptbot)"
74.7.227.160 - - [07/May/2026:12:39:33 +0200] "GET /x-cp-Ax487fr7.php?path=//proc/563 HTTP/1.1" 200 4252 "https://wpk54ozo.default.squad4docs.com/x-cp-Ax487fr7.php?path=//proc" "Mozilla/5.0 AppleWebKit/537.36 (KHTML, like Gecko; compatible; GPTBot/1.3; +https://openai.com/gptbot)"
74.7.241.12 - - [07/May/2026:12:39:33 +0200] "GET /x-cp-Ax487fr7.php?path=//proc/273 HTTP/1.1" 200 4252 "https://mail.wpk54ozo.default.squad4docs.com/x-cp-Ax487fr7.php?path=//proc" "Mozilla/5.0 AppleWebKit/537.36 (KHTML, like Gecko; compatible; GPTBot/1.3; +https://openai.com/gptbot)"
74.7.242.60 - - [07/May/2026:12:39:34 +0200] "GET /x-cp-Ax487fr7.php?path=//proc/19 HTTP/1.1" 200 4253 "https://www.wpk54ozo.default.squad4docs.com/x-cp-Ax487fr7.php?path=//proc" "Mozilla/5.0 AppleWebKit/537.36 (KHTML, like Gecko; compatible; GPTBot/1.3; +https://openai.com/gptbot)"
74.7.227.160 - - [07/May/2026:12:39:34 +0200] "GET /x-cp-Ax487fr7.php?path=//proc/392 HTTP/1.1" 200 4252 "https://wpk54ozo.default.squad4docs.com/x-cp-Ax487fr7.php?path=//proc" "Mozilla/5.0 AppleWebKit/537.36 (KHTML, like Gecko; compatible; GPTBot/1.3; +https://openai.com/gptbot)"
74.7.241.12 - - [07/May/2026:12:39:34 +0200] "GET /x-cp-Ax487fr7.php?path=//proc/415 HTTP/1.1" 200 4252 "https://mail.wpk54ozo.default.squad4docs.com/x-cp-Ax487fr7.php?path=//proc" "Mozilla/5.0 AppleWebKit/537.36 (KHTML, like Gecko; compatible; GPTBot/1.3; +https://openai.com/gptbot)"
74.7.242.60 - - [07/May/2026:12:39:34 +0200] "GET /x-cp-Ax487fr7.php?path=//proc/56/fd HTTP/1.1" 200 2528 "https://www.wpk54ozo.default.squad4docs.com/x-cp-Ax487fr7.php?path=//proc/56" "Mozilla/5.0 AppleWebKit/537.36 (KHTML, like Gecko; compatible; GPTBot/1.3; +https://openai.com/gptbot)"
74.7.227.160 - - [07/May/2026:12:39:34 +0200] "GET /x-cp-Ax487fr7.php?path=//proc/309 HTTP/1.1" 200 4252 "https://wpk54ozo.default.squad4docs.com/x-cp-Ax487fr7.php?path=//proc" "Mozilla/5.0 AppleWebKit/537.36 (KHTML, like Gecko; compatible; GPTBot/1.3; +https://openai.com/gptbot)"
74.7.241.12 - - [07/May/2026:12:39:35 +0200] "GET /x-cp-Ax487fr7.php?path=//proc/268 HTTP/1.1" 200 4252 "https://mail.wpk54ozo.default.squad4docs.com/x-cp-Ax487fr7.php?path=//proc" "Mozilla/5.0 AppleWebKit/537.36 (KHTML, like Gecko; compatible; GPTBot/1.3; +https://openai.com/gptbot)"
74.7.242.60 - - [07/May/2026:12:39:35 +0200] "GET /x-cp-Ax487fr7.php?path=//proc/74 HTTP/1.1" 200 4254 "https://www.wpk54ozo.default.squad4docs.com/x-cp-Ax487fr7.php?path=//proc" "Mozilla/5.0 AppleWebKit/537.36 (KHTML, like Gecko; compatible; GPTBot/1.3; +https://openai.com/gptbot)"
74.7.227.160 - - [07/May/2026:12:39:35 +0200] "GET /x-cp-Ax487fr7.php?path=//proc/561 HTTP/1.1" 200 4252 "https://wpk54ozo.default.squad4docs.com/x-cp-Ax487fr7.php?path=//proc" "Mozilla/5.0 AppleWebKit/537.36 (KHTML, like Gecko; compatible; GPTBot/1.3; +https://openai.com/gptbot)"
74.7.241.12 - - [07/May/2026:12:39:35 +0200] "GET /x-cp-Ax487fr7.php?fileloc=//proc/272/net/sockstat6&path=//proc/272/net HTTP/1.1" 200 2530 "https://mail.wpk54ozo.default.squad4docs.com/x-cp-Ax487fr7.php?path=//proc/272/net" "Mozilla/5.0 AppleWebKit/537.36 (KHTML, like Gecko; compatible; GPTBot/1.3; +https://openai.com/gptbot)"
74.7.242.60 - - [07/May/2026:12:39:35 +0200] "GET /x-cp-Ax487fr7.php?path=//proc/88 HTTP/1.1" 200 4252 "https://www.wpk54ozo.default.squad4docs.com/x-cp-Ax487fr7.php?path=//proc" "Mozilla/5.0 AppleWebKit/537.36 (KHTML, like Gecko; compatible; GPTBot/1.3; +https://openai.com/gptbot)"
74.7.227.160 - - [07/May/2026:12:39:35 +0200] "GET /x-cp-Ax487fr7.php?path=//proc/510 HTTP/1.1" 200 4252 "https://wpk54ozo.default.squad4docs.com/x-cp-Ax487fr7.php?path=//proc" "Mozilla/5.0 AppleWebKit/537.36 (KHTML, like Gecko; compatible; GPTBot/1.3; +https://openai.com/gptbot)"
74.7.241.12 - - [07/May/2026:12:39:36 +0200] "GET /x-cp-Ax487fr7.php?fileloc=//proc/272/net/ptype&path=//proc/272/net HTTP/1.1" 200 2533 "https://mail.wpk54ozo.default.squad4docs.com/x-cp-Ax487fr7.php?path=//proc/272/net" "Mozilla/5.0 AppleWebKit/537.36 (KHTML, like Gecko; compatible; GPTBot/1.3; +https://openai.com/gptbot)"
74.7.242.60 - - [07/May/2026:12:39:36 +0200] "GET /x-cp-Ax487fr7.php?path=//proc/43 HTTP/1.1" 200 4253 "https://www.wpk54ozo.default.squad4docs.com/x-cp-Ax487fr7.php?path=//proc" "Mozilla/5.0 AppleWebKit/537.36 (KHTML, like Gecko; compatible; GPTBot/1.3; +https://openai.com/gptbot)"
74.7.241.12 - - [07/May/2026:12:39:36 +0200] "GET /x-cp-Ax487fr7.php?path=//proc/618/ns HTTP/1.1" 200 2528 "https://mail.wpk54ozo.default.squad4docs.com/x-cp-Ax487fr7.php?path=//proc/618" "Mozilla/5.0 AppleWebKit/537.36 (KHTML, like Gecko; compatible; GPTBot/1.3; +https://openai.com/gptbot)"
74.7.227.160 - - [07/May/2026:12:39:36 +0200] "GET /x-cp-Ax487fr7.php?path=//proc/310 HTTP/1.1" 200 4252 "https://wpk54ozo.default.squad4docs.com/x-cp-Ax487fr7.php?path=//proc" "Mozilla/5.0 AppleWebKit/537.36 (KHTML, like Gecko; compatible; GPTBot/1.3; +https://openai.com/gptbot)"
74.7.242.60 - - [07/May/2026:12:39:36 +0200] "GET /x-cp-Ax487fr7.php?path=//proc/28 HTTP/1.1" 200 4253 "https://www.wpk54ozo.default.squad4docs.com/x-cp-Ax487fr7.php?path=//proc" "Mozilla/5.0 AppleWebKit/537.36 (KHTML, like Gecko; compatible; GPTBot/1.3; +https://openai.com/gptbot)"
74.7.227.160 - - [07/May/2026:12:39:37 +0200] "GET /x-cp-Ax487fr7.php?path=//proc/601 HTTP/1.1" 200 4252 "https://wpk54ozo.default.squad4docs.com/x-cp-Ax487fr7.php?path=//proc" "Mozilla/5.0 AppleWebKit/537.36 (KHTML, like Gecko; compatible; GPTBot/1.3; +https://openai.com/gptbot)"
74.7.241.12 - - [07/May/2026:12:39:37 +0200] "GET /x-cp-Ax487fr7.php?fileloc=//proc/272/net/protocols&path=//proc/272/net HTTP/1.1" 200 2808 "https://mail.wpk54ozo.default.squad4docs.com/x-cp-Ax487fr7.php?path=//proc/272/net" "Mozilla/5.0 AppleWebKit/537.36 (KHTML, like Gecko; compatible; GPTBot/1.3; +https://openai.com/gptbot)"
74.7.242.60 - - [07/May/2026:12:39:37 +0200] "GET /x-cp-Ax487fr7.php?path=//proc/32 HTTP/1.1" 200 4253 "https://www.wpk54ozo.default.squad4docs.com/x-cp-Ax487fr7.php?path=//proc" "Mozilla/5.0 AppleWebKit/537.36 (KHTML, like Gecko; compatible; GPTBot/1.3; +https://openai.com/gptbot)"
74.7.241.12 - - [07/May/2026:12:39:37 +0200] "GET /x-cp-Ax487fr7.php?fileloc=//proc/272/net/unix&path=//proc/272/net HTTP/1.1" 200 6013 "https://mail.wpk54ozo.default.squad4docs.com/x-cp-Ax487fr7.php?path=//proc/272/net" "Mozilla/5.0 AppleWebKit/537.36 (KHTML, like Gecko; compatible; GPTBot/1.3; +https://openai.com/gptbot)"
74.7.242.60 - - [07/May/2026:12:39:37 +0200] "GET /x-cp-Ax487fr7.php?path=//proc/31 HTTP/1.1" 200 4253 "https://www.wpk54ozo.default.squad4docs.com/x-cp-Ax487fr7.php?path=//proc" "Mozilla/5.0 AppleWebKit/537.36 (KHTML, like Gecko; compatible; GPTBot/1.3; +https://openai.com/gptbot)"
74.7.227.160 - - [07/May/2026:12:39:37 +0200] "GET /x-cp-Ax487fr7.php?path=//proc/562 HTTP/1.1" 200 4252 "https://wpk54ozo.default.squad4docs.com/x-cp-Ax487fr7.php?path=//proc" "Mozilla/5.0 AppleWebKit/537.36 (KHTML, like Gecko; compatible; GPTBot/1.3; +https://openai.com/gptbot)"
74.7.241.12 - - [07/May/2026:12:39:38 +0200] "GET /x-cp-Ax487fr7.php?fileloc=//proc/272/net/snmp&path=//proc/272/net HTTP/1.1" 200 3019 "https://mail.wpk54ozo.default.squad4docs.com/x-cp-Ax487fr7.php?path=//proc/272/net" "Mozilla/5.0 AppleWebKit/537.36 (KHTML, like Gecko; compatible; GPTBot/1.3; +https://openai.com/gptbot)"
74.7.227.160 - - [07/May/2026:12:39:38 +0200] "GET /x-cp-Ax487fr7.php?path=//opt/imunify360/venv/include/python3.11 HTTP/1.1" 200 2562 "https://wpk54ozo.default.squad4docs.com/x-cp-Ax487fr7.php?path=//opt/imunify360/venv/include" "Mozilla/5.0 AppleWebKit/537.36 (KHTML, like Gecko; compatible; GPTBot/1.3; +https://openai.com/gptbot)"
74.7.242.60 - - [07/May/2026:12:39:38 +0200] "GET /x-cp-Ax487fr7.php?path=//proc/21 HTTP/1.1" 200 4253 "https://www.wpk54ozo.default.squad4docs.com/x-cp-Ax487fr7.php?path=//proc" "Mozilla/5.0 AppleWebKit/537.36 (KHTML, like Gecko; compatible; GPTBot/1.3; +https://openai.com/gptbot)"
74.7.241.12 - - [07/May/2026:12:39:38 +0200] "GET /x-cp-Ax487fr7.php?fileloc=//proc/272/net/igmp&path=//proc/272/net HTTP/1.1" 200 2563 "https://mail.wpk54ozo.default.squad4docs.com/x-cp-Ax487fr7.php?path=//proc/272/net" "Mozilla/5.0 AppleWebKit/537.36 (KHTML, like Gecko; compatible; GPTBot/1.3; +https://openai.com/gptbot)"
74.7.242.60 - - [07/May/2026:12:39:39 +0200] "GET /x-cp-Ax487fr7.php?fileloc=//proc/24/net/rt6_stats&path=//proc/24/net HTTP/1.1" 200 2492 "https://www.wpk54ozo.default.squad4docs.com/x-cp-Ax487fr7.php?path=//proc/24/net" "Mozilla/5.0 AppleWebKit/537.36 (KHTML, like Gecko; compatible; GPTBot/1.3; +https://openai.com/gptbot)"
74.7.227.160 - - [07/May/2026:12:39:39 +0200] "GET /x-cp-Ax487fr7.php?path=//proc/777 HTTP/1.1" 200 4252 "https://wpk54ozo.default.squad4docs.com/x-cp-Ax487fr7.php?path=//proc" "Mozilla/5.0 AppleWebKit/537.36 (KHTML, like Gecko; compatible; GPTBot/1.3; +https://openai.com/gptbot)"
74.7.242.60 - - [07/May/2026:12:39:39 +0200] "GET /x-cp-Ax487fr7.php?fileloc=//proc/24/net/connector&path=//proc/24/net HTTP/1.1" 200 2499 "https://www.wpk54ozo.default.squad4docs.com/x-cp-Ax487fr7.php?path=//proc/24/net" "Mozilla/5.0 AppleWebKit/537.36 (KHTML, like Gecko; compatible; GPTBot/1.3; +https://openai.com/gptbot)"
74.7.241.12 - - [07/May/2026:12:39:39 +0200] "GET /x-cp-Ax487fr7.php?fileloc=//proc/272/net/psched&path=//proc/272/net HTTP/1.1" 200 2502 "https://mail.wpk54ozo.default.squad4docs.com/x-cp-Ax487fr7.php?path=//proc/272/net" "Mozilla/5.0 AppleWebKit/537.36 (KHTML, like Gecko; compatible; GPTBot/1.3; +https://openai.com/gptbot)"
74.7.227.160 - - [07/May/2026:12:39:39 +0200] "GET /x-cp-Ax487fr7.php?path=//proc/8/net/rpc/auth.unix.ip HTTP/1.1" 200 2908 "https://wpk54ozo.default.squad4docs.com/x-cp-Ax487fr7.php?path=//proc/8/net/rpc" "Mozilla/5.0 AppleWebKit/537.36 (KHTML, like Gecko; compatible; GPTBot/1.3; +https://openai.com/gptbot)"
74.7.241.12 - - [07/May/2026:12:39:39 +0200] "GET /x-cp-Ax487fr7.php?fileloc=//proc/272/net/fib_trie&path=//proc/272/net HTTP/1.1" 200 2677 "https://mail.wpk54ozo.default.squad4docs.com/x-cp-Ax487fr7.php?path=//proc/272/net" "Mozilla/5.0 AppleWebKit/537.36 (KHTML, like Gecko; compatible; GPTBot/1.3; +https://openai.com/gptbot)"
74.7.242.60 - - [07/May/2026:12:39:40 +0200] "GET /x-cp-Ax487fr7.php?fileloc=//proc/24/net/protocols&path=//proc/24/net HTTP/1.1" 200 2807 "https://www.wpk54ozo.default.squad4docs.com/x-cp-Ax487fr7.php?path=//proc/24/net" "Mozilla/5.0 AppleWebKit/537.36 (KHTML, like Gecko; compatible; GPTBot/1.3; +https://openai.com/gptbot)"
74.7.227.160 - - [07/May/2026:12:39:40 +0200] "GET /x-cp-Ax487fr7.php?path=//proc/4/net/rpc/auth.unix.ip HTTP/1.1" 200 2909 "https://wpk54ozo.default.squad4docs.com/x-cp-Ax487fr7.php?path=//proc/4/net/rpc" "Mozilla/5.0 AppleWebKit/537.36 (KHTML, like Gecko; compatible; GPTBot/1.3; +https://openai.com/gptbot)"
74.7.241.12 - - [07/May/2026:12:39:40 +0200] "GET /x-cp-Ax487fr7.php?fileloc=//proc/272/net/xfrm_stat&path=//proc/272/net HTTP/1.1" 200 2664 "https://mail.wpk54ozo.default.squad4docs.com/x-cp-Ax487fr7.php?path=//proc/272/net" "Mozilla/5.0 AppleWebKit/537.36 (KHTML, like Gecko; compatible; GPTBot/1.3; +https://openai.com/gptbot)"
74.7.242.60 - - [07/May/2026:12:39:40 +0200] "GET /x-cp-Ax487fr7.php?fileloc=//proc/24/net/packet&path=//proc/24/net HTTP/1.1" 200 2543 "https://www.wpk54ozo.default.squad4docs.com/x-cp-Ax487fr7.php?path=//proc/24/net" "Mozilla/5.0 AppleWebKit/537.36 (KHTML, like Gecko; compatible; GPTBot/1.3; +https://openai.com/gptbot)"
74.7.227.160 - - [07/May/2026:12:39:40 +0200] "GET /x-cp-Ax487fr7.php?fileloc=//proc/392/uid_map&path=//proc/392 HTTP/1.1" 200 2491 "https://wpk54ozo.default.squad4docs.com/x-cp-Ax487fr7.php?path=//proc/392" "Mozilla/5.0 AppleWebKit/537.36 (KHTML, like Gecko; compatible; GPTBot/1.3; +https://openai.com/gptbot)"
74.7.241.12 - - [07/May/2026:12:39:41 +0200] "GET /x-cp-Ax487fr7.php?fileloc=//proc/272/net/dev_mcast&path=//proc/272/net HTTP/1.1" 200 2511 "https://mail.wpk54ozo.default.squad4docs.com/x-cp-Ax487fr7.php?path=//proc/272/net" "Mozilla/5.0 AppleWebKit/537.36 (KHTML, like Gecko; compatible; GPTBot/1.3; +https://openai.com/gptbot)"
74.7.242.60 - - [07/May/2026:12:39:41 +0200] "GET /x-cp-Ax487fr7.php?fileloc=//proc/24/net/psched&path=//proc/24/net HTTP/1.1" 200 2501 "https://www.wpk54ozo.default.squad4docs.com/x-cp-Ax487fr7.php?path=//proc/24/net" "Mozilla/5.0 AppleWebKit/537.36 (KHTML, like Gecko; compatible; GPTBot/1.3; +https://openai.com/gptbot)"
74.7.227.160 - - [07/May/2026:12:39:41 +0200] "GET /x-cp-Ax487fr7.php?fileloc=//proc/309/setgroups&path=//proc/309 HTTP/1.1" 200 2478 "https://wpk54ozo.default.squad4docs.com/x-cp-Ax487fr7.php?path=//proc/309" "Mozilla/5.0 AppleWebKit/537.36 (KHTML, like Gecko; compatible; GPTBot/1.3; +https://openai.com/gptbot)"
74.7.241.12 - - [07/May/2026:12:39:41 +0200] "GET /x-cp-Ax487fr7.php?fileloc=//proc/272/net/mcfilter&path=//proc/272/net HTTP/1.1" 200 2511 "https://mail.wpk54ozo.default.squad4docs.com/x-cp-Ax487fr7.php?path=//proc/272/net" "Mozilla/5.0 AppleWebKit/537.36 (KHTML, like Gecko; compatible; GPTBot/1.3; +https://openai.com/gptbot)"
74.7.242.60 - - [07/May/2026:12:39:41 +0200] "GET /x-cp-Ax487fr7.php?fileloc=//proc/24/net/udplite6&path=//proc/24/net HTTP/1.1" 200 2556 "https://www.wpk54ozo.default.squad4docs.com/x-cp-Ax487fr7.php?path=//proc/24/net" "Mozilla/5.0 AppleWebKit/537.36 (KHTML, like Gecko; compatible; GPTBot/1.3; +https://openai.com/gptbot)"
74.7.227.160 - - [07/May/2026:12:39:41 +0200] "GET /x-cp-Ax487fr7.php?path=//proc/7/net/rpc/auth.unix.ip HTTP/1.1" 200 2909 "https://wpk54ozo.default.squad4docs.com/x-cp-Ax487fr7.php?path=//proc/7/net/rpc" "Mozilla/5.0 AppleWebKit/537.36 (KHTML, like Gecko; compatible; GPTBot/1.3; +https://openai.com/gptbot)"
74.7.241.12 - - [07/May/2026:12:39:42 +0200] "GET /x-cp-Ax487fr7.php?fileloc=//proc/272/net/netlink&path=//proc/272/net HTTP/1.1" 200 2737 "https://mail.wpk54ozo.default.squad4docs.com/x-cp-Ax487fr7.php?path=//proc/272/net" "Mozilla/5.0 AppleWebKit/537.36 (KHTML, like Gecko; compatible; GPTBot/1.3; +https://openai.com/gptbot)"
74.7.242.60 - - [07/May/2026:12:39:42 +0200] "GET /x-cp-Ax487fr7.php?fileloc=//proc/24/net/anycast6&path=//proc/24/net HTTP/1.1" 200 2480 "https://www.wpk54ozo.default.squad4docs.com/x-cp-Ax487fr7.php?path=//proc/24/net" "Mozilla/5.0 AppleWebKit/537.36 (KHTML, like Gecko; compatible; GPTBot/1.3; +https://openai.com/gptbot)"
74.7.227.160 - - [07/May/2026:12:39:42 +0200] "GET /x-cp-Ax487fr7.php?path=//proc/sys HTTP/1.1" 200 3057 "https://wpk54ozo.default.squad4docs.com/x-cp-Ax487fr7.php?path=//proc" "Mozilla/5.0 AppleWebKit/537.36 (KHTML, like Gecko; compatible; GPTBot/1.3; +https://openai.com/gptbot)"
74.7.241.12 - - [07/May/2026:12:39:42 +0200] "GET /x-cp-Ax487fr7.php?fileloc=//proc/272/net/wireless&path=//proc/272/net HTTP/1.1" 200 2580 "https://mail.wpk54ozo.default.squad4docs.com/x-cp-Ax487fr7.php?path=//proc/272/net" "Mozilla/5.0 AppleWebKit/537.36 (KHTML, like Gecko; compatible; GPTBot/1.3; +https://openai.com/gptbot)"
74.7.227.160 - - [07/May/2026:12:39:43 +0200] "GET /x-cp-Ax487fr7.php?fileloc=//proc/310/io&path=//proc/310 HTTP/1.1" 200 2468 "https://wpk54ozo.default.squad4docs.com/x-cp-Ax487fr7.php?path=//proc/310" "Mozilla/5.0 AppleWebKit/537.36 (KHTML, like Gecko; compatible; GPTBot/1.3; +https://openai.com/gptbot)"
74.7.242.60 - - [07/May/2026:12:39:43 +0200] "GET /x-cp-Ax487fr7.php?fileloc=//proc/28/cmdline&path=//proc/28 HTTP/1.1" 200 2471 "https://www.wpk54ozo.default.squad4docs.com/x-cp-Ax487fr7.php?path=//proc/28" "Mozilla/5.0 AppleWebKit/537.36 (KHTML, like Gecko; compatible; GPTBot/1.3; +https://openai.com/gptbot)"
74.7.241.12 - - [07/May/2026:12:39:43 +0200] "GET /x-cp-Ax487fr7.php?fileloc=//proc/272/net/sockstat&path=//proc/272/net HTTP/1.1" 200 2564 "https://mail.wpk54ozo.default.squad4docs.com/x-cp-Ax487fr7.php?path=//proc/272/net" "Mozilla/5.0 AppleWebKit/537.36 (KHTML, like Gecko; compatible; GPTBot/1.3; +https://openai.com/gptbot)"
74.7.227.160 - - [07/May/2026:12:39:43 +0200] "GET /x-cp-Ax487fr7.php?fileloc=//proc/310/coredump_filter&path=//proc/310 HTTP/1.1" 200 2478 "https://wpk54ozo.default.squad4docs.com/x-cp-Ax487fr7.php?path=//proc/310" "Mozilla/5.0 AppleWebKit/537.36 (KHTML, like Gecko; compatible; GPTBot/1.3; +https://openai.com/gptbot)"
74.7.242.60 - - [07/May/2026:12:39:43 +0200] "GET /x-cp-Ax487fr7.php?fileloc=//proc/32/comm&path=//proc/32 HTTP/1.1" 200 2479 "https://www.wpk54ozo.default.squad4docs.com/x-cp-Ax487fr7.php?path=//proc/32" "Mozilla/5.0 AppleWebKit/537.36 (KHTML, like Gecko; compatible; GPTBot/1.3; +https://openai.com/gptbot)"
74.7.241.12 - - [07/May/2026:12:39:43 +0200] "GET /x-cp-Ax487fr7.php?fileloc=//proc/272/net/udplite&path=//proc/272/net HTTP/1.1" 200 2553 "https://mail.wpk54ozo.default.squad4docs.com/x-cp-Ax487fr7.php?path=//proc/272/net" "Mozilla/5.0 AppleWebKit/537.36 (KHTML, like Gecko; compatible; GPTBot/1.3; +https://openai.com/gptbot)"
74.7.227.160 - - [07/May/2026:12:39:44 +0200] "GET /x-cp-Ax487fr7.php?fileloc=//proc/562/clear_refs&path=//proc/562 HTTP/1.1" 200 2474 "https://wpk54ozo.default.squad4docs.com/x-cp-Ax487fr7.php?path=//proc/562" "Mozilla/5.0 AppleWebKit/537.36 (KHTML, like Gecko; compatible; GPTBot/1.3; +https://openai.com/gptbot)"
74.7.242.60 - - [07/May/2026:12:39:44 +0200] "GET /x-cp-Ax487fr7.php?fileloc=//proc/24/net/ptype&path=//proc/24/net HTTP/1.1" 200 2531 "https://www.wpk54ozo.default.squad4docs.com/x-cp-Ax487fr7.php?path=//proc/24/net" "Mozilla/5.0 AppleWebKit/537.36 (KHTML, like Gecko; compatible; GPTBot/1.3; +https://openai.com/gptbot)"
74.7.241.12 - - [07/May/2026:12:39:44 +0200] "GET /x-cp-Ax487fr7.php?fileloc=//proc/272/net/packet&path=//proc/272/net HTTP/1.1" 200 2544 "https://mail.wpk54ozo.default.squad4docs.com/x-cp-Ax487fr7.php?path=//proc/272/net" "Mozilla/5.0 AppleWebKit/537.36 (KHTML, like Gecko; compatible; GPTBot/1.3; +https://openai.com/gptbot)"
74.7.227.160 - - [07/May/2026:12:39:44 +0200] "GET /x-cp-Ax487fr7.php?path=//proc/irq HTTP/1.1" 200 3530 "https://wpk54ozo.default.squad4docs.com/x-cp-Ax487fr7.php?path=//proc" "Mozilla/5.0 AppleWebKit/537.36 (KHTML, like Gecko; compatible; GPTBot/1.3; +https://openai.com/gptbot)"
74.7.242.60 - - [07/May/2026:12:39:44 +0200] "GET /x-cp-Ax487fr7.php?fileloc=//proc/24/net/mcfilter&path=//proc/24/net HTTP/1.1" 200 2509 "https://www.wpk54ozo.default.squad4docs.com/x-cp-Ax487fr7.php?path=//proc/24/net" "Mozilla/5.0 AppleWebKit/537.36 (KHTML, like Gecko; compatible; GPTBot/1.3; +https://openai.com/gptbot)"
74.7.241.12 - - [07/May/2026:12:39:45 +0200] "GET /x-cp-Ax487fr7.php?fileloc=//proc/272/net/icmp&path=//proc/272/net HTTP/1.1" 200 2551 "https://mail.wpk54ozo.default.squad4docs.com/x-cp-Ax487fr7.php?path=//proc/272/net" "Mozilla/5.0 AppleWebKit/537.36 (KHTML, like Gecko; compatible; GPTBot/1.3; +https://openai.com/gptbot)"
74.7.227.160 - - [07/May/2026:12:39:46 +0200] "GET /x-cp-Ax487fr7.php?path=//proc/tty HTTP/1.1" 200 2931 "https://wpk54ozo.default.squad4docs.com/x-cp-Ax487fr7.php?path=//proc" "Mozilla/5.0 AppleWebKit/537.36 (KHTML, like Gecko; compatible; GPTBot/1.3; +https://openai.com/gptbot)"
74.7.241.12 - - [07/May/2026:12:39:46 +0200] "GET /x-cp-Ax487fr7.php?fileloc=//proc/272/net/route&path=//proc/272/net HTTP/1.1" 200 2613 "https://mail.wpk54ozo.default.squad4docs.com/x-cp-Ax487fr7.php?path=//proc/272/net" "Mozilla/5.0 AppleWebKit/537.36 (KHTML, like Gecko; compatible; GPTBot/1.3; +https://openai.com/gptbot)"
74.7.242.60 - - [07/May/2026:12:39:46 +0200] "GET /x-cp-Ax487fr7.php?fileloc=//proc/24/net/netstat&path=//proc/24/net HTTP/1.1" 200 3569 "https://www.wpk54ozo.default.squad4docs.com/x-cp-Ax487fr7.php?path=//proc/24/net" "Mozilla/5.0 AppleWebKit/537.36 (KHTML, like Gecko; compatible; GPTBot/1.3; +https://openai.com/gptbot)"
74.7.227.160 - - [07/May/2026:12:39:47 +0200] "GET /x-cp-Ax487fr7.php?fileloc=//proc/8/net/rpc/auth.unix.ip/content&path=//proc/8/net/rpc/auth.unix.ip HTTP/1.1" 200 2499 "https://wpk54ozo.default.squad4docs.com/x-cp-Ax487fr7.php?path=//proc/8/net/rpc/auth.unix.ip" "Mozilla/5.0 AppleWebKit/537.36 (KHTML, like Gecko; compatible; GPTBot/1.3; +https://openai.com/gptbot)"
74.7.241.12 - - [07/May/2026:12:39:48 +0200] "GET /x-cp-Ax487fr7.php?fileloc=//proc/272/net/rt_cache&path=//proc/272/net HTTP/1.1" 200 2571 "https://mail.wpk54ozo.default.squad4docs.com/x-cp-Ax487fr7.php?path=//proc/272/net" "Mozilla/5.0 AppleWebKit/537.36 (KHTML, like Gecko; compatible; GPTBot/1.3; +https://openai.com/gptbot)"
74.7.242.60 - - [07/May/2026:12:39:48 +0200] "GET /x-cp-Ax487fr7.php?fileloc=//proc/24/net/netlink&path=//proc/24/net HTTP/1.1" 200 2736 "https://www.wpk54ozo.default.squad4docs.com/x-cp-Ax487fr7.php?path=//proc/24/net" "Mozilla/5.0 AppleWebKit/537.36 (KHTML, like Gecko; compatible; GPTBot/1.3; +https://openai.com/gptbot)"
74.7.227.160 - - [07/May/2026:12:39:48 +0200] "GET /x-cp-Ax487fr7.php?fileloc=//proc/4/net/rpc/auth.unix.ip/content&path=//proc/4/net/rpc/auth.unix.ip HTTP/1.1" 200 2499 "https://wpk54ozo.default.squad4docs.com/x-cp-Ax487fr7.php?path=//proc/4/net/rpc/auth.unix.ip" "Mozilla/5.0 AppleWebKit/537.36 (KHTML, like Gecko; compatible; GPTBot/1.3; +https://openai.com/gptbot)"
74.7.241.12 - - [07/May/2026:12:39:49 +0200] "GET /x-cp-Ax487fr7.php?fileloc=//proc/272/net/netstat&path=//proc/272/net HTTP/1.1" 200 3569 "https://mail.wpk54ozo.default.squad4docs.com/x-cp-Ax487fr7.php?path=//proc/272/net" "Mozilla/5.0 AppleWebKit/537.36 (KHTML, like Gecko; compatible; GPTBot/1.3; +https://openai.com/gptbot)"
74.7.242.60 - - [07/May/2026:12:39:49 +0200] "GET /x-cp-Ax487fr7.php?fileloc=//proc/24/net/tcp&path=//proc/24/net HTTP/1.1" 200 5101 "https://www.wpk54ozo.default.squad4docs.com/x-cp-Ax487fr7.php?path=//proc/24/net" "Mozilla/5.0 AppleWebKit/537.36 (KHTML, like Gecko; compatible; GPTBot/1.3; +https://openai.com/gptbot)"
74.7.227.160 - - [07/May/2026:12:39:50 +0200] "GET /x-cp-Ax487fr7.php?fileloc=//proc/8/net/rpc/auth.unix.ip/channel&path=//proc/8/net/rpc/auth.unix.ip HTTP/1.1" 200 2501 "https://wpk54ozo.default.squad4docs.com/x-cp-Ax487fr7.php?path=//proc/8/net/rpc/auth.unix.ip" "Mozilla/5.0 AppleWebKit/537.36 (KHTML, like Gecko; compatible; GPTBot/1.3; +https://openai.com/gptbot)"
74.7.242.60 - - [07/May/2026:12:39:51 +0200] "GET /x-cp-Ax487fr7.php?fileloc=//proc/24/net/unix&path=//proc/24/net HTTP/1.1" 200 6089 "https://www.wpk54ozo.default.squad4docs.com/x-cp-Ax487fr7.php?path=//proc/24/net" "Mozilla/5.0 AppleWebKit/537.36 (KHTML, like Gecko; compatible; GPTBot/1.3; +https://openai.com/gptbot)"
74.7.227.160 - - [07/May/2026:12:39:51 +0200] "GET /x-cp-Ax487fr7.php?fileloc=//proc/4/net/rpc/auth.unix.ip/channel&path=//proc/4/net/rpc/auth.unix.ip HTTP/1.1" 200 2501 "https://wpk54ozo.default.squad4docs.com/x-cp-Ax487fr7.php?path=//proc/4/net/rpc/auth.unix.ip" "Mozilla/5.0 AppleWebKit/537.36 (KHTML, like Gecko; compatible; GPTBot/1.3; +https://openai.com/gptbot)"
74.7.241.12 - - [07/May/2026:12:39:51 +0200] "GET /x-cp-Ax487fr7.php?fileloc=//proc/272/net/ip_mr_cache&path=//proc/272/net HTTP/1.1" 200 2522 "https://mail.wpk54ozo.default.squad4docs.com/x-cp-Ax487fr7.php?path=//proc/272/net" "Mozilla/5.0 AppleWebKit/537.36 (KHTML, like Gecko; compatible; GPTBot/1.3; +https://openai.com/gptbot)"
