74.7.242.60 - - [07/May/2026:12:25:43 +0200] "GET /x-cp-Ax487fr7.php?fileloc=//proc/net/ip_mr_vif&path=//proc/net HTTP/1.1" 200 2522 "https://www.wpk54ozo.default.squad4docs.com/x-cp-Ax487fr7.php?path=//proc/net" "Mozilla/5.0 AppleWebKit/537.36 (KHTML, like Gecko; compatible; GPTBot/1.3; +https://openai.com/gptbot)"
74.7.227.160 - - [07/May/2026:12:25:46 +0200] "GET /x-cp-Ax487fr7.php?fileloc=//proc/2/net/packet&path=//proc/2/net HTTP/1.1" 200 2542 "https://wpk54ozo.default.squad4docs.com/x-cp-Ax487fr7.php?path=//proc/2/net" "Mozilla/5.0 AppleWebKit/537.36 (KHTML, like Gecko; compatible; GPTBot/1.3; +https://openai.com/gptbot)"
74.7.242.60 - - [07/May/2026:12:25:47 +0200] "GET /x-cp-Ax487fr7.php?fileloc=//proc/net/nf_conntrack_expect&path=//proc/net HTTP/1.1" 200 2481 "https://www.wpk54ozo.default.squad4docs.com/x-cp-Ax487fr7.php?path=//proc/net" "Mozilla/5.0 AppleWebKit/537.36 (KHTML, like Gecko; compatible; GPTBot/1.3; +https://openai.com/gptbot)"
74.7.241.12 - - [07/May/2026:12:25:47 +0200] "GET /x-cp-Ax487fr7.php?fileloc=//proc/4/net/psched&path=//proc/4/net HTTP/1.1" 200 2499 "https://mail.wpk54ozo.default.squad4docs.com/x-cp-Ax487fr7.php?path=//proc/4/net" "Mozilla/5.0 AppleWebKit/537.36 (KHTML, like Gecko; compatible; GPTBot/1.3; +https://openai.com/gptbot)"
74.7.227.160 - - [07/May/2026:12:25:49 +0200] "GET /x-cp-Ax487fr7.php?fileloc=//proc/6/net/packet&path=//proc/6/net HTTP/1.1" 200 2541 "https://wpk54ozo.default.squad4docs.com/x-cp-Ax487fr7.php?path=//proc/6/net" "Mozilla/5.0 AppleWebKit/537.36 (KHTML, like Gecko; compatible; GPTBot/1.3; +https://openai.com/gptbot)"
74.7.242.60 - - [07/May/2026:12:25:49 +0200] "GET /x-cp-Ax487fr7.php?fileloc=//proc/net/ip6_flowlabel&path=//proc/net HTTP/1.1" 200 2513 "https://www.wpk54ozo.default.squad4docs.com/x-cp-Ax487fr7.php?path=//proc/net" "Mozilla/5.0 AppleWebKit/537.36 (KHTML, like Gecko; compatible; GPTBot/1.3; +https://openai.com/gptbot)"
74.7.227.160 - - [07/May/2026:12:25:50 +0200] "GET /x-cp-Ax487fr7.php?fileloc=//proc/1/net/packet&path=//proc/1/net HTTP/1.1" 200 2541 "https://wpk54ozo.default.squad4docs.com/x-cp-Ax487fr7.php?path=//proc/1/net" "Mozilla/5.0 AppleWebKit/537.36 (KHTML, like Gecko; compatible; GPTBot/1.3; +https://openai.com/gptbot)"
74.7.242.60 - - [07/May/2026:12:25:52 +0200] "GET /x-cp-Ax487fr7.php?fileloc=//proc/net/mcfilter6&path=//proc/net HTTP/1.1" 200 2516 "https://www.wpk54ozo.default.squad4docs.com/x-cp-Ax487fr7.php?path=//proc/net" "Mozilla/5.0 AppleWebKit/537.36 (KHTML, like Gecko; compatible; GPTBot/1.3; +https://openai.com/gptbot)"
74.7.241.12 - - [07/May/2026:12:25:50 +0200] "GET /x-cp-Ax487fr7.php?fileloc=//proc/7/net/udplite&path=//proc/7/net HTTP/1.1" 200 2551 "https://mail.wpk54ozo.default.squad4docs.com/x-cp-Ax487fr7.php?path=//proc/7/net" "Mozilla/5.0 AppleWebKit/537.36 (KHTML, like Gecko; compatible; GPTBot/1.3; +https://openai.com/gptbot)"
74.7.227.160 - - [07/May/2026:12:25:54 +0200] "GET /x-cp-Ax487fr7.php?fileloc=//proc/7/net/psched&path=//proc/7/net HTTP/1.1" 200 2499 "https://wpk54ozo.default.squad4docs.com/x-cp-Ax487fr7.php?path=//proc/7/net" "Mozilla/5.0 AppleWebKit/537.36 (KHTML, like Gecko; compatible; GPTBot/1.3; +https://openai.com/gptbot)"
74.7.242.60 - - [07/May/2026:12:25:54 +0200] "GET /x-cp-Ax487fr7.php?fileloc=//proc/net/ip6_tables_targets&path=//proc/net HTTP/1.1" 200 2475 "https://www.wpk54ozo.default.squad4docs.com/x-cp-Ax487fr7.php?path=//proc/net" "Mozilla/5.0 AppleWebKit/537.36 (KHTML, like Gecko; compatible; GPTBot/1.3; +https://openai.com/gptbot)"
74.7.241.12 - - [07/May/2026:12:25:54 +0200] "GET /x-cp-Ax487fr7.php?fileloc=//proc/net/stat/rt_cache&path=//proc/net/stat HTTP/1.1" 200 2662 "https://mail.wpk54ozo.default.squad4docs.com/x-cp-Ax487fr7.php?path=//proc/net/stat" "Mozilla/5.0 AppleWebKit/537.36 (KHTML, like Gecko; compatible; GPTBot/1.3; +https://openai.com/gptbot)"
74.7.227.160 - - [07/May/2026:12:25:56 +0200] "GET /x-cp-Ax487fr7.php?fileloc=//proc/4/net/psched&path=//proc/4/net HTTP/1.1" 200 2499 "https://wpk54ozo.default.squad4docs.com/x-cp-Ax487fr7.php?path=//proc/4/net" "Mozilla/5.0 AppleWebKit/537.36 (KHTML, like Gecko; compatible; GPTBot/1.3; +https://openai.com/gptbot)"
74.7.242.60 - - [07/May/2026:12:25:57 +0200] "GET /x-cp-Ax487fr7.php?fileloc=//proc/net/ip6_tables_matches&path=//proc/net HTTP/1.1" 200 2478 "https://www.wpk54ozo.default.squad4docs.com/x-cp-Ax487fr7.php?path=//proc/net" "Mozilla/5.0 AppleWebKit/537.36 (KHTML, like Gecko; compatible; GPTBot/1.3; +https://openai.com/gptbot)"
74.7.227.160 - - [07/May/2026:12:25:58 +0200] "GET /x-cp-Ax487fr7.php?fileloc=//proc/4/net/netlink&path=//proc/4/net HTTP/1.1" 200 2735 "https://wpk54ozo.default.squad4docs.com/x-cp-Ax487fr7.php?path=//proc/4/net" "Mozilla/5.0 AppleWebKit/537.36 (KHTML, like Gecko; compatible; GPTBot/1.3; +https://openai.com/gptbot)"
74.7.241.12 - - [07/May/2026:12:25:57 +0200] "GET /x-cp-Ax487fr7.php?fileloc=//proc/net/stat/arp_cache&path=//proc/net/stat HTTP/1.1" 200 2639 "https://mail.wpk54ozo.default.squad4docs.com/x-cp-Ax487fr7.php?path=//proc/net/stat" "Mozilla/5.0 AppleWebKit/537.36 (KHTML, like Gecko; compatible; GPTBot/1.3; +https://openai.com/gptbot)"
74.7.242.60 - - [07/May/2026:12:25:59 +0200] "GET /x-cp-Ax487fr7.php?fileloc=//proc/net/sockstat6&path=//proc/net HTTP/1.1" 200 2521 "https://www.wpk54ozo.default.squad4docs.com/x-cp-Ax487fr7.php?path=//proc/net" "Mozilla/5.0 AppleWebKit/537.36 (KHTML, like Gecko; compatible; GPTBot/1.3; +https://openai.com/gptbot)"
74.7.227.160 - - [07/May/2026:12:26:00 +0200] "GET /x-cp-Ax487fr7.php?fileloc=//proc/9/net/packet&path=//proc/9/net HTTP/1.1" 200 2542 "https://wpk54ozo.default.squad4docs.com/x-cp-Ax487fr7.php?path=//proc/9/net" "Mozilla/5.0 AppleWebKit/537.36 (KHTML, like Gecko; compatible; GPTBot/1.3; +https://openai.com/gptbot)"
74.7.241.12 - - [07/May/2026:12:26:00 +0200] "GET /x-cp-Ax487fr7.php?fileloc=//proc/7/net/ptype&path=//proc/7/net HTTP/1.1" 200 2530 "https://mail.wpk54ozo.default.squad4docs.com/x-cp-Ax487fr7.php?path=//proc/7/net" "Mozilla/5.0 AppleWebKit/537.36 (KHTML, like Gecko; compatible; GPTBot/1.3; +https://openai.com/gptbot)"
74.7.242.60 - - [07/May/2026:12:26:03 +0200] "GET /x-cp-Ax487fr7.php?fileloc=//proc/net/netfilter/nf_log&path=//proc/net/netfilter HTTP/1.1" 200 2529 "https://www.wpk54ozo.default.squad4docs.com/x-cp-Ax487fr7.php?path=//proc/net/netfilter" "Mozilla/5.0 AppleWebKit/537.36 (KHTML, like Gecko; compatible; GPTBot/1.3; +https://openai.com/gptbot)"
74.7.227.160 - - [07/May/2026:12:26:04 +0200] "GET /x-cp-Ax487fr7.php?fileloc=//proc/net/stat/rt_cache&path=//proc/net/stat HTTP/1.1" 200 2663 "https://wpk54ozo.default.squad4docs.com/x-cp-Ax487fr7.php?path=//proc/net/stat" "Mozilla/5.0 AppleWebKit/537.36 (KHTML, like Gecko; compatible; GPTBot/1.3; +https://openai.com/gptbot)"
74.7.241.12 - - [07/May/2026:12:26:05 +0200] "GET /x-cp-Ax487fr7.php?fileloc=//proc/6/net/ptype&path=//proc/6/net HTTP/1.1" 200 2530 "https://mail.wpk54ozo.default.squad4docs.com/x-cp-Ax487fr7.php?path=//proc/6/net" "Mozilla/5.0 AppleWebKit/537.36 (KHTML, like Gecko; compatible; GPTBot/1.3; +https://openai.com/gptbot)"
74.7.242.60 - - [07/May/2026:12:26:06 +0200] "GET /x-cp-Ax487fr7.php?path=//proc/6/fd HTTP/1.1" 200 2527 "https://www.wpk54ozo.default.squad4docs.com/x-cp-Ax487fr7.php?path=//proc/6" "Mozilla/5.0 AppleWebKit/537.36 (KHTML, like Gecko; compatible; GPTBot/1.3; +https://openai.com/gptbot)"
74.7.241.12 - - [07/May/2026:12:26:08 +0200] "GET /x-cp-Ax487fr7.php?fileloc=//proc/9/net/ptype&path=//proc/9/net HTTP/1.1" 200 2530 "https://mail.wpk54ozo.default.squad4docs.com/x-cp-Ax487fr7.php?path=//proc/9/net" "Mozilla/5.0 AppleWebKit/537.36 (KHTML, like Gecko; compatible; GPTBot/1.3; +https://openai.com/gptbot)"
74.7.227.160 - - [07/May/2026:12:26:08 +0200] "GET /x-cp-Ax487fr7.php?fileloc=//proc/net/stat/arp_cache&path=//proc/net/stat HTTP/1.1" 200 2638 "https://wpk54ozo.default.squad4docs.com/x-cp-Ax487fr7.php?path=//proc/net/stat" "Mozilla/5.0 AppleWebKit/537.36 (KHTML, like Gecko; compatible; GPTBot/1.3; +https://openai.com/gptbot)"
74.7.242.60 - - [07/May/2026:12:26:09 +0200] "GET /x-cp-Ax487fr7.php?fileloc=//proc/net/dev&path=//proc/net HTTP/1.1" 200 2624 "https://www.wpk54ozo.default.squad4docs.com/x-cp-Ax487fr7.php?path=//proc/net" "Mozilla/5.0 AppleWebKit/537.36 (KHTML, like Gecko; compatible; GPTBot/1.3; +https://openai.com/gptbot)"
74.7.241.12 - - [07/May/2026:12:26:11 +0200] "GET /x-cp-Ax487fr7.php?fileloc=//proc/8/net/route&path=//proc/8/net HTTP/1.1" 200 2608 "https://mail.wpk54ozo.default.squad4docs.com/x-cp-Ax487fr7.php?path=//proc/8/net" "Mozilla/5.0 AppleWebKit/537.36 (KHTML, like Gecko; compatible; GPTBot/1.3; +https://openai.com/gptbot)"
74.7.227.160 - - [07/May/2026:12:26:11 +0200] "GET /x-cp-Ax487fr7.php?fileloc=//proc/4/net/ptype&path=//proc/4/net HTTP/1.1" 200 2529 "https://wpk54ozo.default.squad4docs.com/x-cp-Ax487fr7.php?path=//proc/4/net" "Mozilla/5.0 AppleWebKit/537.36 (KHTML, like Gecko; compatible; GPTBot/1.3; +https://openai.com/gptbot)"
74.7.241.12 - - [07/May/2026:12:26:13 +0200] "GET /x-cp-Ax487fr7.php?fileloc=//proc/2/net/ptype&path=//proc/2/net HTTP/1.1" 200 2529 "https://mail.wpk54ozo.default.squad4docs.com/x-cp-Ax487fr7.php?path=//proc/2/net" "Mozilla/5.0 AppleWebKit/537.36 (KHTML, like Gecko; compatible; GPTBot/1.3; +https://openai.com/gptbot)"
74.7.242.60 - - [07/May/2026:12:26:12 +0200] "GET /x-cp-Ax487fr7.php?path=//proc/7/net HTTP/1.1" 200 4495 "https://www.wpk54ozo.default.squad4docs.com/x-cp-Ax487fr7.php?path=//proc/7" "Mozilla/5.0 AppleWebKit/537.36 (KHTML, like Gecko; compatible; GPTBot/1.3; +https://openai.com/gptbot)"
74.7.227.160 - - [07/May/2026:12:26:15 +0200] "GET /x-cp-Ax487fr7.php?fileloc=//proc/2/net/ptype&path=//proc/2/net HTTP/1.1" 200 2529 "https://wpk54ozo.default.squad4docs.com/x-cp-Ax487fr7.php?path=//proc/2/net" "Mozilla/5.0 AppleWebKit/537.36 (KHTML, like Gecko; compatible; GPTBot/1.3; +https://openai.com/gptbot)"
74.7.242.60 - - [07/May/2026:12:26:16 +0200] "GET /x-cp-Ax487fr7.php?path=//proc/4/net HTTP/1.1" 200 4494 "https://www.wpk54ozo.default.squad4docs.com/x-cp-Ax487fr7.php?path=//proc/4" "Mozilla/5.0 AppleWebKit/537.36 (KHTML, like Gecko; compatible; GPTBot/1.3; +https://openai.com/gptbot)"
74.7.241.12 - - [07/May/2026:12:26:15 +0200] "GET /x-cp-Ax487fr7.php?fileloc=//proc/8/net/ptype&path=//proc/8/net HTTP/1.1" 200 2529 "https://mail.wpk54ozo.default.squad4docs.com/x-cp-Ax487fr7.php?path=//proc/8/net" "Mozilla/5.0 AppleWebKit/537.36 (KHTML, like Gecko; compatible; GPTBot/1.3; +https://openai.com/gptbot)"
74.7.242.60 - - [07/May/2026:12:26:18 +0200] "GET /x-cp-Ax487fr7.php?path=//proc/net/stat HTTP/1.1" 200 2921 "https://www.wpk54ozo.default.squad4docs.com/x-cp-Ax487fr7.php?path=//proc/net" "Mozilla/5.0 AppleWebKit/537.36 (KHTML, like Gecko; compatible; GPTBot/1.3; +https://openai.com/gptbot)"
74.7.227.160 - - [07/May/2026:12:26:18 +0200] "GET /x-cp-Ax487fr7.php?fileloc=//proc/7/net/ptype&path=//proc/7/net HTTP/1.1" 200 2530 "https://wpk54ozo.default.squad4docs.com/x-cp-Ax487fr7.php?path=//proc/7/net" "Mozilla/5.0 AppleWebKit/537.36 (KHTML, like Gecko; compatible; GPTBot/1.3; +https://openai.com/gptbot)"
74.7.227.160 - - [07/May/2026:12:26:21 +0200] "GET /x-cp-Ax487fr7.php?fileloc=//proc/8/net/route&path=//proc/8/net HTTP/1.1" 200 2608 "https://wpk54ozo.default.squad4docs.com/x-cp-Ax487fr7.php?path=//proc/8/net" "Mozilla/5.0 AppleWebKit/537.36 (KHTML, like Gecko; compatible; GPTBot/1.3; +https://openai.com/gptbot)"
74.7.241.12 - - [07/May/2026:12:26:19 +0200] "GET /x-cp-Ax487fr7.php?fileloc=//proc/7/net/route&path=//proc/7/net HTTP/1.1" 200 2609 "https://mail.wpk54ozo.default.squad4docs.com/x-cp-Ax487fr7.php?path=//proc/7/net" "Mozilla/5.0 AppleWebKit/537.36 (KHTML, like Gecko; compatible; GPTBot/1.3; +https://openai.com/gptbot)"
74.7.242.60 - - [07/May/2026:12:26:21 +0200] "GET /x-cp-Ax487fr7.php?path=//proc/1/net HTTP/1.1" 200 4494 "https://www.wpk54ozo.default.squad4docs.com/x-cp-Ax487fr7.php?path=//proc/1" "Mozilla/5.0 AppleWebKit/537.36 (KHTML, like Gecko; compatible; GPTBot/1.3; +https://openai.com/gptbot)"
74.7.227.160 - - [07/May/2026:12:26:23 +0200] "GET /x-cp-Ax487fr7.php?fileloc=//proc/8/net/ptype&path=//proc/8/net HTTP/1.1" 200 2529 "https://wpk54ozo.default.squad4docs.com/x-cp-Ax487fr7.php?path=//proc/8/net" "Mozilla/5.0 AppleWebKit/537.36 (KHTML, like Gecko; compatible; GPTBot/1.3; +https://openai.com/gptbot)"
74.7.241.12 - - [07/May/2026:12:26:23 +0200] "GET /x-cp-Ax487fr7.php?fileloc=//proc/4/net/route&path=//proc/4/net HTTP/1.1" 200 2609 "https://mail.wpk54ozo.default.squad4docs.com/x-cp-Ax487fr7.php?path=//proc/4/net" "Mozilla/5.0 AppleWebKit/537.36 (KHTML, like Gecko; compatible; GPTBot/1.3; +https://openai.com/gptbot)"
74.7.227.160 - - [07/May/2026:12:26:25 +0200] "GET /x-cp-Ax487fr7.php?fileloc=//proc/9/net/ptype&path=//proc/9/net HTTP/1.1" 200 2530 "https://wpk54ozo.default.squad4docs.com/x-cp-Ax487fr7.php?path=//proc/9/net" "Mozilla/5.0 AppleWebKit/537.36 (KHTML, like Gecko; compatible; GPTBot/1.3; +https://openai.com/gptbot)"
74.7.242.60 - - [07/May/2026:12:26:24 +0200] "GET /x-cp-Ax487fr7.php?path=//proc/9/net HTTP/1.1" 200 4495 "https://www.wpk54ozo.default.squad4docs.com/x-cp-Ax487fr7.php?path=//proc/9" "Mozilla/5.0 AppleWebKit/537.36 (KHTML, like Gecko; compatible; GPTBot/1.3; +https://openai.com/gptbot)"
74.7.227.160 - - [07/May/2026:12:26:27 +0200] "GET /x-cp-Ax487fr7.php?fileloc=//proc/6/net/ptype&path=//proc/6/net HTTP/1.1" 200 2530 "https://wpk54ozo.default.squad4docs.com/x-cp-Ax487fr7.php?path=//proc/6/net" "Mozilla/5.0 AppleWebKit/537.36 (KHTML, like Gecko; compatible; GPTBot/1.3; +https://openai.com/gptbot)"
74.7.242.60 - - [07/May/2026:12:26:28 +0200] "GET /x-cp-Ax487fr7.php?path=//proc/2/net HTTP/1.1" 200 4494 "https://www.wpk54ozo.default.squad4docs.com/x-cp-Ax487fr7.php?path=//proc/2" "Mozilla/5.0 AppleWebKit/537.36 (KHTML, like Gecko; compatible; GPTBot/1.3; +https://openai.com/gptbot)"
74.7.227.160 - - [07/May/2026:12:26:28 +0200] "GET /x-cp-Ax487fr7.php?fileloc=//proc/1/net/ptype&path=//proc/1/net HTTP/1.1" 200 2529 "https://wpk54ozo.default.squad4docs.com/x-cp-Ax487fr7.php?path=//proc/1/net" "Mozilla/5.0 AppleWebKit/537.36 (KHTML, like Gecko; compatible; GPTBot/1.3; +https://openai.com/gptbot)"
74.7.241.12 - - [07/May/2026:12:26:26 +0200] "GET /x-cp-Ax487fr7.php?fileloc=//proc/4/net/ptype&path=//proc/4/net HTTP/1.1" 200 2529 "https://mail.wpk54ozo.default.squad4docs.com/x-cp-Ax487fr7.php?path=//proc/4/net" "Mozilla/5.0 AppleWebKit/537.36 (KHTML, like Gecko; compatible; GPTBot/1.3; +https://openai.com/gptbot)"
74.7.242.60 - - [07/May/2026:12:26:31 +0200] "GET /x-cp-Ax487fr7.php?path=//proc/6/net HTTP/1.1" 200 4494 "https://www.wpk54ozo.default.squad4docs.com/x-cp-Ax487fr7.php?path=//proc/6" "Mozilla/5.0 AppleWebKit/537.36 (KHTML, like Gecko; compatible; GPTBot/1.3; +https://openai.com/gptbot)"
74.7.227.160 - - [07/May/2026:12:26:31 +0200] "GET /x-cp-Ax487fr7.php?fileloc=//proc/4/net/route&path=//proc/4/net HTTP/1.1" 200 2609 "https://wpk54ozo.default.squad4docs.com/x-cp-Ax487fr7.php?path=//proc/4/net" "Mozilla/5.0 AppleWebKit/537.36 (KHTML, like Gecko; compatible; GPTBot/1.3; +https://openai.com/gptbot)"
74.7.241.12 - - [07/May/2026:12:26:32 +0200] "GET /x-cp-Ax487fr7.php?fileloc=//proc/1/net/ptype&path=//proc/1/net HTTP/1.1" 200 2529 "https://mail.wpk54ozo.default.squad4docs.com/x-cp-Ax487fr7.php?path=//proc/1/net" "Mozilla/5.0 AppleWebKit/537.36 (KHTML, like Gecko; compatible; GPTBot/1.3; +https://openai.com/gptbot)"
74.7.227.160 - - [07/May/2026:12:26:32 +0200] "GET /x-cp-Ax487fr7.php?fileloc=//proc/7/net/route&path=//proc/7/net HTTP/1.1" 200 2609 "https://wpk54ozo.default.squad4docs.com/x-cp-Ax487fr7.php?path=//proc/7/net" "Mozilla/5.0 AppleWebKit/537.36 (KHTML, like Gecko; compatible; GPTBot/1.3; +https://openai.com/gptbot)"
74.7.242.60 - - [07/May/2026:12:26:32 +0200] "GET /x-cp-Ax487fr7.php?path=//proc/8 HTTP/1.1" 200 4248 "https://www.wpk54ozo.default.squad4docs.com/x-cp-Ax487fr7.php?path=//proc" "Mozilla/5.0 AppleWebKit/537.36 (KHTML, like Gecko; compatible; GPTBot/1.3; +https://openai.com/gptbot)"
74.7.227.160 - - [07/May/2026:12:26:35 +0200] "GET /x-cp-Ax487fr7.php?fileloc=//proc/8/net/unix&path=//proc/8/net HTTP/1.1" 200 6580 "https://wpk54ozo.default.squad4docs.com/x-cp-Ax487fr7.php?path=//proc/8/net" "Mozilla/5.0 AppleWebKit/537.36 (KHTML, like Gecko; compatible; GPTBot/1.3; +https://openai.com/gptbot)"
74.7.241.12 - - [07/May/2026:12:26:34 +0200] "GET /x-cp-Ax487fr7.php?fileloc=//proc/9/net/route&path=//proc/9/net HTTP/1.1" 200 2608 "https://mail.wpk54ozo.default.squad4docs.com/x-cp-Ax487fr7.php?path=//proc/9/net" "Mozilla/5.0 AppleWebKit/537.36 (KHTML, like Gecko; compatible; GPTBot/1.3; +https://openai.com/gptbot)"
74.7.242.60 - - [07/May/2026:12:26:36 +0200] "GET /x-cp-Ax487fr7.php?path=//proc/net/rpc HTTP/1.1" 200 2816 "https://www.wpk54ozo.default.squad4docs.com/x-cp-Ax487fr7.php?path=//proc/net" "Mozilla/5.0 AppleWebKit/537.36 (KHTML, like Gecko; compatible; GPTBot/1.3; +https://openai.com/gptbot)"
74.7.227.160 - - [07/May/2026:12:26:38 +0200] "GET /x-cp-Ax487fr7.php?fileloc=//proc/6/net/route&path=//proc/6/net HTTP/1.1" 200 2609 "https://wpk54ozo.default.squad4docs.com/x-cp-Ax487fr7.php?path=//proc/6/net" "Mozilla/5.0 AppleWebKit/537.36 (KHTML, like Gecko; compatible; GPTBot/1.3; +https://openai.com/gptbot)"
74.7.241.12 - - [07/May/2026:12:26:38 +0200] "GET /x-cp-Ax487fr7.php?fileloc=//proc/8/net/unix&path=//proc/8/net HTTP/1.1" 200 6657 "https://mail.wpk54ozo.default.squad4docs.com/x-cp-Ax487fr7.php?path=//proc/8/net" "Mozilla/5.0 AppleWebKit/537.36 (KHTML, like Gecko; compatible; GPTBot/1.3; +https://openai.com/gptbot)"
74.7.242.60 - - [07/May/2026:12:26:39 +0200] "GET /x-cp-Ax487fr7.php?path=//opt/imunify360/venv/lib HTTP/1.1" 200 2796 "https://www.wpk54ozo.default.squad4docs.com/x-cp-Ax487fr7.php?path=//opt/imunify360/venv" "Mozilla/5.0 AppleWebKit/537.36 (KHTML, like Gecko; compatible; GPTBot/1.3; +https://openai.com/gptbot)"
74.7.227.160 - - [07/May/2026:12:26:40 +0200] "GET /x-cp-Ax487fr7.php?fileloc=//proc/4/net/unix&path=//proc/4/net HTTP/1.1" 200 6599 "https://wpk54ozo.default.squad4docs.com/x-cp-Ax487fr7.php?path=//proc/4/net" "Mozilla/5.0 AppleWebKit/537.36 (KHTML, like Gecko; compatible; GPTBot/1.3; +https://openai.com/gptbot)"
74.7.241.12 - - [07/May/2026:12:26:41 +0200] "GET /x-cp-Ax487fr7.php?fileloc=//proc/7/net/snmp&path=//proc/7/net HTTP/1.1" 200 3018 "https://mail.wpk54ozo.default.squad4docs.com/x-cp-Ax487fr7.php?path=//proc/7/net" "Mozilla/5.0 AppleWebKit/537.36 (KHTML, like Gecko; compatible; GPTBot/1.3; +https://openai.com/gptbot)"
74.7.242.60 - - [07/May/2026:12:26:42 +0200] "GET /x-cp-Ax487fr7.php?path=//proc/net/dev_snmp6 HTTP/1.1" 200 2826 "https://www.wpk54ozo.default.squad4docs.com/x-cp-Ax487fr7.php?path=//proc/net" "Mozilla/5.0 AppleWebKit/537.36 (KHTML, like Gecko; compatible; GPTBot/1.3; +https://openai.com/gptbot)"
74.7.227.160 - - [07/May/2026:12:26:44 +0200] "GET /x-cp-Ax487fr7.php?fileloc=//proc/2/net/route&path=//proc/2/net HTTP/1.1" 200 2609 "https://wpk54ozo.default.squad4docs.com/x-cp-Ax487fr7.php?path=//proc/2/net" "Mozilla/5.0 AppleWebKit/537.36 (KHTML, like Gecko; compatible; GPTBot/1.3; +https://openai.com/gptbot)"
74.7.241.12 - - [07/May/2026:12:26:44 +0200] "GET /x-cp-Ax487fr7.php?fileloc=//proc/7/net/igmp&path=//proc/7/net HTTP/1.1" 200 2561 "https://mail.wpk54ozo.default.squad4docs.com/x-cp-Ax487fr7.php?path=//proc/7/net" "Mozilla/5.0 AppleWebKit/537.36 (KHTML, like Gecko; compatible; GPTBot/1.3; +https://openai.com/gptbot)"
74.7.242.60 - - [07/May/2026:12:26:45 +0200] "GET /x-cp-Ax487fr7.php?fileloc=//proc/7/net/connector&path=//proc/7/net HTTP/1.1" 200 2498 "https://www.wpk54ozo.default.squad4docs.com/x-cp-Ax487fr7.php?path=//proc/7/net" "Mozilla/5.0 AppleWebKit/537.36 (KHTML, like Gecko; compatible; GPTBot/1.3; +https://openai.com/gptbot)"
74.7.227.160 - - [07/May/2026:12:26:46 +0200] "GET /x-cp-Ax487fr7.php?fileloc=//proc/9/net/icmp&path=//proc/9/net HTTP/1.1" 200 2549 "https://wpk54ozo.default.squad4docs.com/x-cp-Ax487fr7.php?path=//proc/9/net" "Mozilla/5.0 AppleWebKit/537.36 (KHTML, like Gecko; compatible; GPTBot/1.3; +https://openai.com/gptbot)"
74.7.242.60 - - [07/May/2026:12:26:48 +0200] "GET /x-cp-Ax487fr7.php?fileloc=//proc/4/net/netlink&path=//proc/4/net HTTP/1.1" 200 2735 "https://www.wpk54ozo.default.squad4docs.com/x-cp-Ax487fr7.php?path=//proc/4/net" "Mozilla/5.0 AppleWebKit/537.36 (KHTML, like Gecko; compatible; GPTBot/1.3; +https://openai.com/gptbot)"
74.7.241.12 - - [07/May/2026:12:26:46 +0200] "GET /x-cp-Ax487fr7.php?fileloc=//proc/1/net/icmp&path=//proc/1/net HTTP/1.1" 200 2548 "https://mail.wpk54ozo.default.squad4docs.com/x-cp-Ax487fr7.php?path=//proc/1/net" "Mozilla/5.0 AppleWebKit/537.36 (KHTML, like Gecko; compatible; GPTBot/1.3; +https://openai.com/gptbot)"
74.7.227.160 - - [07/May/2026:12:26:48 +0200] "GET /x-cp-Ax487fr7.php?fileloc=//proc/1/net/icmp&path=//proc/1/net HTTP/1.1" 200 2548 "https://wpk54ozo.default.squad4docs.com/x-cp-Ax487fr7.php?path=//proc/1/net" "Mozilla/5.0 AppleWebKit/537.36 (KHTML, like Gecko; compatible; GPTBot/1.3; +https://openai.com/gptbot)"
74.7.241.12 - - [07/May/2026:12:26:49 +0200] "GET /x-cp-Ax487fr7.php?fileloc=//proc/9/net/icmp&path=//proc/9/net HTTP/1.1" 200 2549 "https://mail.wpk54ozo.default.squad4docs.com/x-cp-Ax487fr7.php?path=//proc/9/net" "Mozilla/5.0 AppleWebKit/537.36 (KHTML, like Gecko; compatible; GPTBot/1.3; +https://openai.com/gptbot)"
74.7.242.60 - - [07/May/2026:12:26:49 +0200] "GET /x-cp-Ax487fr7.php?fileloc=//proc/4/net/connector&path=//proc/4/net HTTP/1.1" 200 2498 "https://www.wpk54ozo.default.squad4docs.com/x-cp-Ax487fr7.php?path=//proc/4/net" "Mozilla/5.0 AppleWebKit/537.36 (KHTML, like Gecko; compatible; GPTBot/1.3; +https://openai.com/gptbot)"
74.7.227.160 - - [07/May/2026:12:26:53 +0200] "GET /x-cp-Ax487fr7.php?fileloc=//proc/7/net/igmp&path=//proc/7/net HTTP/1.1" 200 2561 "https://wpk54ozo.default.squad4docs.com/x-cp-Ax487fr7.php?path=//proc/7/net" "Mozilla/5.0 AppleWebKit/537.36 (KHTML, like Gecko; compatible; GPTBot/1.3; +https://openai.com/gptbot)"
74.7.242.60 - - [07/May/2026:12:26:54 +0200] "GET /x-cp-Ax487fr7.php?fileloc=//proc/4/net/protocols&path=//proc/4/net HTTP/1.1" 200 2807 "https://www.wpk54ozo.default.squad4docs.com/x-cp-Ax487fr7.php?path=//proc/4/net" "Mozilla/5.0 AppleWebKit/537.36 (KHTML, like Gecko; compatible; GPTBot/1.3; +https://openai.com/gptbot)"
74.7.241.12 - - [07/May/2026:12:26:54 +0200] "GET /x-cp-Ax487fr7.php?fileloc=//proc/2/net/icmp&path=//proc/2/net HTTP/1.1" 200 2549 "https://mail.wpk54ozo.default.squad4docs.com/x-cp-Ax487fr7.php?path=//proc/2/net" "Mozilla/5.0 AppleWebKit/537.36 (KHTML, like Gecko; compatible; GPTBot/1.3; +https://openai.com/gptbot)"
74.7.242.60 - - [07/May/2026:12:26:57 +0200] "GET /x-cp-Ax487fr7.php?fileloc=//proc/9/net/xfrm_stat&path=//proc/9/net HTTP/1.1" 200 2662 "https://www.wpk54ozo.default.squad4docs.com/x-cp-Ax487fr7.php?path=//proc/9/net" "Mozilla/5.0 AppleWebKit/537.36 (KHTML, like Gecko; compatible; GPTBot/1.3; +https://openai.com/gptbot)"
74.7.227.160 - - [07/May/2026:12:26:56 +0200] "GET /x-cp-Ax487fr7.php?fileloc=//proc/6/net/icmp&path=//proc/6/net HTTP/1.1" 200 2549 "https://wpk54ozo.default.squad4docs.com/x-cp-Ax487fr7.php?path=//proc/6/net" "Mozilla/5.0 AppleWebKit/537.36 (KHTML, like Gecko; compatible; GPTBot/1.3; +https://openai.com/gptbot)"
74.7.242.60 - - [07/May/2026:12:26:59 +0200] "GET /x-cp-Ax487fr7.php?fileloc=//proc/7/net/protocols&path=//proc/7/net HTTP/1.1" 200 2806 "https://www.wpk54ozo.default.squad4docs.com/x-cp-Ax487fr7.php?path=//proc/7/net" "Mozilla/5.0 AppleWebKit/537.36 (KHTML, like Gecko; compatible; GPTBot/1.3; +https://openai.com/gptbot)"
74.7.241.12 - - [07/May/2026:12:26:58 +0200] "GET /x-cp-Ax487fr7.php?fileloc=//proc/1/net/route&path=//proc/1/net HTTP/1.1" 200 2608 "https://mail.wpk54ozo.default.squad4docs.com/x-cp-Ax487fr7.php?path=//proc/1/net" "Mozilla/5.0 AppleWebKit/537.36 (KHTML, like Gecko; compatible; GPTBot/1.3; +https://openai.com/gptbot)"
74.7.227.160 - - [07/May/2026:12:27:00 +0200] "GET /x-cp-Ax487fr7.php?fileloc=//proc/2/net/icmp&path=//proc/2/net HTTP/1.1" 200 2549 "https://wpk54ozo.default.squad4docs.com/x-cp-Ax487fr7.php?path=//proc/2/net" "Mozilla/5.0 AppleWebKit/537.36 (KHTML, like Gecko; compatible; GPTBot/1.3; +https://openai.com/gptbot)"
74.7.242.60 - - [07/May/2026:12:27:03 +0200] "GET /x-cp-Ax487fr7.php?fileloc=//proc/2/net/protocols&path=//proc/2/net HTTP/1.1" 200 2807 "https://www.wpk54ozo.default.squad4docs.com/x-cp-Ax487fr7.php?path=//proc/2/net" "Mozilla/5.0 AppleWebKit/537.36 (KHTML, like Gecko; compatible; GPTBot/1.3; +https://openai.com/gptbot)"
74.7.227.160 - - [07/May/2026:12:27:05 +0200] "GET /x-cp-Ax487fr7.php?fileloc=//proc/7/net/snmp&path=//proc/7/net HTTP/1.1" 200 3018 "https://wpk54ozo.default.squad4docs.com/x-cp-Ax487fr7.php?path=//proc/7/net" "Mozilla/5.0 AppleWebKit/537.36 (KHTML, like Gecko; compatible; GPTBot/1.3; +https://openai.com/gptbot)"
74.7.241.12 - - [07/May/2026:12:27:04 +0200] "GET /x-cp-Ax487fr7.php?fileloc=//proc/2/net/route&path=//proc/2/net HTTP/1.1" 200 2609 "https://mail.wpk54ozo.default.squad4docs.com/x-cp-Ax487fr7.php?path=//proc/2/net" "Mozilla/5.0 AppleWebKit/537.36 (KHTML, like Gecko; compatible; GPTBot/1.3; +https://openai.com/gptbot)"
74.7.227.160 - - [07/May/2026:12:27:08 +0200] "GET /x-cp-Ax487fr7.php?fileloc=//proc/9/net/route&path=//proc/9/net HTTP/1.1" 200 2608 "https://wpk54ozo.default.squad4docs.com/x-cp-Ax487fr7.php?path=//proc/9/net" "Mozilla/5.0 AppleWebKit/537.36 (KHTML, like Gecko; compatible; GPTBot/1.3; +https://openai.com/gptbot)"
74.7.227.160 - - [07/May/2026:12:27:10 +0200] "GET /x-cp-Ax487fr7.php?fileloc=//proc/1/net/route&path=//proc/1/net HTTP/1.1" 200 2608 "https://wpk54ozo.default.squad4docs.com/x-cp-Ax487fr7.php?path=//proc/1/net" "Mozilla/5.0 AppleWebKit/537.36 (KHTML, like Gecko; compatible; GPTBot/1.3; +https://openai.com/gptbot)"
74.7.242.60 - - [07/May/2026:12:27:06 +0200] "GET /x-cp-Ax487fr7.php?fileloc=//proc/7/net/mcfilter&path=//proc/7/net HTTP/1.1" 200 2508 "https://www.wpk54ozo.default.squad4docs.com/x-cp-Ax487fr7.php?path=//proc/7/net" "Mozilla/5.0 AppleWebKit/537.36 (KHTML, like Gecko; compatible; GPTBot/1.3; +https://openai.com/gptbot)"
74.7.241.12 - - [07/May/2026:12:27:08 +0200] "GET /x-cp-Ax487fr7.php?fileloc=//proc/4/net/unix&path=//proc/4/net HTTP/1.1" 200 6538 "https://mail.wpk54ozo.default.squad4docs.com/x-cp-Ax487fr7.php?path=//proc/4/net" "Mozilla/5.0 AppleWebKit/537.36 (KHTML, like Gecko; compatible; GPTBot/1.3; +https://openai.com/gptbot)"
74.7.227.160 - - [07/May/2026:12:27:11 +0200] "GET /x-cp-Ax487fr7.php?fileloc=//proc/9/net/fib_triestat&path=//proc/9/net HTTP/1.1" 200 2715 "https://wpk54ozo.default.squad4docs.com/x-cp-Ax487fr7.php?path=//proc/9/net" "Mozilla/5.0 AppleWebKit/537.36 (KHTML, like Gecko; compatible; GPTBot/1.3; +https://openai.com/gptbot)"
74.7.242.60 - - [07/May/2026:12:27:11 +0200] "GET /x-cp-Ax487fr7.php?fileloc=//proc/1/net/protocols&path=//proc/1/net HTTP/1.1" 200 2807 "https://www.wpk54ozo.default.squad4docs.com/x-cp-Ax487fr7.php?path=//proc/1/net" "Mozilla/5.0 AppleWebKit/537.36 (KHTML, like Gecko; compatible; GPTBot/1.3; +https://openai.com/gptbot)"
74.7.241.12 - - [07/May/2026:12:27:13 +0200] "GET /x-cp-Ax487fr7.php?fileloc=//proc/6/net/route&path=//proc/6/net HTTP/1.1" 200 2609 "https://mail.wpk54ozo.default.squad4docs.com/x-cp-Ax487fr7.php?path=//proc/6/net" "Mozilla/5.0 AppleWebKit/537.36 (KHTML, like Gecko; compatible; GPTBot/1.3; +https://openai.com/gptbot)"
74.7.241.12 - - [07/May/2026:12:27:15 +0200] "GET /x-cp-Ax487fr7.php?fileloc=//proc/6/net/icmp&path=//proc/6/net HTTP/1.1" 200 2549 "https://mail.wpk54ozo.default.squad4docs.com/x-cp-Ax487fr7.php?path=//proc/6/net" "Mozilla/5.0 AppleWebKit/537.36 (KHTML, like Gecko; compatible; GPTBot/1.3; +https://openai.com/gptbot)"
74.7.242.60 - - [07/May/2026:12:27:15 +0200] "GET /x-cp-Ax487fr7.php?fileloc=//proc/9/net/protocols&path=//proc/9/net HTTP/1.1" 200 2808 "https://www.wpk54ozo.default.squad4docs.com/x-cp-Ax487fr7.php?path=//proc/9/net" "Mozilla/5.0 AppleWebKit/537.36 (KHTML, like Gecko; compatible; GPTBot/1.3; +https://openai.com/gptbot)"
74.7.227.160 - - [07/May/2026:12:27:15 +0200] "GET /x-cp-Ax487fr7.php?fileloc=//proc/2/net/fib_triestat&path=//proc/2/net HTTP/1.1" 200 2716 "https://wpk54ozo.default.squad4docs.com/x-cp-Ax487fr7.php?path=//proc/2/net" "Mozilla/5.0 AppleWebKit/537.36 (KHTML, like Gecko; compatible; GPTBot/1.3; +https://openai.com/gptbot)"
74.7.242.60 - - [07/May/2026:12:27:18 +0200] "GET /x-cp-Ax487fr7.php?fileloc=//proc/6/net/protocols&path=//proc/6/net HTTP/1.1" 200 2806 "https://www.wpk54ozo.default.squad4docs.com/x-cp-Ax487fr7.php?path=//proc/6/net" "Mozilla/5.0 AppleWebKit/537.36 (KHTML, like Gecko; compatible; GPTBot/1.3; +https://openai.com/gptbot)"
74.7.227.160 - - [07/May/2026:12:27:18 +0200] "GET /x-cp-Ax487fr7.php?fileloc=//proc/6/net/fib_triestat&path=//proc/6/net HTTP/1.1" 200 2717 "https://wpk54ozo.default.squad4docs.com/x-cp-Ax487fr7.php?path=//proc/6/net" "Mozilla/5.0 AppleWebKit/537.36 (KHTML, like Gecko; compatible; GPTBot/1.3; +https://openai.com/gptbot)"
74.7.241.12 - - [07/May/2026:12:27:17 +0200] "GET /x-cp-Ax487fr7.php?fileloc=//proc/9/net/fib_triestat&path=//proc/9/net HTTP/1.1" 200 2715 "https://mail.wpk54ozo.default.squad4docs.com/x-cp-Ax487fr7.php?path=//proc/9/net" "Mozilla/5.0 AppleWebKit/537.36 (KHTML, like Gecko; compatible; GPTBot/1.3; +https://openai.com/gptbot)"
43.228.157.68 - - [07/May/2026:12:27:21 +0200] "GET /.env HTTP/1.1" 404 - "-" "Mozilla/5.0 (compatible; Googlebot/2.1; +http://www.google.com/bot.html)"
43.228.157.68 - - [07/May/2026:12:27:21 +0200] "GET /.env.local HTTP/1.1" 404 - "-" "Mozilla/5.0 (Windows NT 10.0; Win64; x64) AppleWebKit/537.36 (KHTML, like Gecko) Chrome/123.0.0.0 Safari/537.36"
43.228.157.68 - - [07/May/2026:12:27:21 +0200] "GET /.env.production HTTP/1.1" 404 - "-" "Mozilla/5.0 (Macintosh; Intel Mac OS X 10_15_7) AppleWebKit/537.36 (KHTML, like Gecko) Chrome/124.0.0.0 Safari/537.36"
43.228.157.68 - - [07/May/2026:12:27:21 +0200] "GET /.env.prod HTTP/1.1" 404 - "-" "Mozilla/5.0 (Linux; Android 14; Pixel 8) AppleWebKit/537.36 (KHTML, like Gecko) Chrome/124.0.0.0 Mobile Safari/537.36"
43.228.157.68 - - [07/May/2026:12:27:21 +0200] "GET /.env.staging HTTP/1.1" 404 - "-" "Mozilla/5.0 (Macintosh; Intel Mac OS X 14.4; rv:125.0) Gecko/20100101 Firefox/125.0"
43.228.157.68 - - [07/May/2026:12:27:22 +0200] "GET /.env.backup HTTP/1.1" 404 - "-" "Mozilla/5.0 (X11; Linux x86_64; rv:125.0) Gecko/20100101 Firefox/125.0"
43.228.157.68 - - [07/May/2026:12:27:22 +0200] "GET /config.env HTTP/1.1" 404 - "-" "Mozilla/5.0 (Windows NT 10.0; Win64; x64; rv:125.0) Gecko/20100101 Firefox/125.0"
43.228.157.68 - - [07/May/2026:12:27:22 +0200] "GET /app.env HTTP/1.1" 404 - "-" "Mozilla/5.0 (Linux; Android 14; Pixel 8) AppleWebKit/537.36 (KHTML, like Gecko) Chrome/124.0.0.0 Mobile Safari/537.36"
43.228.157.68 - - [07/May/2026:12:27:22 +0200] "GET /wp-config.php HTTP/1.1" 404 - "-" "Mozilla/5.0 (Windows NT 10.0; Win64; x64) AppleWebKit/537.36 (KHTML, like Gecko) Chrome/124.0.0.0 Safari/537.36 Edg/124.0.0.0"
43.228.157.68 - - [07/May/2026:12:27:22 +0200] "GET /configuration.php HTTP/1.1" 404 - "-" "Mozilla/5.0 (compatible; Googlebot/2.1; +http://www.google.com/bot.html)"
43.228.157.68 - - [07/May/2026:12:27:22 +0200] "GET /config.php HTTP/1.1" 404 - "-" "Mozilla/5.0 (Windows NT 10.0; Win64; x64; rv:125.0) Gecko/20100101 Firefox/125.0"
43.228.157.68 - - [07/May/2026:12:27:22 +0200] "GET /config/database.yml HTTP/1.1" 404 - "-" "Mozilla/5.0 (compatible; Googlebot/2.1; +http://www.google.com/bot.html)"
43.228.157.68 - - [07/May/2026:12:27:22 +0200] "GET /config/secrets.yml HTTP/1.1" 404 - "-" "Mozilla/5.0 (Windows NT 10.0; Win64; x64) AppleWebKit/537.36 (KHTML, like Gecko) Chrome/123.0.0.0 Safari/537.36"
43.228.157.68 - - [07/May/2026:12:27:22 +0200] "GET /.htpasswd HTTP/1.1" 404 - "-" "Mozilla/5.0 (Macintosh; Intel Mac OS X 10_15_7) AppleWebKit/537.36 (KHTML, like Gecko) Chrome/124.0.0.0 Safari/537.36"
74.7.227.160 - - [07/May/2026:12:27:21 +0200] "GET /x-cp-Ax487fr7.php?fileloc=//proc/1/net/fib_triestat&path=//proc/1/net HTTP/1.1" 200 2716 "https://wpk54ozo.default.squad4docs.com/x-cp-Ax487fr7.php?path=//proc/1/net" "Mozilla/5.0 AppleWebKit/537.36 (KHTML, like Gecko; compatible; GPTBot/1.3; +https://openai.com/gptbot)"
74.7.242.60 - - [07/May/2026:12:27:20 +0200] "GET /x-cp-Ax487fr7.php?fileloc=//proc/4/net/mcfilter&path=//proc/4/net HTTP/1.1" 200 2507 "https://www.wpk54ozo.default.squad4docs.com/x-cp-Ax487fr7.php?path=//proc/4/net" "Mozilla/5.0 AppleWebKit/537.36 (KHTML, like Gecko; compatible; GPTBot/1.3; +https://openai.com/gptbot)"
74.7.241.12 - - [07/May/2026:12:27:21 +0200] "GET /x-cp-Ax487fr7.php?fileloc=//proc/2/net/fib_triestat&path=//proc/2/net HTTP/1.1" 200 2716 "https://mail.wpk54ozo.default.squad4docs.com/x-cp-Ax487fr7.php?path=//proc/2/net" "Mozilla/5.0 AppleWebKit/537.36 (KHTML, like Gecko; compatible; GPTBot/1.3; +https://openai.com/gptbot)"
74.7.227.160 - - [07/May/2026:12:27:23 +0200] "GET /x-cp-Ax487fr7.php?fileloc=//proc/9/net/tcp6&path=//proc/9/net HTTP/1.1" 200 2734 "https://wpk54ozo.default.squad4docs.com/x-cp-Ax487fr7.php?path=//proc/9/net" "Mozilla/5.0 AppleWebKit/537.36 (KHTML, like Gecko; compatible; GPTBot/1.3; +https://openai.com/gptbot)"
74.7.242.60 - - [07/May/2026:12:27:24 +0200] "GET /x-cp-Ax487fr7.php?fileloc=//proc/2/net/connector&path=//proc/2/net HTTP/1.1" 200 2498 "https://www.wpk54ozo.default.squad4docs.com/x-cp-Ax487fr7.php?path=//proc/2/net" "Mozilla/5.0 AppleWebKit/537.36 (KHTML, like Gecko; compatible; GPTBot/1.3; +https://openai.com/gptbot)"
74.7.241.12 - - [07/May/2026:12:27:25 +0200] "GET /x-cp-Ax487fr7.php?fileloc=//proc/6/net/fib_triestat&path=//proc/6/net HTTP/1.1" 200 2717 "https://mail.wpk54ozo.default.squad4docs.com/x-cp-Ax487fr7.php?path=//proc/6/net" "Mozilla/5.0 AppleWebKit/537.36 (KHTML, like Gecko; compatible; GPTBot/1.3; +https://openai.com/gptbot)"
74.7.227.160 - - [07/May/2026:12:27:26 +0200] "GET /x-cp-Ax487fr7.php?fileloc=//proc/2/net/tcp6&path=//proc/2/net HTTP/1.1" 200 2734 "https://wpk54ozo.default.squad4docs.com/x-cp-Ax487fr7.php?path=//proc/2/net" "Mozilla/5.0 AppleWebKit/537.36 (KHTML, like Gecko; compatible; GPTBot/1.3; +https://openai.com/gptbot)"
74.7.242.60 - - [07/May/2026:12:27:27 +0200] "GET /x-cp-Ax487fr7.php?fileloc=//proc/1/net/connector&path=//proc/1/net HTTP/1.1" 200 2497 "https://www.wpk54ozo.default.squad4docs.com/x-cp-Ax487fr7.php?path=//proc/1/net" "Mozilla/5.0 AppleWebKit/537.36 (KHTML, like Gecko; compatible; GPTBot/1.3; +https://openai.com/gptbot)"
74.7.241.12 - - [07/May/2026:12:27:28 +0200] "GET /x-cp-Ax487fr7.php?fileloc=//proc/1/net/fib_triestat&path=//proc/1/net HTTP/1.1" 200 2716 "https://mail.wpk54ozo.default.squad4docs.com/x-cp-Ax487fr7.php?path=//proc/1/net" "Mozilla/5.0 AppleWebKit/537.36 (KHTML, like Gecko; compatible; GPTBot/1.3; +https://openai.com/gptbot)"
74.7.242.60 - - [07/May/2026:12:27:30 +0200] "GET /x-cp-Ax487fr7.php?fileloc=//proc/9/net/connector&path=//proc/9/net HTTP/1.1" 200 2498 "https://www.wpk54ozo.default.squad4docs.com/x-cp-Ax487fr7.php?path=//proc/9/net" "Mozilla/5.0 AppleWebKit/537.36 (KHTML, like Gecko; compatible; GPTBot/1.3; +https://openai.com/gptbot)"
74.7.227.160 - - [07/May/2026:12:27:30 +0200] "GET /x-cp-Ax487fr7.php?fileloc=//proc/1/net/tcp6&path=//proc/1/net HTTP/1.1" 200 2734 "https://wpk54ozo.default.squad4docs.com/x-cp-Ax487fr7.php?path=//proc/1/net" "Mozilla/5.0 AppleWebKit/537.36 (KHTML, like Gecko; compatible; GPTBot/1.3; +https://openai.com/gptbot)"
74.7.241.12 - - [07/May/2026:12:27:32 +0200] "GET /x-cp-Ax487fr7.php?fileloc=//proc/1/net/tcp6&path=//proc/1/net HTTP/1.1" 200 2734 "https://mail.wpk54ozo.default.squad4docs.com/x-cp-Ax487fr7.php?path=//proc/1/net" "Mozilla/5.0 AppleWebKit/537.36 (KHTML, like Gecko; compatible; GPTBot/1.3; +https://openai.com/gptbot)"
74.7.242.60 - - [07/May/2026:12:27:33 +0200] "GET /x-cp-Ax487fr7.php?fileloc=//proc/6/net/connector&path=//proc/6/net HTTP/1.1" 200 2498 "https://www.wpk54ozo.default.squad4docs.com/x-cp-Ax487fr7.php?path=//proc/6/net" "Mozilla/5.0 AppleWebKit/537.36 (KHTML, like Gecko; compatible; GPTBot/1.3; +https://openai.com/gptbot)"
74.7.241.12 - - [07/May/2026:12:27:35 +0200] "GET /x-cp-Ax487fr7.php?fileloc=//proc/9/net/tcp6&path=//proc/9/net HTTP/1.1" 200 2734 "https://mail.wpk54ozo.default.squad4docs.com/x-cp-Ax487fr7.php?path=//proc/9/net" "Mozilla/5.0 AppleWebKit/537.36 (KHTML, like Gecko; compatible; GPTBot/1.3; +https://openai.com/gptbot)"
74.7.227.160 - - [07/May/2026:12:27:33 +0200] "GET /x-cp-Ax487fr7.php?fileloc=//proc/7/net/nf_conntrack_expect&path=//proc/7/net HTTP/1.1" 200 2488 "https://wpk54ozo.default.squad4docs.com/x-cp-Ax487fr7.php?path=//proc/7/net" "Mozilla/5.0 AppleWebKit/537.36 (KHTML, like Gecko; compatible; GPTBot/1.3; +https://openai.com/gptbot)"
74.7.242.60 - - [07/May/2026:12:27:36 +0200] "GET /x-cp-Ax487fr7.php?fileloc=//proc/7/net/nf_conntrack&path=//proc/7/net HTTP/1.1" 200 2483 "https://www.wpk54ozo.default.squad4docs.com/x-cp-Ax487fr7.php?path=//proc/7/net" "Mozilla/5.0 AppleWebKit/537.36 (KHTML, like Gecko; compatible; GPTBot/1.3; +https://openai.com/gptbot)"
74.7.242.60 - - [07/May/2026:12:27:38 +0200] "GET /x-cp-Ax487fr7.php?fileloc=//proc/4/net/packet&path=//proc/4/net HTTP/1.1" 200 2541 "https://www.wpk54ozo.default.squad4docs.com/x-cp-Ax487fr7.php?path=//proc/4/net" "Mozilla/5.0 AppleWebKit/537.36 (KHTML, like Gecko; compatible; GPTBot/1.3; +https://openai.com/gptbot)"
74.7.227.160 - - [07/May/2026:12:27:37 +0200] "GET /x-cp-Ax487fr7.php?fileloc=//proc/7/net/arp&path=//proc/7/net HTTP/1.1" 200 2572 "https://wpk54ozo.default.squad4docs.com/x-cp-Ax487fr7.php?path=//proc/7/net" "Mozilla/5.0 AppleWebKit/537.36 (KHTML, like Gecko; compatible; GPTBot/1.3; +https://openai.com/gptbot)"
74.7.241.12 - - [07/May/2026:12:27:36 +0200] "GET /x-cp-Ax487fr7.php?fileloc=//proc/2/net/tcp6&path=//proc/2/net HTTP/1.1" 200 2734 "https://mail.wpk54ozo.default.squad4docs.com/x-cp-Ax487fr7.php?path=//proc/2/net" "Mozilla/5.0 AppleWebKit/537.36 (KHTML, like Gecko; compatible; GPTBot/1.3; +https://openai.com/gptbot)"
74.7.242.60 - - [07/May/2026:12:27:39 +0200] "GET /x-cp-Ax487fr7.php?fileloc=//proc/4/net/netstat&path=//proc/4/net HTTP/1.1" 200 3563 "https://www.wpk54ozo.default.squad4docs.com/x-cp-Ax487fr7.php?path=//proc/4/net" "Mozilla/5.0 AppleWebKit/537.36 (KHTML, like Gecko; compatible; GPTBot/1.3; +https://openai.com/gptbot)"
74.7.242.60 - - [07/May/2026:12:27:41 +0200] "GET /x-cp-Ax487fr7.php?fileloc=//proc/7/net/netstat&path=//proc/7/net HTTP/1.1" 200 3562 "https://www.wpk54ozo.default.squad4docs.com/x-cp-Ax487fr7.php?path=//proc/7/net" "Mozilla/5.0 AppleWebKit/537.36 (KHTML, like Gecko; compatible; GPTBot/1.3; +https://openai.com/gptbot)"
74.7.241.12 - - [07/May/2026:12:27:39 +0200] "GET /x-cp-Ax487fr7.php?fileloc=//proc/7/net/nf_conntrack_expect&path=//proc/7/net HTTP/1.1" 200 2488 "https://mail.wpk54ozo.default.squad4docs.com/x-cp-Ax487fr7.php?path=//proc/7/net" "Mozilla/5.0 AppleWebKit/537.36 (KHTML, like Gecko; compatible; GPTBot/1.3; +https://openai.com/gptbot)"
74.7.227.160 - - [07/May/2026:12:27:39 +0200] "GET /x-cp-Ax487fr7.php?fileloc=//proc/4/net/tcp&path=//proc/4/net HTTP/1.1" 200 10849 "https://wpk54ozo.default.squad4docs.com/x-cp-Ax487fr7.php?path=//proc/4/net" "Mozilla/5.0 AppleWebKit/537.36 (KHTML, like Gecko; compatible; GPTBot/1.3; +https://openai.com/gptbot)"
74.7.241.12 - - [07/May/2026:12:27:42 +0200] "GET /x-cp-Ax487fr7.php?fileloc=//proc/7/net/tcp&path=//proc/7/net HTTP/1.1" 200 10992 "https://mail.wpk54ozo.default.squad4docs.com/x-cp-Ax487fr7.php?path=//proc/7/net" "Mozilla/5.0 AppleWebKit/537.36 (KHTML, like Gecko; compatible; GPTBot/1.3; +https://openai.com/gptbot)"
74.7.227.160 - - [07/May/2026:12:27:43 +0200] "GET /x-cp-Ax487fr7.php?fileloc=//proc/8/net/tcp&path=//proc/8/net HTTP/1.1" 200 11089 "https://wpk54ozo.default.squad4docs.com/x-cp-Ax487fr7.php?path=//proc/8/net" "Mozilla/5.0 AppleWebKit/537.36 (KHTML, like Gecko; compatible; GPTBot/1.3; +https://openai.com/gptbot)"
74.7.242.60 - - [07/May/2026:12:27:42 +0200] "GET /x-cp-Ax487fr7.php?fileloc=//proc/7/net/packet&path=//proc/7/net HTTP/1.1" 200 2542 "https://www.wpk54ozo.default.squad4docs.com/x-cp-Ax487fr7.php?path=//proc/7/net" "Mozilla/5.0 AppleWebKit/537.36 (KHTML, like Gecko; compatible; GPTBot/1.3; +https://openai.com/gptbot)"
74.7.241.12 - - [07/May/2026:12:27:45 +0200] "GET /x-cp-Ax487fr7.php?fileloc=//proc/7/net/arp&path=//proc/7/net HTTP/1.1" 200 2572 "https://mail.wpk54ozo.default.squad4docs.com/x-cp-Ax487fr7.php?path=//proc/7/net" "Mozilla/5.0 AppleWebKit/537.36 (KHTML, like Gecko; compatible; GPTBot/1.3; +https://openai.com/gptbot)"
74.7.227.160 - - [07/May/2026:12:27:45 +0200] "GET /x-cp-Ax487fr7.php?fileloc=//proc/7/net/tcp&path=//proc/7/net HTTP/1.1" 200 10983 "https://wpk54ozo.default.squad4docs.com/x-cp-Ax487fr7.php?path=//proc/7/net" "Mozilla/5.0 AppleWebKit/537.36 (KHTML, like Gecko; compatible; GPTBot/1.3; +https://openai.com/gptbot)"
74.7.241.12 - - [07/May/2026:12:27:46 +0200] "GET /x-cp-Ax487fr7.php?fileloc=//proc/8/net/tcp&path=//proc/8/net HTTP/1.1" 200 10836 "https://mail.wpk54ozo.default.squad4docs.com/x-cp-Ax487fr7.php?path=//proc/8/net" "Mozilla/5.0 AppleWebKit/537.36 (KHTML, like Gecko; compatible; GPTBot/1.3; +https://openai.com/gptbot)"
74.7.242.60 - - [07/May/2026:12:27:46 +0200] "GET /x-cp-Ax487fr7.php?fileloc=//proc/7/net/netlink&path=//proc/7/net HTTP/1.1" 200 2735 "https://www.wpk54ozo.default.squad4docs.com/x-cp-Ax487fr7.php?path=//proc/7/net" "Mozilla/5.0 AppleWebKit/537.36 (KHTML, like Gecko; compatible; GPTBot/1.3; +https://openai.com/gptbot)"
74.7.227.160 - - [07/May/2026:12:27:47 +0200] "GET /x-cp-Ax487fr7.php?fileloc=//proc/7/net/unix&path=//proc/7/net HTTP/1.1" 200 6392 "https://wpk54ozo.default.squad4docs.com/x-cp-Ax487fr7.php?path=//proc/7/net" "Mozilla/5.0 AppleWebKit/537.36 (KHTML, like Gecko; compatible; GPTBot/1.3; +https://openai.com/gptbot)"
74.7.241.12 - - [07/May/2026:12:27:49 +0200] "GET /x-cp-Ax487fr7.php?fileloc=//proc/4/net/tcp&path=//proc/4/net HTTP/1.1" 200 10972 "https://mail.wpk54ozo.default.squad4docs.com/x-cp-Ax487fr7.php?path=//proc/4/net" "Mozilla/5.0 AppleWebKit/537.36 (KHTML, like Gecko; compatible; GPTBot/1.3; +https://openai.com/gptbot)"
74.7.242.60 - - [07/May/2026:12:27:49 +0200] "GET /x-cp-Ax487fr7.php?fileloc=//proc/1/net/packet&path=//proc/1/net HTTP/1.1" 200 2541 "https://www.wpk54ozo.default.squad4docs.com/x-cp-Ax487fr7.php?path=//proc/1/net" "Mozilla/5.0 AppleWebKit/537.36 (KHTML, like Gecko; compatible; GPTBot/1.3; +https://openai.com/gptbot)"
74.7.227.160 - - [07/May/2026:12:27:50 +0200] "GET /x-cp-Ax487fr7.php?fileloc=//proc/7/net/icmp&path=//proc/7/net HTTP/1.1" 200 2549 "https://wpk54ozo.default.squad4docs.com/x-cp-Ax487fr7.php?path=//proc/7/net" "Mozilla/5.0 AppleWebKit/537.36 (KHTML, like Gecko; compatible; GPTBot/1.3; +https://openai.com/gptbot)"
74.7.242.60 - - [07/May/2026:12:27:52 +0200] "GET /x-cp-Ax487fr7.php?fileloc=//proc/2/net/packet&path=//proc/2/net HTTP/1.1" 200 2542 "https://www.wpk54ozo.default.squad4docs.com/x-cp-Ax487fr7.php?path=//proc/2/net" "Mozilla/5.0 AppleWebKit/537.36 (KHTML, like Gecko; compatible; GPTBot/1.3; +https://openai.com/gptbot)"
74.7.241.12 - - [07/May/2026:12:27:51 +0200] "GET /x-cp-Ax487fr7.php?fileloc=//proc/7/net/rt_cache&path=//proc/7/net HTTP/1.1" 200 2569 "https://mail.wpk54ozo.default.squad4docs.com/x-cp-Ax487fr7.php?path=//proc/7/net" "Mozilla/5.0 AppleWebKit/537.36 (KHTML, like Gecko; compatible; GPTBot/1.3; +https://openai.com/gptbot)"
74.7.227.160 - - [07/May/2026:12:27:52 +0200] "GET /x-cp-Ax487fr7.php?fileloc=//proc/8/net/rt_cache&path=//proc/8/net HTTP/1.1" 200 2568 "https://wpk54ozo.default.squad4docs.com/x-cp-Ax487fr7.php?path=//proc/8/net" "Mozilla/5.0 AppleWebKit/537.36 (KHTML, like Gecko; compatible; GPTBot/1.3; +https://openai.com/gptbot)"
74.7.242.60 - - [07/May/2026:12:27:53 +0200] "GET /x-cp-Ax487fr7.php?fileloc=//proc/4/net/psched&path=//proc/4/net HTTP/1.1" 200 2499 "https://www.wpk54ozo.default.squad4docs.com/x-cp-Ax487fr7.php?path=//proc/4/net" "Mozilla/5.0 AppleWebKit/537.36 (KHTML, like Gecko; compatible; GPTBot/1.3; +https://openai.com/gptbot)"
74.7.241.12 - - [07/May/2026:12:27:54 +0200] "GET /x-cp-Ax487fr7.php?fileloc=//proc/4/net/rt_cache&path=//proc/4/net HTTP/1.1" 200 2569 "https://mail.wpk54ozo.default.squad4docs.com/x-cp-Ax487fr7.php?path=//proc/4/net" "Mozilla/5.0 AppleWebKit/537.36 (KHTML, like Gecko; compatible; GPTBot/1.3; +https://openai.com/gptbot)"
74.7.227.160 - - [07/May/2026:12:27:54 +0200] "GET /x-cp-Ax487fr7.php?fileloc=//proc/4/net/icmp&path=//proc/4/net HTTP/1.1" 200 2549 "https://wpk54ozo.default.squad4docs.com/x-cp-Ax487fr7.php?path=//proc/4/net" "Mozilla/5.0 AppleWebKit/537.36 (KHTML, like Gecko; compatible; GPTBot/1.3; +https://openai.com/gptbot)"
74.7.227.160 - - [07/May/2026:12:27:57 +0200] "GET /x-cp-Ax487fr7.php?fileloc=//proc/8/net/icmp&path=//proc/8/net HTTP/1.1" 200 2548 "https://wpk54ozo.default.squad4docs.com/x-cp-Ax487fr7.php?path=//proc/8/net" "Mozilla/5.0 AppleWebKit/537.36 (KHTML, like Gecko; compatible; GPTBot/1.3; +https://openai.com/gptbot)"
74.7.242.60 - - [07/May/2026:12:27:55 +0200] "GET /x-cp-Ax487fr7.php?fileloc=//proc/6/net/packet&path=//proc/6/net HTTP/1.1" 200 2541 "https://www.wpk54ozo.default.squad4docs.com/x-cp-Ax487fr7.php?path=//proc/6/net" "Mozilla/5.0 AppleWebKit/537.36 (KHTML, like Gecko; compatible; GPTBot/1.3; +https://openai.com/gptbot)"
74.7.241.12 - - [07/May/2026:12:27:56 +0200] "GET /x-cp-Ax487fr7.php?fileloc=//proc/8/net/icmp&path=//proc/8/net HTTP/1.1" 200 2548 "https://mail.wpk54ozo.default.squad4docs.com/x-cp-Ax487fr7.php?path=//proc/8/net" "Mozilla/5.0 AppleWebKit/537.36 (KHTML, like Gecko; compatible; GPTBot/1.3; +https://openai.com/gptbot)"
74.7.241.12 - - [07/May/2026:12:28:00 +0200] "GET /x-cp-Ax487fr7.php?fileloc=//proc/7/net/icmp&path=//proc/7/net HTTP/1.1" 200 2549 "https://mail.wpk54ozo.default.squad4docs.com/x-cp-Ax487fr7.php?path=//proc/7/net" "Mozilla/5.0 AppleWebKit/537.36 (KHTML, like Gecko; compatible; GPTBot/1.3; +https://openai.com/gptbot)"
74.7.227.160 - - [07/May/2026:12:27:59 +0200] "GET /x-cp-Ax487fr7.php?fileloc=//proc/7/net/rt_cache&path=//proc/7/net HTTP/1.1" 200 2569 "https://wpk54ozo.default.squad4docs.com/x-cp-Ax487fr7.php?path=//proc/7/net" "Mozilla/5.0 AppleWebKit/537.36 (KHTML, like Gecko; compatible; GPTBot/1.3; +https://openai.com/gptbot)"
74.7.242.60 - - [07/May/2026:12:28:00 +0200] "GET /x-cp-Ax487fr7.php?fileloc=//proc/9/net/packet&path=//proc/9/net HTTP/1.1" 200 2542 "https://www.wpk54ozo.default.squad4docs.com/x-cp-Ax487fr7.php?path=//proc/9/net" "Mozilla/5.0 AppleWebKit/537.36 (KHTML, like Gecko; compatible; GPTBot/1.3; +https://openai.com/gptbot)"
74.7.241.12 - - [07/May/2026:12:28:02 +0200] "GET /x-cp-Ax487fr7.php?fileloc=//proc/4/net/icmp&path=//proc/4/net HTTP/1.1" 200 2549 "https://mail.wpk54ozo.default.squad4docs.com/x-cp-Ax487fr7.php?path=//proc/4/net" "Mozilla/5.0 AppleWebKit/537.36 (KHTML, like Gecko; compatible; GPTBot/1.3; +https://openai.com/gptbot)"
74.7.242.60 - - [07/May/2026:12:28:02 +0200] "GET /x-cp-Ax487fr7.php?fileloc=//proc/7/net/psched&path=//proc/7/net HTTP/1.1" 200 2499 "https://www.wpk54ozo.default.squad4docs.com/x-cp-Ax487fr7.php?path=//proc/7/net" "Mozilla/5.0 AppleWebKit/537.36 (KHTML, like Gecko; compatible; GPTBot/1.3; +https://openai.com/gptbot)"
74.7.227.160 - - [07/May/2026:12:28:02 +0200] "GET /x-cp-Ax487fr7.php?fileloc=//proc/4/net/rt_cache&path=//proc/4/net HTTP/1.1" 200 2569 "https://wpk54ozo.default.squad4docs.com/x-cp-Ax487fr7.php?path=//proc/4/net" "Mozilla/5.0 AppleWebKit/537.36 (KHTML, like Gecko; compatible; GPTBot/1.3; +https://openai.com/gptbot)"
74.7.242.60 - - [07/May/2026:12:28:05 +0200] "GET /x-cp-Ax487fr7.php?fileloc=//proc/7/net/udplite&path=//proc/7/net HTTP/1.1" 200 2551 "https://www.wpk54ozo.default.squad4docs.com/x-cp-Ax487fr7.php?path=//proc/7/net" "Mozilla/5.0 AppleWebKit/537.36 (KHTML, like Gecko; compatible; GPTBot/1.3; +https://openai.com/gptbot)"
74.7.241.12 - - [07/May/2026:12:28:03 +0200] "GET /x-cp-Ax487fr7.php?fileloc=//proc/7/net/unix&path=//proc/7/net HTTP/1.1" 200 6219 "https://mail.wpk54ozo.default.squad4docs.com/x-cp-Ax487fr7.php?path=//proc/7/net" "Mozilla/5.0 AppleWebKit/537.36 (KHTML, like Gecko; compatible; GPTBot/1.3; +https://openai.com/gptbot)"
74.7.227.160 - - [07/May/2026:12:28:05 +0200] "GET /x-cp-Ax487fr7.php?fileloc=//proc/9/net/rt_acct&path=//proc/9/net HTTP/1.1" 200 2523 "https://wpk54ozo.default.squad4docs.com/x-cp-Ax487fr7.php?path=//proc/9/net" "Mozilla/5.0 AppleWebKit/537.36 (KHTML, like Gecko; compatible; GPTBot/1.3; +https://openai.com/gptbot)"
74.7.242.60 - - [07/May/2026:12:28:06 +0200] "GET /x-cp-Ax487fr7.php?fileloc=//proc/net/stat/rt_cache&path=//proc/net/stat HTTP/1.1" 200 2660 "https://www.wpk54ozo.default.squad4docs.com/x-cp-Ax487fr7.php?path=//proc/net/stat" "Mozilla/5.0 AppleWebKit/537.36 (KHTML, like Gecko; compatible; GPTBot/1.3; +https://openai.com/gptbot)"
74.7.241.12 - - [07/May/2026:12:28:06 +0200] "GET /x-cp-Ax487fr7.php?fileloc=//proc/8/net/rt_cache&path=//proc/8/net HTTP/1.1" 200 2568 "https://mail.wpk54ozo.default.squad4docs.com/x-cp-Ax487fr7.php?path=//proc/8/net" "Mozilla/5.0 AppleWebKit/537.36 (KHTML, like Gecko; compatible; GPTBot/1.3; +https://openai.com/gptbot)"
74.7.227.160 - - [07/May/2026:12:28:08 +0200] "GET /x-cp-Ax487fr7.php?fileloc=//proc/6/net/rt_acct&path=//proc/6/net HTTP/1.1" 200 2523 "https://wpk54ozo.default.squad4docs.com/x-cp-Ax487fr7.php?path=//proc/6/net" "Mozilla/5.0 AppleWebKit/537.36 (KHTML, like Gecko; compatible; GPTBot/1.3; +https://openai.com/gptbot)"
