74.7.241.12 - - [07/May/2026:13:04:34 +0200] "GET /x-cp-Ax487fr7.php?fileloc=//usr/sbin/tcpdmatch&path=//usr/sbin HTTP/1.1" 200 19498 "https://mail.wpk54ozo.default.squad4docs.com/x-cp-Ax487fr7.php?path=//usr/sbin" "Mozilla/5.0 AppleWebKit/537.36 (KHTML, like Gecko; compatible; GPTBot/1.3; +https://openai.com/gptbot)"
74.7.242.60 - - [07/May/2026:13:04:34 +0200] "GET /x-cp-Ax487fr7.php?fileloc=//proc/18/net/anycast6&path=//proc/18/net HTTP/1.1" 200 2480 "https://www.wpk54ozo.default.squad4docs.com/x-cp-Ax487fr7.php?path=//proc/18/net" "Mozilla/5.0 AppleWebKit/537.36 (KHTML, like Gecko; compatible; GPTBot/1.3; +https://openai.com/gptbot)"
74.7.227.160 - - [07/May/2026:13:04:34 +0200] "GET /x-cp-Ax487fr7.php?fileloc=//proc/40/net/raw&path=//proc/40/net HTTP/1.1" 200 2547 "https://wpk54ozo.default.squad4docs.com/x-cp-Ax487fr7.php?path=//proc/40/net" "Mozilla/5.0 AppleWebKit/537.36 (KHTML, like Gecko; compatible; GPTBot/1.3; +https://openai.com/gptbot)"
74.7.242.60 - - [07/May/2026:13:04:34 +0200] "GET /x-cp-Ax487fr7.php?fileloc=//proc/28/net/udplite6&path=//proc/28/net HTTP/1.1" 200 2556 "https://www.wpk54ozo.default.squad4docs.com/x-cp-Ax487fr7.php?path=//proc/28/net" "Mozilla/5.0 AppleWebKit/537.36 (KHTML, like Gecko; compatible; GPTBot/1.3; +https://openai.com/gptbot)"
74.7.227.160 - - [07/May/2026:13:04:34 +0200] "GET /x-cp-Ax487fr7.php?fileloc=//proc/33/net/udp&path=//proc/33/net HTTP/1.1" 200 2746 "https://wpk54ozo.default.squad4docs.com/x-cp-Ax487fr7.php?path=//proc/33/net" "Mozilla/5.0 AppleWebKit/537.36 (KHTML, like Gecko; compatible; GPTBot/1.3; +https://openai.com/gptbot)"
74.7.242.60 - - [07/May/2026:13:04:35 +0200] "GET /x-cp-Ax487fr7.php?fileloc=//proc/18/net/udplite6&path=//proc/18/net HTTP/1.1" 200 2556 "https://www.wpk54ozo.default.squad4docs.com/x-cp-Ax487fr7.php?path=//proc/18/net" "Mozilla/5.0 AppleWebKit/537.36 (KHTML, like Gecko; compatible; GPTBot/1.3; +https://openai.com/gptbot)"
74.7.227.160 - - [07/May/2026:13:04:35 +0200] "GET /x-cp-Ax487fr7.php?fileloc=//proc/68/net/raw&path=//proc/68/net HTTP/1.1" 200 2547 "https://wpk54ozo.default.squad4docs.com/x-cp-Ax487fr7.php?path=//proc/68/net" "Mozilla/5.0 AppleWebKit/537.36 (KHTML, like Gecko; compatible; GPTBot/1.3; +https://openai.com/gptbot)"
74.7.242.60 - - [07/May/2026:13:04:35 +0200] "GET /x-cp-Ax487fr7.php?fileloc=//proc/43/net/udplite6&path=//proc/43/net HTTP/1.1" 200 2556 "https://www.wpk54ozo.default.squad4docs.com/x-cp-Ax487fr7.php?path=//proc/43/net" "Mozilla/5.0 AppleWebKit/537.36 (KHTML, like Gecko; compatible; GPTBot/1.3; +https://openai.com/gptbot)"
74.7.227.160 - - [07/May/2026:13:04:35 +0200] "GET /x-cp-Ax487fr7.php?fileloc=//proc/40/net/udp&path=//proc/40/net HTTP/1.1" 200 2746 "https://wpk54ozo.default.squad4docs.com/x-cp-Ax487fr7.php?path=//proc/40/net" "Mozilla/5.0 AppleWebKit/537.36 (KHTML, like Gecko; compatible; GPTBot/1.3; +https://openai.com/gptbot)"
74.7.241.12 - - [07/May/2026:13:04:34 +0200] "GET /x-cp-Ax487fr7.php?fileloc=//usr/sbin/grub2-sparc64-setup&path=//usr/sbin HTTP/1.1" 200 311414 "https://mail.wpk54ozo.default.squad4docs.com/x-cp-Ax487fr7.php?path=//usr/sbin" "Mozilla/5.0 AppleWebKit/537.36 (KHTML, like Gecko; compatible; GPTBot/1.3; +https://openai.com/gptbot)"
74.7.242.60 - - [07/May/2026:13:04:36 +0200] "GET /x-cp-Ax487fr7.php?fileloc=//proc/58/net/udplite6&path=//proc/58/net HTTP/1.1" 200 2556 "https://www.wpk54ozo.default.squad4docs.com/x-cp-Ax487fr7.php?path=//proc/58/net" "Mozilla/5.0 AppleWebKit/537.36 (KHTML, like Gecko; compatible; GPTBot/1.3; +https://openai.com/gptbot)"
74.7.227.160 - - [07/May/2026:13:04:36 +0200] "GET /x-cp-Ax487fr7.php?fileloc=//proc/43/net/udp&path=//proc/43/net HTTP/1.1" 200 2747 "https://wpk54ozo.default.squad4docs.com/x-cp-Ax487fr7.php?path=//proc/43/net" "Mozilla/5.0 AppleWebKit/537.36 (KHTML, like Gecko; compatible; GPTBot/1.3; +https://openai.com/gptbot)"
74.7.242.60 - - [07/May/2026:13:04:36 +0200] "GET /x-cp-Ax487fr7.php?fileloc=//proc/43/net/anycast6&path=//proc/43/net HTTP/1.1" 200 2480 "https://www.wpk54ozo.default.squad4docs.com/x-cp-Ax487fr7.php?path=//proc/43/net" "Mozilla/5.0 AppleWebKit/537.36 (KHTML, like Gecko; compatible; GPTBot/1.3; +https://openai.com/gptbot)"
74.7.227.160 - - [07/May/2026:13:04:36 +0200] "GET /x-cp-Ax487fr7.php?fileloc=//proc/68/net/udp&path=//proc/68/net HTTP/1.1" 200 2746 "https://wpk54ozo.default.squad4docs.com/x-cp-Ax487fr7.php?path=//proc/68/net" "Mozilla/5.0 AppleWebKit/537.36 (KHTML, like Gecko; compatible; GPTBot/1.3; +https://openai.com/gptbot)"
74.7.241.12 - - [07/May/2026:13:04:36 +0200] "GET /x-cp-Ax487fr7.php?fileloc=//usr/sbin/dnssec-importkey&path=//usr/sbin HTTP/1.1" 200 22113 "https://mail.wpk54ozo.default.squad4docs.com/x-cp-Ax487fr7.php?path=//usr/sbin" "Mozilla/5.0 AppleWebKit/537.36 (KHTML, like Gecko; compatible; GPTBot/1.3; +https://openai.com/gptbot)"
74.7.242.60 - - [07/May/2026:13:04:37 +0200] "GET /x-cp-Ax487fr7.php?fileloc=//proc/28/net/anycast6&path=//proc/28/net HTTP/1.1" 200 2481 "https://www.wpk54ozo.default.squad4docs.com/x-cp-Ax487fr7.php?path=//proc/28/net" "Mozilla/5.0 AppleWebKit/537.36 (KHTML, like Gecko; compatible; GPTBot/1.3; +https://openai.com/gptbot)"
74.7.227.160 - - [07/May/2026:13:04:37 +0200] "GET /x-cp-Ax487fr7.php?fileloc=//proc/58/net/udp&path=//proc/58/net HTTP/1.1" 200 2746 "https://wpk54ozo.default.squad4docs.com/x-cp-Ax487fr7.php?path=//proc/58/net" "Mozilla/5.0 AppleWebKit/537.36 (KHTML, like Gecko; compatible; GPTBot/1.3; +https://openai.com/gptbot)"
74.7.241.12 - - [07/May/2026:13:04:37 +0200] "GET /x-cp-Ax487fr7.php?fileloc=//usr/sbin/runuser&path=//usr/sbin HTTP/1.1" 200 14301 "https://mail.wpk54ozo.default.squad4docs.com/x-cp-Ax487fr7.php?path=//usr/sbin" "Mozilla/5.0 AppleWebKit/537.36 (KHTML, like Gecko; compatible; GPTBot/1.3; +https://openai.com/gptbot)"
74.7.242.60 - - [07/May/2026:13:04:37 +0200] "GET /x-cp-Ax487fr7.php?fileloc=//proc/11/net/anycast6&path=//proc/11/net HTTP/1.1" 200 2480 "https://www.wpk54ozo.default.squad4docs.com/x-cp-Ax487fr7.php?path=//proc/11/net" "Mozilla/5.0 AppleWebKit/537.36 (KHTML, like Gecko; compatible; GPTBot/1.3; +https://openai.com/gptbot)"
74.7.227.160 - - [07/May/2026:13:04:37 +0200] "GET /x-cp-Ax487fr7.php?fileloc=//proc/22/net/udp&path=//proc/22/net HTTP/1.1" 200 2746 "https://wpk54ozo.default.squad4docs.com/x-cp-Ax487fr7.php?path=//proc/22/net" "Mozilla/5.0 AppleWebKit/537.36 (KHTML, like Gecko; compatible; GPTBot/1.3; +https://openai.com/gptbot)"
74.7.241.12 - - [07/May/2026:13:04:38 +0200] "GET /x-cp-Ax487fr7.php?fileloc=//opt/imunify360/venv/lib64/python3.11/site-packages/imav/plugins/__pycache__/post_action.cpython-311.pyc&path=//opt/imunify360/venv/lib64/python3.11/site-packages/imav/plugins/__pycache__ HTTP/1.1" 200 4092 "https://mail.wpk54ozo.default.squad4docs.com/x-cp-Ax487fr7.php?path=//opt/imunify360/venv/lib64/python3.11/site-packages/imav/plugins/__pycache__" "Mozilla/5.0 AppleWebKit/537.36 (KHTML, like Gecko; compatible; GPTBot/1.3; +https://openai.com/gptbot)"
74.7.242.60 - - [07/May/2026:13:04:38 +0200] "GET /x-cp-Ax487fr7.php?fileloc=//proc/34/net/anycast6&path=//proc/34/net HTTP/1.1" 200 2480 "https://www.wpk54ozo.default.squad4docs.com/x-cp-Ax487fr7.php?path=//proc/34/net" "Mozilla/5.0 AppleWebKit/537.36 (KHTML, like Gecko; compatible; GPTBot/1.3; +https://openai.com/gptbot)"
74.7.227.160 - - [07/May/2026:13:04:38 +0200] "GET /x-cp-Ax487fr7.php?fileloc=//proc/43/net/raw&path=//proc/43/net HTTP/1.1" 200 2547 "https://wpk54ozo.default.squad4docs.com/x-cp-Ax487fr7.php?path=//proc/43/net" "Mozilla/5.0 AppleWebKit/537.36 (KHTML, like Gecko; compatible; GPTBot/1.3; +https://openai.com/gptbot)"
74.7.241.12 - - [07/May/2026:13:04:38 +0200] "GET /x-cp-Ax487fr7.php?path=//opt/imunify360/venv/lib64/python3.11/site-packages/blinker HTTP/1.1" 200 3098 "https://mail.wpk54ozo.default.squad4docs.com/x-cp-Ax487fr7.php?path=//opt/imunify360/venv/lib64/python3.11/site-packages" "Mozilla/5.0 AppleWebKit/537.36 (KHTML, like Gecko; compatible; GPTBot/1.3; +https://openai.com/gptbot)"
74.7.242.60 - - [07/May/2026:13:04:38 +0200] "GET /x-cp-Ax487fr7.php?fileloc=//proc/58/net/ptype&path=//proc/58/net HTTP/1.1" 200 2531 "https://www.wpk54ozo.default.squad4docs.com/x-cp-Ax487fr7.php?path=//proc/58/net" "Mozilla/5.0 AppleWebKit/537.36 (KHTML, like Gecko; compatible; GPTBot/1.3; +https://openai.com/gptbot)"
74.7.227.160 - - [07/May/2026:13:04:39 +0200] "GET /x-cp-Ax487fr7.php?fileloc=//proc/40/net/ipv6_route&path=//proc/40/net HTTP/1.1" 200 2605 "https://wpk54ozo.default.squad4docs.com/x-cp-Ax487fr7.php?path=//proc/40/net" "Mozilla/5.0 AppleWebKit/537.36 (KHTML, like Gecko; compatible; GPTBot/1.3; +https://openai.com/gptbot)"
74.7.241.12 - - [07/May/2026:13:04:39 +0200] "GET /x-cp-Ax487fr7.php?path=//opt/imunify360/venv/lib64/python3.11/site-packages/async_lru HTTP/1.1" 200 2997 "https://mail.wpk54ozo.default.squad4docs.com/x-cp-Ax487fr7.php?path=//opt/imunify360/venv/lib64/python3.11/site-packages" "Mozilla/5.0 AppleWebKit/537.36 (KHTML, like Gecko; compatible; GPTBot/1.3; +https://openai.com/gptbot)"
74.7.242.60 - - [07/May/2026:13:04:39 +0200] "GET /x-cp-Ax487fr7.php?fileloc=//proc/28/net/ptype&path=//proc/28/net HTTP/1.1" 200 2531 "https://www.wpk54ozo.default.squad4docs.com/x-cp-Ax487fr7.php?path=//proc/28/net" "Mozilla/5.0 AppleWebKit/537.36 (KHTML, like Gecko; compatible; GPTBot/1.3; +https://openai.com/gptbot)"
74.7.227.160 - - [07/May/2026:13:04:39 +0200] "GET /x-cp-Ax487fr7.php?fileloc=//proc/68/net/ipv6_route&path=//proc/68/net HTTP/1.1" 200 2605 "https://wpk54ozo.default.squad4docs.com/x-cp-Ax487fr7.php?path=//proc/68/net" "Mozilla/5.0 AppleWebKit/537.36 (KHTML, like Gecko; compatible; GPTBot/1.3; +https://openai.com/gptbot)"
74.7.241.12 - - [07/May/2026:13:04:39 +0200] "GET /x-cp-Ax487fr7.php?path=//opt/imunify360/venv/lib64/python3.11/site-packages/clcommon/lib HTTP/1.1" 200 3287 "https://mail.wpk54ozo.default.squad4docs.com/x-cp-Ax487fr7.php?path=//opt/imunify360/venv/lib64/python3.11/site-packages/clcommon" "Mozilla/5.0 AppleWebKit/537.36 (KHTML, like Gecko; compatible; GPTBot/1.3; +https://openai.com/gptbot)"
74.7.227.160 - - [07/May/2026:13:04:40 +0200] "GET /x-cp-Ax487fr7.php?fileloc=//proc/58/net/ipv6_route&path=//proc/58/net HTTP/1.1" 200 2605 "https://wpk54ozo.default.squad4docs.com/x-cp-Ax487fr7.php?path=//proc/58/net" "Mozilla/5.0 AppleWebKit/537.36 (KHTML, like Gecko; compatible; GPTBot/1.3; +https://openai.com/gptbot)"
74.7.242.60 - - [07/May/2026:13:04:40 +0200] "GET /x-cp-Ax487fr7.php?fileloc=//proc/18/net/ptype&path=//proc/18/net HTTP/1.1" 200 2531 "https://www.wpk54ozo.default.squad4docs.com/x-cp-Ax487fr7.php?path=//proc/18/net" "Mozilla/5.0 AppleWebKit/537.36 (KHTML, like Gecko; compatible; GPTBot/1.3; +https://openai.com/gptbot)"
74.7.241.12 - - [07/May/2026:13:04:40 +0200] "GET /x-cp-Ax487fr7.php?path=//opt/imunify360/venv/lib64/python3.11/site-packages/dateutil HTTP/1.1" 200 3336 "https://mail.wpk54ozo.default.squad4docs.com/x-cp-Ax487fr7.php?path=//opt/imunify360/venv/lib64/python3.11/site-packages" "Mozilla/5.0 AppleWebKit/537.36 (KHTML, like Gecko; compatible; GPTBot/1.3; +https://openai.com/gptbot)"
74.7.227.160 - - [07/May/2026:13:04:40 +0200] "GET /x-cp-Ax487fr7.php?fileloc=//proc/43/net/ipv6_route&path=//proc/43/net HTTP/1.1" 200 2605 "https://wpk54ozo.default.squad4docs.com/x-cp-Ax487fr7.php?path=//proc/43/net" "Mozilla/5.0 AppleWebKit/537.36 (KHTML, like Gecko; compatible; GPTBot/1.3; +https://openai.com/gptbot)"
74.7.242.60 - - [07/May/2026:13:04:40 +0200] "GET /x-cp-Ax487fr7.php?fileloc=//proc/34/net/ptype&path=//proc/34/net HTTP/1.1" 200 2531 "https://www.wpk54ozo.default.squad4docs.com/x-cp-Ax487fr7.php?path=//proc/34/net" "Mozilla/5.0 AppleWebKit/537.36 (KHTML, like Gecko; compatible; GPTBot/1.3; +https://openai.com/gptbot)"
74.7.241.12 - - [07/May/2026:13:04:40 +0200] "GET /x-cp-Ax487fr7.php?path=//opt/imunify360/venv/lib64/python3.11/site-packages/requests HTTP/1.1" 200 3604 "https://mail.wpk54ozo.default.squad4docs.com/x-cp-Ax487fr7.php?path=//opt/imunify360/venv/lib64/python3.11/site-packages" "Mozilla/5.0 AppleWebKit/537.36 (KHTML, like Gecko; compatible; GPTBot/1.3; +https://openai.com/gptbot)"
74.7.242.60 - - [07/May/2026:13:04:41 +0200] "GET /x-cp-Ax487fr7.php?fileloc=//proc/43/net/ptype&path=//proc/43/net HTTP/1.1" 200 2531 "https://www.wpk54ozo.default.squad4docs.com/x-cp-Ax487fr7.php?path=//proc/43/net" "Mozilla/5.0 AppleWebKit/537.36 (KHTML, like Gecko; compatible; GPTBot/1.3; +https://openai.com/gptbot)"
74.7.227.160 - - [07/May/2026:13:04:41 +0200] "GET /x-cp-Ax487fr7.php?fileloc=//proc/22/net/ipv6_route&path=//proc/22/net HTTP/1.1" 200 2605 "https://wpk54ozo.default.squad4docs.com/x-cp-Ax487fr7.php?path=//proc/22/net" "Mozilla/5.0 AppleWebKit/537.36 (KHTML, like Gecko; compatible; GPTBot/1.3; +https://openai.com/gptbot)"
74.7.241.12 - - [07/May/2026:13:04:41 +0200] "GET /x-cp-Ax487fr7.php?path=//opt/imunify360/venv/lib64/python3.11/site-packages/lockfile HTTP/1.1" 200 3159 "https://mail.wpk54ozo.default.squad4docs.com/x-cp-Ax487fr7.php?path=//opt/imunify360/venv/lib64/python3.11/site-packages" "Mozilla/5.0 AppleWebKit/537.36 (KHTML, like Gecko; compatible; GPTBot/1.3; +https://openai.com/gptbot)"
74.7.227.160 - - [07/May/2026:13:04:41 +0200] "GET /x-cp-Ax487fr7.php?fileloc=//proc/33/net/ipv6_route&path=//proc/33/net HTTP/1.1" 200 2605 "https://wpk54ozo.default.squad4docs.com/x-cp-Ax487fr7.php?path=//proc/33/net" "Mozilla/5.0 AppleWebKit/537.36 (KHTML, like Gecko; compatible; GPTBot/1.3; +https://openai.com/gptbot)"
74.7.242.60 - - [07/May/2026:13:04:41 +0200] "GET /x-cp-Ax487fr7.php?fileloc=//proc/11/net/ptype&path=//proc/11/net HTTP/1.1" 200 2531 "https://www.wpk54ozo.default.squad4docs.com/x-cp-Ax487fr7.php?path=//proc/11/net" "Mozilla/5.0 AppleWebKit/537.36 (KHTML, like Gecko; compatible; GPTBot/1.3; +https://openai.com/gptbot)"
74.7.241.12 - - [07/May/2026:13:04:42 +0200] "GET /x-cp-Ax487fr7.php?path=//opt/imunify360/venv/lib64/python3.11/site-packages/cerberus HTTP/1.1" 200 3172 "https://mail.wpk54ozo.default.squad4docs.com/x-cp-Ax487fr7.php?path=//opt/imunify360/venv/lib64/python3.11/site-packages" "Mozilla/5.0 AppleWebKit/537.36 (KHTML, like Gecko; compatible; GPTBot/1.3; +https://openai.com/gptbot)"
74.7.227.160 - - [07/May/2026:13:04:42 +0200] "GET /x-cp-Ax487fr7.php?fileloc=//proc/68/net/mcfilter6&path=//proc/68/net HTTP/1.1" 200 2522 "https://wpk54ozo.default.squad4docs.com/x-cp-Ax487fr7.php?path=//proc/68/net" "Mozilla/5.0 AppleWebKit/537.36 (KHTML, like Gecko; compatible; GPTBot/1.3; +https://openai.com/gptbot)"
74.7.242.60 - - [07/May/2026:13:04:42 +0200] "GET /x-cp-Ax487fr7.php?fileloc=//proc/72/net/ptype&path=//proc/72/net HTTP/1.1" 200 2532 "https://www.wpk54ozo.default.squad4docs.com/x-cp-Ax487fr7.php?path=//proc/72/net" "Mozilla/5.0 AppleWebKit/537.36 (KHTML, like Gecko; compatible; GPTBot/1.3; +https://openai.com/gptbot)"
74.7.241.12 - - [07/May/2026:13:04:42 +0200] "GET /x-cp-Ax487fr7.php?path=//opt/imunify360/venv/lib64/python3.11/site-packages/certifi HTTP/1.1" 200 3142 "https://mail.wpk54ozo.default.squad4docs.com/x-cp-Ax487fr7.php?path=//opt/imunify360/venv/lib64/python3.11/site-packages" "Mozilla/5.0 AppleWebKit/537.36 (KHTML, like Gecko; compatible; GPTBot/1.3; +https://openai.com/gptbot)"
74.7.227.160 - - [07/May/2026:13:04:43 +0200] "GET /x-cp-Ax487fr7.php?fileloc=//proc/33/net/mcfilter6&path=//proc/33/net HTTP/1.1" 200 2522 "https://wpk54ozo.default.squad4docs.com/x-cp-Ax487fr7.php?path=//proc/33/net" "Mozilla/5.0 AppleWebKit/537.36 (KHTML, like Gecko; compatible; GPTBot/1.3; +https://openai.com/gptbot)"
74.7.242.60 - - [07/May/2026:13:04:43 +0200] "GET /x-cp-Ax487fr7.php?fileloc=//proc/11/net/rt_acct&path=//proc/11/net HTTP/1.1" 200 2524 "https://www.wpk54ozo.default.squad4docs.com/x-cp-Ax487fr7.php?path=//proc/11/net" "Mozilla/5.0 AppleWebKit/537.36 (KHTML, like Gecko; compatible; GPTBot/1.3; +https://openai.com/gptbot)"
74.7.241.12 - - [07/May/2026:13:04:43 +0200] "GET /x-cp-Ax487fr7.php?path=//opt/imunify360/venv/lib64/python3.11/site-packages/jwt HTTP/1.1" 200 3331 "https://mail.wpk54ozo.default.squad4docs.com/x-cp-Ax487fr7.php?path=//opt/imunify360/venv/lib64/python3.11/site-packages" "Mozilla/5.0 AppleWebKit/537.36 (KHTML, like Gecko; compatible; GPTBot/1.3; +https://openai.com/gptbot)"
74.7.227.160 - - [07/May/2026:13:04:43 +0200] "GET /x-cp-Ax487fr7.php?fileloc=//proc/58/net/mcfilter6&path=//proc/58/net HTTP/1.1" 200 2522 "https://wpk54ozo.default.squad4docs.com/x-cp-Ax487fr7.php?path=//proc/58/net" "Mozilla/5.0 AppleWebKit/537.36 (KHTML, like Gecko; compatible; GPTBot/1.3; +https://openai.com/gptbot)"
74.7.242.60 - - [07/May/2026:13:04:44 +0200] "GET /x-cp-Ax487fr7.php?fileloc=//proc/72/net/rt_acct&path=//proc/72/net HTTP/1.1" 200 2525 "https://www.wpk54ozo.default.squad4docs.com/x-cp-Ax487fr7.php?path=//proc/72/net" "Mozilla/5.0 AppleWebKit/537.36 (KHTML, like Gecko; compatible; GPTBot/1.3; +https://openai.com/gptbot)"
74.7.241.12 - - [07/May/2026:13:04:44 +0200] "GET /x-cp-Ax487fr7.php?path=//opt/imunify360/venv/lib64/python3.11/site-packages/pip HTTP/1.1" 200 3178 "https://mail.wpk54ozo.default.squad4docs.com/x-cp-Ax487fr7.php?path=//opt/imunify360/venv/lib64/python3.11/site-packages" "Mozilla/5.0 AppleWebKit/537.36 (KHTML, like Gecko; compatible; GPTBot/1.3; +https://openai.com/gptbot)"
74.7.227.160 - - [07/May/2026:13:04:44 +0200] "GET /x-cp-Ax487fr7.php?fileloc=//proc/43/net/mcfilter6&path=//proc/43/net HTTP/1.1" 200 2522 "https://wpk54ozo.default.squad4docs.com/x-cp-Ax487fr7.php?path=//proc/43/net" "Mozilla/5.0 AppleWebKit/537.36 (KHTML, like Gecko; compatible; GPTBot/1.3; +https://openai.com/gptbot)"
74.7.242.60 - - [07/May/2026:13:04:44 +0200] "GET /x-cp-Ax487fr7.php?fileloc=//proc/28/net/mcfilter&path=//proc/28/net HTTP/1.1" 200 2509 "https://www.wpk54ozo.default.squad4docs.com/x-cp-Ax487fr7.php?path=//proc/28/net" "Mozilla/5.0 AppleWebKit/537.36 (KHTML, like Gecko; compatible; GPTBot/1.3; +https://openai.com/gptbot)"
74.7.241.12 - - [07/May/2026:13:04:45 +0200] "GET /x-cp-Ax487fr7.php?path=//proc/777/fd HTTP/1.1" 200 2530 "https://mail.wpk54ozo.default.squad4docs.com/x-cp-Ax487fr7.php?path=//proc/777" "Mozilla/5.0 AppleWebKit/537.36 (KHTML, like Gecko; compatible; GPTBot/1.3; +https://openai.com/gptbot)"
74.7.227.160 - - [07/May/2026:13:04:45 +0200] "GET /x-cp-Ax487fr7.php?fileloc=//proc/22/net/mcfilter6&path=//proc/22/net HTTP/1.1" 200 2522 "https://wpk54ozo.default.squad4docs.com/x-cp-Ax487fr7.php?path=//proc/22/net" "Mozilla/5.0 AppleWebKit/537.36 (KHTML, like Gecko; compatible; GPTBot/1.3; +https://openai.com/gptbot)"
74.7.242.60 - - [07/May/2026:13:04:45 +0200] "GET /x-cp-Ax487fr7.php?fileloc=//proc/58/net/netstat&path=//proc/58/net HTTP/1.1" 200 3565 "https://www.wpk54ozo.default.squad4docs.com/x-cp-Ax487fr7.php?path=//proc/58/net" "Mozilla/5.0 AppleWebKit/537.36 (KHTML, like Gecko; compatible; GPTBot/1.3; +https://openai.com/gptbot)"
74.7.241.12 - - [07/May/2026:13:04:45 +0200] "GET /x-cp-Ax487fr7.php?path=//proc/777/ns HTTP/1.1" 200 2529 "https://mail.wpk54ozo.default.squad4docs.com/x-cp-Ax487fr7.php?path=//proc/777" "Mozilla/5.0 AppleWebKit/537.36 (KHTML, like Gecko; compatible; GPTBot/1.3; +https://openai.com/gptbot)"
74.7.227.160 - - [07/May/2026:13:04:45 +0200] "GET /x-cp-Ax487fr7.php?fileloc=//proc/40/net/mcfilter6&path=//proc/40/net HTTP/1.1" 200 2522 "https://wpk54ozo.default.squad4docs.com/x-cp-Ax487fr7.php?path=//proc/40/net" "Mozilla/5.0 AppleWebKit/537.36 (KHTML, like Gecko; compatible; GPTBot/1.3; +https://openai.com/gptbot)"
74.7.242.60 - - [07/May/2026:13:04:46 +0200] "GET /x-cp-Ax487fr7.php?fileloc=//proc/11/net/mcfilter&path=//proc/11/net HTTP/1.1" 200 2508 "https://www.wpk54ozo.default.squad4docs.com/x-cp-Ax487fr7.php?path=//proc/11/net" "Mozilla/5.0 AppleWebKit/537.36 (KHTML, like Gecko; compatible; GPTBot/1.3; +https://openai.com/gptbot)"
74.7.241.12 - - [07/May/2026:13:04:46 +0200] "GET /x-cp-Ax487fr7.php?path=//sbin HTTP/1.1" 200 19271 "https://mail.wpk54ozo.default.squad4docs.com/x-cp-Ax487fr7.php?path=/" "Mozilla/5.0 AppleWebKit/537.36 (KHTML, like Gecko; compatible; GPTBot/1.3; +https://openai.com/gptbot)"
74.7.227.160 - - [07/May/2026:13:04:46 +0200] "GET /x-cp-Ax487fr7.php?fileloc=//proc/68/net/sockstat6&path=//proc/68/net HTTP/1.1" 200 2529 "https://wpk54ozo.default.squad4docs.com/x-cp-Ax487fr7.php?path=//proc/68/net" "Mozilla/5.0 AppleWebKit/537.36 (KHTML, like Gecko; compatible; GPTBot/1.3; +https://openai.com/gptbot)"
74.7.242.60 - - [07/May/2026:13:04:46 +0200] "GET /x-cp-Ax487fr7.php?fileloc=//proc/34/net/mcfilter&path=//proc/34/net HTTP/1.1" 200 2509 "https://www.wpk54ozo.default.squad4docs.com/x-cp-Ax487fr7.php?path=//proc/34/net" "Mozilla/5.0 AppleWebKit/537.36 (KHTML, like Gecko; compatible; GPTBot/1.3; +https://openai.com/gptbot)"
74.7.241.12 - - [07/May/2026:13:04:46 +0200] "GET /x-cp-Ax487fr7.php?path=//opt/imunify360/venv/lib64/python3.11/site-packages/defence360agent/subsys/panels HTTP/1.1" 200 3245 "https://mail.wpk54ozo.default.squad4docs.com/x-cp-Ax487fr7.php?path=//opt/imunify360/venv/lib64/python3.11/site-packages/defence360agent/subsys" "Mozilla/5.0 AppleWebKit/537.36 (KHTML, like Gecko; compatible; GPTBot/1.3; +https://openai.com/gptbot)"
74.7.227.160 - - [07/May/2026:13:04:46 +0200] "GET /x-cp-Ax487fr7.php?fileloc=//proc/68/net/rt6_stats&path=//proc/68/net HTTP/1.1" 200 2492 "https://wpk54ozo.default.squad4docs.com/x-cp-Ax487fr7.php?path=//proc/68/net" "Mozilla/5.0 AppleWebKit/537.36 (KHTML, like Gecko; compatible; GPTBot/1.3; +https://openai.com/gptbot)"
74.7.242.60 - - [07/May/2026:13:04:47 +0200] "GET /x-cp-Ax487fr7.php?fileloc=//proc/58/net/mcfilter&path=//proc/58/net HTTP/1.1" 200 2509 "https://www.wpk54ozo.default.squad4docs.com/x-cp-Ax487fr7.php?path=//proc/58/net" "Mozilla/5.0 AppleWebKit/537.36 (KHTML, like Gecko; compatible; GPTBot/1.3; +https://openai.com/gptbot)"
74.7.241.12 - - [07/May/2026:13:04:47 +0200] "GET /x-cp-Ax487fr7.php?path=//proc/22/net HTTP/1.1" 200 4495 "https://mail.wpk54ozo.default.squad4docs.com/x-cp-Ax487fr7.php?path=//proc/22" "Mozilla/5.0 AppleWebKit/537.36 (KHTML, like Gecko; compatible; GPTBot/1.3; +https://openai.com/gptbot)"
74.7.227.160 - - [07/May/2026:13:04:47 +0200] "GET /x-cp-Ax487fr7.php?fileloc=//proc/40/net/sockstat6&path=//proc/40/net HTTP/1.1" 200 2528 "https://wpk54ozo.default.squad4docs.com/x-cp-Ax487fr7.php?path=//proc/40/net" "Mozilla/5.0 AppleWebKit/537.36 (KHTML, like Gecko; compatible; GPTBot/1.3; +https://openai.com/gptbot)"
74.7.242.60 - - [07/May/2026:13:04:47 +0200] "GET /x-cp-Ax487fr7.php?fileloc=//proc/58/net/netlink&path=//proc/58/net HTTP/1.1" 200 2736 "https://www.wpk54ozo.default.squad4docs.com/x-cp-Ax487fr7.php?path=//proc/58/net" "Mozilla/5.0 AppleWebKit/537.36 (KHTML, like Gecko; compatible; GPTBot/1.3; +https://openai.com/gptbot)"
74.7.241.12 - - [07/May/2026:13:04:47 +0200] "GET /x-cp-Ax487fr7.php?path=//proc/58/net HTTP/1.1" 200 4494 "https://mail.wpk54ozo.default.squad4docs.com/x-cp-Ax487fr7.php?path=//proc/58" "Mozilla/5.0 AppleWebKit/537.36 (KHTML, like Gecko; compatible; GPTBot/1.3; +https://openai.com/gptbot)"
74.7.227.160 - - [07/May/2026:13:04:47 +0200] "GET /x-cp-Ax487fr7.php?fileloc=//proc/33/net/sockstat6&path=//proc/33/net HTTP/1.1" 200 2529 "https://wpk54ozo.default.squad4docs.com/x-cp-Ax487fr7.php?path=//proc/33/net" "Mozilla/5.0 AppleWebKit/537.36 (KHTML, like Gecko; compatible; GPTBot/1.3; +https://openai.com/gptbot)"
74.7.242.60 - - [07/May/2026:13:04:48 +0200] "GET /x-cp-Ax487fr7.php?fileloc=//proc/43/net/mcfilter&path=//proc/43/net HTTP/1.1" 200 2509 "https://www.wpk54ozo.default.squad4docs.com/x-cp-Ax487fr7.php?path=//proc/43/net" "Mozilla/5.0 AppleWebKit/537.36 (KHTML, like Gecko; compatible; GPTBot/1.3; +https://openai.com/gptbot)"
74.7.241.12 - - [07/May/2026:13:04:48 +0200] "GET /x-cp-Ax487fr7.php?path=//proc/38/net HTTP/1.1" 200 4494 "https://mail.wpk54ozo.default.squad4docs.com/x-cp-Ax487fr7.php?path=//proc/38" "Mozilla/5.0 AppleWebKit/537.36 (KHTML, like Gecko; compatible; GPTBot/1.3; +https://openai.com/gptbot)"
74.7.227.160 - - [07/May/2026:13:04:48 +0200] "GET /x-cp-Ax487fr7.php?fileloc=//proc/22/net/sockstat6&path=//proc/22/net HTTP/1.1" 200 2529 "https://wpk54ozo.default.squad4docs.com/x-cp-Ax487fr7.php?path=//proc/22/net" "Mozilla/5.0 AppleWebKit/537.36 (KHTML, like Gecko; compatible; GPTBot/1.3; +https://openai.com/gptbot)"
74.7.242.60 - - [07/May/2026:13:04:48 +0200] "GET /x-cp-Ax487fr7.php?fileloc=//proc/18/net/mcfilter&path=//proc/18/net HTTP/1.1" 200 2509 "https://www.wpk54ozo.default.squad4docs.com/x-cp-Ax487fr7.php?path=//proc/18/net" "Mozilla/5.0 AppleWebKit/537.36 (KHTML, like Gecko; compatible; GPTBot/1.3; +https://openai.com/gptbot)"
74.7.241.12 - - [07/May/2026:13:04:48 +0200] "GET /x-cp-Ax487fr7.php?path=//proc/45/net HTTP/1.1" 200 4494 "https://mail.wpk54ozo.default.squad4docs.com/x-cp-Ax487fr7.php?path=//proc/45" "Mozilla/5.0 AppleWebKit/537.36 (KHTML, like Gecko; compatible; GPTBot/1.3; +https://openai.com/gptbot)"
74.7.227.160 - - [07/May/2026:13:04:48 +0200] "GET /x-cp-Ax487fr7.php?fileloc=//proc/43/net/sockstat6&path=//proc/43/net HTTP/1.1" 200 2529 "https://wpk54ozo.default.squad4docs.com/x-cp-Ax487fr7.php?path=//proc/43/net" "Mozilla/5.0 AppleWebKit/537.36 (KHTML, like Gecko; compatible; GPTBot/1.3; +https://openai.com/gptbot)"
74.7.242.60 - - [07/May/2026:13:04:49 +0200] "GET /x-cp-Ax487fr7.php?fileloc=//proc/72/net/mcfilter&path=//proc/72/net HTTP/1.1" 200 2510 "https://www.wpk54ozo.default.squad4docs.com/x-cp-Ax487fr7.php?path=//proc/72/net" "Mozilla/5.0 AppleWebKit/537.36 (KHTML, like Gecko; compatible; GPTBot/1.3; +https://openai.com/gptbot)"
74.7.241.12 - - [07/May/2026:13:04:49 +0200] "GET /x-cp-Ax487fr7.php?path=//proc/28/net HTTP/1.1" 200 4494 "https://mail.wpk54ozo.default.squad4docs.com/x-cp-Ax487fr7.php?path=//proc/28" "Mozilla/5.0 AppleWebKit/537.36 (KHTML, like Gecko; compatible; GPTBot/1.3; +https://openai.com/gptbot)"
74.7.227.160 - - [07/May/2026:13:04:49 +0200] "GET /x-cp-Ax487fr7.php?fileloc=//proc/58/net/sockstat6&path=//proc/58/net HTTP/1.1" 200 2529 "https://wpk54ozo.default.squad4docs.com/x-cp-Ax487fr7.php?path=//proc/58/net" "Mozilla/5.0 AppleWebKit/537.36 (KHTML, like Gecko; compatible; GPTBot/1.3; +https://openai.com/gptbot)"
74.7.242.60 - - [07/May/2026:13:04:49 +0200] "GET /x-cp-Ax487fr7.php?fileloc=//proc/18/net/netstat&path=//proc/18/net HTTP/1.1" 200 3571 "https://www.wpk54ozo.default.squad4docs.com/x-cp-Ax487fr7.php?path=//proc/18/net" "Mozilla/5.0 AppleWebKit/537.36 (KHTML, like Gecko; compatible; GPTBot/1.3; +https://openai.com/gptbot)"
74.7.241.12 - - [07/May/2026:13:04:49 +0200] "GET /x-cp-Ax487fr7.php?path=//proc/46/net HTTP/1.1" 200 4494 "https://mail.wpk54ozo.default.squad4docs.com/x-cp-Ax487fr7.php?path=//proc/46" "Mozilla/5.0 AppleWebKit/537.36 (KHTML, like Gecko; compatible; GPTBot/1.3; +https://openai.com/gptbot)"
74.7.227.160 - - [07/May/2026:13:04:50 +0200] "GET /x-cp-Ax487fr7.php?fileloc=//proc/58/net/rt_acct&path=//proc/58/net HTTP/1.1" 200 2524 "https://wpk54ozo.default.squad4docs.com/x-cp-Ax487fr7.php?path=//proc/58/net" "Mozilla/5.0 AppleWebKit/537.36 (KHTML, like Gecko; compatible; GPTBot/1.3; +https://openai.com/gptbot)"
74.7.242.60 - - [07/May/2026:13:04:50 +0200] "GET /x-cp-Ax487fr7.php?fileloc=//proc/72/net/netlink&path=//proc/72/net HTTP/1.1" 200 2736 "https://www.wpk54ozo.default.squad4docs.com/x-cp-Ax487fr7.php?path=//proc/72/net" "Mozilla/5.0 AppleWebKit/537.36 (KHTML, like Gecko; compatible; GPTBot/1.3; +https://openai.com/gptbot)"
74.7.241.12 - - [07/May/2026:13:04:50 +0200] "GET /x-cp-Ax487fr7.php?path=//proc/17/net HTTP/1.1" 200 4494 "https://mail.wpk54ozo.default.squad4docs.com/x-cp-Ax487fr7.php?path=//proc/17" "Mozilla/5.0 AppleWebKit/537.36 (KHTML, like Gecko; compatible; GPTBot/1.3; +https://openai.com/gptbot)"
74.7.227.160 - - [07/May/2026:13:04:50 +0200] "GET /x-cp-Ax487fr7.php?fileloc=//proc/40/net/rt_acct&path=//proc/40/net HTTP/1.1" 200 2524 "https://wpk54ozo.default.squad4docs.com/x-cp-Ax487fr7.php?path=//proc/40/net" "Mozilla/5.0 AppleWebKit/537.36 (KHTML, like Gecko; compatible; GPTBot/1.3; +https://openai.com/gptbot)"
74.7.242.60 - - [07/May/2026:13:04:50 +0200] "GET /x-cp-Ax487fr7.php?fileloc=//proc/11/net/netstat&path=//proc/11/net HTTP/1.1" 200 3567 "https://www.wpk54ozo.default.squad4docs.com/x-cp-Ax487fr7.php?path=//proc/11/net" "Mozilla/5.0 AppleWebKit/537.36 (KHTML, like Gecko; compatible; GPTBot/1.3; +https://openai.com/gptbot)"
74.7.241.12 - - [07/May/2026:13:04:51 +0200] "GET /x-cp-Ax487fr7.php?path=//proc/33/net HTTP/1.1" 200 4494 "https://mail.wpk54ozo.default.squad4docs.com/x-cp-Ax487fr7.php?path=//proc/33" "Mozilla/5.0 AppleWebKit/537.36 (KHTML, like Gecko; compatible; GPTBot/1.3; +https://openai.com/gptbot)"
74.7.227.160 - - [07/May/2026:13:04:51 +0200] "GET /x-cp-Ax487fr7.php?fileloc=//proc/43/net/rt_acct&path=//proc/43/net HTTP/1.1" 200 2524 "https://wpk54ozo.default.squad4docs.com/x-cp-Ax487fr7.php?path=//proc/43/net" "Mozilla/5.0 AppleWebKit/537.36 (KHTML, like Gecko; compatible; GPTBot/1.3; +https://openai.com/gptbot)"
74.7.242.60 - - [07/May/2026:13:04:51 +0200] "GET /x-cp-Ax487fr7.php?fileloc=//proc/72/net/netstat&path=//proc/72/net HTTP/1.1" 200 3569 "https://www.wpk54ozo.default.squad4docs.com/x-cp-Ax487fr7.php?path=//proc/72/net" "Mozilla/5.0 AppleWebKit/537.36 (KHTML, like Gecko; compatible; GPTBot/1.3; +https://openai.com/gptbot)"
74.7.241.12 - - [07/May/2026:13:04:51 +0200] "GET /x-cp-Ax487fr7.php?path=//proc/14/net HTTP/1.1" 200 4494 "https://mail.wpk54ozo.default.squad4docs.com/x-cp-Ax487fr7.php?path=//proc/14" "Mozilla/5.0 AppleWebKit/537.36 (KHTML, like Gecko; compatible; GPTBot/1.3; +https://openai.com/gptbot)"
74.7.227.160 - - [07/May/2026:13:04:51 +0200] "GET /x-cp-Ax487fr7.php?fileloc=//proc/68/net/rt_acct&path=//proc/68/net HTTP/1.1" 200 2524 "https://wpk54ozo.default.squad4docs.com/x-cp-Ax487fr7.php?path=//proc/68/net" "Mozilla/5.0 AppleWebKit/537.36 (KHTML, like Gecko; compatible; GPTBot/1.3; +https://openai.com/gptbot)"
74.7.242.60 - - [07/May/2026:13:04:51 +0200] "GET /x-cp-Ax487fr7.php?fileloc=//proc/28/net/netlink&path=//proc/28/net HTTP/1.1" 200 2737 "https://www.wpk54ozo.default.squad4docs.com/x-cp-Ax487fr7.php?path=//proc/28/net" "Mozilla/5.0 AppleWebKit/537.36 (KHTML, like Gecko; compatible; GPTBot/1.3; +https://openai.com/gptbot)"
74.7.241.12 - - [07/May/2026:13:04:52 +0200] "GET /x-cp-Ax487fr7.php?fileloc=//sbin/accessdb&path=//sbin HTTP/1.1" 200 6380 "https://mail.wpk54ozo.default.squad4docs.com/x-cp-Ax487fr7.php?path=//sbin" "Mozilla/5.0 AppleWebKit/537.36 (KHTML, like Gecko; compatible; GPTBot/1.3; +https://openai.com/gptbot)"
74.7.227.160 - - [07/May/2026:13:04:52 +0200] "GET /x-cp-Ax487fr7.php?fileloc=//proc/33/net/rt6_stats&path=//proc/33/net HTTP/1.1" 200 2492 "https://wpk54ozo.default.squad4docs.com/x-cp-Ax487fr7.php?path=//proc/33/net" "Mozilla/5.0 AppleWebKit/537.36 (KHTML, like Gecko; compatible; GPTBot/1.3; +https://openai.com/gptbot)"
74.7.242.60 - - [07/May/2026:13:04:52 +0200] "GET /x-cp-Ax487fr7.php?fileloc=//proc/34/net/netstat&path=//proc/34/net HTTP/1.1" 200 3569 "https://www.wpk54ozo.default.squad4docs.com/x-cp-Ax487fr7.php?path=//proc/34/net" "Mozilla/5.0 AppleWebKit/537.36 (KHTML, like Gecko; compatible; GPTBot/1.3; +https://openai.com/gptbot)"
74.7.241.12 - - [07/May/2026:13:04:52 +0200] "GET /x-cp-Ax487fr7.php?fileloc=//sbin/irqbalance&path=//sbin HTTP/1.1" 200 22290 "https://mail.wpk54ozo.default.squad4docs.com/x-cp-Ax487fr7.php?path=//sbin" "Mozilla/5.0 AppleWebKit/537.36 (KHTML, like Gecko; compatible; GPTBot/1.3; +https://openai.com/gptbot)"
74.7.227.160 - - [07/May/2026:13:04:52 +0200] "GET /x-cp-Ax487fr7.php?fileloc=//proc/22/net/rt6_stats&path=//proc/22/net HTTP/1.1" 200 2492 "https://wpk54ozo.default.squad4docs.com/x-cp-Ax487fr7.php?path=//proc/22/net" "Mozilla/5.0 AppleWebKit/537.36 (KHTML, like Gecko; compatible; GPTBot/1.3; +https://openai.com/gptbot)"
74.7.242.60 - - [07/May/2026:13:04:52 +0200] "GET /x-cp-Ax487fr7.php?fileloc=//proc/18/net/netlink&path=//proc/18/net HTTP/1.1" 200 2736 "https://www.wpk54ozo.default.squad4docs.com/x-cp-Ax487fr7.php?path=//proc/18/net" "Mozilla/5.0 AppleWebKit/537.36 (KHTML, like Gecko; compatible; GPTBot/1.3; +https://openai.com/gptbot)"
74.7.241.12 - - [07/May/2026:13:04:53 +0200] "GET /x-cp-Ax487fr7.php?fileloc=//proc/22/net/connector&path=//proc/22/net HTTP/1.1" 200 2499 "https://mail.wpk54ozo.default.squad4docs.com/x-cp-Ax487fr7.php?path=//proc/22/net" "Mozilla/5.0 AppleWebKit/537.36 (KHTML, like Gecko; compatible; GPTBot/1.3; +https://openai.com/gptbot)"
74.7.227.160 - - [07/May/2026:13:04:53 +0200] "GET /x-cp-Ax487fr7.php?fileloc=//proc/43/net/rt6_stats&path=//proc/43/net HTTP/1.1" 200 2492 "https://wpk54ozo.default.squad4docs.com/x-cp-Ax487fr7.php?path=//proc/43/net" "Mozilla/5.0 AppleWebKit/537.36 (KHTML, like Gecko; compatible; GPTBot/1.3; +https://openai.com/gptbot)"
74.7.242.60 - - [07/May/2026:13:04:53 +0200] "GET /x-cp-Ax487fr7.php?fileloc=//proc/28/net/netstat&path=//proc/28/net HTTP/1.1" 200 3568 "https://www.wpk54ozo.default.squad4docs.com/x-cp-Ax487fr7.php?path=//proc/28/net" "Mozilla/5.0 AppleWebKit/537.36 (KHTML, like Gecko; compatible; GPTBot/1.3; +https://openai.com/gptbot)"
74.7.227.160 - - [07/May/2026:13:04:53 +0200] "GET /x-cp-Ax487fr7.php?fileloc=//proc/58/net/rt6_stats&path=//proc/58/net HTTP/1.1" 200 2492 "https://wpk54ozo.default.squad4docs.com/x-cp-Ax487fr7.php?path=//proc/58/net" "Mozilla/5.0 AppleWebKit/537.36 (KHTML, like Gecko; compatible; GPTBot/1.3; +https://openai.com/gptbot)"
74.7.241.12 - - [07/May/2026:13:04:53 +0200] "GET /x-cp-Ax487fr7.php?fileloc=//proc/58/net/protocols&path=//proc/58/net HTTP/1.1" 200 2806 "https://mail.wpk54ozo.default.squad4docs.com/x-cp-Ax487fr7.php?path=//proc/58/net" "Mozilla/5.0 AppleWebKit/537.36 (KHTML, like Gecko; compatible; GPTBot/1.3; +https://openai.com/gptbot)"
74.7.242.60 - - [07/May/2026:13:04:53 +0200] "GET /x-cp-Ax487fr7.php?fileloc=//proc/11/net/netlink&path=//proc/11/net HTTP/1.1" 200 2736 "https://www.wpk54ozo.default.squad4docs.com/x-cp-Ax487fr7.php?path=//proc/11/net" "Mozilla/5.0 AppleWebKit/537.36 (KHTML, like Gecko; compatible; GPTBot/1.3; +https://openai.com/gptbot)"
74.7.241.12 - - [07/May/2026:13:04:54 +0200] "GET /x-cp-Ax487fr7.php?fileloc=//proc/38/net/connector&path=//proc/38/net HTTP/1.1" 200 2499 "https://mail.wpk54ozo.default.squad4docs.com/x-cp-Ax487fr7.php?path=//proc/38/net" "Mozilla/5.0 AppleWebKit/537.36 (KHTML, like Gecko; compatible; GPTBot/1.3; +https://openai.com/gptbot)"
74.7.227.160 - - [07/May/2026:13:04:54 +0200] "GET /x-cp-Ax487fr7.php?fileloc=//proc/40/net/rt6_stats&path=//proc/40/net HTTP/1.1" 200 2492 "https://wpk54ozo.default.squad4docs.com/x-cp-Ax487fr7.php?path=//proc/40/net" "Mozilla/5.0 AppleWebKit/537.36 (KHTML, like Gecko; compatible; GPTBot/1.3; +https://openai.com/gptbot)"
74.7.242.60 - - [07/May/2026:13:04:54 +0200] "GET /x-cp-Ax487fr7.php?fileloc=//proc/43/net/netlink&path=//proc/43/net HTTP/1.1" 200 2737 "https://www.wpk54ozo.default.squad4docs.com/x-cp-Ax487fr7.php?path=//proc/43/net" "Mozilla/5.0 AppleWebKit/537.36 (KHTML, like Gecko; compatible; GPTBot/1.3; +https://openai.com/gptbot)"
74.7.241.12 - - [07/May/2026:13:04:54 +0200] "GET /x-cp-Ax487fr7.php?fileloc=//proc/45/net/unix&path=//proc/45/net HTTP/1.1" 200 5976 "https://mail.wpk54ozo.default.squad4docs.com/x-cp-Ax487fr7.php?path=//proc/45/net" "Mozilla/5.0 AppleWebKit/537.36 (KHTML, like Gecko; compatible; GPTBot/1.3; +https://openai.com/gptbot)"
74.7.227.160 - - [07/May/2026:13:04:54 +0200] "GET /x-cp-Ax487fr7.php?fileloc=//proc/33/net/raw&path=//proc/33/net HTTP/1.1" 200 2547 "https://wpk54ozo.default.squad4docs.com/x-cp-Ax487fr7.php?path=//proc/33/net" "Mozilla/5.0 AppleWebKit/537.36 (KHTML, like Gecko; compatible; GPTBot/1.3; +https://openai.com/gptbot)"
74.7.242.60 - - [07/May/2026:13:04:55 +0200] "GET /x-cp-Ax487fr7.php?fileloc=//proc/43/net/netstat&path=//proc/43/net HTTP/1.1" 200 3567 "https://www.wpk54ozo.default.squad4docs.com/x-cp-Ax487fr7.php?path=//proc/43/net" "Mozilla/5.0 AppleWebKit/537.36 (KHTML, like Gecko; compatible; GPTBot/1.3; +https://openai.com/gptbot)"
74.7.241.12 - - [07/May/2026:13:04:55 +0200] "GET /x-cp-Ax487fr7.php?fileloc=//proc/28/net/ip_mr_vif&path=//proc/28/net HTTP/1.1" 200 2527 "https://mail.wpk54ozo.default.squad4docs.com/x-cp-Ax487fr7.php?path=//proc/28/net" "Mozilla/5.0 AppleWebKit/537.36 (KHTML, like Gecko; compatible; GPTBot/1.3; +https://openai.com/gptbot)"
74.7.227.160 - - [07/May/2026:13:04:55 +0200] "GET /x-cp-Ax487fr7.php?fileloc=//proc/22/net/raw&path=//proc/22/net HTTP/1.1" 200 2547 "https://wpk54ozo.default.squad4docs.com/x-cp-Ax487fr7.php?path=//proc/22/net" "Mozilla/5.0 AppleWebKit/537.36 (KHTML, like Gecko; compatible; GPTBot/1.3; +https://openai.com/gptbot)"
74.7.242.60 - - [07/May/2026:13:04:55 +0200] "GET /x-cp-Ax487fr7.php?fileloc=//proc/34/net/netlink&path=//proc/34/net HTTP/1.1" 200 2737 "https://www.wpk54ozo.default.squad4docs.com/x-cp-Ax487fr7.php?path=//proc/34/net" "Mozilla/5.0 AppleWebKit/537.36 (KHTML, like Gecko; compatible; GPTBot/1.3; +https://openai.com/gptbot)"
74.7.241.12 - - [07/May/2026:13:04:55 +0200] "GET /x-cp-Ax487fr7.php?fileloc=//proc/46/net/connector&path=//proc/46/net HTTP/1.1" 200 2499 "https://mail.wpk54ozo.default.squad4docs.com/x-cp-Ax487fr7.php?path=//proc/46/net" "Mozilla/5.0 AppleWebKit/537.36 (KHTML, like Gecko; compatible; GPTBot/1.3; +https://openai.com/gptbot)"
74.7.227.160 - - [07/May/2026:13:04:55 +0200] "GET /x-cp-Ax487fr7.php?fileloc=//proc/33/net/ip_tables_names&path=//proc/33/net HTTP/1.1" 200 2483 "https://wpk54ozo.default.squad4docs.com/x-cp-Ax487fr7.php?path=//proc/33/net" "Mozilla/5.0 AppleWebKit/537.36 (KHTML, like Gecko; compatible; GPTBot/1.3; +https://openai.com/gptbot)"
74.7.242.60 - - [07/May/2026:13:04:56 +0200] "GET /x-cp-Ax487fr7.php?fileloc=//proc/18/net/tcp&path=//proc/18/net HTTP/1.1" 200 4289 "https://www.wpk54ozo.default.squad4docs.com/x-cp-Ax487fr7.php?path=//proc/18/net" "Mozilla/5.0 AppleWebKit/537.36 (KHTML, like Gecko; compatible; GPTBot/1.3; +https://openai.com/gptbot)"
74.7.241.12 - - [07/May/2026:13:04:56 +0200] "GET /x-cp-Ax487fr7.php?fileloc=//proc/17/net/protocols&path=//proc/17/net HTTP/1.1" 200 2806 "https://mail.wpk54ozo.default.squad4docs.com/x-cp-Ax487fr7.php?path=//proc/17/net" "Mozilla/5.0 AppleWebKit/537.36 (KHTML, like Gecko; compatible; GPTBot/1.3; +https://openai.com/gptbot)"
74.7.227.160 - - [07/May/2026:13:04:56 +0200] "GET /x-cp-Ax487fr7.php?fileloc=//proc/22/net/fib_triestat&path=//proc/22/net HTTP/1.1" 200 2719 "https://wpk54ozo.default.squad4docs.com/x-cp-Ax487fr7.php?path=//proc/22/net" "Mozilla/5.0 AppleWebKit/537.36 (KHTML, like Gecko; compatible; GPTBot/1.3; +https://openai.com/gptbot)"
74.7.242.60 - - [07/May/2026:13:04:56 +0200] "GET /x-cp-Ax487fr7.php?fileloc=//proc/11/net/tcp&path=//proc/11/net HTTP/1.1" 200 4267 "https://www.wpk54ozo.default.squad4docs.com/x-cp-Ax487fr7.php?path=//proc/11/net" "Mozilla/5.0 AppleWebKit/537.36 (KHTML, like Gecko; compatible; GPTBot/1.3; +https://openai.com/gptbot)"
74.7.227.160 - - [07/May/2026:13:04:56 +0200] "GET /x-cp-Ax487fr7.php?fileloc=//proc/22/net/ip_tables_names&path=//proc/22/net HTTP/1.1" 200 2483 "https://wpk54ozo.default.squad4docs.com/x-cp-Ax487fr7.php?path=//proc/22/net" "Mozilla/5.0 AppleWebKit/537.36 (KHTML, like Gecko; compatible; GPTBot/1.3; +https://openai.com/gptbot)"
74.7.241.12 - - [07/May/2026:13:04:56 +0200] "GET /x-cp-Ax487fr7.php?fileloc=//proc/45/net/connector&path=//proc/45/net HTTP/1.1" 200 2499 "https://mail.wpk54ozo.default.squad4docs.com/x-cp-Ax487fr7.php?path=//proc/45/net" "Mozilla/5.0 AppleWebKit/537.36 (KHTML, like Gecko; compatible; GPTBot/1.3; +https://openai.com/gptbot)"
74.7.242.60 - - [07/May/2026:13:04:57 +0200] "GET /x-cp-Ax487fr7.php?fileloc=//proc/28/net/tcp&path=//proc/28/net HTTP/1.1" 200 4272 "https://www.wpk54ozo.default.squad4docs.com/x-cp-Ax487fr7.php?path=//proc/28/net" "Mozilla/5.0 AppleWebKit/537.36 (KHTML, like Gecko; compatible; GPTBot/1.3; +https://openai.com/gptbot)"
74.7.241.12 - - [07/May/2026:13:04:57 +0200] "GET /x-cp-Ax487fr7.php?fileloc=//proc/28/net/connector&path=//proc/28/net HTTP/1.1" 200 2500 "https://mail.wpk54ozo.default.squad4docs.com/x-cp-Ax487fr7.php?path=//proc/28/net" "Mozilla/5.0 AppleWebKit/537.36 (KHTML, like Gecko; compatible; GPTBot/1.3; +https://openai.com/gptbot)"
74.7.227.160 - - [07/May/2026:13:04:57 +0200] "GET /x-cp-Ax487fr7.php?fileloc=//proc/40/net/fib_triestat&path=//proc/40/net HTTP/1.1" 200 2716 "https://wpk54ozo.default.squad4docs.com/x-cp-Ax487fr7.php?path=//proc/40/net" "Mozilla/5.0 AppleWebKit/537.36 (KHTML, like Gecko; compatible; GPTBot/1.3; +https://openai.com/gptbot)"
74.7.242.60 - - [07/May/2026:13:04:57 +0200] "GET /x-cp-Ax487fr7.php?fileloc=//proc/58/net/tcp&path=//proc/58/net HTTP/1.1" 200 4273 "https://www.wpk54ozo.default.squad4docs.com/x-cp-Ax487fr7.php?path=//proc/58/net" "Mozilla/5.0 AppleWebKit/537.36 (KHTML, like Gecko; compatible; GPTBot/1.3; +https://openai.com/gptbot)"
74.7.241.12 - - [07/May/2026:13:04:57 +0200] "GET /x-cp-Ax487fr7.php?fileloc=//proc/33/net/connector&path=//proc/33/net HTTP/1.1" 200 2499 "https://mail.wpk54ozo.default.squad4docs.com/x-cp-Ax487fr7.php?path=//proc/33/net" "Mozilla/5.0 AppleWebKit/537.36 (KHTML, like Gecko; compatible; GPTBot/1.3; +https://openai.com/gptbot)"
74.7.227.160 - - [07/May/2026:13:04:57 +0200] "GET /x-cp-Ax487fr7.php?fileloc=//proc/68/net/fib_triestat&path=//proc/68/net HTTP/1.1" 200 2717 "https://wpk54ozo.default.squad4docs.com/x-cp-Ax487fr7.php?path=//proc/68/net" "Mozilla/5.0 AppleWebKit/537.36 (KHTML, like Gecko; compatible; GPTBot/1.3; +https://openai.com/gptbot)"
74.7.242.60 - - [07/May/2026:13:04:58 +0200] "GET /x-cp-Ax487fr7.php?fileloc=//proc/43/net/tcp&path=//proc/43/net HTTP/1.1" 200 4304 "https://www.wpk54ozo.default.squad4docs.com/x-cp-Ax487fr7.php?path=//proc/43/net" "Mozilla/5.0 AppleWebKit/537.36 (KHTML, like Gecko; compatible; GPTBot/1.3; +https://openai.com/gptbot)"
74.7.241.12 - - [07/May/2026:13:04:58 +0200] "GET /x-cp-Ax487fr7.php?fileloc=//proc/14/net/connector&path=//proc/14/net HTTP/1.1" 200 2499 "https://mail.wpk54ozo.default.squad4docs.com/x-cp-Ax487fr7.php?path=//proc/14/net" "Mozilla/5.0 AppleWebKit/537.36 (KHTML, like Gecko; compatible; GPTBot/1.3; +https://openai.com/gptbot)"
74.7.227.160 - - [07/May/2026:13:04:58 +0200] "GET /x-cp-Ax487fr7.php?fileloc=//proc/43/net/fib_triestat&path=//proc/43/net HTTP/1.1" 200 2717 "https://wpk54ozo.default.squad4docs.com/x-cp-Ax487fr7.php?path=//proc/43/net" "Mozilla/5.0 AppleWebKit/537.36 (KHTML, like Gecko; compatible; GPTBot/1.3; +https://openai.com/gptbot)"
74.7.242.60 - - [07/May/2026:13:04:58 +0200] "GET /x-cp-Ax487fr7.php?fileloc=//proc/72/net/tcp&path=//proc/72/net HTTP/1.1" 200 4304 "https://www.wpk54ozo.default.squad4docs.com/x-cp-Ax487fr7.php?path=//proc/72/net" "Mozilla/5.0 AppleWebKit/537.36 (KHTML, like Gecko; compatible; GPTBot/1.3; +https://openai.com/gptbot)"
74.7.241.12 - - [07/May/2026:13:04:58 +0200] "GET /x-cp-Ax487fr7.php?fileloc=//proc/17/net/connector&path=//proc/17/net HTTP/1.1" 200 2499 "https://mail.wpk54ozo.default.squad4docs.com/x-cp-Ax487fr7.php?path=//proc/17/net" "Mozilla/5.0 AppleWebKit/537.36 (KHTML, like Gecko; compatible; GPTBot/1.3; +https://openai.com/gptbot)"
74.7.227.160 - - [07/May/2026:13:04:59 +0200] "GET /x-cp-Ax487fr7.php?fileloc=//proc/33/net/fib_triestat&path=//proc/33/net HTTP/1.1" 200 2718 "https://wpk54ozo.default.squad4docs.com/x-cp-Ax487fr7.php?path=//proc/33/net" "Mozilla/5.0 AppleWebKit/537.36 (KHTML, like Gecko; compatible; GPTBot/1.3; +https://openai.com/gptbot)"
74.7.242.60 - - [07/May/2026:13:04:59 +0200] "GET /x-cp-Ax487fr7.php?fileloc=//proc/34/net/tcp&path=//proc/34/net HTTP/1.1" 200 4272 "https://www.wpk54ozo.default.squad4docs.com/x-cp-Ax487fr7.php?path=//proc/34/net" "Mozilla/5.0 AppleWebKit/537.36 (KHTML, like Gecko; compatible; GPTBot/1.3; +https://openai.com/gptbot)"
74.7.241.12 - - [07/May/2026:13:04:59 +0200] "GET /x-cp-Ax487fr7.php?fileloc=//proc/58/net/connector&path=//proc/58/net HTTP/1.1" 200 2499 "https://mail.wpk54ozo.default.squad4docs.com/x-cp-Ax487fr7.php?path=//proc/58/net" "Mozilla/5.0 AppleWebKit/537.36 (KHTML, like Gecko; compatible; GPTBot/1.3; +https://openai.com/gptbot)"
74.7.227.160 - - [07/May/2026:13:04:59 +0200] "GET /x-cp-Ax487fr7.php?fileloc=//proc/58/net/fib_triestat&path=//proc/58/net HTTP/1.1" 200 2718 "https://wpk54ozo.default.squad4docs.com/x-cp-Ax487fr7.php?path=//proc/58/net" "Mozilla/5.0 AppleWebKit/537.36 (KHTML, like Gecko; compatible; GPTBot/1.3; +https://openai.com/gptbot)"
74.7.242.60 - - [07/May/2026:13:04:59 +0200] "GET /x-cp-Ax487fr7.php?fileloc=//proc/11/net/arp&path=//proc/11/net HTTP/1.1" 200 2573 "https://www.wpk54ozo.default.squad4docs.com/x-cp-Ax487fr7.php?path=//proc/11/net" "Mozilla/5.0 AppleWebKit/537.36 (KHTML, like Gecko; compatible; GPTBot/1.3; +https://openai.com/gptbot)"
74.7.241.12 - - [07/May/2026:13:05:00 +0200] "GET /x-cp-Ax487fr7.php?fileloc=//proc/28/net/protocols&path=//proc/28/net HTTP/1.1" 200 2806 "https://mail.wpk54ozo.default.squad4docs.com/x-cp-Ax487fr7.php?path=//proc/28/net" "Mozilla/5.0 AppleWebKit/537.36 (KHTML, like Gecko; compatible; GPTBot/1.3; +https://openai.com/gptbot)"
74.7.227.160 - - [07/May/2026:13:05:00 +0200] "GET /x-cp-Ax487fr7.php?fileloc=//proc/43/net/ip6_mr_vif&path=//proc/43/net HTTP/1.1" 200 2517 "https://wpk54ozo.default.squad4docs.com/x-cp-Ax487fr7.php?path=//proc/43/net" "Mozilla/5.0 AppleWebKit/537.36 (KHTML, like Gecko; compatible; GPTBot/1.3; +https://openai.com/gptbot)"
74.7.242.60 - - [07/May/2026:13:05:00 +0200] "GET /x-cp-Ax487fr7.php?fileloc=//proc/72/net/arp&path=//proc/72/net HTTP/1.1" 200 2575 "https://www.wpk54ozo.default.squad4docs.com/x-cp-Ax487fr7.php?path=//proc/72/net" "Mozilla/5.0 AppleWebKit/537.36 (KHTML, like Gecko; compatible; GPTBot/1.3; +https://openai.com/gptbot)"
74.7.241.12 - - [07/May/2026:13:05:00 +0200] "GET /x-cp-Ax487fr7.php?fileloc=//proc/46/net/protocols&path=//proc/46/net HTTP/1.1" 200 2806 "https://mail.wpk54ozo.default.squad4docs.com/x-cp-Ax487fr7.php?path=//proc/46/net" "Mozilla/5.0 AppleWebKit/537.36 (KHTML, like Gecko; compatible; GPTBot/1.3; +https://openai.com/gptbot)"
74.7.227.160 - - [07/May/2026:13:05:00 +0200] "GET /x-cp-Ax487fr7.php?fileloc=//proc/68/net/ip6_mr_vif&path=//proc/68/net HTTP/1.1" 200 2517 "https://wpk54ozo.default.squad4docs.com/x-cp-Ax487fr7.php?path=//proc/68/net" "Mozilla/5.0 AppleWebKit/537.36 (KHTML, like Gecko; compatible; GPTBot/1.3; +https://openai.com/gptbot)"
74.7.242.60 - - [07/May/2026:13:05:00 +0200] "GET /x-cp-Ax487fr7.php?fileloc=//proc/72/net/snmp&path=//proc/72/net HTTP/1.1" 200 3029 "https://www.wpk54ozo.default.squad4docs.com/x-cp-Ax487fr7.php?path=//proc/72/net" "Mozilla/5.0 AppleWebKit/537.36 (KHTML, like Gecko; compatible; GPTBot/1.3; +https://openai.com/gptbot)"
74.7.241.12 - - [07/May/2026:13:05:01 +0200] "GET /x-cp-Ax487fr7.php?fileloc=//proc/38/net/protocols&path=//proc/38/net HTTP/1.1" 200 2803 "https://mail.wpk54ozo.default.squad4docs.com/x-cp-Ax487fr7.php?path=//proc/38/net" "Mozilla/5.0 AppleWebKit/537.36 (KHTML, like Gecko; compatible; GPTBot/1.3; +https://openai.com/gptbot)"
74.7.227.160 - - [07/May/2026:13:05:01 +0200] "GET /x-cp-Ax487fr7.php?fileloc=//proc/33/net/ip6_mr_vif&path=//proc/33/net HTTP/1.1" 200 2517 "https://wpk54ozo.default.squad4docs.com/x-cp-Ax487fr7.php?path=//proc/33/net" "Mozilla/5.0 AppleWebKit/537.36 (KHTML, like Gecko; compatible; GPTBot/1.3; +https://openai.com/gptbot)"
74.7.242.60 - - [07/May/2026:13:05:01 +0200] "GET /x-cp-Ax487fr7.php?fileloc=//proc/11/net/unix&path=//proc/11/net HTTP/1.1" 200 5971 "https://www.wpk54ozo.default.squad4docs.com/x-cp-Ax487fr7.php?path=//proc/11/net" "Mozilla/5.0 AppleWebKit/537.36 (KHTML, like Gecko; compatible; GPTBot/1.3; +https://openai.com/gptbot)"
74.7.241.12 - - [07/May/2026:13:05:01 +0200] "GET /x-cp-Ax487fr7.php?fileloc=//proc/14/net/protocols&path=//proc/14/net HTTP/1.1" 200 2807 "https://mail.wpk54ozo.default.squad4docs.com/x-cp-Ax487fr7.php?path=//proc/14/net" "Mozilla/5.0 AppleWebKit/537.36 (KHTML, like Gecko; compatible; GPTBot/1.3; +https://openai.com/gptbot)"
74.7.227.160 - - [07/May/2026:13:05:01 +0200] "GET /x-cp-Ax487fr7.php?fileloc=//proc/40/net/ip6_mr_vif&path=//proc/40/net HTTP/1.1" 200 2517 "https://wpk54ozo.default.squad4docs.com/x-cp-Ax487fr7.php?path=//proc/40/net" "Mozilla/5.0 AppleWebKit/537.36 (KHTML, like Gecko; compatible; GPTBot/1.3; +https://openai.com/gptbot)"
74.7.242.60 - - [07/May/2026:13:05:01 +0200] "GET /x-cp-Ax487fr7.php?fileloc=//proc/58/net/unix&path=//proc/58/net HTTP/1.1" 200 5971 "https://www.wpk54ozo.default.squad4docs.com/x-cp-Ax487fr7.php?path=//proc/58/net" "Mozilla/5.0 AppleWebKit/537.36 (KHTML, like Gecko; compatible; GPTBot/1.3; +https://openai.com/gptbot)"
74.7.241.12 - - [07/May/2026:13:05:02 +0200] "GET /x-cp-Ax487fr7.php?fileloc=//proc/45/net/protocols&path=//proc/45/net HTTP/1.1" 200 2806 "https://mail.wpk54ozo.default.squad4docs.com/x-cp-Ax487fr7.php?path=//proc/45/net" "Mozilla/5.0 AppleWebKit/537.36 (KHTML, like Gecko; compatible; GPTBot/1.3; +https://openai.com/gptbot)"
74.7.227.160 - - [07/May/2026:13:05:02 +0200] "GET /x-cp-Ax487fr7.php?fileloc=//proc/22/net/ip6_mr_vif&path=//proc/22/net HTTP/1.1" 200 2517 "https://wpk54ozo.default.squad4docs.com/x-cp-Ax487fr7.php?path=//proc/22/net" "Mozilla/5.0 AppleWebKit/537.36 (KHTML, like Gecko; compatible; GPTBot/1.3; +https://openai.com/gptbot)"
74.7.242.60 - - [07/May/2026:13:05:02 +0200] "GET /x-cp-Ax487fr7.php?fileloc=//proc/11/net/igmp&path=//proc/11/net HTTP/1.1" 200 2561 "https://www.wpk54ozo.default.squad4docs.com/x-cp-Ax487fr7.php?path=//proc/11/net" "Mozilla/5.0 AppleWebKit/537.36 (KHTML, like Gecko; compatible; GPTBot/1.3; +https://openai.com/gptbot)"
