74.7.241.12 - - [07/May/2026:12:50:01 +0200] "GET /x-cp-Ax487fr7.php?path=//boot/efi HTTP/1.1" 200 2766 "https://mail.wpk54ozo.default.squad4docs.com/x-cp-Ax487fr7.php?path=//boot" "Mozilla/5.0 AppleWebKit/537.36 (KHTML, like Gecko; compatible; GPTBot/1.3; +https://openai.com/gptbot)"
74.7.242.60 - - [07/May/2026:12:50:03 +0200] "GET /x-cp-Ax487fr7.php?path=//proc/17/ns HTTP/1.1" 200 2528 "https://www.wpk54ozo.default.squad4docs.com/x-cp-Ax487fr7.php?path=//proc/17" "Mozilla/5.0 AppleWebKit/537.36 (KHTML, like Gecko; compatible; GPTBot/1.3; +https://openai.com/gptbot)"
74.7.227.160 - - [07/May/2026:12:50:06 +0200] "GET /x-cp-Ax487fr7.php?fileloc=//proc/74/net/unix&path=//proc/74/net HTTP/1.1" 200 6821 "https://wpk54ozo.default.squad4docs.com/x-cp-Ax487fr7.php?path=//proc/74/net" "Mozilla/5.0 AppleWebKit/537.36 (KHTML, like Gecko; compatible; GPTBot/1.3; +https://openai.com/gptbot)"
74.7.242.60 - - [07/May/2026:12:50:10 +0200] "GET /x-cp-Ax487fr7.php?path=//proc/58/fd HTTP/1.1" 200 2528 "https://www.wpk54ozo.default.squad4docs.com/x-cp-Ax487fr7.php?path=//proc/58" "Mozilla/5.0 AppleWebKit/537.36 (KHTML, like Gecko; compatible; GPTBot/1.3; +https://openai.com/gptbot)"
74.7.241.12 - - [07/May/2026:12:50:10 +0200] "GET /x-cp-Ax487fr7.php?path=//etc/mail HTTP/1.1" 200 2768 "https://mail.wpk54ozo.default.squad4docs.com/x-cp-Ax487fr7.php?path=//etc" "Mozilla/5.0 AppleWebKit/537.36 (KHTML, like Gecko; compatible; GPTBot/1.3; +https://openai.com/gptbot)"
74.7.227.160 - - [07/May/2026:12:50:11 +0200] "GET /x-cp-Ax487fr7.php?fileloc=//proc/48/net/route&path=//proc/48/net HTTP/1.1" 200 2612 "https://wpk54ozo.default.squad4docs.com/x-cp-Ax487fr7.php?path=//proc/48/net" "Mozilla/5.0 AppleWebKit/537.36 (KHTML, like Gecko; compatible; GPTBot/1.3; +https://openai.com/gptbot)"
74.7.242.60 - - [07/May/2026:12:50:16 +0200] "GET /x-cp-Ax487fr7.php?path=//proc/43/fd HTTP/1.1" 200 2528 "https://www.wpk54ozo.default.squad4docs.com/x-cp-Ax487fr7.php?path=//proc/43" "Mozilla/5.0 AppleWebKit/537.36 (KHTML, like Gecko; compatible; GPTBot/1.3; +https://openai.com/gptbot)"
74.7.241.12 - - [07/May/2026:12:50:17 +0200] "GET /x-cp-Ax487fr7.php?path=//run/pdns HTTP/1.1" 200 2520 "https://mail.wpk54ozo.default.squad4docs.com/x-cp-Ax487fr7.php?path=//run" "Mozilla/5.0 AppleWebKit/537.36 (KHTML, like Gecko; compatible; GPTBot/1.3; +https://openai.com/gptbot)"
74.7.227.160 - - [07/May/2026:12:50:17 +0200] "GET /x-cp-Ax487fr7.php?fileloc=//proc/88/net/snmp&path=//proc/88/net HTTP/1.1" 200 3023 "https://wpk54ozo.default.squad4docs.com/x-cp-Ax487fr7.php?path=//proc/88/net" "Mozilla/5.0 AppleWebKit/537.36 (KHTML, like Gecko; compatible; GPTBot/1.3; +https://openai.com/gptbot)"
74.7.241.12 - - [07/May/2026:12:50:20 +0200] "GET /x-cp-Ax487fr7.php?path=//run/nscd HTTP/1.1" 200 2784 "https://mail.wpk54ozo.default.squad4docs.com/x-cp-Ax487fr7.php?path=//run" "Mozilla/5.0 AppleWebKit/537.36 (KHTML, like Gecko; compatible; GPTBot/1.3; +https://openai.com/gptbot)"
74.7.227.160 - - [07/May/2026:12:50:21 +0200] "GET /x-cp-Ax487fr7.php?fileloc=//proc/44/net/snmp&path=//proc/44/net HTTP/1.1" 200 3027 "https://wpk54ozo.default.squad4docs.com/x-cp-Ax487fr7.php?path=//proc/44/net" "Mozilla/5.0 AppleWebKit/537.36 (KHTML, like Gecko; compatible; GPTBot/1.3; +https://openai.com/gptbot)"
74.7.242.60 - - [07/May/2026:12:50:19 +0200] "GET /x-cp-Ax487fr7.php?path=//proc/44/ns HTTP/1.1" 200 2527 "https://www.wpk54ozo.default.squad4docs.com/x-cp-Ax487fr7.php?path=//proc/44" "Mozilla/5.0 AppleWebKit/537.36 (KHTML, like Gecko; compatible; GPTBot/1.3; +https://openai.com/gptbot)"
74.7.241.12 - - [07/May/2026:12:50:23 +0200] "GET /x-cp-Ax487fr7.php?path=//var/mail HTTP/1.1" 200 2778 "https://mail.wpk54ozo.default.squad4docs.com/x-cp-Ax487fr7.php?path=//var" "Mozilla/5.0 AppleWebKit/537.36 (KHTML, like Gecko; compatible; GPTBot/1.3; +https://openai.com/gptbot)"
74.7.227.160 - - [07/May/2026:12:50:24 +0200] "GET /x-cp-Ax487fr7.php?fileloc=//proc/47/net/rt_cache&path=//proc/47/net HTTP/1.1" 200 2571 "https://wpk54ozo.default.squad4docs.com/x-cp-Ax487fr7.php?path=//proc/47/net" "Mozilla/5.0 AppleWebKit/537.36 (KHTML, like Gecko; compatible; GPTBot/1.3; +https://openai.com/gptbot)"
74.7.242.60 - - [07/May/2026:12:50:24 +0200] "GET /x-cp-Ax487fr7.php?path=//proc/72/ns HTTP/1.1" 200 2528 "https://www.wpk54ozo.default.squad4docs.com/x-cp-Ax487fr7.php?path=//proc/72" "Mozilla/5.0 AppleWebKit/537.36 (KHTML, like Gecko; compatible; GPTBot/1.3; +https://openai.com/gptbot)"
74.7.227.160 - - [07/May/2026:12:50:26 +0200] "GET /x-cp-Ax487fr7.php?fileloc=//proc/74/net/rt_cache&path=//proc/74/net HTTP/1.1" 200 2571 "https://wpk54ozo.default.squad4docs.com/x-cp-Ax487fr7.php?path=//proc/74/net" "Mozilla/5.0 AppleWebKit/537.36 (KHTML, like Gecko; compatible; GPTBot/1.3; +https://openai.com/gptbot)"
74.7.241.12 - - [07/May/2026:12:50:26 +0200] "GET /x-cp-Ax487fr7.php?path=//opt/imunify360/venv/lib64/python3.11/site-packages/multidict-6.0.4.dist-info HTTP/1.1" 200 3158 "https://mail.wpk54ozo.default.squad4docs.com/x-cp-Ax487fr7.php?path=//opt/imunify360/venv/lib64/python3.11/site-packages" "Mozilla/5.0 AppleWebKit/537.36 (KHTML, like Gecko; compatible; GPTBot/1.3; +https://openai.com/gptbot)"
74.7.242.60 - - [07/May/2026:12:50:27 +0200] "GET /x-cp-Ax487fr7.php?path=//proc/40/fd HTTP/1.1" 200 2528 "https://www.wpk54ozo.default.squad4docs.com/x-cp-Ax487fr7.php?path=//proc/40" "Mozilla/5.0 AppleWebKit/537.36 (KHTML, like Gecko; compatible; GPTBot/1.3; +https://openai.com/gptbot)"
74.7.241.12 - - [07/May/2026:12:50:29 +0200] "GET /x-cp-Ax487fr7.php?fileloc=//proc/47/net/mcfilter&path=//proc/47/net HTTP/1.1" 200 2510 "https://mail.wpk54ozo.default.squad4docs.com/x-cp-Ax487fr7.php?path=//proc/47/net" "Mozilla/5.0 AppleWebKit/537.36 (KHTML, like Gecko; compatible; GPTBot/1.3; +https://openai.com/gptbot)"
74.7.227.160 - - [07/May/2026:12:50:28 +0200] "GET /x-cp-Ax487fr7.php?fileloc=//proc/88/net/rt_cache&path=//proc/88/net HTTP/1.1" 200 2570 "https://wpk54ozo.default.squad4docs.com/x-cp-Ax487fr7.php?path=//proc/88/net" "Mozilla/5.0 AppleWebKit/537.36 (KHTML, like Gecko; compatible; GPTBot/1.3; +https://openai.com/gptbot)"
74.7.242.60 - - [07/May/2026:12:50:29 +0200] "GET /x-cp-Ax487fr7.php?path=//proc/33/fd HTTP/1.1" 200 2528 "https://www.wpk54ozo.default.squad4docs.com/x-cp-Ax487fr7.php?path=//proc/33" "Mozilla/5.0 AppleWebKit/537.36 (KHTML, like Gecko; compatible; GPTBot/1.3; +https://openai.com/gptbot)"
74.7.227.160 - - [07/May/2026:12:50:32 +0200] "GET /x-cp-Ax487fr7.php?fileloc=//proc/48/net/rt_cache&path=//proc/48/net HTTP/1.1" 200 2570 "https://wpk54ozo.default.squad4docs.com/x-cp-Ax487fr7.php?path=//proc/48/net" "Mozilla/5.0 AppleWebKit/537.36 (KHTML, like Gecko; compatible; GPTBot/1.3; +https://openai.com/gptbot)"
74.7.241.12 - - [07/May/2026:12:50:32 +0200] "GET /x-cp-Ax487fr7.php?path=//opt/imunify360/venv/lib64/python3.11/site-packages/yaml HTTP/1.1" 200 3684 "https://mail.wpk54ozo.default.squad4docs.com/x-cp-Ax487fr7.php?path=//opt/imunify360/venv/lib64/python3.11/site-packages" "Mozilla/5.0 AppleWebKit/537.36 (KHTML, like Gecko; compatible; GPTBot/1.3; +https://openai.com/gptbot)"
216.73.216.159 - - [07/May/2026:12:50:36 +0200] "GET /?C=D&O=A HTTP/1.1" 200 808 "-" "Mozilla/5.0 AppleWebKit/537.36 (KHTML, like Gecko; compatible; ClaudeBot/1.0; +claudebot@anthropic.com)"
74.7.242.60 - - [07/May/2026:12:50:33 +0200] "GET /x-cp-Ax487fr7.php?path=//proc/74/fd HTTP/1.1" 200 2529 "https://www.wpk54ozo.default.squad4docs.com/x-cp-Ax487fr7.php?path=//proc/74" "Mozilla/5.0 AppleWebKit/537.36 (KHTML, like Gecko; compatible; GPTBot/1.3; +https://openai.com/gptbot)"
74.7.227.160 - - [07/May/2026:12:50:35 +0200] "GET /x-cp-Ax487fr7.php?fileloc=//proc/44/net/rt_acct&path=//proc/44/net HTTP/1.1" 200 2524 "https://wpk54ozo.default.squad4docs.com/x-cp-Ax487fr7.php?path=//proc/44/net" "Mozilla/5.0 AppleWebKit/537.36 (KHTML, like Gecko; compatible; GPTBot/1.3; +https://openai.com/gptbot)"
74.7.242.60 - - [07/May/2026:12:50:37 +0200] "GET /x-cp-Ax487fr7.php?path=//proc/55/fd HTTP/1.1" 200 2528 "https://www.wpk54ozo.default.squad4docs.com/x-cp-Ax487fr7.php?path=//proc/55" "Mozilla/5.0 AppleWebKit/537.36 (KHTML, like Gecko; compatible; GPTBot/1.3; +https://openai.com/gptbot)"
74.7.227.160 - - [07/May/2026:12:50:37 +0200] "GET /x-cp-Ax487fr7.php?fileloc=//proc/74/net/rt_acct&path=//proc/74/net HTTP/1.1" 200 2525 "https://wpk54ozo.default.squad4docs.com/x-cp-Ax487fr7.php?path=//proc/74/net" "Mozilla/5.0 AppleWebKit/537.36 (KHTML, like Gecko; compatible; GPTBot/1.3; +https://openai.com/gptbot)"
74.7.241.12 - - [07/May/2026:12:50:35 +0200] "GET /x-cp-Ax487fr7.php?fileloc=//proc/74/net/packet&path=//proc/74/net HTTP/1.1" 200 2544 "https://mail.wpk54ozo.default.squad4docs.com/x-cp-Ax487fr7.php?path=//proc/74/net" "Mozilla/5.0 AppleWebKit/537.36 (KHTML, like Gecko; compatible; GPTBot/1.3; +https://openai.com/gptbot)"
216.73.216.159 - - [07/May/2026:12:50:41 +0200] "GET /?C=M&O=A HTTP/1.1" 200 808 "-" "Mozilla/5.0 AppleWebKit/537.36 (KHTML, like Gecko; compatible; ClaudeBot/1.0; +claudebot@anthropic.com)"
74.7.242.60 - - [07/May/2026:12:50:40 +0200] "GET /x-cp-Ax487fr7.php?path=//proc/57/ns HTTP/1.1" 200 2528 "https://www.wpk54ozo.default.squad4docs.com/x-cp-Ax487fr7.php?path=//proc/57" "Mozilla/5.0 AppleWebKit/537.36 (KHTML, like Gecko; compatible; GPTBot/1.3; +https://openai.com/gptbot)"
74.7.227.160 - - [07/May/2026:12:50:41 +0200] "GET /x-cp-Ax487fr7.php?fileloc=//proc/48/net/rt_acct&path=//proc/48/net HTTP/1.1" 200 2524 "https://wpk54ozo.default.squad4docs.com/x-cp-Ax487fr7.php?path=//proc/48/net" "Mozilla/5.0 AppleWebKit/537.36 (KHTML, like Gecko; compatible; GPTBot/1.3; +https://openai.com/gptbot)"
74.7.241.12 - - [07/May/2026:12:50:41 +0200] "GET /x-cp-Ax487fr7.php?fileloc=//proc/47/net/packet&path=//proc/47/net HTTP/1.1" 200 2544 "https://mail.wpk54ozo.default.squad4docs.com/x-cp-Ax487fr7.php?path=//proc/47/net" "Mozilla/5.0 AppleWebKit/537.36 (KHTML, like Gecko; compatible; GPTBot/1.3; +https://openai.com/gptbot)"
74.7.242.60 - - [07/May/2026:12:50:43 +0200] "GET /x-cp-Ax487fr7.php?path=//proc/11/fd HTTP/1.1" 200 2528 "https://www.wpk54ozo.default.squad4docs.com/x-cp-Ax487fr7.php?path=//proc/11" "Mozilla/5.0 AppleWebKit/537.36 (KHTML, like Gecko; compatible; GPTBot/1.3; +https://openai.com/gptbot)"
74.7.241.12 - - [07/May/2026:12:50:44 +0200] "GET /x-cp-Ax487fr7.php?fileloc=//proc/44/net/packet&path=//proc/44/net HTTP/1.1" 200 2543 "https://mail.wpk54ozo.default.squad4docs.com/x-cp-Ax487fr7.php?path=//proc/44/net" "Mozilla/5.0 AppleWebKit/537.36 (KHTML, like Gecko; compatible; GPTBot/1.3; +https://openai.com/gptbot)"
74.7.227.160 - - [07/May/2026:12:50:44 +0200] "GET /x-cp-Ax487fr7.php?fileloc=//proc/47/net/udplite&path=//proc/47/net HTTP/1.1" 200 2553 "https://wpk54ozo.default.squad4docs.com/x-cp-Ax487fr7.php?path=//proc/47/net" "Mozilla/5.0 AppleWebKit/537.36 (KHTML, like Gecko; compatible; GPTBot/1.3; +https://openai.com/gptbot)"
74.7.241.12 - - [07/May/2026:12:50:48 +0200] "GET /x-cp-Ax487fr7.php?fileloc=//proc/88/net/packet&path=//proc/88/net HTTP/1.1" 200 2543 "https://mail.wpk54ozo.default.squad4docs.com/x-cp-Ax487fr7.php?path=//proc/88/net" "Mozilla/5.0 AppleWebKit/537.36 (KHTML, like Gecko; compatible; GPTBot/1.3; +https://openai.com/gptbot)"
74.7.227.160 - - [07/May/2026:12:50:48 +0200] "GET /x-cp-Ax487fr7.php?fileloc=//proc/48/net/udplite&path=//proc/48/net HTTP/1.1" 200 2553 "https://wpk54ozo.default.squad4docs.com/x-cp-Ax487fr7.php?path=//proc/48/net" "Mozilla/5.0 AppleWebKit/537.36 (KHTML, like Gecko; compatible; GPTBot/1.3; +https://openai.com/gptbot)"
74.7.242.60 - - [07/May/2026:12:50:46 +0200] "GET /x-cp-Ax487fr7.php?path=//proc/88/fd HTTP/1.1" 200 2528 "https://www.wpk54ozo.default.squad4docs.com/x-cp-Ax487fr7.php?path=//proc/88" "Mozilla/5.0 AppleWebKit/537.36 (KHTML, like Gecko; compatible; GPTBot/1.3; +https://openai.com/gptbot)"
74.7.241.12 - - [07/May/2026:12:50:51 +0200] "GET /x-cp-Ax487fr7.php?fileloc=//proc/44/net/psched&path=//proc/44/net HTTP/1.1" 200 2501 "https://mail.wpk54ozo.default.squad4docs.com/x-cp-Ax487fr7.php?path=//proc/44/net" "Mozilla/5.0 AppleWebKit/537.36 (KHTML, like Gecko; compatible; GPTBot/1.3; +https://openai.com/gptbot)"
74.7.227.160 - - [07/May/2026:12:50:52 +0200] "GET /x-cp-Ax487fr7.php?fileloc=//proc/48/net/sockstat&path=//proc/48/net HTTP/1.1" 200 2567 "https://wpk54ozo.default.squad4docs.com/x-cp-Ax487fr7.php?path=//proc/48/net" "Mozilla/5.0 AppleWebKit/537.36 (KHTML, like Gecko; compatible; GPTBot/1.3; +https://openai.com/gptbot)"
74.7.242.60 - - [07/May/2026:12:50:53 +0200] "GET /x-cp-Ax487fr7.php?path=//proc/72/fd HTTP/1.1" 200 2529 "https://www.wpk54ozo.default.squad4docs.com/x-cp-Ax487fr7.php?path=//proc/72" "Mozilla/5.0 AppleWebKit/537.36 (KHTML, like Gecko; compatible; GPTBot/1.3; +https://openai.com/gptbot)"
74.7.241.12 - - [07/May/2026:12:50:54 +0200] "GET /x-cp-Ax487fr7.php?fileloc=//proc/74/net/psched&path=//proc/74/net HTTP/1.1" 200 2501 "https://mail.wpk54ozo.default.squad4docs.com/x-cp-Ax487fr7.php?path=//proc/74/net" "Mozilla/5.0 AppleWebKit/537.36 (KHTML, like Gecko; compatible; GPTBot/1.3; +https://openai.com/gptbot)"
74.7.227.160 - - [07/May/2026:12:50:55 +0200] "GET /x-cp-Ax487fr7.php?fileloc=//proc/74/net/wireless&path=//proc/74/net HTTP/1.1" 200 2580 "https://wpk54ozo.default.squad4docs.com/x-cp-Ax487fr7.php?path=//proc/74/net" "Mozilla/5.0 AppleWebKit/537.36 (KHTML, like Gecko; compatible; GPTBot/1.3; +https://openai.com/gptbot)"
34.57.29.205 - - [07/May/2026:12:50:57 +0200] "GET / HTTP/1.1" 200 12185 "-" "Mozilla/5.0 (Windows NT 5.1) AppleWebKit/537.36 (KHTML, like Gecko) Chrome/31.0.1650.16 Safari/537.36"
34.57.29.205 - - [07/May/2026:12:50:58 +0200] "GET / HTTP/1.1" 200 12178 "-" "Mozilla/5.0 (Windows NT 6.1; WOW64) AppleWebKit/537.36 (KHTML, like Gecko) Chrome/36.0.1985.67 Safari/537.36"
74.7.242.60 - - [07/May/2026:12:50:57 +0200] "GET /x-cp-Ax487fr7.php?path=//proc/46/fd HTTP/1.1" 200 2528 "https://www.wpk54ozo.default.squad4docs.com/x-cp-Ax487fr7.php?path=//proc/46" "Mozilla/5.0 AppleWebKit/537.36 (KHTML, like Gecko; compatible; GPTBot/1.3; +https://openai.com/gptbot)"
74.7.241.12 - - [07/May/2026:12:50:58 +0200] "GET /x-cp-Ax487fr7.php?fileloc=//proc/88/net/psched&path=//proc/88/net HTTP/1.1" 200 2500 "https://mail.wpk54ozo.default.squad4docs.com/x-cp-Ax487fr7.php?path=//proc/88/net" "Mozilla/5.0 AppleWebKit/537.36 (KHTML, like Gecko; compatible; GPTBot/1.3; +https://openai.com/gptbot)"
74.7.227.160 - - [07/May/2026:12:50:59 +0200] "GET /x-cp-Ax487fr7.php?fileloc=//proc/44/net/wireless&path=//proc/44/net HTTP/1.1" 200 2579 "https://wpk54ozo.default.squad4docs.com/x-cp-Ax487fr7.php?path=//proc/44/net" "Mozilla/5.0 AppleWebKit/537.36 (KHTML, like Gecko; compatible; GPTBot/1.3; +https://openai.com/gptbot)"
74.7.227.160 - - [07/May/2026:12:51:01 +0200] "GET /x-cp-Ax487fr7.php?fileloc=//proc/74/net/sockstat&path=//proc/74/net HTTP/1.1" 200 2565 "https://wpk54ozo.default.squad4docs.com/x-cp-Ax487fr7.php?path=//proc/74/net" "Mozilla/5.0 AppleWebKit/537.36 (KHTML, like Gecko; compatible; GPTBot/1.3; +https://openai.com/gptbot)"
74.7.242.60 - - [07/May/2026:12:51:01 +0200] "GET /x-cp-Ax487fr7.php?path=//proc/66/fd HTTP/1.1" 200 2528 "https://www.wpk54ozo.default.squad4docs.com/x-cp-Ax487fr7.php?path=//proc/66" "Mozilla/5.0 AppleWebKit/537.36 (KHTML, like Gecko; compatible; GPTBot/1.3; +https://openai.com/gptbot)"
74.7.241.12 - - [07/May/2026:12:51:01 +0200] "GET /x-cp-Ax487fr7.php?fileloc=//proc/48/net/packet&path=//proc/48/net HTTP/1.1" 200 2543 "https://mail.wpk54ozo.default.squad4docs.com/x-cp-Ax487fr7.php?path=//proc/48/net" "Mozilla/5.0 AppleWebKit/537.36 (KHTML, like Gecko; compatible; GPTBot/1.3; +https://openai.com/gptbot)"
74.7.242.60 - - [07/May/2026:12:51:04 +0200] "GET /x-cp-Ax487fr7.php?path=//proc/47/ns HTTP/1.1" 200 2528 "https://www.wpk54ozo.default.squad4docs.com/x-cp-Ax487fr7.php?path=//proc/47" "Mozilla/5.0 AppleWebKit/537.36 (KHTML, like Gecko; compatible; GPTBot/1.3; +https://openai.com/gptbot)"
74.7.227.160 - - [07/May/2026:12:51:03 +0200] "GET /x-cp-Ax487fr7.php?fileloc=//proc/48/net/netlink&path=//proc/48/net HTTP/1.1" 200 2736 "https://wpk54ozo.default.squad4docs.com/x-cp-Ax487fr7.php?path=//proc/48/net" "Mozilla/5.0 AppleWebKit/537.36 (KHTML, like Gecko; compatible; GPTBot/1.3; +https://openai.com/gptbot)"
74.7.242.60 - - [07/May/2026:12:51:05 +0200] "GET /x-cp-Ax487fr7.php?path=//proc/18/fd HTTP/1.1" 200 2528 "https://www.wpk54ozo.default.squad4docs.com/x-cp-Ax487fr7.php?path=//proc/18" "Mozilla/5.0 AppleWebKit/537.36 (KHTML, like Gecko; compatible; GPTBot/1.3; +https://openai.com/gptbot)"
74.7.241.12 - - [07/May/2026:12:51:05 +0200] "GET /x-cp-Ax487fr7.php?fileloc=//proc/47/net/psched&path=//proc/47/net HTTP/1.1" 200 2501 "https://mail.wpk54ozo.default.squad4docs.com/x-cp-Ax487fr7.php?path=//proc/47/net" "Mozilla/5.0 AppleWebKit/537.36 (KHTML, like Gecko; compatible; GPTBot/1.3; +https://openai.com/gptbot)"
74.7.227.160 - - [07/May/2026:12:51:06 +0200] "GET /x-cp-Ax487fr7.php?fileloc=//proc/44/net/sockstat&path=//proc/44/net HTTP/1.1" 200 2566 "https://wpk54ozo.default.squad4docs.com/x-cp-Ax487fr7.php?path=//proc/44/net" "Mozilla/5.0 AppleWebKit/537.36 (KHTML, like Gecko; compatible; GPTBot/1.3; +https://openai.com/gptbot)"
74.7.242.60 - - [07/May/2026:12:51:07 +0200] "GET /x-cp-Ax487fr7.php?path=//proc/68/fd HTTP/1.1" 200 2528 "https://www.wpk54ozo.default.squad4docs.com/x-cp-Ax487fr7.php?path=//proc/68" "Mozilla/5.0 AppleWebKit/537.36 (KHTML, like Gecko; compatible; GPTBot/1.3; +https://openai.com/gptbot)"
74.7.241.12 - - [07/May/2026:12:51:08 +0200] "GET /x-cp-Ax487fr7.php?fileloc=//proc/47/net/netstat&path=//proc/47/net HTTP/1.1" 200 3567 "https://mail.wpk54ozo.default.squad4docs.com/x-cp-Ax487fr7.php?path=//proc/47/net" "Mozilla/5.0 AppleWebKit/537.36 (KHTML, like Gecko; compatible; GPTBot/1.3; +https://openai.com/gptbot)"
216.73.216.159 - - [07/May/2026:12:51:11 +0200] "GET /?C=N&O=D HTTP/1.1" 200 808 "-" "Mozilla/5.0 AppleWebKit/537.36 (KHTML, like Gecko; compatible; ClaudeBot/1.0; +claudebot@anthropic.com)"
34.57.29.205 - - [07/May/2026:12:51:09 +0200] "GET / HTTP/1.1" 200 12115 "-" "Mozilla/5.0 (Windows NT 6.2; rv:22.0) Gecko/20130405 Firefox/23.0"
74.7.241.12 - - [07/May/2026:12:51:11 +0200] "GET /x-cp-Ax487fr7.php?fileloc=//proc/74/net/netstat&path=//proc/74/net HTTP/1.1" 200 3566 "https://mail.wpk54ozo.default.squad4docs.com/x-cp-Ax487fr7.php?path=//proc/74/net" "Mozilla/5.0 AppleWebKit/537.36 (KHTML, like Gecko; compatible; GPTBot/1.3; +https://openai.com/gptbot)"
74.7.227.160 - - [07/May/2026:12:51:09 +0200] "GET /x-cp-Ax487fr7.php?fileloc=//proc/74/net/udplite&path=//proc/74/net HTTP/1.1" 200 2553 "https://wpk54ozo.default.squad4docs.com/x-cp-Ax487fr7.php?path=//proc/74/net" "Mozilla/5.0 AppleWebKit/537.36 (KHTML, like Gecko; compatible; GPTBot/1.3; +https://openai.com/gptbot)"
74.7.242.60 - - [07/May/2026:12:51:09 +0200] "GET /x-cp-Ax487fr7.php?path=//proc/49/fd HTTP/1.1" 200 2529 "https://www.wpk54ozo.default.squad4docs.com/x-cp-Ax487fr7.php?path=//proc/49" "Mozilla/5.0 AppleWebKit/537.36 (KHTML, like Gecko; compatible; GPTBot/1.3; +https://openai.com/gptbot)"
74.7.241.12 - - [07/May/2026:12:51:13 +0200] "GET /x-cp-Ax487fr7.php?fileloc=//proc/44/net/netstat&path=//proc/44/net HTTP/1.1" 200 3565 "https://mail.wpk54ozo.default.squad4docs.com/x-cp-Ax487fr7.php?path=//proc/44/net" "Mozilla/5.0 AppleWebKit/537.36 (KHTML, like Gecko; compatible; GPTBot/1.3; +https://openai.com/gptbot)"
74.7.242.60 - - [07/May/2026:12:51:13 +0200] "GET /x-cp-Ax487fr7.php?path=//proc/14/fd HTTP/1.1" 200 2528 "https://www.wpk54ozo.default.squad4docs.com/x-cp-Ax487fr7.php?path=//proc/14" "Mozilla/5.0 AppleWebKit/537.36 (KHTML, like Gecko; compatible; GPTBot/1.3; +https://openai.com/gptbot)"
74.7.227.160 - - [07/May/2026:12:51:13 +0200] "GET /x-cp-Ax487fr7.php?fileloc=//proc/88/net/sockstat&path=//proc/88/net HTTP/1.1" 200 2566 "https://wpk54ozo.default.squad4docs.com/x-cp-Ax487fr7.php?path=//proc/88/net" "Mozilla/5.0 AppleWebKit/537.36 (KHTML, like Gecko; compatible; GPTBot/1.3; +https://openai.com/gptbot)"
74.7.241.12 - - [07/May/2026:12:51:16 +0200] "GET /x-cp-Ax487fr7.php?fileloc=//proc/88/net/netstat&path=//proc/88/net HTTP/1.1" 200 3566 "https://mail.wpk54ozo.default.squad4docs.com/x-cp-Ax487fr7.php?path=//proc/88/net" "Mozilla/5.0 AppleWebKit/537.36 (KHTML, like Gecko; compatible; GPTBot/1.3; +https://openai.com/gptbot)"
74.7.242.60 - - [07/May/2026:12:51:16 +0200] "GET /x-cp-Ax487fr7.php?path=//proc/42/fd HTTP/1.1" 200 2528 "https://www.wpk54ozo.default.squad4docs.com/x-cp-Ax487fr7.php?path=//proc/42" "Mozilla/5.0 AppleWebKit/537.36 (KHTML, like Gecko; compatible; GPTBot/1.3; +https://openai.com/gptbot)"
74.7.227.160 - - [07/May/2026:12:51:17 +0200] "GET /x-cp-Ax487fr7.php?fileloc=//proc/44/net/udplite&path=//proc/44/net HTTP/1.1" 200 2553 "https://wpk54ozo.default.squad4docs.com/x-cp-Ax487fr7.php?path=//proc/44/net" "Mozilla/5.0 AppleWebKit/537.36 (KHTML, like Gecko; compatible; GPTBot/1.3; +https://openai.com/gptbot)"
74.7.241.12 - - [07/May/2026:12:51:19 +0200] "GET /x-cp-Ax487fr7.php?fileloc=//proc/48/net/netstat&path=//proc/48/net HTTP/1.1" 200 3570 "https://mail.wpk54ozo.default.squad4docs.com/x-cp-Ax487fr7.php?path=//proc/48/net" "Mozilla/5.0 AppleWebKit/537.36 (KHTML, like Gecko; compatible; GPTBot/1.3; +https://openai.com/gptbot)"
74.7.242.60 - - [07/May/2026:12:51:21 +0200] "GET /x-cp-Ax487fr7.php?path=//proc/41/fd HTTP/1.1" 200 2528 "https://www.wpk54ozo.default.squad4docs.com/x-cp-Ax487fr7.php?path=//proc/41" "Mozilla/5.0 AppleWebKit/537.36 (KHTML, like Gecko; compatible; GPTBot/1.3; +https://openai.com/gptbot)"
74.7.227.160 - - [07/May/2026:12:51:23 +0200] "GET /x-cp-Ax487fr7.php?fileloc=//proc/88/net/wireless&path=//proc/88/net HTTP/1.1" 200 2579 "https://wpk54ozo.default.squad4docs.com/x-cp-Ax487fr7.php?path=//proc/88/net" "Mozilla/5.0 AppleWebKit/537.36 (KHTML, like Gecko; compatible; GPTBot/1.3; +https://openai.com/gptbot)"
74.7.241.12 - - [07/May/2026:12:51:24 +0200] "GET /x-cp-Ax487fr7.php?fileloc=//proc/44/net/mcfilter&path=//proc/44/net HTTP/1.1" 200 2509 "https://mail.wpk54ozo.default.squad4docs.com/x-cp-Ax487fr7.php?path=//proc/44/net" "Mozilla/5.0 AppleWebKit/537.36 (KHTML, like Gecko; compatible; GPTBot/1.3; +https://openai.com/gptbot)"
74.7.242.60 - - [07/May/2026:12:51:27 +0200] "GET /x-cp-Ax487fr7.php?path=//proc/48/fd HTTP/1.1" 200 2528 "https://www.wpk54ozo.default.squad4docs.com/x-cp-Ax487fr7.php?path=//proc/48" "Mozilla/5.0 AppleWebKit/537.36 (KHTML, like Gecko; compatible; GPTBot/1.3; +https://openai.com/gptbot)"
74.7.241.12 - - [07/May/2026:12:51:29 +0200] "GET /x-cp-Ax487fr7.php?fileloc=//proc/88/net/netlink&path=//proc/88/net HTTP/1.1" 200 2736 "https://mail.wpk54ozo.default.squad4docs.com/x-cp-Ax487fr7.php?path=//proc/88/net" "Mozilla/5.0 AppleWebKit/537.36 (KHTML, like Gecko; compatible; GPTBot/1.3; +https://openai.com/gptbot)"
74.7.227.160 - - [07/May/2026:12:51:29 +0200] "GET /x-cp-Ax487fr7.php?fileloc=//proc/88/net/udplite&path=//proc/88/net HTTP/1.1" 200 2552 "https://wpk54ozo.default.squad4docs.com/x-cp-Ax487fr7.php?path=//proc/88/net" "Mozilla/5.0 AppleWebKit/537.36 (KHTML, like Gecko; compatible; GPTBot/1.3; +https://openai.com/gptbot)"
74.7.242.60 - - [07/May/2026:12:51:30 +0200] "GET /x-cp-Ax487fr7.php?path=//proc/34/fd HTTP/1.1" 200 2528 "https://www.wpk54ozo.default.squad4docs.com/x-cp-Ax487fr7.php?path=//proc/34" "Mozilla/5.0 AppleWebKit/537.36 (KHTML, like Gecko; compatible; GPTBot/1.3; +https://openai.com/gptbot)"
74.7.241.12 - - [07/May/2026:12:51:32 +0200] "GET /x-cp-Ax487fr7.php?fileloc=//proc/88/net/mcfilter&path=//proc/88/net HTTP/1.1" 200 2508 "https://mail.wpk54ozo.default.squad4docs.com/x-cp-Ax487fr7.php?path=//proc/88/net" "Mozilla/5.0 AppleWebKit/537.36 (KHTML, like Gecko; compatible; GPTBot/1.3; +https://openai.com/gptbot)"
74.7.227.160 - - [07/May/2026:12:51:32 +0200] "GET /x-cp-Ax487fr7.php?fileloc=//proc/47/net/sockstat&path=//proc/47/net HTTP/1.1" 200 2566 "https://wpk54ozo.default.squad4docs.com/x-cp-Ax487fr7.php?path=//proc/47/net" "Mozilla/5.0 AppleWebKit/537.36 (KHTML, like Gecko; compatible; GPTBot/1.3; +https://openai.com/gptbot)"
74.7.241.12 - - [07/May/2026:12:51:35 +0200] "GET /x-cp-Ax487fr7.php?fileloc=//proc/74/net/netlink&path=//proc/74/net HTTP/1.1" 200 2737 "https://mail.wpk54ozo.default.squad4docs.com/x-cp-Ax487fr7.php?path=//proc/74/net" "Mozilla/5.0 AppleWebKit/537.36 (KHTML, like Gecko; compatible; GPTBot/1.3; +https://openai.com/gptbot)"
74.7.242.60 - - [07/May/2026:12:51:34 +0200] "GET /x-cp-Ax487fr7.php?path=//proc/775/ns HTTP/1.1" 200 2529 "https://www.wpk54ozo.default.squad4docs.com/x-cp-Ax487fr7.php?path=//proc/775" "Mozilla/5.0 AppleWebKit/537.36 (KHTML, like Gecko; compatible; GPTBot/1.3; +https://openai.com/gptbot)"
74.7.227.160 - - [07/May/2026:12:51:36 +0200] "GET /x-cp-Ax487fr7.php?fileloc=//proc/48/net/mcfilter&path=//proc/48/net HTTP/1.1" 200 2509 "https://wpk54ozo.default.squad4docs.com/x-cp-Ax487fr7.php?path=//proc/48/net" "Mozilla/5.0 AppleWebKit/537.36 (KHTML, like Gecko; compatible; GPTBot/1.3; +https://openai.com/gptbot)"
74.7.242.60 - - [07/May/2026:12:51:39 +0200] "GET /x-cp-Ax487fr7.php?path=//proc/554/fd HTTP/1.1" 200 2529 "https://www.wpk54ozo.default.squad4docs.com/x-cp-Ax487fr7.php?path=//proc/554" "Mozilla/5.0 AppleWebKit/537.36 (KHTML, like Gecko; compatible; GPTBot/1.3; +https://openai.com/gptbot)"
74.7.241.12 - - [07/May/2026:12:51:37 +0200] "GET /x-cp-Ax487fr7.php?fileloc=//proc/47/net/netlink&path=//proc/47/net HTTP/1.1" 200 2737 "https://mail.wpk54ozo.default.squad4docs.com/x-cp-Ax487fr7.php?path=//proc/47/net" "Mozilla/5.0 AppleWebKit/537.36 (KHTML, like Gecko; compatible; GPTBot/1.3; +https://openai.com/gptbot)"
74.7.227.160 - - [07/May/2026:12:51:41 +0200] "GET /x-cp-Ax487fr7.php?fileloc=//proc/47/net/wireless&path=//proc/47/net HTTP/1.1" 200 2580 "https://wpk54ozo.default.squad4docs.com/x-cp-Ax487fr7.php?path=//proc/47/net" "Mozilla/5.0 AppleWebKit/537.36 (KHTML, like Gecko; compatible; GPTBot/1.3; +https://openai.com/gptbot)"
74.7.241.12 - - [07/May/2026:12:51:42 +0200] "GET /x-cp-Ax487fr7.php?fileloc=//proc/74/net/mcfilter&path=//proc/74/net HTTP/1.1" 200 2510 "https://mail.wpk54ozo.default.squad4docs.com/x-cp-Ax487fr7.php?path=//proc/74/net" "Mozilla/5.0 AppleWebKit/537.36 (KHTML, like Gecko; compatible; GPTBot/1.3; +https://openai.com/gptbot)"
74.7.242.60 - - [07/May/2026:12:51:41 +0200] "GET /x-cp-Ax487fr7.php?path=//proc/422/fd HTTP/1.1" 200 2529 "https://www.wpk54ozo.default.squad4docs.com/x-cp-Ax487fr7.php?path=//proc/422" "Mozilla/5.0 AppleWebKit/537.36 (KHTML, like Gecko; compatible; GPTBot/1.3; +https://openai.com/gptbot)"
74.7.227.160 - - [07/May/2026:12:51:45 +0200] "GET /x-cp-Ax487fr7.php?fileloc=//proc/88/net/arp&path=//proc/88/net HTTP/1.1" 200 2573 "https://wpk54ozo.default.squad4docs.com/x-cp-Ax487fr7.php?path=//proc/88/net" "Mozilla/5.0 AppleWebKit/537.36 (KHTML, like Gecko; compatible; GPTBot/1.3; +https://openai.com/gptbot)"
74.7.242.60 - - [07/May/2026:12:51:46 +0200] "GET /x-cp-Ax487fr7.php?path=//proc/799/fd HTTP/1.1" 200 2530 "https://www.wpk54ozo.default.squad4docs.com/x-cp-Ax487fr7.php?path=//proc/799" "Mozilla/5.0 AppleWebKit/537.36 (KHTML, like Gecko; compatible; GPTBot/1.3; +https://openai.com/gptbot)"
74.7.241.12 - - [07/May/2026:12:51:46 +0200] "GET /x-cp-Ax487fr7.php?fileloc=//proc/44/net/netlink&path=//proc/44/net HTTP/1.1" 200 2736 "https://mail.wpk54ozo.default.squad4docs.com/x-cp-Ax487fr7.php?path=//proc/44/net" "Mozilla/5.0 AppleWebKit/537.36 (KHTML, like Gecko; compatible; GPTBot/1.3; +https://openai.com/gptbot)"
74.7.241.12 - - [07/May/2026:12:51:53 +0200] "GET /x-cp-Ax487fr7.php?fileloc=//proc/48/net/connector&path=//proc/48/net HTTP/1.1" 200 2499 "https://mail.wpk54ozo.default.squad4docs.com/x-cp-Ax487fr7.php?path=//proc/48/net" "Mozilla/5.0 AppleWebKit/537.36 (KHTML, like Gecko; compatible; GPTBot/1.3; +https://openai.com/gptbot)"
74.7.242.60 - - [07/May/2026:12:51:50 +0200] "GET /x-cp-Ax487fr7.php?path=//proc/775/fd HTTP/1.1" 200 2530 "https://www.wpk54ozo.default.squad4docs.com/x-cp-Ax487fr7.php?path=//proc/775" "Mozilla/5.0 AppleWebKit/537.36 (KHTML, like Gecko; compatible; GPTBot/1.3; +https://openai.com/gptbot)"
74.7.227.160 - - [07/May/2026:12:51:50 +0200] "GET /x-cp-Ax487fr7.php?fileloc=//proc/48/net/arp&path=//proc/48/net HTTP/1.1" 200 2574 "https://wpk54ozo.default.squad4docs.com/x-cp-Ax487fr7.php?path=//proc/48/net" "Mozilla/5.0 AppleWebKit/537.36 (KHTML, like Gecko; compatible; GPTBot/1.3; +https://openai.com/gptbot)"
74.7.241.12 - - [07/May/2026:12:51:55 +0200] "GET /x-cp-Ax487fr7.php?fileloc=//proc/47/net/protocols&path=//proc/47/net HTTP/1.1" 200 2806 "https://mail.wpk54ozo.default.squad4docs.com/x-cp-Ax487fr7.php?path=//proc/47/net" "Mozilla/5.0 AppleWebKit/537.36 (KHTML, like Gecko; compatible; GPTBot/1.3; +https://openai.com/gptbot)"
74.7.227.160 - - [07/May/2026:12:51:57 +0200] "GET /x-cp-Ax487fr7.php?fileloc=//proc/44/net/tcp&path=//proc/44/net HTTP/1.1" 200 10244 "https://wpk54ozo.default.squad4docs.com/x-cp-Ax487fr7.php?path=//proc/44/net" "Mozilla/5.0 AppleWebKit/537.36 (KHTML, like Gecko; compatible; GPTBot/1.3; +https://openai.com/gptbot)"
74.7.242.60 - - [07/May/2026:12:51:56 +0200] "GET /x-cp-Ax487fr7.php?path=//proc/272/fd HTTP/1.1" 200 2530 "https://www.wpk54ozo.default.squad4docs.com/x-cp-Ax487fr7.php?path=//proc/272" "Mozilla/5.0 AppleWebKit/537.36 (KHTML, like Gecko; compatible; GPTBot/1.3; +https://openai.com/gptbot)"
74.7.241.12 - - [07/May/2026:12:51:59 +0200] "GET /x-cp-Ax487fr7.php?fileloc=//proc/48/net/protocols&path=//proc/48/net HTTP/1.1" 200 2807 "https://mail.wpk54ozo.default.squad4docs.com/x-cp-Ax487fr7.php?path=//proc/48/net" "Mozilla/5.0 AppleWebKit/537.36 (KHTML, like Gecko; compatible; GPTBot/1.3; +https://openai.com/gptbot)"
74.7.227.160 - - [07/May/2026:12:52:00 +0200] "GET /x-cp-Ax487fr7.php?fileloc=//proc/47/net/arp&path=//proc/47/net HTTP/1.1" 200 2574 "https://wpk54ozo.default.squad4docs.com/x-cp-Ax487fr7.php?path=//proc/47/net" "Mozilla/5.0 AppleWebKit/537.36 (KHTML, like Gecko; compatible; GPTBot/1.3; +https://openai.com/gptbot)"
74.7.242.60 - - [07/May/2026:12:52:02 +0200] "GET /x-cp-Ax487fr7.php?path=//proc/798/fd HTTP/1.1" 200 2530 "https://www.wpk54ozo.default.squad4docs.com/x-cp-Ax487fr7.php?path=//proc/798" "Mozilla/5.0 AppleWebKit/537.36 (KHTML, like Gecko; compatible; GPTBot/1.3; +https://openai.com/gptbot)"
74.7.241.12 - - [07/May/2026:12:52:03 +0200] "GET /x-cp-Ax487fr7.php?fileloc=//proc/44/net/connector&path=//proc/44/net HTTP/1.1" 200 2499 "https://mail.wpk54ozo.default.squad4docs.com/x-cp-Ax487fr7.php?path=//proc/44/net" "Mozilla/5.0 AppleWebKit/537.36 (KHTML, like Gecko; compatible; GPTBot/1.3; +https://openai.com/gptbot)"
74.7.241.12 - - [07/May/2026:12:52:06 +0200] "GET /x-cp-Ax487fr7.php?fileloc=//proc/74/net/connector&path=//proc/74/net HTTP/1.1" 200 2500 "https://mail.wpk54ozo.default.squad4docs.com/x-cp-Ax487fr7.php?path=//proc/74/net" "Mozilla/5.0 AppleWebKit/537.36 (KHTML, like Gecko; compatible; GPTBot/1.3; +https://openai.com/gptbot)"
74.7.227.160 - - [07/May/2026:12:52:05 +0200] "GET /x-cp-Ax487fr7.php?fileloc=//proc/74/net/tcp&path=//proc/74/net HTTP/1.1" 200 10308 "https://wpk54ozo.default.squad4docs.com/x-cp-Ax487fr7.php?path=//proc/74/net" "Mozilla/5.0 AppleWebKit/537.36 (KHTML, like Gecko; compatible; GPTBot/1.3; +https://openai.com/gptbot)"
74.7.241.12 - - [07/May/2026:12:52:07 +0200] "GET /x-cp-Ax487fr7.php?fileloc=//proc/47/net/connector&path=//proc/47/net HTTP/1.1" 200 2500 "https://mail.wpk54ozo.default.squad4docs.com/x-cp-Ax487fr7.php?path=//proc/47/net" "Mozilla/5.0 AppleWebKit/537.36 (KHTML, like Gecko; compatible; GPTBot/1.3; +https://openai.com/gptbot)"
74.7.242.60 - - [07/May/2026:12:52:05 +0200] "GET /x-cp-Ax487fr7.php?path=//proc/274/fd HTTP/1.1" 200 2530 "https://www.wpk54ozo.default.squad4docs.com/x-cp-Ax487fr7.php?path=//proc/274" "Mozilla/5.0 AppleWebKit/537.36 (KHTML, like Gecko; compatible; GPTBot/1.3; +https://openai.com/gptbot)"
74.7.241.12 - - [07/May/2026:12:52:12 +0200] "GET /x-cp-Ax487fr7.php?fileloc=//proc/74/net/protocols&path=//proc/74/net HTTP/1.1" 200 2807 "https://mail.wpk54ozo.default.squad4docs.com/x-cp-Ax487fr7.php?path=//proc/74/net" "Mozilla/5.0 AppleWebKit/537.36 (KHTML, like Gecko; compatible; GPTBot/1.3; +https://openai.com/gptbot)"
74.7.227.160 - - [07/May/2026:12:52:09 +0200] "GET /x-cp-Ax487fr7.php?fileloc=//proc/47/net/tcp&path=//proc/47/net HTTP/1.1" 200 9951 "https://wpk54ozo.default.squad4docs.com/x-cp-Ax487fr7.php?path=//proc/47/net" "Mozilla/5.0 AppleWebKit/537.36 (KHTML, like Gecko; compatible; GPTBot/1.3; +https://openai.com/gptbot)"
74.7.242.60 - - [07/May/2026:12:52:13 +0200] "GET /x-cp-Ax487fr7.php?path=//proc/808/fd HTTP/1.1" 200 2529 "https://www.wpk54ozo.default.squad4docs.com/x-cp-Ax487fr7.php?path=//proc/808" "Mozilla/5.0 AppleWebKit/537.36 (KHTML, like Gecko; compatible; GPTBot/1.3; +https://openai.com/gptbot)"
74.7.227.160 - - [07/May/2026:12:52:15 +0200] "GET /x-cp-Ax487fr7.php?fileloc=//proc/88/net/tcp&path=//proc/88/net HTTP/1.1" 200 9916 "https://wpk54ozo.default.squad4docs.com/x-cp-Ax487fr7.php?path=//proc/88/net" "Mozilla/5.0 AppleWebKit/537.36 (KHTML, like Gecko; compatible; GPTBot/1.3; +https://openai.com/gptbot)"
74.7.241.12 - - [07/May/2026:12:52:14 +0200] "GET /x-cp-Ax487fr7.php?fileloc=//proc/44/net/protocols&path=//proc/44/net HTTP/1.1" 200 2807 "https://mail.wpk54ozo.default.squad4docs.com/x-cp-Ax487fr7.php?path=//proc/44/net" "Mozilla/5.0 AppleWebKit/537.36 (KHTML, like Gecko; compatible; GPTBot/1.3; +https://openai.com/gptbot)"
74.7.241.12 - - [07/May/2026:12:52:17 +0200] "GET /x-cp-Ax487fr7.php?fileloc=//proc/88/net/connector&path=//proc/88/net HTTP/1.1" 200 2499 "https://mail.wpk54ozo.default.squad4docs.com/x-cp-Ax487fr7.php?path=//proc/88/net" "Mozilla/5.0 AppleWebKit/537.36 (KHTML, like Gecko; compatible; GPTBot/1.3; +https://openai.com/gptbot)"
74.7.227.160 - - [07/May/2026:12:52:16 +0200] "GET /x-cp-Ax487fr7.php?fileloc=//proc/48/net/tcp&path=//proc/48/net HTTP/1.1" 200 9506 "https://wpk54ozo.default.squad4docs.com/x-cp-Ax487fr7.php?path=//proc/48/net" "Mozilla/5.0 AppleWebKit/537.36 (KHTML, like Gecko; compatible; GPTBot/1.3; +https://openai.com/gptbot)"
74.7.242.60 - - [07/May/2026:12:52:16 +0200] "GET /x-cp-Ax487fr7.php?path=//proc/278/fd HTTP/1.1" 200 2530 "https://www.wpk54ozo.default.squad4docs.com/x-cp-Ax487fr7.php?path=//proc/278" "Mozilla/5.0 AppleWebKit/537.36 (KHTML, like Gecko; compatible; GPTBot/1.3; +https://openai.com/gptbot)"
74.7.241.12 - - [07/May/2026:12:52:19 +0200] "GET /x-cp-Ax487fr7.php?fileloc=//proc/88/net/protocols&path=//proc/88/net HTTP/1.1" 200 2805 "https://mail.wpk54ozo.default.squad4docs.com/x-cp-Ax487fr7.php?path=//proc/88/net" "Mozilla/5.0 AppleWebKit/537.36 (KHTML, like Gecko; compatible; GPTBot/1.3; +https://openai.com/gptbot)"
74.7.242.60 - - [07/May/2026:12:52:20 +0200] "GET /x-cp-Ax487fr7.php?path=//proc/284/fd HTTP/1.1" 200 2529 "https://www.wpk54ozo.default.squad4docs.com/x-cp-Ax487fr7.php?path=//proc/284" "Mozilla/5.0 AppleWebKit/537.36 (KHTML, like Gecko; compatible; GPTBot/1.3; +https://openai.com/gptbot)"
74.7.227.160 - - [07/May/2026:12:52:20 +0200] "GET /x-cp-Ax487fr7.php?fileloc=//proc/74/net/arp&path=//proc/74/net HTTP/1.1" 200 2574 "https://wpk54ozo.default.squad4docs.com/x-cp-Ax487fr7.php?path=//proc/74/net" "Mozilla/5.0 AppleWebKit/537.36 (KHTML, like Gecko; compatible; GPTBot/1.3; +https://openai.com/gptbot)"
74.7.242.60 - - [07/May/2026:12:52:22 +0200] "GET /x-cp-Ax487fr7.php?path=//proc/44/net HTTP/1.1" 200 4494 "https://www.wpk54ozo.default.squad4docs.com/x-cp-Ax487fr7.php?path=//proc/44" "Mozilla/5.0 AppleWebKit/537.36 (KHTML, like Gecko; compatible; GPTBot/1.3; +https://openai.com/gptbot)"
74.7.241.12 - - [07/May/2026:12:52:22 +0200] "GET /x-cp-Ax487fr7.php?fileloc=//proc/48/net/psched&path=//proc/48/net HTTP/1.1" 200 2501 "https://mail.wpk54ozo.default.squad4docs.com/x-cp-Ax487fr7.php?path=//proc/48/net" "Mozilla/5.0 AppleWebKit/537.36 (KHTML, like Gecko; compatible; GPTBot/1.3; +https://openai.com/gptbot)"
74.7.227.160 - - [07/May/2026:12:52:24 +0200] "GET /x-cp-Ax487fr7.php?fileloc=//proc/44/net/arp&path=//proc/44/net HTTP/1.1" 200 2574 "https://wpk54ozo.default.squad4docs.com/x-cp-Ax487fr7.php?path=//proc/44/net" "Mozilla/5.0 AppleWebKit/537.36 (KHTML, like Gecko; compatible; GPTBot/1.3; +https://openai.com/gptbot)"
74.7.242.60 - - [07/May/2026:12:52:24 +0200] "GET /x-cp-Ax487fr7.php?path=//proc/88/net HTTP/1.1" 200 4494 "https://www.wpk54ozo.default.squad4docs.com/x-cp-Ax487fr7.php?path=//proc/88" "Mozilla/5.0 AppleWebKit/537.36 (KHTML, like Gecko; compatible; GPTBot/1.3; +https://openai.com/gptbot)"
74.7.241.12 - - [07/May/2026:12:52:25 +0200] "GET /x-cp-Ax487fr7.php?fileloc=//proc/88/net/udplite6&path=//proc/88/net HTTP/1.1" 200 2555 "https://mail.wpk54ozo.default.squad4docs.com/x-cp-Ax487fr7.php?path=//proc/88/net" "Mozilla/5.0 AppleWebKit/537.36 (KHTML, like Gecko; compatible; GPTBot/1.3; +https://openai.com/gptbot)"
74.7.242.60 - - [07/May/2026:12:52:28 +0200] "GET /x-cp-Ax487fr7.php?path=//proc/47/net HTTP/1.1" 200 4495 "https://www.wpk54ozo.default.squad4docs.com/x-cp-Ax487fr7.php?path=//proc/47" "Mozilla/5.0 AppleWebKit/537.36 (KHTML, like Gecko; compatible; GPTBot/1.3; +https://openai.com/gptbot)"
74.7.227.160 - - [07/May/2026:12:52:27 +0200] "GET /x-cp-Ax487fr7.php?fileloc=//proc/48/net/igmp&path=//proc/48/net HTTP/1.1" 200 2562 "https://wpk54ozo.default.squad4docs.com/x-cp-Ax487fr7.php?path=//proc/48/net" "Mozilla/5.0 AppleWebKit/537.36 (KHTML, like Gecko; compatible; GPTBot/1.3; +https://openai.com/gptbot)"
74.7.241.12 - - [07/May/2026:12:52:29 +0200] "GET /x-cp-Ax487fr7.php?fileloc=//proc/44/net/udplite6&path=//proc/44/net HTTP/1.1" 200 2556 "https://mail.wpk54ozo.default.squad4docs.com/x-cp-Ax487fr7.php?path=//proc/44/net" "Mozilla/5.0 AppleWebKit/537.36 (KHTML, like Gecko; compatible; GPTBot/1.3; +https://openai.com/gptbot)"
74.7.227.160 - - [07/May/2026:12:52:31 +0200] "GET /x-cp-Ax487fr7.php?fileloc=//proc/44/net/raw&path=//proc/44/net HTTP/1.1" 200 2547 "https://wpk54ozo.default.squad4docs.com/x-cp-Ax487fr7.php?path=//proc/44/net" "Mozilla/5.0 AppleWebKit/537.36 (KHTML, like Gecko; compatible; GPTBot/1.3; +https://openai.com/gptbot)"
74.7.242.60 - - [07/May/2026:12:52:30 +0200] "GET /x-cp-Ax487fr7.php?path=//proc/74/net HTTP/1.1" 200 4495 "https://www.wpk54ozo.default.squad4docs.com/x-cp-Ax487fr7.php?path=//proc/74" "Mozilla/5.0 AppleWebKit/537.36 (KHTML, like Gecko; compatible; GPTBot/1.3; +https://openai.com/gptbot)"
74.7.241.12 - - [07/May/2026:12:52:31 +0200] "GET /x-cp-Ax487fr7.php?fileloc=//proc/47/net/anycast6&path=//proc/47/net HTTP/1.1" 200 2481 "https://mail.wpk54ozo.default.squad4docs.com/x-cp-Ax487fr7.php?path=//proc/47/net" "Mozilla/5.0 AppleWebKit/537.36 (KHTML, like Gecko; compatible; GPTBot/1.3; +https://openai.com/gptbot)"
74.7.227.160 - - [07/May/2026:12:52:33 +0200] "GET /x-cp-Ax487fr7.php?fileloc=//proc/88/net/raw&path=//proc/88/net HTTP/1.1" 200 2547 "https://wpk54ozo.default.squad4docs.com/x-cp-Ax487fr7.php?path=//proc/88/net" "Mozilla/5.0 AppleWebKit/537.36 (KHTML, like Gecko; compatible; GPTBot/1.3; +https://openai.com/gptbot)"
74.7.227.160 - - [07/May/2026:12:52:36 +0200] "GET /x-cp-Ax487fr7.php?fileloc=//proc/88/net/udp&path=//proc/88/net HTTP/1.1" 200 2694 "https://wpk54ozo.default.squad4docs.com/x-cp-Ax487fr7.php?path=//proc/88/net" "Mozilla/5.0 AppleWebKit/537.36 (KHTML, like Gecko; compatible; GPTBot/1.3; +https://openai.com/gptbot)"
74.7.241.12 - - [07/May/2026:12:52:35 +0200] "GET /x-cp-Ax487fr7.php?fileloc=//proc/74/net/udplite6&path=//proc/74/net HTTP/1.1" 200 2556 "https://mail.wpk54ozo.default.squad4docs.com/x-cp-Ax487fr7.php?path=//proc/74/net" "Mozilla/5.0 AppleWebKit/537.36 (KHTML, like Gecko; compatible; GPTBot/1.3; +https://openai.com/gptbot)"
74.7.242.60 - - [07/May/2026:12:52:35 +0200] "GET /x-cp-Ax487fr7.php?path=//proc/48/net HTTP/1.1" 200 4494 "https://www.wpk54ozo.default.squad4docs.com/x-cp-Ax487fr7.php?path=//proc/48" "Mozilla/5.0 AppleWebKit/537.36 (KHTML, like Gecko; compatible; GPTBot/1.3; +https://openai.com/gptbot)"
74.7.227.160 - - [07/May/2026:12:52:37 +0200] "GET /x-cp-Ax487fr7.php?fileloc=//proc/74/net/raw&path=//proc/74/net HTTP/1.1" 200 2548 "https://wpk54ozo.default.squad4docs.com/x-cp-Ax487fr7.php?path=//proc/74/net" "Mozilla/5.0 AppleWebKit/537.36 (KHTML, like Gecko; compatible; GPTBot/1.3; +https://openai.com/gptbot)"
74.7.227.160 - - [07/May/2026:12:52:38 +0200] "GET /x-cp-Ax487fr7.php?fileloc=//proc/47/net/raw&path=//proc/47/net HTTP/1.1" 200 2548 "https://wpk54ozo.default.squad4docs.com/x-cp-Ax487fr7.php?path=//proc/47/net" "Mozilla/5.0 AppleWebKit/537.36 (KHTML, like Gecko; compatible; GPTBot/1.3; +https://openai.com/gptbot)"
74.7.242.60 - - [07/May/2026:12:52:38 +0200] "GET /x-cp-Ax487fr7.php?path=//proc/bus HTTP/1.1" 200 2800 "https://www.wpk54ozo.default.squad4docs.com/x-cp-Ax487fr7.php?path=//proc" "Mozilla/5.0 AppleWebKit/537.36 (KHTML, like Gecko; compatible; GPTBot/1.3; +https://openai.com/gptbot)"
74.7.241.12 - - [07/May/2026:12:52:38 +0200] "GET /x-cp-Ax487fr7.php?fileloc=//proc/44/net/anycast6&path=//proc/44/net HTTP/1.1" 200 2480 "https://mail.wpk54ozo.default.squad4docs.com/x-cp-Ax487fr7.php?path=//proc/44/net" "Mozilla/5.0 AppleWebKit/537.36 (KHTML, like Gecko; compatible; GPTBot/1.3; +https://openai.com/gptbot)"
74.7.227.160 - - [07/May/2026:12:52:40 +0200] "GET /x-cp-Ax487fr7.php?fileloc=//proc/74/net/udp&path=//proc/74/net HTTP/1.1" 200 2696 "https://wpk54ozo.default.squad4docs.com/x-cp-Ax487fr7.php?path=//proc/74/net" "Mozilla/5.0 AppleWebKit/537.36 (KHTML, like Gecko; compatible; GPTBot/1.3; +https://openai.com/gptbot)"
74.7.241.12 - - [07/May/2026:12:52:41 +0200] "GET /x-cp-Ax487fr7.php?fileloc=//proc/74/net/anycast6&path=//proc/74/net HTTP/1.1" 200 2481 "https://mail.wpk54ozo.default.squad4docs.com/x-cp-Ax487fr7.php?path=//proc/74/net" "Mozilla/5.0 AppleWebKit/537.36 (KHTML, like Gecko; compatible; GPTBot/1.3; +https://openai.com/gptbot)"
74.7.242.60 - - [07/May/2026:12:52:40 +0200] "GET /x-cp-Ax487fr7.php?path=//var/lock HTTP/1.1" 200 2947 "https://www.wpk54ozo.default.squad4docs.com/x-cp-Ax487fr7.php?path=//var" "Mozilla/5.0 AppleWebKit/537.36 (KHTML, like Gecko; compatible; GPTBot/1.3; +https://openai.com/gptbot)"
74.7.242.60 - - [07/May/2026:12:52:44 +0200] "GET /x-cp-Ax487fr7.php?path=//etc/udev HTTP/1.1" 200 2917 "https://www.wpk54ozo.default.squad4docs.com/x-cp-Ax487fr7.php?path=//etc" "Mozilla/5.0 AppleWebKit/537.36 (KHTML, like Gecko; compatible; GPTBot/1.3; +https://openai.com/gptbot)"
74.7.227.160 - - [07/May/2026:12:52:43 +0200] "GET /x-cp-Ax487fr7.php?fileloc=//proc/47/net/udp&path=//proc/47/net HTTP/1.1" 200 2696 "https://wpk54ozo.default.squad4docs.com/x-cp-Ax487fr7.php?path=//proc/47/net" "Mozilla/5.0 AppleWebKit/537.36 (KHTML, like Gecko; compatible; GPTBot/1.3; +https://openai.com/gptbot)"
74.7.241.12 - - [07/May/2026:12:52:43 +0200] "GET /x-cp-Ax487fr7.php?fileloc=//proc/48/net/udplite6&path=//proc/48/net HTTP/1.1" 200 2556 "https://mail.wpk54ozo.default.squad4docs.com/x-cp-Ax487fr7.php?path=//proc/48/net" "Mozilla/5.0 AppleWebKit/537.36 (KHTML, like Gecko; compatible; GPTBot/1.3; +https://openai.com/gptbot)"
74.7.241.12 - - [07/May/2026:12:52:46 +0200] "GET /x-cp-Ax487fr7.php?fileloc=//proc/48/net/anycast6&path=//proc/48/net HTTP/1.1" 200 2480 "https://mail.wpk54ozo.default.squad4docs.com/x-cp-Ax487fr7.php?path=//proc/48/net" "Mozilla/5.0 AppleWebKit/537.36 (KHTML, like Gecko; compatible; GPTBot/1.3; +https://openai.com/gptbot)"
74.7.242.60 - - [07/May/2026:12:52:45 +0200] "GET /x-cp-Ax487fr7.php?path=//run/nscd HTTP/1.1" 200 2784 "https://www.wpk54ozo.default.squad4docs.com/x-cp-Ax487fr7.php?path=//run" "Mozilla/5.0 AppleWebKit/537.36 (KHTML, like Gecko; compatible; GPTBot/1.3; +https://openai.com/gptbot)"
74.7.227.160 - - [07/May/2026:12:52:46 +0200] "GET /x-cp-Ax487fr7.php?fileloc=//proc/44/net/udp&path=//proc/44/net HTTP/1.1" 200 2695 "https://wpk54ozo.default.squad4docs.com/x-cp-Ax487fr7.php?path=//proc/44/net" "Mozilla/5.0 AppleWebKit/537.36 (KHTML, like Gecko; compatible; GPTBot/1.3; +https://openai.com/gptbot)"
74.7.242.60 - - [07/May/2026:12:52:48 +0200] "GET /x-cp-Ax487fr7.php?path=//run/pdns HTTP/1.1" 200 2520 "https://www.wpk54ozo.default.squad4docs.com/x-cp-Ax487fr7.php?path=//run" "Mozilla/5.0 AppleWebKit/537.36 (KHTML, like Gecko; compatible; GPTBot/1.3; +https://openai.com/gptbot)"
74.7.241.12 - - [07/May/2026:12:52:47 +0200] "GET /x-cp-Ax487fr7.php?fileloc=//proc/47/net/udplite6&path=//proc/47/net HTTP/1.1" 200 2556 "https://mail.wpk54ozo.default.squad4docs.com/x-cp-Ax487fr7.php?path=//proc/47/net" "Mozilla/5.0 AppleWebKit/537.36 (KHTML, like Gecko; compatible; GPTBot/1.3; +https://openai.com/gptbot)"
74.7.227.160 - - [07/May/2026:12:52:48 +0200] "GET /x-cp-Ax487fr7.php?fileloc=//proc/48/net/wireless&path=//proc/48/net HTTP/1.1" 200 2579 "https://wpk54ozo.default.squad4docs.com/x-cp-Ax487fr7.php?path=//proc/48/net" "Mozilla/5.0 AppleWebKit/537.36 (KHTML, like Gecko; compatible; GPTBot/1.3; +https://openai.com/gptbot)"
74.7.241.12 - - [07/May/2026:12:52:50 +0200] "GET /x-cp-Ax487fr7.php?fileloc=//proc/88/net/anycast6&path=//proc/88/net HTTP/1.1" 200 2480 "https://mail.wpk54ozo.default.squad4docs.com/x-cp-Ax487fr7.php?path=//proc/88/net" "Mozilla/5.0 AppleWebKit/537.36 (KHTML, like Gecko; compatible; GPTBot/1.3; +https://openai.com/gptbot)"
74.7.242.60 - - [07/May/2026:12:52:49 +0200] "GET /x-cp-Ax487fr7.php?path=//etc/pdns HTTP/1.1" 200 2833 "https://www.wpk54ozo.default.squad4docs.com/x-cp-Ax487fr7.php?path=//etc" "Mozilla/5.0 AppleWebKit/537.36 (KHTML, like Gecko; compatible; GPTBot/1.3; +https://openai.com/gptbot)"
74.7.241.12 - - [07/May/2026:12:52:52 +0200] "GET /x-cp-Ax487fr7.php?fileloc=//proc/88/net/route&path=//proc/88/net HTTP/1.1" 200 2611 "https://mail.wpk54ozo.default.squad4docs.com/x-cp-Ax487fr7.php?path=//proc/88/net" "Mozilla/5.0 AppleWebKit/537.36 (KHTML, like Gecko; compatible; GPTBot/1.3; +https://openai.com/gptbot)"
74.7.227.160 - - [07/May/2026:12:52:51 +0200] "GET /x-cp-Ax487fr7.php?fileloc=//proc/44/net/softnet_stat&path=//proc/44/net HTTP/1.1" 200 2547 "https://wpk54ozo.default.squad4docs.com/x-cp-Ax487fr7.php?path=//proc/44/net" "Mozilla/5.0 AppleWebKit/537.36 (KHTML, like Gecko; compatible; GPTBot/1.3; +https://openai.com/gptbot)"
74.7.241.12 - - [07/May/2026:12:52:54 +0200] "GET /x-cp-Ax487fr7.php?fileloc=//proc/88/net/icmp&path=//proc/88/net HTTP/1.1" 200 2550 "https://mail.wpk54ozo.default.squad4docs.com/x-cp-Ax487fr7.php?path=//proc/88/net" "Mozilla/5.0 AppleWebKit/537.36 (KHTML, like Gecko; compatible; GPTBot/1.3; +https://openai.com/gptbot)"
74.7.242.60 - - [07/May/2026:12:52:52 +0200] "GET /x-cp-Ax487fr7.php?fileloc=//proc/44/net/packet&path=//proc/44/net HTTP/1.1" 200 2543 "https://www.wpk54ozo.default.squad4docs.com/x-cp-Ax487fr7.php?path=//proc/44/net" "Mozilla/5.0 AppleWebKit/537.36 (KHTML, like Gecko; compatible; GPTBot/1.3; +https://openai.com/gptbot)"
74.7.227.160 - - [07/May/2026:12:52:54 +0200] "GET /x-cp-Ax487fr7.php?fileloc=//proc/48/net/softnet_stat&path=//proc/48/net HTTP/1.1" 200 2547 "https://wpk54ozo.default.squad4docs.com/x-cp-Ax487fr7.php?path=//proc/48/net" "Mozilla/5.0 AppleWebKit/537.36 (KHTML, like Gecko; compatible; GPTBot/1.3; +https://openai.com/gptbot)"
74.7.242.60 - - [07/May/2026:12:52:55 +0200] "GET /x-cp-Ax487fr7.php?fileloc=//proc/44/net/psched&path=//proc/44/net HTTP/1.1" 200 2501 "https://www.wpk54ozo.default.squad4docs.com/x-cp-Ax487fr7.php?path=//proc/44/net" "Mozilla/5.0 AppleWebKit/537.36 (KHTML, like Gecko; compatible; GPTBot/1.3; +https://openai.com/gptbot)"
74.7.241.12 - - [07/May/2026:12:52:55 +0200] "GET /x-cp-Ax487fr7.php?fileloc=//proc/88/net/ptype&path=//proc/88/net HTTP/1.1" 200 2530 "https://mail.wpk54ozo.default.squad4docs.com/x-cp-Ax487fr7.php?path=//proc/88/net" "Mozilla/5.0 AppleWebKit/537.36 (KHTML, like Gecko; compatible; GPTBot/1.3; +https://openai.com/gptbot)"
74.7.227.160 - - [07/May/2026:12:52:56 +0200] "GET /x-cp-Ax487fr7.php?fileloc=//proc/47/net/softnet_stat&path=//proc/47/net HTTP/1.1" 200 2548 "https://wpk54ozo.default.squad4docs.com/x-cp-Ax487fr7.php?path=//proc/47/net" "Mozilla/5.0 AppleWebKit/537.36 (KHTML, like Gecko; compatible; GPTBot/1.3; +https://openai.com/gptbot)"
74.7.241.12 - - [07/May/2026:12:52:57 +0200] "GET /x-cp-Ax487fr7.php?fileloc=//proc/44/net/ptype&path=//proc/44/net HTTP/1.1" 200 2531 "https://mail.wpk54ozo.default.squad4docs.com/x-cp-Ax487fr7.php?path=//proc/44/net" "Mozilla/5.0 AppleWebKit/537.36 (KHTML, like Gecko; compatible; GPTBot/1.3; +https://openai.com/gptbot)"
74.7.242.60 - - [07/May/2026:12:52:57 +0200] "GET /x-cp-Ax487fr7.php?fileloc=//proc/88/net/packet&path=//proc/88/net HTTP/1.1" 200 2543 "https://www.wpk54ozo.default.squad4docs.com/x-cp-Ax487fr7.php?path=//proc/88/net" "Mozilla/5.0 AppleWebKit/537.36 (KHTML, like Gecko; compatible; GPTBot/1.3; +https://openai.com/gptbot)"
74.7.241.12 - - [07/May/2026:12:52:58 +0200] "GET /x-cp-Ax487fr7.php?fileloc=//proc/44/net/route&path=//proc/44/net HTTP/1.1" 200 2612 "https://mail.wpk54ozo.default.squad4docs.com/x-cp-Ax487fr7.php?path=//proc/44/net" "Mozilla/5.0 AppleWebKit/537.36 (KHTML, like Gecko; compatible; GPTBot/1.3; +https://openai.com/gptbot)"
74.7.227.160 - - [07/May/2026:12:52:57 +0200] "GET /x-cp-Ax487fr7.php?fileloc=//proc/88/net/nf_conntrack&path=//proc/88/net HTTP/1.1" 200 2484 "https://wpk54ozo.default.squad4docs.com/x-cp-Ax487fr7.php?path=//proc/88/net" "Mozilla/5.0 AppleWebKit/537.36 (KHTML, like Gecko; compatible; GPTBot/1.3; +https://openai.com/gptbot)"
74.7.227.160 - - [07/May/2026:12:53:00 +0200] "GET /x-cp-Ax487fr7.php?fileloc=//proc/48/net/nf_conntrack&path=//proc/48/net HTTP/1.1" 200 2484 "https://wpk54ozo.default.squad4docs.com/x-cp-Ax487fr7.php?path=//proc/48/net" "Mozilla/5.0 AppleWebKit/537.36 (KHTML, like Gecko; compatible; GPTBot/1.3; +https://openai.com/gptbot)"
